Jan 27 07:44:29.103672 dv-cinder-826558-1-iscsi devstack@c-api.service[114882]: DEBUG cinder.api.v3.volumes [None req-4fc6fb60-c0bb-472d-873b-7f2452437294 tempest-VolumesActionsTest-724809764 tempest-VolumesActionsTest-724809764-project] Create volume request body: {'volume': {'size': 1, 'name': 'tempest-VolumesActionsTest-Volume-1000997082'}} {{(pid=114882) create /opt/stack/cinder/cinder/api/v3/volumes.py:298}}
Jan 27 07:44:29.103980 dv-cinder-826558-1-iscsi devstack@c-api.service[114882]: INFO cinder.api.v3.volumes [None req-4fc6fb60-c0bb-472d-873b-7f2452437294 tempest-VolumesActionsTest-724809764 tempest-VolumesActionsTest-724809764-project] Create volume of 1 GB
Jan 27 07:44:29.111236 dv-cinder-826558-1-iscsi devstack@c-api.service[114882]: INFO cinder.volume.api [None req-4fc6fb60-c0bb-472d-873b-7f2452437294 tempest-VolumesActionsTest-724809764 tempest-VolumesActionsTest-724809764-project] Availability Zones retrieved successfully.
Jan 27 07:44:29.114269 dv-cinder-826558-1-iscsi devstack@c-api.service[114881]: INFO cinder.api.openstack.wsgi [None req-4fea1986-3984-4154-9e69-572bdeaecf68 tempest-GroupSnapshotsTest-302957223 tempest-GroupSnapshotsTest-302957223-project] GET http://10.222.0.52/volume/v3/a76ea7a7efcd4da2b941321034317378/groups/e36f7bce-eefc-4294-b41e-76f20e471869
Jan 27 07:44:29.114753 dv-cinder-826558-1-iscsi devstack@c-api.service[114881]: DEBUG cinder.api.openstack.wsgi [None req-4fea1986-3984-4154-9e69-572bdeaecf68 tempest-GroupSnapshotsTest-302957223 tempest-GroupSnapshotsTest-302957223-project] Empty body provided in request {{(pid=114881) get_body /opt/stack/cinder/cinder/api/openstack/wsgi.py:703}}
Jan 27 07:44:29.114947 dv-cinder-826558-1-iscsi devstack@c-api.service[114881]: /usr/local/lib/python3.8/dist-packages/webob/acceptparse.py:1047: DeprecationWarning: The behavior of AcceptValidHeader.best_match is currently being maintained for backward compatibility, but it will be deprecated in the future, as it does not conform to the RFC.
Jan 27 07:44:29.114947 dv-cinder-826558-1-iscsi devstack@c-api.service[114881]: warnings.warn(
Jan 27 07:44:29.115251 dv-cinder-826558-1-iscsi devstack@c-api.service[114881]: DEBUG cinder.api.openstack.wsgi [None req-4fea1986-3984-4154-9e69-572bdeaecf68 tempest-GroupSnapshotsTest-302957223 tempest-GroupSnapshotsTest-302957223-project] Calling method 'version_select' {{(pid=114881) _process_stack /opt/stack/cinder/cinder/api/openstack/wsgi.py:856}}
Jan 27 07:44:29.115585 dv-cinder-826558-1-iscsi devstack@c-api.service[114881]: DEBUG cinder.api.v3.groups [None req-4fea1986-3984-4154-9e69-572bdeaecf68 tempest-GroupSnapshotsTest-302957223 tempest-GroupSnapshotsTest-302957223-project] show called for member e36f7bce-eefc-4294-b41e-76f20e471869 {{(pid=114881) show /opt/stack/cinder/cinder/api/v3/groups.py:58}}
Jan 27 07:44:29.120771 dv-cinder-826558-1-iscsi devstack@c-api.service[114881]: /usr/local/lib/python3.8/dist-packages/oslo_context/context.py:105: DeprecationWarning: Policy enforcement is depending on the value of is_admin. This key is deprecated. Please update your policy file to use the standard policy values.
Jan 27 07:44:29.120771 dv-cinder-826558-1-iscsi devstack@c-api.service[114881]: warnings.warn('Policy enforcement is depending on the value of '
Jan 27 07:44:29.126697 dv-cinder-826558-1-iscsi devstack@c-api.service[114882]: DEBUG cinder.volume.api [None req-4fc6fb60-c0bb-472d-873b-7f2452437294 tempest-VolumesActionsTest-724809764 tempest-VolumesActionsTest-724809764-project] Flow 'volume_create_api' (b8bd2af9-f285-4df2-aa73-c784aba51d06) transitioned into state 'RUNNING' from state 'PENDING' {{(pid=114882) _flow_receiver /usr/local/lib/python3.8/dist-packages/taskflow/listeners/logging.py:141}}
Jan 27 07:44:29.129232 dv-cinder-826558-1-iscsi devstack@c-api.service[114882]: DEBUG cinder.volume.api [None req-4fc6fb60-c0bb-472d-873b-7f2452437294 tempest-VolumesActionsTest-724809764 tempest-VolumesActionsTest-724809764-project] Task 'cinder.volume.flows.api.create_volume.ExtractVolumeRequestTask;volume:create' (53a5e5e8-8dda-4525-af0b-04c5122c4c78) transitioned into state 'RUNNING' from state 'PENDING' {{(pid=114882) _task_receiver /usr/local/lib/python3.8/dist-packages/taskflow/listeners/logging.py:190}}
Jan 27 07:44:29.131654 dv-cinder-826558-1-iscsi devstack@c-api.service[114882]: DEBUG cinder.volume.flows.api.create_volume [None req-4fc6fb60-c0bb-472d-873b-7f2452437294 tempest-VolumesActionsTest-724809764 tempest-VolumesActionsTest-724809764-project] Validating volume size '1' using validate_int {{(pid=114882) _extract_size /opt/stack/cinder/cinder/volume/flows/api/create_volume.py:225}}
Jan 27 07:44:29.135336 dv-cinder-826558-1-iscsi devstack@c-api.service[114881]: INFO cinder.api.openstack.wsgi [None req-4fea1986-3984-4154-9e69-572bdeaecf68 tempest-GroupSnapshotsTest-302957223 tempest-GroupSnapshotsTest-302957223-project] http://10.222.0.52/volume/v3/a76ea7a7efcd4da2b941321034317378/groups/e36f7bce-eefc-4294-b41e-76f20e471869 returned with HTTP 200
Jan 27 07:44:29.136078 dv-cinder-826558-1-iscsi devstack@c-api.service[114881]: [pid: 114881|app: 0|req: 256/462] 10.222.0.52 () {60 vars in 1362 bytes} [Thu Jan 27 07:44:29 2022] GET /volume/v3/a76ea7a7efcd4da2b941321034317378/groups/e36f7bce-eefc-4294-b41e-76f20e471869 => generated 418 bytes in 27 msecs (HTTP/1.1 200) 7 headers in 286 bytes (2 switches on core 0)
Jan 27 07:44:29.145923 dv-cinder-826558-1-iscsi devstack@c-api.service[114881]: INFO cinder.api.openstack.wsgi [None req-599c37a0-18cb-4d91-bd8f-2d6bada37337 tempest-GroupSnapshotsTest-302957223 tempest-GroupSnapshotsTest-302957223-project] GET http://10.222.0.52/volume/v3/a76ea7a7efcd4da2b941321034317378/volumes/detail
Jan 27 07:44:29.146400 dv-cinder-826558-1-iscsi devstack@c-api.service[114881]: DEBUG cinder.api.openstack.wsgi [None req-599c37a0-18cb-4d91-bd8f-2d6bada37337 tempest-GroupSnapshotsTest-302957223 tempest-GroupSnapshotsTest-302957223-project] Empty body provided in request {{(pid=114881) get_body /opt/stack/cinder/cinder/api/openstack/wsgi.py:703}}
Jan 27 07:44:29.146562 dv-cinder-826558-1-iscsi devstack@c-api.service[114881]: /usr/local/lib/python3.8/dist-packages/webob/acceptparse.py:1047: DeprecationWarning: The behavior of AcceptValidHeader.best_match is currently being maintained for backward compatibility, but it will be deprecated in the future, as it does not conform to the RFC.
Jan 27 07:44:29.146562 dv-cinder-826558-1-iscsi devstack@c-api.service[114881]: warnings.warn(
Jan 27 07:44:29.146902 dv-cinder-826558-1-iscsi devstack@c-api.service[114881]: DEBUG cinder.api.openstack.wsgi [None req-599c37a0-18cb-4d91-bd8f-2d6bada37337 tempest-GroupSnapshotsTest-302957223 tempest-GroupSnapshotsTest-302957223-project] Calling method 'detail' {{(pid=114881) _process_stack /opt/stack/cinder/cinder/api/openstack/wsgi.py:856}}
Jan 27 07:44:29.147555 dv-cinder-826558-1-iscsi devstack@c-api.service[114881]: DEBUG cinder.api.api_utils [None req-599c37a0-18cb-4d91-bd8f-2d6bada37337 tempest-GroupSnapshotsTest-302957223 tempest-GroupSnapshotsTest-302957223-project] Removing options '' from query. {{(pid=114881) remove_invalid_filter_options /opt/stack/cinder/cinder/api/api_utils.py:73}}
Jan 27 07:44:29.148281 dv-cinder-826558-1-iscsi devstack@c-api.service[114881]: /usr/local/lib/python3.8/dist-packages/oslo_context/context.py:105: DeprecationWarning: Policy enforcement is depending on the value of is_admin. This key is deprecated. Please update your policy file to use the standard policy values.
Jan 27 07:44:29.148281 dv-cinder-826558-1-iscsi devstack@c-api.service[114881]: warnings.warn('Policy enforcement is depending on the value of '
Jan 27 07:44:29.149182 dv-cinder-826558-1-iscsi devstack@c-api.service[114881]: DEBUG cinder.volume.api [None req-599c37a0-18cb-4d91-bd8f-2d6bada37337 tempest-GroupSnapshotsTest-302957223 tempest-GroupSnapshotsTest-302957223-project] Searching by: MultiDict([('no_migration_targets', True)]). {{(pid=114881) get_all /opt/stack/cinder/cinder/volume/api.py:618}}
Jan 27 07:44:29.160060 dv-cinder-826558-1-iscsi devstack@c-api.service[114882]: DEBUG cinder.volume.api [None req-4fc6fb60-c0bb-472d-873b-7f2452437294 tempest-VolumesActionsTest-724809764 tempest-VolumesActionsTest-724809764-project] Task 'cinder.volume.flows.api.create_volume.ExtractVolumeRequestTask;volume:create' (53a5e5e8-8dda-4525-af0b-04c5122c4c78) transitioned into state 'SUCCESS' from state 'RUNNING' with result '{'size': 1, 'snapshot_id': None, 'source_volid': None, 'volume_type': VolumeType(created_at=2022-01-27T07:33:28Z,deleted=False,deleted_at=None,description='Default Volume Type',extra_specs={},id=c87b802d-f493-4322-97e4-3eaf393e4a04,is_public=True,name='__DEFAULT__',projects=[],qos_specs=,qos_specs_id=None,updated_at=2022-01-27T07:33:28Z), 'volume_type_id': 'c87b802d-f493-4322-97e4-3eaf393e4a04', 'encryption_key_id': None, 'qos_specs': None, 'consistencygroup_id': None, 'cgsnapshot_id': None, 'group_id': None, 'replication_status': 'disabled', 'refresh_az': False, 'backup_id': None, 'multiattach': False, 'availability_zones': ['nova']}' {{(pid=114882) _task_receiver /usr/local/lib/python3.8/dist-packages/taskflow/listeners/logging.py:178}}
Jan 27 07:44:29.162076 dv-cinder-826558-1-iscsi devstack@c-api.service[114882]: DEBUG cinder.volume.api [None req-4fc6fb60-c0bb-472d-873b-7f2452437294 tempest-VolumesActionsTest-724809764 tempest-VolumesActionsTest-724809764-project] Task 'cinder.volume.flows.api.create_volume.QuotaReserveTask;volume:create' (ad544c94-4059-4bb3-bce9-283d337a3b7e) transitioned into state 'RUNNING' from state 'PENDING' {{(pid=114882) _task_receiver /usr/local/lib/python3.8/dist-packages/taskflow/listeners/logging.py:190}}
Jan 27 07:44:29.199877 dv-cinder-826558-1-iscsi devstack@c-api.service[114881]: INFO cinder.volume.api [None req-599c37a0-18cb-4d91-bd8f-2d6bada37337 tempest-GroupSnapshotsTest-302957223 tempest-GroupSnapshotsTest-302957223-project] Get all volumes completed successfully.
Jan 27 07:44:29.201274 dv-cinder-826558-1-iscsi devstack@c-api.service[114881]: WARNING stevedore.named [None req-599c37a0-18cb-4d91-bd8f-2d6bada37337 tempest-GroupSnapshotsTest-302957223 tempest-GroupSnapshotsTest-302957223-project] Could not load cinder.keymgr.conf_key_mgr.ConfKeyManager
Jan 27 07:44:29.201651 dv-cinder-826558-1-iscsi devstack@c-api.service[114881]: WARNING castellan.key_manager [None req-599c37a0-18cb-4d91-bd8f-2d6bada37337 tempest-GroupSnapshotsTest-302957223 tempest-GroupSnapshotsTest-302957223-project] Deprecation Warning : cinder.keymgr.conf_key_mgr.ConfKeyManager is not a stevedore based driver, trying to load it as a class: stevedore.exception.NoMatches: No 'castellan.drivers' driver found, looking for 'cinder.keymgr.conf_key_mgr.ConfKeyManager'
Jan 27 07:44:29.208974 dv-cinder-826558-1-iscsi devstack@c-api.service[114881]: DEBUG oslo_db.sqlalchemy.engines [None req-599c37a0-18cb-4d91-bd8f-2d6bada37337 tempest-GroupSnapshotsTest-302957223 tempest-GroupSnapshotsTest-302957223-project] MySQL server mode set to STRICT_TRANS_TABLES,STRICT_ALL_TABLES,NO_ZERO_IN_DATE,NO_ZERO_DATE,ERROR_FOR_DIVISION_BY_ZERO,TRADITIONAL,NO_ENGINE_SUBSTITUTION {{(pid=114881) _check_effective_sql_mode /usr/local/lib/python3.8/dist-packages/oslo_db/sqlalchemy/engines.py:314}}
Jan 27 07:44:29.211894 dv-cinder-826558-1-iscsi devstack@c-api.service[114882]: DEBUG cinder.quota [None req-4fc6fb60-c0bb-472d-873b-7f2452437294 tempest-VolumesActionsTest-724809764 tempest-VolumesActionsTest-724809764-project] Created reservations ['6ef19b04-30c5-4d9e-8b50-44680a115947', '49ada55d-5efb-4d4b-bfa8-eeee9220339f', '30ed7304-6285-4a3e-89d6-9afa44d3e325', '34995b87-09f8-4678-b224-8d05d440140f'] {{(pid=114882) reserve /opt/stack/cinder/cinder/quota.py:755}}
Jan 27 07:44:29.213745 dv-cinder-826558-1-iscsi devstack@c-api.service[114882]: DEBUG cinder.volume.api [None req-4fc6fb60-c0bb-472d-873b-7f2452437294 tempest-VolumesActionsTest-724809764 tempest-VolumesActionsTest-724809764-project] Task 'cinder.volume.flows.api.create_volume.QuotaReserveTask;volume:create' (ad544c94-4059-4bb3-bce9-283d337a3b7e) transitioned into state 'SUCCESS' from state 'RUNNING' with result '{'reservations': ['6ef19b04-30c5-4d9e-8b50-44680a115947', '49ada55d-5efb-4d4b-bfa8-eeee9220339f', '30ed7304-6285-4a3e-89d6-9afa44d3e325', '34995b87-09f8-4678-b224-8d05d440140f']}' {{(pid=114882) _task_receiver /usr/local/lib/python3.8/dist-packages/taskflow/listeners/logging.py:178}}
Jan 27 07:44:29.215796 dv-cinder-826558-1-iscsi devstack@c-api.service[114881]: /usr/local/lib/python3.8/dist-packages/oslo_context/context.py:105: DeprecationWarning: Policy enforcement is depending on the value of is_admin. This key is deprecated. Please update your policy file to use the standard policy values.
Jan 27 07:44:29.215796 dv-cinder-826558-1-iscsi devstack@c-api.service[114881]: warnings.warn('Policy enforcement is depending on the value of '
Jan 27 07:44:29.216007 dv-cinder-826558-1-iscsi devstack@c-api.service[114882]: DEBUG cinder.volume.api [None req-4fc6fb60-c0bb-472d-873b-7f2452437294 tempest-VolumesActionsTest-724809764 tempest-VolumesActionsTest-724809764-project] Task 'cinder.volume.flows.api.create_volume.EntryCreateTask;volume:create' (73e52a7e-252d-4501-8eb9-bfb103e265bf) transitioned into state 'RUNNING' from state 'PENDING' {{(pid=114882) _task_receiver /usr/local/lib/python3.8/dist-packages/taskflow/listeners/logging.py:190}}
Jan 27 07:44:29.223545 dv-cinder-826558-1-iscsi devstack@c-api.service[114881]: WARNING stevedore.named [None req-599c37a0-18cb-4d91-bd8f-2d6bada37337 tempest-GroupSnapshotsTest-302957223 tempest-GroupSnapshotsTest-302957223-project] Could not load cinder.keymgr.conf_key_mgr.ConfKeyManager
Jan 27 07:44:29.224076 dv-cinder-826558-1-iscsi devstack@c-api.service[114881]: WARNING castellan.key_manager [None req-599c37a0-18cb-4d91-bd8f-2d6bada37337 tempest-GroupSnapshotsTest-302957223 tempest-GroupSnapshotsTest-302957223-project] Deprecation Warning : cinder.keymgr.conf_key_mgr.ConfKeyManager is not a stevedore based driver, trying to load it as a class: stevedore.exception.NoMatches: No 'castellan.drivers' driver found, looking for 'cinder.keymgr.conf_key_mgr.ConfKeyManager'
Jan 27 07:44:29.230920 dv-cinder-826558-1-iscsi devstack@c-api.service[114881]: DEBUG oslo_db.sqlalchemy.engines [None req-599c37a0-18cb-4d91-bd8f-2d6bada37337 tempest-GroupSnapshotsTest-302957223 tempest-GroupSnapshotsTest-302957223-project] MySQL server mode set to STRICT_TRANS_TABLES,STRICT_ALL_TABLES,NO_ZERO_IN_DATE,NO_ZERO_DATE,ERROR_FOR_DIVISION_BY_ZERO,TRADITIONAL,NO_ENGINE_SUBSTITUTION {{(pid=114881) _check_effective_sql_mode /usr/local/lib/python3.8/dist-packages/oslo_db/sqlalchemy/engines.py:314}}
Jan 27 07:44:29.237481 dv-cinder-826558-1-iscsi devstack@c-api.service[114881]: /usr/local/lib/python3.8/dist-packages/oslo_context/context.py:105: DeprecationWarning: Policy enforcement is depending on the value of is_admin. This key is deprecated. Please update your policy file to use the standard policy values.
Jan 27 07:44:29.237481 dv-cinder-826558-1-iscsi devstack@c-api.service[114881]: warnings.warn('Policy enforcement is depending on the value of '
Jan 27 07:44:29.241608 dv-cinder-826558-1-iscsi devstack@c-api.service[114882]: DEBUG cinder.volume.api [None req-4fc6fb60-c0bb-472d-873b-7f2452437294 tempest-VolumesActionsTest-724809764 tempest-VolumesActionsTest-724809764-project] Task 'cinder.volume.flows.api.create_volume.EntryCreateTask;volume:create' (73e52a7e-252d-4501-8eb9-bfb103e265bf) transitioned into state 'SUCCESS' from state 'RUNNING' with result '{'volume_id': '0a0f2380-3218-443b-9bd9-3bfdb324d6d7', 'volume_properties': VolumeProperties(attach_status='detached',availability_zone='nova',cgsnapshot_id=None,consistencygroup_id=None,display_description=None,display_name='tempest-VolumesActionsTest-Volume-1000997082',encryption_key_id=None,group_id=None,group_type_id=,metadata={},multiattach=False,project_id='fedde73be457483caf6cb03e5f8409e4',qos_specs=None,replication_status=,reservations=['6ef19b04-30c5-4d9e-8b50-44680a115947','49ada55d-5efb-4d4b-bfa8-eeee9220339f','30ed7304-6285-4a3e-89d6-9afa44d3e325','34995b87-09f8-4678-b224-8d05d440140f'],size=1,snapshot_id=None,source_replicaid=,source_volid=None,status='creating',user_id='fdaf16e1a68f434192f4589daa9428e9',volume_type_id=c87b802d-f493-4322-97e4-3eaf393e4a04), 'volume': Volume(_name_id=None,admin_metadata=,attach_status='detached',availability_zone='nova',bootable=False,cluster=,cluster_name=None,consistencygroup=,consistencygroup_id=None,created_at=2022-01-27T07:44:29Z,deleted=False,deleted_at=None,display_description=None,display_name='tempest-VolumesActionsTest-Volume-1000997082',ec2_id=None,encryption_key_id=None,glance_metadata=,group=,group_id=None,host=None,id=0a0f2380-3218-443b-9bd9-3bfdb324d6d7,launched_at=None,metadata={},migration_status=None,multiattach=False,previous_status=None,project_id='fedde73be457483caf6cb03e5f8409e4',provider_auth=None,provider_geometry=None,provider_id=None,provider_location=None,replication_driver_data=None,replication_extended_status=None,replication_status=None,scheduled_at=None,service_uuid=None,shared_targets=True,size=1,snapshot_id=None,snapshots=,source_volid=None,status='creating',terminated_at=None,updated_at=None,use_quota=True,user_id='fdaf16e1a68f434192f4589daa9428e9',volume_attachment=,volume_type=VolumeType(c87b802d-f493-4322-97e4-3eaf393e4a04),volume_type_id=c87b802d-f493-4322-97e4-3eaf393e4a04)}' {{(pid=114882) _task_receiver /usr/local/lib/python3.8/dist-packages/taskflow/listeners/logging.py:178}}
Jan 27 07:44:29.243614 dv-cinder-826558-1-iscsi devstack@c-api.service[114882]: DEBUG cinder.volume.api [None req-4fc6fb60-c0bb-472d-873b-7f2452437294 tempest-VolumesActionsTest-724809764 tempest-VolumesActionsTest-724809764-project] Task 'cinder.volume.flows.api.create_volume.QuotaCommitTask;volume:create' (1b5d4e3d-ef52-4306-9ffd-700e45a37625) transitioned into state 'RUNNING' from state 'PENDING' {{(pid=114882) _task_receiver /usr/local/lib/python3.8/dist-packages/taskflow/listeners/logging.py:190}}
Jan 27 07:44:29.250854 dv-cinder-826558-1-iscsi devstack@c-api.service[114881]: INFO cinder.api.openstack.wsgi [None req-599c37a0-18cb-4d91-bd8f-2d6bada37337 tempest-GroupSnapshotsTest-302957223 tempest-GroupSnapshotsTest-302957223-project] http://10.222.0.52/volume/v3/a76ea7a7efcd4da2b941321034317378/volumes/detail returned with HTTP 200
Jan 27 07:44:29.261991 dv-cinder-826558-1-iscsi devstack@c-api.service[114881]: [pid: 114881|app: 0|req: 257/463] 10.222.0.52 () {60 vars in 1275 bytes} [Thu Jan 27 07:44:29 2022] GET /volume/v3/a76ea7a7efcd4da2b941321034317378/volumes/detail => generated 1987 bytes in 109 msecs (HTTP/1.1 200) 7 headers in 287 bytes (2 switches on core 0)
Jan 27 07:44:29.261991 dv-cinder-826558-1-iscsi devstack@c-api.service[114881]: INFO cinder.api.openstack.wsgi [None req-f0799f8d-4fda-4d51-9e43-bff846043396 tempest-VolumesImageMetadata-1229507156 tempest-VolumesImageMetadata-1229507156-project] GET http://10.222.0.52/volume/v3/86cd1892c6cd40279daec01eb4055aef/volumes/9779e814-d03c-4127-afca-d91f905ae111
Jan 27 07:44:29.261991 dv-cinder-826558-1-iscsi devstack@c-api.service[114881]: DEBUG cinder.api.openstack.wsgi [None req-f0799f8d-4fda-4d51-9e43-bff846043396 tempest-VolumesImageMetadata-1229507156 tempest-VolumesImageMetadata-1229507156-project] Empty body provided in request {{(pid=114881) get_body /opt/stack/cinder/cinder/api/openstack/wsgi.py:703}}
Jan 27 07:44:29.261991 dv-cinder-826558-1-iscsi devstack@c-api.service[114881]: /usr/local/lib/python3.8/dist-packages/webob/acceptparse.py:1047: DeprecationWarning: The behavior of AcceptValidHeader.best_match is currently being maintained for backward compatibility, but it will be deprecated in the future, as it does not conform to the RFC.
Jan 27 07:44:29.261991 dv-cinder-826558-1-iscsi devstack@c-api.service[114881]: warnings.warn(
Jan 27 07:44:29.261991 dv-cinder-826558-1-iscsi devstack@c-api.service[114881]: DEBUG cinder.api.openstack.wsgi [None req-f0799f8d-4fda-4d51-9e43-bff846043396 tempest-VolumesImageMetadata-1229507156 tempest-VolumesImageMetadata-1229507156-project] Calling method 'show' {{(pid=114881) _process_stack /opt/stack/cinder/cinder/api/openstack/wsgi.py:856}}
Jan 27 07:44:29.269827 dv-cinder-826558-1-iscsi devstack@c-api.service[114881]: /usr/local/lib/python3.8/dist-packages/oslo_context/context.py:105: DeprecationWarning: Policy enforcement is depending on the value of is_admin. This key is deprecated. Please update your policy file to use the standard policy values.
Jan 27 07:44:29.269827 dv-cinder-826558-1-iscsi devstack@c-api.service[114881]: warnings.warn('Policy enforcement is depending on the value of '
Jan 27 07:44:29.277384 dv-cinder-826558-1-iscsi devstack@c-api.service[114881]: INFO cinder.volume.api [None req-f0799f8d-4fda-4d51-9e43-bff846043396 tempest-VolumesImageMetadata-1229507156 tempest-VolumesImageMetadata-1229507156-project] Volume info retrieved successfully.
Jan 27 07:44:29.282728 dv-cinder-826558-1-iscsi devstack@c-api.service[114882]: DEBUG cinder.volume.api [None req-4fc6fb60-c0bb-472d-873b-7f2452437294 tempest-VolumesActionsTest-724809764 tempest-VolumesActionsTest-724809764-project] Task 'cinder.volume.flows.api.create_volume.QuotaCommitTask;volume:create' (1b5d4e3d-ef52-4306-9ffd-700e45a37625) transitioned into state 'SUCCESS' from state 'RUNNING' with result '{'volume_properties': VolumeProperties(attach_status='detached',availability_zone='nova',cgsnapshot_id=None,consistencygroup_id=None,display_description=None,display_name='tempest-VolumesActionsTest-Volume-1000997082',encryption_key_id=None,group_id=None,group_type_id=,metadata={},multiattach=False,project_id='fedde73be457483caf6cb03e5f8409e4',qos_specs=None,replication_status=,reservations=['6ef19b04-30c5-4d9e-8b50-44680a115947','49ada55d-5efb-4d4b-bfa8-eeee9220339f','30ed7304-6285-4a3e-89d6-9afa44d3e325','34995b87-09f8-4678-b224-8d05d440140f'],size=1,snapshot_id=None,source_replicaid=,source_volid=None,status='creating',user_id='fdaf16e1a68f434192f4589daa9428e9',volume_type_id=c87b802d-f493-4322-97e4-3eaf393e4a04)}' {{(pid=114882) _task_receiver /usr/local/lib/python3.8/dist-packages/taskflow/listeners/logging.py:178}}
Jan 27 07:44:29.287270 dv-cinder-826558-1-iscsi devstack@c-api.service[114882]: DEBUG cinder.volume.api [None req-4fc6fb60-c0bb-472d-873b-7f2452437294 tempest-VolumesActionsTest-724809764 tempest-VolumesActionsTest-724809764-project] Task 'cinder.volume.flows.api.create_volume.VolumeCastTask;volume:create' (6fd4eb1e-36c2-4b95-822f-6ba1435c829f) transitioned into state 'RUNNING' from state 'PENDING' {{(pid=114882) _task_receiver /usr/local/lib/python3.8/dist-packages/taskflow/listeners/logging.py:190}}
Jan 27 07:44:29.294808 dv-cinder-826558-1-iscsi devstack@c-api.service[114881]: INFO cinder.api.openstack.wsgi [None req-f0799f8d-4fda-4d51-9e43-bff846043396 tempest-VolumesImageMetadata-1229507156 tempest-VolumesImageMetadata-1229507156-project] http://10.222.0.52/volume/v3/86cd1892c6cd40279daec01eb4055aef/volumes/9779e814-d03c-4127-afca-d91f905ae111 returned with HTTP 200
Jan 27 07:44:29.295497 dv-cinder-826558-1-iscsi devstack@c-api.service[114881]: [pid: 114881|app: 0|req: 258/464] 10.222.0.52 () {58 vars in 1324 bytes} [Thu Jan 27 07:44:29 2022] GET /volume/v3/86cd1892c6cd40279daec01eb4055aef/volumes/9779e814-d03c-4127-afca-d91f905ae111 => generated 973 bytes in 43 msecs (HTTP/1.1 200) 7 headers in 285 bytes (1 switches on core 0)
Jan 27 07:44:29.300394 dv-cinder-826558-1-iscsi devstack@c-api.service[114881]: INFO cinder.api.openstack.wsgi [None req-5f983757-7889-439a-b146-1d7424a04bc5 tempest-GroupSnapshotsTest-302957223 tempest-GroupSnapshotsTest-302957223-project] POST http://10.222.0.52/volume/v3/a76ea7a7efcd4da2b941321034317378/groups/e36f7bce-eefc-4294-b41e-76f20e471869/action
Jan 27 07:44:29.300844 dv-cinder-826558-1-iscsi devstack@c-api.service[114881]: /usr/local/lib/python3.8/dist-packages/webob/acceptparse.py:1047: DeprecationWarning: The behavior of AcceptValidHeader.best_match is currently being maintained for backward compatibility, but it will be deprecated in the future, as it does not conform to the RFC.
Jan 27 07:44:29.300844 dv-cinder-826558-1-iscsi devstack@c-api.service[114881]: warnings.warn(
Jan 27 07:44:29.301209 dv-cinder-826558-1-iscsi devstack@c-api.service[114881]: DEBUG cinder.api.openstack.wsgi [None req-5f983757-7889-439a-b146-1d7424a04bc5 tempest-GroupSnapshotsTest-302957223 tempest-GroupSnapshotsTest-302957223-project] Action body: b'{"delete": {"delete-volumes": true}}' {{(pid=114881) get_method /opt/stack/cinder/cinder/api/openstack/wsgi.py:971}}
Jan 27 07:44:29.301534 dv-cinder-826558-1-iscsi devstack@c-api.service[114881]: DEBUG cinder.api.openstack.wsgi [None req-5f983757-7889-439a-b146-1d7424a04bc5 tempest-GroupSnapshotsTest-302957223 tempest-GroupSnapshotsTest-302957223-project] Action: 'action', calling method: delete_group, body: {"delete": {"delete-volumes": true}} {{(pid=114881) _process_stack /opt/stack/cinder/cinder/api/openstack/wsgi.py:854}}
Jan 27 07:44:29.302323 dv-cinder-826558-1-iscsi devstack@c-api.service[114881]: DEBUG cinder.api.v3.groups [None req-5f983757-7889-439a-b146-1d7424a04bc5 tempest-GroupSnapshotsTest-302957223 tempest-GroupSnapshotsTest-302957223-project] delete called for group e36f7bce-eefc-4294-b41e-76f20e471869 {{(pid=114881) _delete /opt/stack/cinder/cinder/api/v3/groups.py:117}}
Jan 27 07:44:29.302740 dv-cinder-826558-1-iscsi devstack@c-api.service[114881]: INFO cinder.api.v3.groups [None req-5f983757-7889-439a-b146-1d7424a04bc5 tempest-GroupSnapshotsTest-302957223 tempest-GroupSnapshotsTest-302957223-project] Delete group with id: e36f7bce-eefc-4294-b41e-76f20e471869
Jan 27 07:44:29.308770 dv-cinder-826558-1-iscsi devstack@c-api.service[114881]: /usr/local/lib/python3.8/dist-packages/oslo_context/context.py:105: DeprecationWarning: Policy enforcement is depending on the value of is_admin. This key is deprecated. Please update your policy file to use the standard policy values.
Jan 27 07:44:29.308770 dv-cinder-826558-1-iscsi devstack@c-api.service[114881]: warnings.warn('Policy enforcement is depending on the value of '
Jan 27 07:44:29.312868 dv-cinder-826558-1-iscsi devstack@c-api.service[114882]: DEBUG cinder.volume.api [None req-4fc6fb60-c0bb-472d-873b-7f2452437294 tempest-VolumesActionsTest-724809764 tempest-VolumesActionsTest-724809764-project] Task 'cinder.volume.flows.api.create_volume.VolumeCastTask;volume:create' (6fd4eb1e-36c2-4b95-822f-6ba1435c829f) transitioned into state 'SUCCESS' from state 'RUNNING' with result 'None' {{(pid=114882) _task_receiver /usr/local/lib/python3.8/dist-packages/taskflow/listeners/logging.py:178}}
Jan 27 07:44:29.315328 dv-cinder-826558-1-iscsi devstack@c-api.service[114882]: DEBUG cinder.volume.api [None req-4fc6fb60-c0bb-472d-873b-7f2452437294 tempest-VolumesActionsTest-724809764 tempest-VolumesActionsTest-724809764-project] Flow 'volume_create_api' (b8bd2af9-f285-4df2-aa73-c784aba51d06) transitioned into state 'SUCCESS' from state 'RUNNING' {{(pid=114882) _flow_receiver /usr/local/lib/python3.8/dist-packages/taskflow/listeners/logging.py:141}}
Jan 27 07:44:29.316009 dv-cinder-826558-1-iscsi devstack@c-api.service[114882]: INFO cinder.volume.api [None req-4fc6fb60-c0bb-472d-873b-7f2452437294 tempest-VolumesActionsTest-724809764 tempest-VolumesActionsTest-724809764-project] Create volume request issued successfully.
Jan 27 07:44:29.323676 dv-cinder-826558-1-iscsi devstack@c-api.service[114882]: INFO cinder.api.openstack.wsgi [None req-4fc6fb60-c0bb-472d-873b-7f2452437294 tempest-VolumesActionsTest-724809764 tempest-VolumesActionsTest-724809764-project] http://10.222.0.52/volume/v3/fedde73be457483caf6cb03e5f8409e4/volumes returned with HTTP 202
Jan 27 07:44:29.333486 dv-cinder-826558-1-iscsi devstack@c-api.service[114882]: [pid: 114882|app: 0|req: 207/465] 10.222.0.52 () {60 vars in 1234 bytes} [Thu Jan 27 07:44:29 2022] POST /volume/v3/fedde73be457483caf6cb03e5f8409e4/volumes => generated 818 bytes in 226 msecs (HTTP/1.1 202) 7 headers in 291 bytes (2 switches on core 0)
Jan 27 07:44:29.334353 dv-cinder-826558-1-iscsi devstack@c-api.service[114882]: INFO cinder.api.openstack.wsgi [None req-aa6d32b8-c59f-42d8-abef-436c83f7496a tempest-VolumesExtendTest-959874220 tempest-VolumesExtendTest-959874220-project] GET http://10.222.0.52/volume/v3/f91fd10297784c179994e52963a25cce/volumes/559edeaa-a6b1-4c2e-bf07-d409dce3de71
Jan 27 07:44:29.335015 dv-cinder-826558-1-iscsi devstack@c-api.service[114882]: DEBUG cinder.api.openstack.wsgi [None req-aa6d32b8-c59f-42d8-abef-436c83f7496a tempest-VolumesExtendTest-959874220 tempest-VolumesExtendTest-959874220-project] Empty body provided in request {{(pid=114882) get_body /opt/stack/cinder/cinder/api/openstack/wsgi.py:703}}
Jan 27 07:44:29.335189 dv-cinder-826558-1-iscsi devstack@c-api.service[114882]: /usr/local/lib/python3.8/dist-packages/webob/acceptparse.py:1047: DeprecationWarning: The behavior of AcceptValidHeader.best_match is currently being maintained for backward compatibility, but it will be deprecated in the future, as it does not conform to the RFC.
Jan 27 07:44:29.335189 dv-cinder-826558-1-iscsi devstack@c-api.service[114882]: warnings.warn(
Jan 27 07:44:29.335543 dv-cinder-826558-1-iscsi devstack@c-api.service[114882]: DEBUG cinder.api.openstack.wsgi [None req-aa6d32b8-c59f-42d8-abef-436c83f7496a tempest-VolumesExtendTest-959874220 tempest-VolumesExtendTest-959874220-project] Calling method 'show' {{(pid=114882) _process_stack /opt/stack/cinder/cinder/api/openstack/wsgi.py:856}}
Jan 27 07:44:29.350066 dv-cinder-826558-1-iscsi devstack@c-api.service[114882]: /usr/local/lib/python3.8/dist-packages/oslo_context/context.py:105: DeprecationWarning: Policy enforcement is depending on the value of is_admin. This key is deprecated. Please update your policy file to use the standard policy values.
Jan 27 07:44:29.350066 dv-cinder-826558-1-iscsi devstack@c-api.service[114882]: warnings.warn('Policy enforcement is depending on the value of '
Jan 27 07:44:29.357010 dv-cinder-826558-1-iscsi devstack@c-api.service[114882]: INFO cinder.volume.api [None req-aa6d32b8-c59f-42d8-abef-436c83f7496a tempest-VolumesExtendTest-959874220 tempest-VolumesExtendTest-959874220-project] Volume info retrieved successfully.
Jan 27 07:44:29.373744 dv-cinder-826558-1-iscsi devstack@c-api.service[114882]: INFO cinder.api.openstack.wsgi [None req-aa6d32b8-c59f-42d8-abef-436c83f7496a tempest-VolumesExtendTest-959874220 tempest-VolumesExtendTest-959874220-project] http://10.222.0.52/volume/v3/f91fd10297784c179994e52963a25cce/volumes/559edeaa-a6b1-4c2e-bf07-d409dce3de71 returned with HTTP 200
Jan 27 07:44:29.374917 dv-cinder-826558-1-iscsi devstack@c-api.service[114882]: [pid: 114882|app: 0|req: 208/466] 10.222.0.52 () {58 vars in 1324 bytes} [Thu Jan 27 07:44:29 2022] GET /volume/v3/f91fd10297784c179994e52963a25cce/volumes/559edeaa-a6b1-4c2e-bf07-d409dce3de71 => generated 970 bytes in 49 msecs (HTTP/1.1 200) 7 headers in 285 bytes (1 switches on core 0)
Jan 27 07:44:29.382485 dv-cinder-826558-1-iscsi devstack@c-api.service[114881]: INFO cinder.api.openstack.wsgi [None req-5f983757-7889-439a-b146-1d7424a04bc5 tempest-GroupSnapshotsTest-302957223 tempest-GroupSnapshotsTest-302957223-project] http://10.222.0.52/volume/v3/a76ea7a7efcd4da2b941321034317378/groups/e36f7bce-eefc-4294-b41e-76f20e471869/action returned with HTTP 202
Jan 27 07:44:29.383832 dv-cinder-826558-1-iscsi devstack@c-api.service[114882]: INFO cinder.api.openstack.wsgi [None req-21617dcf-2da0-42ef-a9cc-fc0bf1fc8772 tempest-VolumesActionsTest-724809764 tempest-VolumesActionsTest-724809764-project] GET http://10.222.0.52/volume/v3/fedde73be457483caf6cb03e5f8409e4/volumes/0a0f2380-3218-443b-9bd9-3bfdb324d6d7
Jan 27 07:44:29.383990 dv-cinder-826558-1-iscsi devstack@c-api.service[114881]: [pid: 114881|app: 0|req: 259/467] 10.222.0.52 () {62 vars in 1404 bytes} [Thu Jan 27 07:44:29 2022] POST /volume/v3/a76ea7a7efcd4da2b941321034317378/groups/e36f7bce-eefc-4294-b41e-76f20e471869/action => generated 0 bytes in 88 msecs (HTTP/1.1 202) 6 headers in 234 bytes (1 switches on core 0)
Jan 27 07:44:29.384344 dv-cinder-826558-1-iscsi devstack@c-api.service[114882]: DEBUG cinder.api.openstack.wsgi [None req-21617dcf-2da0-42ef-a9cc-fc0bf1fc8772 tempest-VolumesActionsTest-724809764 tempest-VolumesActionsTest-724809764-project] Empty body provided in request {{(pid=114882) get_body /opt/stack/cinder/cinder/api/openstack/wsgi.py:703}}
Jan 27 07:44:29.384576 dv-cinder-826558-1-iscsi devstack@c-api.service[114882]: /usr/local/lib/python3.8/dist-packages/webob/acceptparse.py:1047: DeprecationWarning: The behavior of AcceptValidHeader.best_match is currently being maintained for backward compatibility, but it will be deprecated in the future, as it does not conform to the RFC.
Jan 27 07:44:29.384576 dv-cinder-826558-1-iscsi devstack@c-api.service[114882]: warnings.warn(
Jan 27 07:44:29.386529 dv-cinder-826558-1-iscsi devstack@c-api.service[114882]: DEBUG cinder.api.openstack.wsgi [None req-21617dcf-2da0-42ef-a9cc-fc0bf1fc8772 tempest-VolumesActionsTest-724809764 tempest-VolumesActionsTest-724809764-project] Calling method 'show' {{(pid=114882) _process_stack /opt/stack/cinder/cinder/api/openstack/wsgi.py:856}}
Jan 27 07:44:29.392837 dv-cinder-826558-1-iscsi devstack@c-api.service[114881]: INFO cinder.api.openstack.wsgi [None req-cc96ea74-dd12-41a6-9aeb-2177895ebbda tempest-GroupSnapshotsTest-302957223 tempest-GroupSnapshotsTest-302957223-project] GET http://10.222.0.52/volume/v3/a76ea7a7efcd4da2b941321034317378/volumes/b91493dc-5534-4bf1-8e02-c7a251eeaee0
Jan 27 07:44:29.392999 dv-cinder-826558-1-iscsi devstack@c-api.service[114881]: DEBUG cinder.api.openstack.wsgi [None req-cc96ea74-dd12-41a6-9aeb-2177895ebbda tempest-GroupSnapshotsTest-302957223 tempest-GroupSnapshotsTest-302957223-project] Empty body provided in request {{(pid=114881) get_body /opt/stack/cinder/cinder/api/openstack/wsgi.py:703}}
Jan 27 07:44:29.393174 dv-cinder-826558-1-iscsi devstack@c-api.service[114881]: /usr/local/lib/python3.8/dist-packages/webob/acceptparse.py:1047: DeprecationWarning: The behavior of AcceptValidHeader.best_match is currently being maintained for backward compatibility, but it will be deprecated in the future, as it does not conform to the RFC.
Jan 27 07:44:29.393174 dv-cinder-826558-1-iscsi devstack@c-api.service[114881]: warnings.warn(
Jan 27 07:44:29.393632 dv-cinder-826558-1-iscsi devstack@c-api.service[114881]: DEBUG cinder.api.openstack.wsgi [None req-cc96ea74-dd12-41a6-9aeb-2177895ebbda tempest-GroupSnapshotsTest-302957223 tempest-GroupSnapshotsTest-302957223-project] Calling method 'show' {{(pid=114881) _process_stack /opt/stack/cinder/cinder/api/openstack/wsgi.py:856}}
Jan 27 07:44:29.407462 dv-cinder-826558-1-iscsi devstack@c-api.service[114882]: /usr/local/lib/python3.8/dist-packages/oslo_context/context.py:105: DeprecationWarning: Policy enforcement is depending on the value of is_admin. This key is deprecated. Please update your policy file to use the standard policy values.
Jan 27 07:44:29.407462 dv-cinder-826558-1-iscsi devstack@c-api.service[114882]: warnings.warn('Policy enforcement is depending on the value of '
Jan 27 07:44:29.412320 dv-cinder-826558-1-iscsi devstack@c-api.service[114881]: /usr/local/lib/python3.8/dist-packages/oslo_context/context.py:105: DeprecationWarning: Policy enforcement is depending on the value of is_admin. This key is deprecated. Please update your policy file to use the standard policy values.
Jan 27 07:44:29.412320 dv-cinder-826558-1-iscsi devstack@c-api.service[114881]: warnings.warn('Policy enforcement is depending on the value of '
Jan 27 07:44:29.416226 dv-cinder-826558-1-iscsi devstack@c-api.service[114882]: INFO cinder.volume.api [None req-21617dcf-2da0-42ef-a9cc-fc0bf1fc8772 tempest-VolumesActionsTest-724809764 tempest-VolumesActionsTest-724809764-project] Volume info retrieved successfully.
Jan 27 07:44:29.422466 dv-cinder-826558-1-iscsi devstack@c-api.service[114881]: INFO cinder.volume.api [None req-cc96ea74-dd12-41a6-9aeb-2177895ebbda tempest-GroupSnapshotsTest-302957223 tempest-GroupSnapshotsTest-302957223-project] Volume info retrieved successfully.
Jan 27 07:44:29.431638 dv-cinder-826558-1-iscsi devstack@c-api.service[114881]: WARNING stevedore.named [None req-cc96ea74-dd12-41a6-9aeb-2177895ebbda tempest-GroupSnapshotsTest-302957223 tempest-GroupSnapshotsTest-302957223-project] Could not load cinder.keymgr.conf_key_mgr.ConfKeyManager
Jan 27 07:44:29.432211 dv-cinder-826558-1-iscsi devstack@c-api.service[114881]: WARNING castellan.key_manager [None req-cc96ea74-dd12-41a6-9aeb-2177895ebbda tempest-GroupSnapshotsTest-302957223 tempest-GroupSnapshotsTest-302957223-project] Deprecation Warning : cinder.keymgr.conf_key_mgr.ConfKeyManager is not a stevedore based driver, trying to load it as a class: stevedore.exception.NoMatches: No 'castellan.drivers' driver found, looking for 'cinder.keymgr.conf_key_mgr.ConfKeyManager'
Jan 27 07:44:29.434149 dv-cinder-826558-1-iscsi devstack@c-api.service[114882]: INFO cinder.api.openstack.wsgi [None req-21617dcf-2da0-42ef-a9cc-fc0bf1fc8772 tempest-VolumesActionsTest-724809764 tempest-VolumesActionsTest-724809764-project] http://10.222.0.52/volume/v3/fedde73be457483caf6cb03e5f8409e4/volumes/0a0f2380-3218-443b-9bd9-3bfdb324d6d7 returned with HTTP 200
Jan 27 07:44:29.435116 dv-cinder-826558-1-iscsi devstack@c-api.service[114882]: [pid: 114882|app: 0|req: 209/468] 10.222.0.52 () {58 vars in 1324 bytes} [Thu Jan 27 07:44:29 2022] GET /volume/v3/fedde73be457483caf6cb03e5f8409e4/volumes/0a0f2380-3218-443b-9bd9-3bfdb324d6d7 => generated 886 bytes in 60 msecs (HTTP/1.1 200) 7 headers in 285 bytes (1 switches on core 0)
Jan 27 07:44:29.440121 dv-cinder-826558-1-iscsi devstack@c-api.service[114881]: DEBUG oslo_db.sqlalchemy.engines [None req-cc96ea74-dd12-41a6-9aeb-2177895ebbda tempest-GroupSnapshotsTest-302957223 tempest-GroupSnapshotsTest-302957223-project] MySQL server mode set to STRICT_TRANS_TABLES,STRICT_ALL_TABLES,NO_ZERO_IN_DATE,NO_ZERO_DATE,ERROR_FOR_DIVISION_BY_ZERO,TRADITIONAL,NO_ENGINE_SUBSTITUTION {{(pid=114881) _check_effective_sql_mode /usr/local/lib/python3.8/dist-packages/oslo_db/sqlalchemy/engines.py:314}}
Jan 27 07:44:29.445534 dv-cinder-826558-1-iscsi devstack@c-api.service[114881]: /usr/local/lib/python3.8/dist-packages/oslo_context/context.py:105: DeprecationWarning: Policy enforcement is depending on the value of is_admin. This key is deprecated. Please update your policy file to use the standard policy values.
Jan 27 07:44:29.445534 dv-cinder-826558-1-iscsi devstack@c-api.service[114881]: warnings.warn('Policy enforcement is depending on the value of '
Jan 27 07:44:29.458063 dv-cinder-826558-1-iscsi devstack@c-api.service[114881]: INFO cinder.api.openstack.wsgi [None req-cc96ea74-dd12-41a6-9aeb-2177895ebbda tempest-GroupSnapshotsTest-302957223 tempest-GroupSnapshotsTest-302957223-project] http://10.222.0.52/volume/v3/a76ea7a7efcd4da2b941321034317378/volumes/b91493dc-5534-4bf1-8e02-c7a251eeaee0 returned with HTTP 200
Jan 27 07:44:29.458790 dv-cinder-826558-1-iscsi devstack@c-api.service[114881]: [pid: 114881|app: 0|req: 260/469] 10.222.0.52 () {60 vars in 1365 bytes} [Thu Jan 27 07:44:29 2022] GET /volume/v3/a76ea7a7efcd4da2b941321034317378/volumes/b91493dc-5534-4bf1-8e02-c7a251eeaee0 => generated 992 bytes in 70 msecs (HTTP/1.1 200) 7 headers in 286 bytes (1 switches on core 0)
Jan 27 07:44:30.313517 dv-cinder-826558-1-iscsi devstack@c-api.service[114882]: INFO cinder.api.openstack.wsgi [None req-6fec4aeb-5b1f-4f2b-a987-8790dd7404f6 tempest-VolumesImageMetadata-1229507156 tempest-VolumesImageMetadata-1229507156-project] GET http://10.222.0.52/volume/v3/86cd1892c6cd40279daec01eb4055aef/volumes/9779e814-d03c-4127-afca-d91f905ae111
Jan 27 07:44:30.314120 dv-cinder-826558-1-iscsi devstack@c-api.service[114882]: DEBUG cinder.api.openstack.wsgi [None req-6fec4aeb-5b1f-4f2b-a987-8790dd7404f6 tempest-VolumesImageMetadata-1229507156 tempest-VolumesImageMetadata-1229507156-project] Empty body provided in request {{(pid=114882) get_body /opt/stack/cinder/cinder/api/openstack/wsgi.py:703}}
Jan 27 07:44:30.314120 dv-cinder-826558-1-iscsi devstack@c-api.service[114882]: /usr/local/lib/python3.8/dist-packages/webob/acceptparse.py:1047: DeprecationWarning: The behavior of AcceptValidHeader.best_match is currently being maintained for backward compatibility, but it will be deprecated in the future, as it does not conform to the RFC.
Jan 27 07:44:30.314120 dv-cinder-826558-1-iscsi devstack@c-api.service[114882]: warnings.warn(
Jan 27 07:44:30.314414 dv-cinder-826558-1-iscsi devstack@c-api.service[114882]: DEBUG cinder.api.openstack.wsgi [None req-6fec4aeb-5b1f-4f2b-a987-8790dd7404f6 tempest-VolumesImageMetadata-1229507156 tempest-VolumesImageMetadata-1229507156-project] Calling method 'show' {{(pid=114882) _process_stack /opt/stack/cinder/cinder/api/openstack/wsgi.py:856}}
Jan 27 07:44:30.328636 dv-cinder-826558-1-iscsi devstack@c-api.service[114882]: /usr/local/lib/python3.8/dist-packages/oslo_context/context.py:105: DeprecationWarning: Policy enforcement is depending on the value of is_admin. This key is deprecated. Please update your policy file to use the standard policy values.
Jan 27 07:44:30.328636 dv-cinder-826558-1-iscsi devstack@c-api.service[114882]: warnings.warn('Policy enforcement is depending on the value of '
Jan 27 07:44:30.336338 dv-cinder-826558-1-iscsi devstack@c-api.service[114882]: INFO cinder.volume.api [None req-6fec4aeb-5b1f-4f2b-a987-8790dd7404f6 tempest-VolumesImageMetadata-1229507156 tempest-VolumesImageMetadata-1229507156-project] Volume info retrieved successfully.
Jan 27 07:44:30.349389 dv-cinder-826558-1-iscsi devstack@c-api.service[114882]: INFO cinder.api.openstack.wsgi [None req-6fec4aeb-5b1f-4f2b-a987-8790dd7404f6 tempest-VolumesImageMetadata-1229507156 tempest-VolumesImageMetadata-1229507156-project] http://10.222.0.52/volume/v3/86cd1892c6cd40279daec01eb4055aef/volumes/9779e814-d03c-4127-afca-d91f905ae111 returned with HTTP 200
Jan 27 07:44:30.350084 dv-cinder-826558-1-iscsi devstack@c-api.service[114882]: [pid: 114882|app: 0|req: 210/470] 10.222.0.52 () {58 vars in 1324 bytes} [Thu Jan 27 07:44:30 2022] GET /volume/v3/86cd1892c6cd40279daec01eb4055aef/volumes/9779e814-d03c-4127-afca-d91f905ae111 => generated 973 bytes in 41 msecs (HTTP/1.1 200) 7 headers in 285 bytes (1 switches on core 0)
Jan 27 07:44:30.389642 dv-cinder-826558-1-iscsi devstack@c-api.service[114881]: INFO cinder.api.openstack.wsgi [None req-4ef77e74-9b42-4db6-afa4-e6235988cd92 tempest-VolumesExtendTest-959874220 tempest-VolumesExtendTest-959874220-project] GET http://10.222.0.52/volume/v3/f91fd10297784c179994e52963a25cce/volumes/559edeaa-a6b1-4c2e-bf07-d409dce3de71
Jan 27 07:44:30.390147 dv-cinder-826558-1-iscsi devstack@c-api.service[114881]: DEBUG cinder.api.openstack.wsgi [None req-4ef77e74-9b42-4db6-afa4-e6235988cd92 tempest-VolumesExtendTest-959874220 tempest-VolumesExtendTest-959874220-project] Empty body provided in request {{(pid=114881) get_body /opt/stack/cinder/cinder/api/openstack/wsgi.py:703}}
Jan 27 07:44:30.390246 dv-cinder-826558-1-iscsi devstack@c-api.service[114881]: /usr/local/lib/python3.8/dist-packages/webob/acceptparse.py:1047: DeprecationWarning: The behavior of AcceptValidHeader.best_match is currently being maintained for backward compatibility, but it will be deprecated in the future, as it does not conform to the RFC.
Jan 27 07:44:30.390246 dv-cinder-826558-1-iscsi devstack@c-api.service[114881]: warnings.warn(
Jan 27 07:44:30.390715 dv-cinder-826558-1-iscsi devstack@c-api.service[114881]: DEBUG cinder.api.openstack.wsgi [None req-4ef77e74-9b42-4db6-afa4-e6235988cd92 tempest-VolumesExtendTest-959874220 tempest-VolumesExtendTest-959874220-project] Calling method 'show' {{(pid=114881) _process_stack /opt/stack/cinder/cinder/api/openstack/wsgi.py:856}}
Jan 27 07:44:30.403766 dv-cinder-826558-1-iscsi devstack@c-api.service[114881]: /usr/local/lib/python3.8/dist-packages/oslo_context/context.py:105: DeprecationWarning: Policy enforcement is depending on the value of is_admin. This key is deprecated. Please update your policy file to use the standard policy values.
Jan 27 07:44:30.403766 dv-cinder-826558-1-iscsi devstack@c-api.service[114881]: warnings.warn('Policy enforcement is depending on the value of '
Jan 27 07:44:30.410314 dv-cinder-826558-1-iscsi devstack@c-api.service[114881]: INFO cinder.volume.api [None req-4ef77e74-9b42-4db6-afa4-e6235988cd92 tempest-VolumesExtendTest-959874220 tempest-VolumesExtendTest-959874220-project] Volume info retrieved successfully.
Jan 27 07:44:30.424087 dv-cinder-826558-1-iscsi devstack@c-api.service[114881]: INFO cinder.api.openstack.wsgi [None req-4ef77e74-9b42-4db6-afa4-e6235988cd92 tempest-VolumesExtendTest-959874220 tempest-VolumesExtendTest-959874220-project] http://10.222.0.52/volume/v3/f91fd10297784c179994e52963a25cce/volumes/559edeaa-a6b1-4c2e-bf07-d409dce3de71 returned with HTTP 200
Jan 27 07:44:30.424758 dv-cinder-826558-1-iscsi devstack@c-api.service[114881]: [pid: 114881|app: 0|req: 261/471] 10.222.0.52 () {58 vars in 1324 bytes} [Thu Jan 27 07:44:30 2022] GET /volume/v3/f91fd10297784c179994e52963a25cce/volumes/559edeaa-a6b1-4c2e-bf07-d409dce3de71 => generated 970 bytes in 39 msecs (HTTP/1.1 200) 7 headers in 285 bytes (1 switches on core 0)
Jan 27 07:44:30.449515 dv-cinder-826558-1-iscsi devstack@c-api.service[114882]: INFO cinder.api.openstack.wsgi [None req-3c6210e4-1c4a-4e6e-8ba7-5bfba082dfd1 tempest-VolumesActionsTest-724809764 tempest-VolumesActionsTest-724809764-project] GET http://10.222.0.52/volume/v3/fedde73be457483caf6cb03e5f8409e4/volumes/0a0f2380-3218-443b-9bd9-3bfdb324d6d7
Jan 27 07:44:30.449985 dv-cinder-826558-1-iscsi devstack@c-api.service[114882]: DEBUG cinder.api.openstack.wsgi [None req-3c6210e4-1c4a-4e6e-8ba7-5bfba082dfd1 tempest-VolumesActionsTest-724809764 tempest-VolumesActionsTest-724809764-project] Empty body provided in request {{(pid=114882) get_body /opt/stack/cinder/cinder/api/openstack/wsgi.py:703}}
Jan 27 07:44:30.450153 dv-cinder-826558-1-iscsi devstack@c-api.service[114882]: /usr/local/lib/python3.8/dist-packages/webob/acceptparse.py:1047: DeprecationWarning: The behavior of AcceptValidHeader.best_match is currently being maintained for backward compatibility, but it will be deprecated in the future, as it does not conform to the RFC.
Jan 27 07:44:30.450153 dv-cinder-826558-1-iscsi devstack@c-api.service[114882]: warnings.warn(
Jan 27 07:44:30.450462 dv-cinder-826558-1-iscsi devstack@c-api.service[114882]: DEBUG cinder.api.openstack.wsgi [None req-3c6210e4-1c4a-4e6e-8ba7-5bfba082dfd1 tempest-VolumesActionsTest-724809764 tempest-VolumesActionsTest-724809764-project] Calling method 'show' {{(pid=114882) _process_stack /opt/stack/cinder/cinder/api/openstack/wsgi.py:856}}
Jan 27 07:44:30.464012 dv-cinder-826558-1-iscsi devstack@c-api.service[114882]: /usr/local/lib/python3.8/dist-packages/oslo_context/context.py:105: DeprecationWarning: Policy enforcement is depending on the value of is_admin. This key is deprecated. Please update your policy file to use the standard policy values.
Jan 27 07:44:30.464012 dv-cinder-826558-1-iscsi devstack@c-api.service[114882]: warnings.warn('Policy enforcement is depending on the value of '
Jan 27 07:44:30.470727 dv-cinder-826558-1-iscsi devstack@c-api.service[114882]: INFO cinder.volume.api [None req-3c6210e4-1c4a-4e6e-8ba7-5bfba082dfd1 tempest-VolumesActionsTest-724809764 tempest-VolumesActionsTest-724809764-project] Volume info retrieved successfully.
Jan 27 07:44:30.473809 dv-cinder-826558-1-iscsi devstack@c-api.service[114881]: INFO cinder.api.openstack.wsgi [None req-abab474e-2c65-4515-b1c1-5a8eece40459 tempest-GroupSnapshotsTest-302957223 tempest-GroupSnapshotsTest-302957223-project] GET http://10.222.0.52/volume/v3/a76ea7a7efcd4da2b941321034317378/volumes/b91493dc-5534-4bf1-8e02-c7a251eeaee0
Jan 27 07:44:30.474322 dv-cinder-826558-1-iscsi devstack@c-api.service[114881]: DEBUG cinder.api.openstack.wsgi [None req-abab474e-2c65-4515-b1c1-5a8eece40459 tempest-GroupSnapshotsTest-302957223 tempest-GroupSnapshotsTest-302957223-project] Empty body provided in request {{(pid=114881) get_body /opt/stack/cinder/cinder/api/openstack/wsgi.py:703}}
Jan 27 07:44:30.474486 dv-cinder-826558-1-iscsi devstack@c-api.service[114881]: /usr/local/lib/python3.8/dist-packages/webob/acceptparse.py:1047: DeprecationWarning: The behavior of AcceptValidHeader.best_match is currently being maintained for backward compatibility, but it will be deprecated in the future, as it does not conform to the RFC.
Jan 27 07:44:30.474486 dv-cinder-826558-1-iscsi devstack@c-api.service[114881]: warnings.warn(
Jan 27 07:44:30.474792 dv-cinder-826558-1-iscsi devstack@c-api.service[114881]: DEBUG cinder.api.openstack.wsgi [None req-abab474e-2c65-4515-b1c1-5a8eece40459 tempest-GroupSnapshotsTest-302957223 tempest-GroupSnapshotsTest-302957223-project] Calling method 'show' {{(pid=114881) _process_stack /opt/stack/cinder/cinder/api/openstack/wsgi.py:856}}
Jan 27 07:44:30.484371 dv-cinder-826558-1-iscsi devstack@c-api.service[114882]: INFO cinder.api.openstack.wsgi [None req-3c6210e4-1c4a-4e6e-8ba7-5bfba082dfd1 tempest-VolumesActionsTest-724809764 tempest-VolumesActionsTest-724809764-project] http://10.222.0.52/volume/v3/fedde73be457483caf6cb03e5f8409e4/volumes/0a0f2380-3218-443b-9bd9-3bfdb324d6d7 returned with HTTP 200
Jan 27 07:44:30.484703 dv-cinder-826558-1-iscsi devstack@c-api.service[114881]: INFO cinder.api.openstack.wsgi [None req-abab474e-2c65-4515-b1c1-5a8eece40459 tempest-GroupSnapshotsTest-302957223 tempest-GroupSnapshotsTest-302957223-project] http://10.222.0.52/volume/v3/a76ea7a7efcd4da2b941321034317378/volumes/b91493dc-5534-4bf1-8e02-c7a251eeaee0 returned with HTTP 404
