Jan 26 20:37:32.569764 dv-cinder-826519-1-iscsi neutron-server[82708]: DEBUG neutron_lib.callbacks.manager [None req-e84469be-8d51-4679-b66b-0ff1073678c3 admin admin] Notify callbacks [] for security_group, before_create {{(pid=82708) _notify_loop /usr/local/lib/python3.8/dist-packages/neutron_lib/callbacks/manager.py:192}}
Jan 26 20:37:32.625711 dv-cinder-826519-1-iscsi neutron-server[82708]: DEBUG neutron.db.quota.driver [None req-e84469be-8d51-4679-b66b-0ff1073678c3 admin admin] Resources subnetpool have unlimited quota limit. It is not required to calculate headroom {{(pid=82708) make_reservation /opt/stack/neutron/neutron/db/quota/driver.py:219}}
Jan 26 20:37:32.631218 dv-cinder-826519-1-iscsi neutron-server[82708]: DEBUG neutron.quota.resource [None req-e84469be-8d51-4679-b66b-0ff1073678c3 admin admin] Usage tracker for resource:security_group_rule and tenant:d11deaed1e4c439fa2d45478a2862da8 is out of sync, need to count used quota {{(pid=82708) count_used /opt/stack/neutron/neutron/quota/resource.py:270}}
Jan 26 20:37:32.635529 dv-cinder-826519-1-iscsi neutron-server[82708]: DEBUG neutron.quota.resource [None req-e84469be-8d51-4679-b66b-0ff1073678c3 admin admin] Quota usage for security_group_rule was recalculated. Used quota:0. {{(pid=82708) count_used /opt/stack/neutron/neutron/quota/resource.py:290}}
Jan 26 20:37:32.643789 dv-cinder-826519-1-iscsi neutron-server[82708]: DEBUG neutron.db.quota.driver [None req-e84469be-8d51-4679-b66b-0ff1073678c3 admin admin] Attempting to reserve 4 items for resource security_group_rule. Total usage: 0; quota limit: 100; headroom:100 {{(pid=82708) make_reservation /opt/stack/neutron/neutron/db/quota/driver.py:246}}
Jan 26 20:37:32.671711 dv-cinder-826519-1-iscsi neutron-server[82709]: DEBUG neutron.pecan_wsgi.hooks.policy_enforcement [req-def13e84-d7db-4d2d-837d-e74cf4ea9866 req-a146cbec-b7b1-4067-957c-71882b9eaf57 tempest-AttachVolumeShelveTestJSON-197612413 tempest-AttachVolumeShelveTestJSON-197612413-project] Attributes excluded by policy engine: ['binding:profile', 'binding:host_id', 'binding:vif_type', 'binding:vif_details'] {{(pid=82709) _exclude_attributes_by_policy /opt/stack/neutron/neutron/pecan_wsgi/hooks/policy_enforcement.py:255}}
Jan 26 20:37:32.682142 dv-cinder-826519-1-iscsi neutron-server[82709]: INFO neutron.wsgi [req-def13e84-d7db-4d2d-837d-e74cf4ea9866 req-a146cbec-b7b1-4067-957c-71882b9eaf57 tempest-AttachVolumeShelveTestJSON-197612413 tempest-AttachVolumeShelveTestJSON-197612413-project] 10.222.0.53 "GET /v2.0/ports?device_id=18ca9e26-716b-4645-83ac-3dc3c84ab76b HTTP/1.1" status: 200 len: 945 time: 0.1231437
Jan 26 20:37:32.748262 dv-cinder-826519-1-iscsi neutron-server[82709]: INFO neutron.wsgi [req-def13e84-d7db-4d2d-837d-e74cf4ea9866 req-d1e62f82-b24b-4a6d-9662-a9e339765799 tempest-AttachVolumeShelveTestJSON-197612413 tempest-AttachVolumeShelveTestJSON-197612413-project] 10.222.0.53 "GET /v2.0/security-groups?id=30f28773-df28-4421-9363-d92d1c41cd07&fields=id&fields=name HTTP/1.1" status: 200 len: 312 time: 0.0649750
Jan 26 20:37:32.791834 dv-cinder-826519-1-iscsi neutron-server[82708]: DEBUG neutron_lib.callbacks.manager [None req-e84469be-8d51-4679-b66b-0ff1073678c3 admin admin] Notify callbacks [] for security_group, precommit_create {{(pid=82708) _notify_loop /usr/local/lib/python3.8/dist-packages/neutron_lib/callbacks/manager.py:192}}
Jan 26 20:37:32.791834 dv-cinder-826519-1-iscsi neutron-server[82708]: DEBUG neutron_lib.callbacks.manager [None req-e84469be-8d51-4679-b66b-0ff1073678c3 admin admin] Notify callbacks ['neutron.plugins.ml2.ovo_rpc._ObjectChangeHandler.handle_event-465199'] for security_group, after_create {{(pid=82708) _notify_loop /usr/local/lib/python3.8/dist-packages/neutron_lib/callbacks/manager.py:192}}
Jan 26 20:37:32.861144 dv-cinder-826519-1-iscsi neutron-server[82708]: INFO neutron.wsgi [None req-e84469be-8d51-4679-b66b-0ff1073678c3 admin admin] 10.222.0.53 "GET /v2.0/security-groups?tenant_id=d11deaed1e4c439fa2d45478a2862da8&name=default HTTP/1.1" status: 200 len: 2647 time: 0.7877584
Jan 26 20:37:32.862043 dv-cinder-826519-1-iscsi neutron-server[82708]: DEBUG neutron.api.rpc.handlers.resources_rpc [None req-e84469be-8d51-4679-b66b-0ff1073678c3 admin admin] Pushing event updated for resources: {'SecurityGroup': ['ID=18a5a380-f290-482a-860b-e079c8ddb76d,revision_number=1']} {{(pid=82708) push /opt/stack/neutron/neutron/api/rpc/handlers/resources_rpc.py:237}}
Jan 26 20:37:32.864160 dv-cinder-826519-1-iscsi neutron-server[82709]: DEBUG neutron.wsgi [-] (82709) accepted ('10.222.0.53', 37570) {{(pid=82709) server /usr/local/lib/python3.8/dist-packages/eventlet/wsgi.py:992}}
Jan 26 20:37:32.945291 dv-cinder-826519-1-iscsi neutron-server[82709]: DEBUG neutron_lib.callbacks.manager [None req-bc0cf29e-bdcf-4461-859c-afbc04be4378 admin admin] Notify callbacks [] for security_group, before_delete {{(pid=82709) _notify_loop /usr/local/lib/python3.8/dist-packages/neutron_lib/callbacks/manager.py:192}}
Jan 26 20:37:32.980126 dv-cinder-826519-1-iscsi neutron-server[82709]: DEBUG neutron_lib.callbacks.manager [None req-bc0cf29e-bdcf-4461-859c-afbc04be4378 admin admin] Notify callbacks [] for security_group, precommit_delete {{(pid=82709) _notify_loop /usr/local/lib/python3.8/dist-packages/neutron_lib/callbacks/manager.py:192}}
Jan 26 20:37:33.058128 dv-cinder-826519-1-iscsi neutron-server[82709]: DEBUG neutron_lib.callbacks.manager [None req-bc0cf29e-bdcf-4461-859c-afbc04be4378 admin admin] Notify callbacks ['neutron.plugins.ml2.ovo_rpc._ObjectChangeHandler.handle_event-465199'] for security_group, after_delete {{(pid=82709) _notify_loop /usr/local/lib/python3.8/dist-packages/neutron_lib/callbacks/manager.py:192}}
Jan 26 20:37:33.079976 dv-cinder-826519-1-iscsi neutron-server[82709]: DEBUG neutron.api.rpc.handlers.resources_rpc [None req-bc0cf29e-bdcf-4461-859c-afbc04be4378 admin admin] Pushing event deleted for resources: {'SecurityGroup': ['ID=18a5a380-f290-482a-860b-e079c8ddb76d,revision_number=None']} {{(pid=82709) push /opt/stack/neutron/neutron/api/rpc/handlers/resources_rpc.py:237}}
Jan 26 20:37:33.093684 dv-cinder-826519-1-iscsi neutron-server[82708]: DEBUG neutron.pecan_wsgi.hooks.policy_enforcement [req-fce0a91c-7c4a-4a70-906a-e42890a429f5 req-43f8f742-0929-4e3e-9e22-c05d657bc3b0 tempest-ServerRescueNegativeTestJSON-1615114558 tempest-ServerRescueNegativeTestJSON-1615114558-project] Attributes excluded by policy engine: ['binding:profile', 'binding:host_id', 'binding:vif_type', 'binding:vif_details'] {{(pid=82708) _exclude_attributes_by_policy /opt/stack/neutron/neutron/pecan_wsgi/hooks/policy_enforcement.py:255}}
Jan 26 20:37:33.093876 dv-cinder-826519-1-iscsi neutron-server[82709]: DEBUG neutron_lib.callbacks.manager [None req-bc0cf29e-bdcf-4461-859c-afbc04be4378 admin admin] Notify callbacks [] for security_group, before_response {{(pid=82709) _notify_loop /usr/local/lib/python3.8/dist-packages/neutron_lib/callbacks/manager.py:192}}
Jan 26 20:37:33.094879 dv-cinder-826519-1-iscsi neutron-server[82709]: INFO neutron.wsgi [None req-bc0cf29e-bdcf-4461-859c-afbc04be4378 admin admin] 10.222.0.53 "DELETE /v2.0/security-groups/18a5a380-f290-482a-860b-e079c8ddb76d HTTP/1.1" status: 204 len: 168 time: 0.2297313
Jan 26 20:37:33.099782 dv-cinder-826519-1-iscsi neutron-server[82708]: INFO neutron.wsgi [req-fce0a91c-7c4a-4a70-906a-e42890a429f5 req-43f8f742-0929-4e3e-9e22-c05d657bc3b0 tempest-ServerRescueNegativeTestJSON-1615114558 tempest-ServerRescueNegativeTestJSON-1615114558-project] 10.222.0.53 "GET /v2.0/ports?device_id=ab2cfa03-485a-4ccf-95e3-a9781a047707 HTTP/1.1" status: 200 len: 946 time: 0.1404378
Jan 26 20:37:33.169705 dv-cinder-826519-1-iscsi neutron-server[82710]: DEBUG neutron_lib.callbacks.manager [None req-d2049eee-bc18-4242-a873-22767fa1c6bc None None] Notify callbacks ['neutron.services.segments.db._update_segment_host_mapping_for_agent-8791693722570', 'neutron.plugins.ml2.plugin.Ml2Plugin._retry_binding_revived_agents-1616632'] for agent, after_update {{(pid=82710) _notify_loop /usr/local/lib/python3.8/dist-packages/neutron_lib/callbacks/manager.py:192}}
Jan 26 20:37:33.214909 dv-cinder-826519-1-iscsi neutron-server[82708]: INFO neutron.wsgi [req-fce0a91c-7c4a-4a70-906a-e42890a429f5 req-902be15f-44d8-4fda-ae94-57745528da14 tempest-ServerRescueNegativeTestJSON-1615114558 tempest-ServerRescueNegativeTestJSON-1615114558-project] 10.222.0.53 "GET /v2.0/security-groups?id=0935511f-2c29-4759-979d-974f894b058a&fields=id&fields=name HTTP/1.1" status: 200 len: 286 time: 0.1083357
Jan 26 20:37:33.440999 dv-cinder-826519-1-iscsi neutron-server[82709]: INFO neutron.wsgi [req-5b018d9d-3b22-4212-b62e-2a51b00c5371 req-eecef571-5aa1-4e5c-afe1-379ffeec9263 service neutron] 10.222.0.43 "GET /v2.0/ports?device_id=ab2cfa03-485a-4ccf-95e3-a9781a047707 HTTP/1.1" status: 200 len: 1099 time: 0.1987538
Jan 26 20:37:33.497420 dv-cinder-826519-1-iscsi neutron-server[82709]: INFO neutron.wsgi [req-b66605fd-8a86-4cba-8fb8-eb2a44f09e61 req-f72cc0bb-59f5-4640-91cd-9f4d848de699 service neutron] 10.222.0.43 "GET /v2.0/ports?device_id=18ca9e26-716b-4645-83ac-3dc3c84ab76b HTTP/1.1" status: 200 len: 1098 time: 0.2531028
Jan 26 20:37:33.571872 dv-cinder-826519-1-iscsi neutron-server[82709]: DEBUG neutron.quota.resource [req-5b018d9d-3b22-4212-b62e-2a51b00c5371 req-2ee21f52-cc2e-4c82-9dc1-b19d113424ec service neutron] Synchronizing usage tracker for tenant:4cd242d42ddf4abea828f17305c01201 on resource:security_group {{(pid=82709) resync /opt/stack/neutron/neutron/quota/resource.py:241}}
Jan 26 20:37:33.607452 dv-cinder-826519-1-iscsi neutron-server[82709]: DEBUG neutron.quota.resource [req-5b018d9d-3b22-4212-b62e-2a51b00c5371 req-2ee21f52-cc2e-4c82-9dc1-b19d113424ec service neutron] Unset dirty status for tenant:4cd242d42ddf4abea828f17305c01201 on resource:security_group {{(pid=82709) _resync /opt/stack/neutron/neutron/quota/resource.py:233}}
Jan 26 20:37:33.609188 dv-cinder-826519-1-iscsi neutron-server[82709]: INFO neutron.wsgi [req-5b018d9d-3b22-4212-b62e-2a51b00c5371 req-2ee21f52-cc2e-4c82-9dc1-b19d113424ec service neutron] 10.222.0.43 "GET /v2.0/security-groups?id=0935511f-2c29-4759-979d-974f894b058a&fields=id&fields=name HTTP/1.1" status: 200 len: 286 time: 0.1553924
Jan 26 20:37:33.611523 dv-cinder-826519-1-iscsi neutron-server[82709]: INFO neutron.wsgi [req-b66605fd-8a86-4cba-8fb8-eb2a44f09e61 req-d3798675-e42e-4aa7-b7a8-9494b76f62d0 service neutron] 10.222.0.43 "GET /v2.0/security-groups?id=30f28773-df28-4421-9363-d92d1c41cd07&fields=id&fields=name HTTP/1.1" status: 200 len: 312 time: 0.1071930
Jan 26 20:37:33.670010 dv-cinder-826519-1-iscsi neutron-server[82708]: INFO neutron.wsgi [req-faa824b9-e996-465e-9605-f38b831f7134 req-6171d9f2-be40-41e2-b7d5-a3ff976ca492 service neutron] 10.222.0.43 "GET /v2.0/ports?device_id=63a2cbc7-a1d0-4075-9abc-4e728250b599 HTTP/1.1" status: 200 len: 1098 time: 0.3252244
Jan 26 20:37:33.674300 dv-cinder-826519-1-iscsi neutron-server[82708]: INFO neutron.wsgi [req-44ca0080-1b41-4453-bc1f-515d35724676 req-b89129ea-4549-43d9-bb6f-ed926cff2fdf service neutron] 10.222.0.43 "GET /v2.0/ports?device_id=e22c998d-5f09-4132-9124-6306ebbf1d02&fields=binding%3Ahost_id&fields=binding%3Avif_type HTTP/1.1" status: 200 len: 275 time: 0.4117217
Jan 26 20:37:33.821758 dv-cinder-826519-1-iscsi neutron-server[82709]: DEBUG neutron.pecan_wsgi.hooks.policy_enforcement [req-f8f48985-c19d-495b-ad65-a61f954448cd req-e025cca4-af1b-425a-96cf-efb64bd8d894 tempest-AttachVolumeTestJSON-666785693 tempest-AttachVolumeTestJSON-666785693-project] Attributes excluded by policy engine: ['binding:profile', 'binding:host_id', 'binding:vif_type', 'binding:vif_details'] {{(pid=82709) _exclude_attributes_by_policy /opt/stack/neutron/neutron/pecan_wsgi/hooks/policy_enforcement.py:255}}
Jan 26 20:37:33.824367 dv-cinder-826519-1-iscsi neutron-server[82709]: INFO neutron.wsgi [req-f8f48985-c19d-495b-ad65-a61f954448cd req-e025cca4-af1b-425a-96cf-efb64bd8d894 tempest-AttachVolumeTestJSON-666785693 tempest-AttachVolumeTestJSON-666785693-project] 10.222.0.53 "GET /v2.0/ports?device_id=63a2cbc7-a1d0-4075-9abc-4e728250b599 HTTP/1.1" status: 200 len: 945 time: 0.1452692
Jan 26 20:37:33.921789 dv-cinder-826519-1-iscsi neutron-server[82709]: INFO neutron.wsgi [req-f8f48985-c19d-495b-ad65-a61f954448cd req-c27dd905-ee3c-468d-83b5-75b716605817 tempest-AttachVolumeTestJSON-666785693 tempest-AttachVolumeTestJSON-666785693-project] 10.222.0.53 "GET /v2.0/security-groups?id=11e92949-76b3-4b62-ad04-3305d2716dfd&fields=id&fields=name HTTP/1.1" status: 200 len: 313 time: 0.0910912
Jan 26 20:37:33.926954 dv-cinder-826519-1-iscsi neutron-server[82709]: DEBUG neutron.wsgi [-] (82709) accepted ('10.222.0.53', 37608) {{(pid=82709) server /usr/local/lib/python3.8/dist-packages/eventlet/wsgi.py:992}}
Jan 26 20:37:33.950585 dv-cinder-826519-1-iscsi neutron-server[82709]: DEBUG neutron_lib.callbacks.manager [None req-8f018cfe-e990-4362-8e25-e9bcb228be7b admin admin] Notify callbacks [] for security_group, before_create {{(pid=82709) _notify_loop /usr/local/lib/python3.8/dist-packages/neutron_lib/callbacks/manager.py:192}}
Jan 26 20:37:33.986179 dv-cinder-826519-1-iscsi neutron-server[82709]: DEBUG neutron.db.quota.driver [None req-8f018cfe-e990-4362-8e25-e9bcb228be7b admin admin] Resources subnetpool have unlimited quota limit. It is not required to calculate headroom {{(pid=82709) make_reservation /opt/stack/neutron/neutron/db/quota/driver.py:219}}
Jan 26 20:37:33.992432 dv-cinder-826519-1-iscsi neutron-server[82709]: DEBUG neutron.quota.resource [None req-8f018cfe-e990-4362-8e25-e9bcb228be7b admin admin] Usage tracker for resource:security_group_rule and tenant:d7faea0e790a40a28e6ccf4dafebf584 is out of sync, need to count used quota {{(pid=82709) count_used /opt/stack/neutron/neutron/quota/resource.py:270}}
Jan 26 20:37:33.995200 dv-cinder-826519-1-iscsi neutron-server[82709]: DEBUG neutron.quota.resource [None req-8f018cfe-e990-4362-8e25-e9bcb228be7b admin admin] Quota usage for security_group_rule was recalculated. Used quota:0. {{(pid=82709) count_used /opt/stack/neutron/neutron/quota/resource.py:290}}
Jan 26 20:37:34.003059 dv-cinder-826519-1-iscsi neutron-server[82709]: DEBUG neutron.db.quota.driver [None req-8f018cfe-e990-4362-8e25-e9bcb228be7b admin admin] Attempting to reserve 4 items for resource security_group_rule. Total usage: 0; quota limit: 100; headroom:100 {{(pid=82709) make_reservation /opt/stack/neutron/neutron/db/quota/driver.py:246}}
Jan 26 20:37:34.066310 dv-cinder-826519-1-iscsi neutron-server[82708]: DEBUG neutron.pecan_wsgi.hooks.policy_enforcement [req-55f336b7-06d4-40de-8a6c-9b047701fdfd req-789fb2c8-ee73-43a2-b76f-7752ecad6d69 tempest-AttachVolumeShelveTestJSON-197612413 tempest-AttachVolumeShelveTestJSON-197612413-project] Attributes excluded by policy engine: ['binding:profile', 'binding:host_id', 'binding:vif_type', 'binding:vif_details'] {{(pid=82708) _exclude_attributes_by_policy /opt/stack/neutron/neutron/pecan_wsgi/hooks/policy_enforcement.py:255}}
Jan 26 20:37:34.075660 dv-cinder-826519-1-iscsi neutron-server[82708]: INFO neutron.wsgi [req-55f336b7-06d4-40de-8a6c-9b047701fdfd req-789fb2c8-ee73-43a2-b76f-7752ecad6d69 tempest-AttachVolumeShelveTestJSON-197612413 tempest-AttachVolumeShelveTestJSON-197612413-project] 10.222.0.53 "GET /v2.0/ports?device_id=18ca9e26-716b-4645-83ac-3dc3c84ab76b HTTP/1.1" status: 200 len: 945 time: 0.1273081
Jan 26 20:37:34.097881 dv-cinder-826519-1-iscsi neutron-server[82709]: DEBUG neutron_lib.callbacks.manager [None req-8f018cfe-e990-4362-8e25-e9bcb228be7b admin admin] Notify callbacks [] for security_group, precommit_create {{(pid=82709) _notify_loop /usr/local/lib/python3.8/dist-packages/neutron_lib/callbacks/manager.py:192}}
Jan 26 20:37:34.103586 dv-cinder-826519-1-iscsi neutron-server[82709]: DEBUG neutron_lib.callbacks.manager [None req-8f018cfe-e990-4362-8e25-e9bcb228be7b admin admin] Notify callbacks ['neutron.plugins.ml2.ovo_rpc._ObjectChangeHandler.handle_event-465199'] for security_group, after_create {{(pid=82709) _notify_loop /usr/local/lib/python3.8/dist-packages/neutron_lib/callbacks/manager.py:192}}
Jan 26 20:37:34.166105 dv-cinder-826519-1-iscsi neutron-server[82708]: INFO neutron.wsgi [req-55f336b7-06d4-40de-8a6c-9b047701fdfd req-a00d802a-3451-4857-8d6e-a1d762009816 tempest-AttachVolumeShelveTestJSON-197612413 tempest-AttachVolumeShelveTestJSON-197612413-project] 10.222.0.53 "GET /v2.0/security-groups?id=30f28773-df28-4421-9363-d92d1c41cd07&fields=id&fields=name HTTP/1.1" status: 200 len: 312 time: 0.0894153
Jan 26 20:37:34.220092 dv-cinder-826519-1-iscsi neutron-server[82708]: INFO neutron.wsgi [req-faa824b9-e996-465e-9605-f38b831f7134 req-432e0163-8a52-4aa1-99cb-ac8c05488dcf service neutron] 10.222.0.43 "GET /v2.0/security-groups?id=11e92949-76b3-4b62-ad04-3305d2716dfd&fields=id&fields=name HTTP/1.1" status: 200 len: 313 time: 0.0934520
Jan 26 20:37:34.270640 dv-cinder-826519-1-iscsi neutron-server[82709]: DEBUG neutron.api.rpc.handlers.resources_rpc [None req-8f018cfe-e990-4362-8e25-e9bcb228be7b admin admin] Pushing event updated for resources: {'SecurityGroup': ['ID=aca492ff-4f0d-4206-be8d-c1374a89e460,revision_number=1']} {{(pid=82709) push /opt/stack/neutron/neutron/api/rpc/handlers/resources_rpc.py:237}}
Jan 26 20:37:34.297230 dv-cinder-826519-1-iscsi neutron-server[82708]: DEBUG neutron.wsgi [-] (82708) accepted ('10.222.0.53', 37630) {{(pid=82708) server /usr/local/lib/python3.8/dist-packages/eventlet/wsgi.py:992}}
Jan 26 20:37:34.310062 dv-cinder-826519-1-iscsi neutron-server[82709]: INFO neutron.wsgi [None req-8f018cfe-e990-4362-8e25-e9bcb228be7b admin admin] 10.222.0.53 "GET /v2.0/security-groups?tenant_id=d7faea0e790a40a28e6ccf4dafebf584&name=default HTTP/1.1" status: 200 len: 2647 time: 0.3685095
Jan 26 20:37:34.390030 dv-cinder-826519-1-iscsi neutron-server[82709]: INFO neutron.wsgi [req-44ca0080-1b41-4453-bc1f-515d35724676 req-06eaf67b-f7c7-4b8a-a523-cfd628f0d497 service neutron] 10.222.0.43 "GET /v2.0/ports?tenant_id=02d70a6cd5a74b56a1159c3dffa9e977&device_id=e22c998d-5f09-4132-9124-6306ebbf1d02 HTTP/1.1" status: 200 len: 1098 time: 0.2249463
Jan 26 20:37:34.428727 dv-cinder-826519-1-iscsi neutron-server[82708]: DEBUG neutron_lib.callbacks.manager [None req-ce16c07d-0695-4219-bba9-de004f91fd0f admin admin] Notify callbacks [] for security_group, before_delete {{(pid=82708) _notify_loop /usr/local/lib/python3.8/dist-packages/neutron_lib/callbacks/manager.py:192}}
Jan 26 20:37:34.487154 dv-cinder-826519-1-iscsi neutron-server[82708]: DEBUG neutron_lib.callbacks.manager [None req-ce16c07d-0695-4219-bba9-de004f91fd0f admin admin] Notify callbacks [] for security_group, precommit_delete {{(pid=82708) _notify_loop /usr/local/lib/python3.8/dist-packages/neutron_lib/callbacks/manager.py:192}}
Jan 26 20:37:34.568647 dv-cinder-826519-1-iscsi neutron-server[82708]: DEBUG neutron_lib.callbacks.manager [None req-ce16c07d-0695-4219-bba9-de004f91fd0f admin admin] Notify callbacks ['neutron.plugins.ml2.ovo_rpc._ObjectChangeHandler.handle_event-465199'] for security_group, after_delete {{(pid=82708) _notify_loop /usr/local/lib/python3.8/dist-packages/neutron_lib/callbacks/manager.py:192}}
Jan 26 20:37:34.608673 dv-cinder-826519-1-iscsi neutron-server[82708]: DEBUG neutron_lib.callbacks.manager [None req-ce16c07d-0695-4219-bba9-de004f91fd0f admin admin] Notify callbacks [] for security_group, before_response {{(pid=82708) _notify_loop /usr/local/lib/python3.8/dist-packages/neutron_lib/callbacks/manager.py:192}}
Jan 26 20:37:34.610424 dv-cinder-826519-1-iscsi neutron-server[82708]: INFO neutron.wsgi [None req-ce16c07d-0695-4219-bba9-de004f91fd0f admin admin] 10.222.0.53 "DELETE /v2.0/security-groups/aca492ff-4f0d-4206-be8d-c1374a89e460 HTTP/1.1" status: 204 len: 168 time: 0.3114052
Jan 26 20:37:34.610889 dv-cinder-826519-1-iscsi neutron-server[82708]: DEBUG neutron.api.rpc.handlers.resources_rpc [None req-ce16c07d-0695-4219-bba9-de004f91fd0f admin admin] Pushing event deleted for resources: {'SecurityGroup': ['ID=aca492ff-4f0d-4206-be8d-c1374a89e460,revision_number=None']} {{(pid=82708) push /opt/stack/neutron/neutron/api/rpc/handlers/resources_rpc.py:237}}
Jan 26 20:37:34.625915 dv-cinder-826519-1-iscsi neutron-server[82708]: DEBUG neutron.api.rpc.callbacks.version_manager [None req-ce16c07d-0695-4219-bba9-de004f91fd0f admin admin] Version for resource type ConntrackHelper changed None to 1.0 on consumer Open vSwitch agent@dv-cinder-826519-1-iscsi {{(pid=82708) _set_version /opt/stack/neutron/neutron/api/rpc/callbacks/version_manager.py:113}}
Jan 26 20:37:34.626401 dv-cinder-826519-1-iscsi neutron-server[82708]: DEBUG neutron.api.rpc.callbacks.version_manager [None req-ce16c07d-0695-4219-bba9-de004f91fd0f admin admin] Version for resource type Log changed None to 1.0 on consumer Open vSwitch agent@dv-cinder-826519-1-iscsi {{(pid=82708) _set_version /opt/stack/neutron/neutron/api/rpc/callbacks/version_manager.py:113}}
Jan 26 20:37:34.627086 dv-cinder-826519-1-iscsi neutron-server[82708]: DEBUG neutron.api.rpc.callbacks.version_manager [None req-ce16c07d-0695-4219-bba9-de004f91fd0f admin admin] Version for resource type Network changed None to 1.1 on consumer Open vSwitch agent@dv-cinder-826519-1-iscsi {{(pid=82708) _set_version /opt/stack/neutron/neutron/api/rpc/callbacks/version_manager.py:113}}
Jan 26 20:37:34.627969 dv-cinder-826519-1-iscsi neutron-server[82708]: DEBUG neutron.api.rpc.callbacks.version_manager [None req-ce16c07d-0695-4219-bba9-de004f91fd0f admin admin] Version for resource type Port changed None to 1.5 on consumer Open vSwitch agent@dv-cinder-826519-1-iscsi {{(pid=82708) _set_version /opt/stack/neutron/neutron/api/rpc/callbacks/version_manager.py:113}}
Jan 26 20:37:34.628493 dv-cinder-826519-1-iscsi neutron-server[82708]: DEBUG neutron.api.rpc.callbacks.version_manager [None req-ce16c07d-0695-4219-bba9-de004f91fd0f admin admin] Version for resource type PortForwarding changed None to 1.2 on consumer Open vSwitch agent@dv-cinder-826519-1-iscsi {{(pid=82708) _set_version /opt/stack/neutron/neutron/api/rpc/callbacks/version_manager.py:113}}
Jan 26 20:37:34.628957 dv-cinder-826519-1-iscsi neutron-server[82708]: DEBUG neutron.api.rpc.callbacks.version_manager [None req-ce16c07d-0695-4219-bba9-de004f91fd0f admin admin] Version for resource type QosPolicy changed None to 1.8 on consumer Open vSwitch agent@dv-cinder-826519-1-iscsi {{(pid=82708) _set_version /opt/stack/neutron/neutron/api/rpc/callbacks/version_manager.py:113}}
Jan 26 20:37:34.629386 dv-cinder-826519-1-iscsi neutron-server[82708]: DEBUG neutron.api.rpc.callbacks.version_manager [None req-ce16c07d-0695-4219-bba9-de004f91fd0f admin admin] Version for resource type SecurityGroup changed None to 1.2 on consumer Open vSwitch agent@dv-cinder-826519-1-iscsi {{(pid=82708) _set_version /opt/stack/neutron/neutron/api/rpc/callbacks/version_manager.py:113}}
Jan 26 20:37:34.629964 dv-cinder-826519-1-iscsi neutron-server[82708]: DEBUG neutron.api.rpc.callbacks.version_manager [None req-ce16c07d-0695-4219-bba9-de004f91fd0f admin admin] Version for resource type SecurityGroupRule changed None to 1.0 on consumer Open vSwitch agent@dv-cinder-826519-1-iscsi {{(pid=82708) _set_version /opt/stack/neutron/neutron/api/rpc/callbacks/version_manager.py:113}}
Jan 26 20:37:34.630540 dv-cinder-826519-1-iscsi neutron-server[82708]: DEBUG neutron.api.rpc.callbacks.version_manager [None req-ce16c07d-0695-4219-bba9-de004f91fd0f admin admin] Version for resource type SubPort changed None to 1.0 on consumer Open vSwitch agent@dv-cinder-826519-1-iscsi {{(pid=82708) _set_version /opt/stack/neutron/neutron/api/rpc/callbacks/version_manager.py:113}}
Jan 26 20:37:34.631011 dv-cinder-826519-1-iscsi neutron-server[82708]: DEBUG neutron.api.rpc.callbacks.version_manager [None req-ce16c07d-0695-4219-bba9-de004f91fd0f admin admin] Version for resource type Subnet changed None to 1.1 on consumer Open vSwitch agent@dv-cinder-826519-1-iscsi {{(pid=82708) _set_version /opt/stack/neutron/neutron/api/rpc/callbacks/version_manager.py:113}}
Jan 26 20:37:34.631563 dv-cinder-826519-1-iscsi neutron-server[82708]: DEBUG neutron.api.rpc.callbacks.version_manager [None req-ce16c07d-0695-4219-bba9-de004f91fd0f admin admin] Version for resource type Trunk changed None to 1.1 on consumer Open vSwitch agent@dv-cinder-826519-1-iscsi {{(pid=82708) _set_version /opt/stack/neutron/neutron/api/rpc/callbacks/version_manager.py:113}}
Jan 26 20:37:34.662356 dv-cinder-826519-1-iscsi neutron-server[82709]: DEBUG neutron.pecan_wsgi.hooks.policy_enforcement [req-44ca0080-1b41-4453-bc1f-515d35724676 req-47162144-a0ef-4fc8-9139-b788674f7651 service neutron] Attributes excluded by policy engine: ['vlan_transparent'] {{(pid=82709) _exclude_attributes_by_policy /opt/stack/neutron/neutron/pecan_wsgi/hooks/policy_enforcement.py:255}}
Jan 26 20:37:34.664403 dv-cinder-826519-1-iscsi neutron-server[82709]: INFO neutron.wsgi [req-44ca0080-1b41-4453-bc1f-515d35724676 req-47162144-a0ef-4fc8-9139-b788674f7651 service neutron] 10.222.0.43 "GET /v2.0/networks?id=0da887b4-9ce5-4316-83b6-d930a4a14860 HTTP/1.1" status: 200 len: 912 time: 0.1734602
Jan 26 20:37:34.670023 dv-cinder-826519-1-iscsi neutron-server[82709]: DEBUG neutron.pecan_wsgi.hooks.policy_enforcement [req-1c8c015b-495e-4b62-8d99-95724b8f6cef req-03ac10d6-d640-42a2-a423-3de483baa7fe tempest-ServerRescueNegativeTestJSON-1615114558 tempest-ServerRescueNegativeTestJSON-1615114558-project] Attributes excluded by policy engine: ['binding:profile', 'binding:host_id', 'binding:vif_type', 'binding:vif_details'] {{(pid=82709) _exclude_attributes_by_policy /opt/stack/neutron/neutron/pecan_wsgi/hooks/policy_enforcement.py:255}}
Jan 26 20:37:34.676852 dv-cinder-826519-1-iscsi neutron-server[82709]: INFO neutron.wsgi [req-1c8c015b-495e-4b62-8d99-95724b8f6cef req-03ac10d6-d640-42a2-a423-3de483baa7fe tempest-ServerRescueNegativeTestJSON-1615114558 tempest-ServerRescueNegativeTestJSON-1615114558-project] 10.222.0.53 "GET /v2.0/ports?device_id=ab2cfa03-485a-4ccf-95e3-a9781a047707 HTTP/1.1" status: 200 len: 946 time: 0.2397027
Jan 26 20:37:34.760803 dv-cinder-826519-1-iscsi neutron-server[82709]: INFO neutron.wsgi [req-44ca0080-1b41-4453-bc1f-515d35724676 req-abfa60d6-6b74-4a71-b873-de677cc01746 service neutron] 10.222.0.43 "GET /v2.0/floatingips?fixed_ip_address=172.20.0.8&port_id=4aa1190d-623f-4fb2-9455-1bd5fb4630cc HTTP/1.1" status: 200 len: 217 time: 0.0812581
Jan 26 20:37:34.841933 dv-cinder-826519-1-iscsi neutron-server[82709]: INFO neutron.wsgi [req-1c8c015b-495e-4b62-8d99-95724b8f6cef req-7c9edc43-38ab-4d6f-a534-cf2ca1b66d91 tempest-ServerRescueNegativeTestJSON-1615114558 tempest-ServerRescueNegativeTestJSON-1615114558-project] 10.222.0.53 "GET /v2.0/security-groups?id=0935511f-2c29-4759-979d-974f894b058a&fields=id&fields=name HTTP/1.1" status: 200 len: 286 time: 0.1640739
Jan 26 20:37:34.868882 dv-cinder-826519-1-iscsi neutron-server[82709]: DEBUG neutron.pecan_wsgi.hooks.policy_enforcement [req-44ca0080-1b41-4453-bc1f-515d35724676 req-1a62f5de-537d-4e85-bd98-4fa7f8575ce0 service neutron] Attributes excluded by policy engine: ['shared'] {{(pid=82709) _exclude_attributes_by_policy /opt/stack/neutron/neutron/pecan_wsgi/hooks/policy_enforcement.py:255}}
Jan 26 20:37:34.870553 dv-cinder-826519-1-iscsi neutron-server[82709]: INFO neutron.wsgi [req-44ca0080-1b41-4453-bc1f-515d35724676 req-1a62f5de-537d-4e85-bd98-4fa7f8575ce0 service neutron] 10.222.0.43 "GET /v2.0/subnets?id=d5532b64-383c-4c84-8e1f-3c4484dee2fb HTTP/1.1" status: 200 len: 851 time: 0.1005826
Jan 26 20:37:34.990136 dv-cinder-826519-1-iscsi neutron-server[82709]: INFO neutron.wsgi [req-44ca0080-1b41-4453-bc1f-515d35724676 req-03f62df3-46ce-4eaa-af9a-3c7747d95164 service neutron] 10.222.0.43 "GET /v2.0/ports?network_id=0da887b4-9ce5-4316-83b6-d930a4a14860&device_owner=network%3Adhcp HTTP/1.1" status: 200 len: 210 time: 0.1096945
Jan 26 20:37:35.034031 dv-cinder-826519-1-iscsi neutron-server[82710]: DEBUG neutron.api.rpc.handlers.l3_rpc [None req-cf50906a-b8ea-42a1-9d52-0c8c46d547f2 None None] Sync routers for ids ['2bf2204c-af2b-428c-b2a0-c725688c08b9'] in dv-cinder-826519-1-iscsi {{(pid=82710) sync_routers /opt/stack/neutron/neutron/api/rpc/handlers/l3_rpc.py:119}}
Jan 26 20:37:35.060812 dv-cinder-826519-1-iscsi neutron-server[82710]: DEBUG neutron.db.l3_dvrscheduler_db [None req-cf50906a-b8ea-42a1-9d52-0c8c46d547f2 None None] Routers {'2bf2204c-af2b-428c-b2a0-c725688c08b9'} bound to L3 agent in host dv-cinder-826519-1-iscsi {{(pid=82710) _get_router_ids_for_agent /opt/stack/neutron/neutron/db/l3_dvrscheduler_db.py:420}}
Jan 26 20:37:35.061730 dv-cinder-826519-1-iscsi neutron-server[82710]: DEBUG neutron.db.l3_hamode_db [None req-cf50906a-b8ea-42a1-9d52-0c8c46d547f2 None None] neutron.services.l3_router.l3_router_plugin.L3RouterPlugin method get_ha_sync_data_for_host called with arguments (, 'dv-cinder-826519-1-iscsi', Agent(admin_state_up=True,agent_type='L3 agent',availability_zone='nova',binary='neutron-l3-agent',configurations={"agent_mode": "legacy", "ex_gw_ports": 4, "extensions": [], "floating_ips": 0, "handle_internal_only_routers": true, "interface_driver": "openvswitch", "interfaces": 3, "log_agent_heartbeats": false, "routers": 4},created_at=2022-01-26T20:28:15Z,description=,heartbeat_timestamp=2022-01-26T20:37:15Z,host='dv-cinder-826519-1-iscsi',id=d1e0d169-3c36-46a7-a9a7-d67963eec12d,load=0,resource_versions=,resources_synced=,started_at=2022-01-26T20:28:15Z,topic='l3_agent')) {'router_ids': ['2bf2204c-af2b-428c-b2a0-c725688c08b9'], 'active': True} {{(pid=82710) wrapper /usr/local/lib/python3.8/dist-packages/oslo_log/helpers.py:65}}
Jan 26 20:37:35.235442 dv-cinder-826519-1-iscsi neutron-server[82709]: INFO neutron.wsgi [req-44ca0080-1b41-4453-bc1f-515d35724676 req-96240bdd-deb9-4cd3-84f0-2a4002ba430c service neutron] 10.222.0.43 "GET /v2.0/networks/0da887b4-9ce5-4316-83b6-d930a4a14860?fields=segments HTTP/1.1" status: 200 len: 212 time: 0.2375278
Jan 26 20:37:35.439079 dv-cinder-826519-1-iscsi neutron-server[82708]: DEBUG neutron.pecan_wsgi.hooks.policy_enforcement [req-8325b88c-bf30-410b-b94e-4caba81ff918 req-3ce538ba-c458-46ca-a261-fdc7cfe45e82 tempest-AttachVolumeTestJSON-666785693 tempest-AttachVolumeTestJSON-666785693-project] Attributes excluded by policy engine: ['binding:profile', 'binding:host_id', 'binding:vif_type', 'binding:vif_details'] {{(pid=82708) _exclude_attributes_by_policy /opt/stack/neutron/neutron/pecan_wsgi/hooks/policy_enforcement.py:255}}
Jan 26 20:37:35.441151 dv-cinder-826519-1-iscsi neutron-server[82708]: INFO neutron.wsgi [req-8325b88c-bf30-410b-b94e-4caba81ff918 req-3ce538ba-c458-46ca-a261-fdc7cfe45e82 tempest-AttachVolumeTestJSON-666785693 tempest-AttachVolumeTestJSON-666785693-project] 10.222.0.53 "GET /v2.0/ports?device_id=63a2cbc7-a1d0-4075-9abc-4e728250b599 HTTP/1.1" status: 200 len: 945 time: 0.2213330
Jan 26 20:37:35.462784 dv-cinder-826519-1-iscsi neutron-server[82710]: DEBUG neutron.db.l3_dvr_db [None req-cf50906a-b8ea-42a1-9d52-0c8c46d547f2 None None] Set router 2bf2204c-af2b-428c-b2a0-c725688c08b9 gateway port host: dv-cinder-826519-1-iscsi {{(pid=82710) _build_routers_list /opt/stack/neutron/neutron/db/l3_dvr_db.py:871}}
Jan 26 20:37:35.590761 dv-cinder-826519-1-iscsi neutron-server[82708]: INFO neutron.wsgi [req-8325b88c-bf30-410b-b94e-4caba81ff918 req-5ca5e7b0-371b-4c72-82b6-03a34c94cd59 tempest-AttachVolumeTestJSON-666785693 tempest-AttachVolumeTestJSON-666785693-project] 10.222.0.53 "GET /v2.0/security-groups?id=11e92949-76b3-4b62-ad04-3305d2716dfd&fields=id&fields=name HTTP/1.1" status: 200 len: 313 time: 0.1418157
Jan 26 20:37:35.832733 dv-cinder-826519-1-iscsi neutron-server[82709]: INFO neutron.wsgi [req-44ca0080-1b41-4453-bc1f-515d35724676 req-edfc4104-3623-46b5-a1a5-e3ba7047d801 service neutron] 10.222.0.43 "GET /v2.0/networks/0da887b4-9ce5-4316-83b6-d930a4a14860?fields=provider%3Aphysical_network&fields=provider%3Anetwork_type HTTP/1.1" status: 200 len: 281 time: 0.5795047
Jan 26 20:37:35.865487 dv-cinder-826519-1-iscsi neutron-server[82708]: DEBUG neutron.wsgi [-] (82708) accepted ('10.222.0.53', 37690) {{(pid=82708) server /usr/local/lib/python3.8/dist-packages/eventlet/wsgi.py:992}}
Jan 26 20:37:35.881415 dv-cinder-826519-1-iscsi neutron-server[82709]: DEBUG neutron.pecan_wsgi.hooks.policy_enforcement [req-b57d9275-aa05-4650-9c33-44d993983900 req-fb612f87-80f2-4379-b92b-6225b3b0d60f tempest-AttachVolumeShelveTestJSON-197612413 tempest-AttachVolumeShelveTestJSON-197612413-project] Attributes excluded by policy engine: ['binding:profile', 'binding:host_id', 'binding:vif_type', 'binding:vif_details'] {{(pid=82709) _exclude_attributes_by_policy /opt/stack/neutron/neutron/pecan_wsgi/hooks/policy_enforcement.py:255}}
Jan 26 20:37:35.886156 dv-cinder-826519-1-iscsi neutron-server[82709]: INFO neutron.wsgi [req-b57d9275-aa05-4650-9c33-44d993983900 req-fb612f87-80f2-4379-b92b-6225b3b0d60f tempest-AttachVolumeShelveTestJSON-197612413 tempest-AttachVolumeShelveTestJSON-197612413-project] 10.222.0.53 "GET /v2.0/ports?device_id=18ca9e26-716b-4645-83ac-3dc3c84ab76b HTTP/1.1" status: 200 len: 945 time: 0.3116734
Jan 26 20:37:35.989259 dv-cinder-826519-1-iscsi neutron-server[82709]: INFO neutron.wsgi [req-b57d9275-aa05-4650-9c33-44d993983900 req-6ac49589-8b15-4b5f-af43-3bede566f8d5 tempest-AttachVolumeShelveTestJSON-197612413 tempest-AttachVolumeShelveTestJSON-197612413-project] 10.222.0.53 "GET /v2.0/security-groups?id=30f28773-df28-4421-9363-d92d1c41cd07&fields=id&fields=name HTTP/1.1" status: 200 len: 312 time: 0.0934286
Jan 26 20:37:36.212201 dv-cinder-826519-1-iscsi neutron-server[82708]: DEBUG neutron_lib.callbacks.manager [None req-1e065c88-5d17-478f-9def-fdd05d1779f0 admin admin] Notify callbacks [] for security_group, before_create {{(pid=82708) _notify_loop /usr/local/lib/python3.8/dist-packages/neutron_lib/callbacks/manager.py:192}}
Jan 26 20:37:36.276227 dv-cinder-826519-1-iscsi neutron-server[82708]: DEBUG neutron.db.quota.driver [None req-1e065c88-5d17-478f-9def-fdd05d1779f0 admin admin] Resources subnetpool have unlimited quota limit. It is not required to calculate headroom {{(pid=82708) make_reservation /opt/stack/neutron/neutron/db/quota/driver.py:219}}
Jan 26 20:37:36.284315 dv-cinder-826519-1-iscsi neutron-server[82708]: DEBUG neutron.quota.resource [None req-1e065c88-5d17-478f-9def-fdd05d1779f0 admin admin] Usage tracker for resource:security_group_rule and tenant:5da890aeb2ba421cbdb493e2b33f7184 is out of sync, need to count used quota {{(pid=82708) count_used /opt/stack/neutron/neutron/quota/resource.py:270}}
Jan 26 20:37:36.288341 dv-cinder-826519-1-iscsi neutron-server[82708]: DEBUG neutron.quota.resource [None req-1e065c88-5d17-478f-9def-fdd05d1779f0 admin admin] Quota usage for security_group_rule was recalculated. Used quota:0. {{(pid=82708) count_used /opt/stack/neutron/neutron/quota/resource.py:290}}
Jan 26 20:37:36.301998 dv-cinder-826519-1-iscsi neutron-server[82708]: DEBUG neutron.db.quota.driver [None req-1e065c88-5d17-478f-9def-fdd05d1779f0 admin admin] Attempting to reserve 4 items for resource security_group_rule. Total usage: 0; quota limit: 100; headroom:100 {{(pid=82708) make_reservation /opt/stack/neutron/neutron/db/quota/driver.py:246}}
Jan 26 20:37:36.316546 dv-cinder-826519-1-iscsi neutron-server[82708]: DEBUG neutron.pecan_wsgi.hooks.policy_enforcement [req-e9b307bf-edaf-494c-b1a9-85932ef397b3 req-0402a5c5-b8ae-49d0-bf4d-4b727822f736 tempest-ServerRescueNegativeTestJSON-1615114558 tempest-ServerRescueNegativeTestJSON-1615114558-project] Attributes excluded by policy engine: ['binding:profile', 'binding:host_id', 'binding:vif_type', 'binding:vif_details'] {{(pid=82708) _exclude_attributes_by_policy /opt/stack/neutron/neutron/pecan_wsgi/hooks/policy_enforcement.py:255}}
Jan 26 20:37:36.324209 dv-cinder-826519-1-iscsi neutron-server[82708]: INFO neutron.wsgi [req-e9b307bf-edaf-494c-b1a9-85932ef397b3 req-0402a5c5-b8ae-49d0-bf4d-4b727822f736 tempest-ServerRescueNegativeTestJSON-1615114558 tempest-ServerRescueNegativeTestJSON-1615114558-project] 10.222.0.53 "GET /v2.0/ports?device_id=ab2cfa03-485a-4ccf-95e3-a9781a047707 HTTP/1.1" status: 200 len: 946 time: 0.1761289
Jan 26 20:37:36.366952 dv-cinder-826519-1-iscsi neutron-server[82710]: DEBUG neutron.db.l3_hamode_db [None req-cf50906a-b8ea-42a1-9d52-0c8c46d547f2 None None] neutron.services.l3_router.l3_router_plugin.L3RouterPlugin method _process_sync_ha_data called with arguments (, [{'id': '2bf2204c-af2b-428c-b2a0-c725688c08b9', 'name': 'tempest-ServerRescueNegativeTestJSON-2105681462-router', 'tenant_id': '6640c36098c2473680824eba064a5218', 'admin_state_up': True, 'status': 'ACTIVE', 'external_gateway_info': {'network_id': '25ee1c95-0f8b-4a8f-a4e0-2e084d3dab52', 'external_fixed_ips': [{'subnet_id': '4fd423dc-3342-48e9-9c3d-f07153505edf', 'ip_address': '172.27.0.68'}], 'enable_snat': True}, 'gw_port_id': '7a02878c-9f0b-4b36-8924-70bc287d71fe', 'description': '', 'availability_zones': ['nova'], 'distributed': False, 'ha': False, 'ha_vr_id': 0, 'availability_zone_hints': [], 'routes': [], 'flavor_id': None, 'tags': [], 'created_at': '2022-01-26T20:36:35Z', 'updated_at': '2022-01-26T20:36:45Z', 'revision_number': 4, 'project_id': '6640c36098c2473680824eba064a5218', 'gw_port': {'id': '7a02878c-9f0b-4b36-8924-70bc287d71fe', 'name': '', 'network_id': '25ee1c95-0f8b-4a8f-a4e0-2e084d3dab52', 'tenant_id': '', 'mac_address': 'fa:16:3e:c4:b0:c5', 'admin_state_up': True, 'status': 'ACTIVE', 'device_id': '2bf2204c-af2b-428c-b2a0-c725688c08b9', 'device_owner': 'network:router_gateway', 'fixed_ips': [{'subnet_id': '4fd423dc-3342-48e9-9c3d-f07153505edf', 'ip_address': '172.27.0.68', 'prefixlen': 24}], 'allowed_address_pairs': [], 'extra_dhcp_opts': [], 'security_groups': [], 'description': '', 'binding:vnic_type': 'normal', 'binding:profile': {}, 'binding:host_id': 'dv-cinder-826519-1-iscsi', 'binding:vif_type': 'ovs', 'binding:vif_details': {'connectivity': 'l2', 'port_filter': True, 'ovs_hybrid_plug': False, 'datapath_type': 'system', 'bridge_name': 'br-int'}, 'port_security_enabled': False, 'tags': [], 'created_at': '2022-01-26T20:36:36Z', 'updated_at': '2022-01-26T20:37:00Z', 'revision_number': 4, 'project_id': '', 'subnets': [{'id': '4fd423dc-3342-48e9-9c3d-f07153505edf', 'cidr': '172.27.0.0/24', 'gateway_ip': '172.27.0.1', 'dns_nameservers': [], 'ipv6_ra_mode': None, 'subnetpool_id': None}], 'extra_subnets': [], 'address_scopes': {4: None, 6: None}, 'mtu': 1500}, 'enable_snat': True, 'gw_port_host': 'dv-cinder-826519-1-iscsi', '_interfaces': [{'id': '866cb2bc-c636-4498-8021-dddc215448a9', 'name': '', 'network_id': '15cd77f8-e1c1-470c-bd80-6c7ae1a801a8', 'tenant_id': '6640c36098c2473680824eba064a5218', 'mac_address': 'fa:16:3e:a8:1e:63', 'admin_state_up': True, 'status': 'DOWN', 'device_id': '2bf2204c-af2b-428c-b2a0-c725688c08b9', 'device_owner': 'network:router_interface', 'fixed_ips': [{'subnet_id': '3a71d783-e3a8-40d2-b37b-0c93d1b53c2d', 'ip_address': '172.20.0.1', 'prefixlen': 28}], 'allowed_address_pairs': [], 'extra_dhcp_opts': [], 'security_groups': [], 'description': '', 'binding:vnic_type': 'normal', 'binding:profile': {}, 'binding:host_id': '', 'binding:vif_type': 'unbound', 'binding:vif_details': {}, 'port_security_enabled': False, 'tags': [], 'created_at': '2022-01-26T20:36:43Z', 'updated_at': '2022-01-26T20:36:45Z', 'revision_number': 2, 'project_id': '6640c36098c2473680824eba064a5218', 'subnets': [{'id': '3a71d783-e3a8-40d2-b37b-0c93d1b53c2d', 'cidr': '172.20.0.0/28', 'gateway_ip': '172.20.0.1', 'dns_nameservers': [], 'ipv6_ra_mode': None, 'subnetpool_id': None}], 'extra_subnets': [], 'address_scopes': {4: None, 6: None}, 'mtu': 1500}]}], 'dv-cinder-826519-1-iscsi', False) {} {{(pid=82710) wrapper /usr/local/lib/python3.8/dist-packages/oslo_log/helpers.py:65}}
Jan 26 20:37:36.377269 dv-cinder-826519-1-iscsi neutron-server[82710]: DEBUG neutron.api.rpc.handlers.l3_rpc [None req-cf50906a-b8ea-42a1-9d52-0c8c46d547f2 None None] Checking router: 2bf2204c-af2b-428c-b2a0-c725688c08b9 for host: dv-cinder-826519-1-iscsi {{(pid=82710) _ensure_host_set_on_ports /opt/stack/neutron/neutron/api/rpc/handlers/l3_rpc.py:149}}
Jan 26 20:37:36.377879 dv-cinder-826519-1-iscsi neutron-server[82710]: DEBUG neutron.api.rpc.handlers.l3_rpc [None req-cf50906a-b8ea-42a1-9d52-0c8c46d547f2 None None] Updating router 2bf2204c-af2b-428c-b2a0-c725688c08b9 port 866cb2bc-c636-4498-8021-dddc215448a9 binding host dv-cinder-826519-1-iscsi {{(pid=82710) _ensure_host_set_on_port /opt/stack/neutron/neutron/api/rpc/handlers/l3_rpc.py:199}}
Jan 26 20:37:36.441092 dv-cinder-826519-1-iscsi neutron-server[82708]: INFO neutron.wsgi [req-e9b307bf-edaf-494c-b1a9-85932ef397b3 req-ca261d4e-2d5c-46c1-9e22-8f9737626b47 tempest-ServerRescueNegativeTestJSON-1615114558 tempest-ServerRescueNegativeTestJSON-1615114558-project] 10.222.0.53 "GET /v2.0/security-groups?id=0935511f-2c29-4759-979d-974f894b058a&fields=id&fields=name HTTP/1.1" status: 200 len: 286 time: 0.1157837
Jan 26 20:37:36.469764 dv-cinder-826519-1-iscsi neutron-server[82710]: DEBUG neutron_lib.callbacks.manager [None req-cf50906a-b8ea-42a1-9d52-0c8c46d547f2 None None] Notify callbacks ['neutron.plugins.ml2.plugin.SecurityGroupDbMixin._ensure_default_security_group_handler-1544083'] for port, before_update {{(pid=82710) _notify_loop /usr/local/lib/python3.8/dist-packages/neutron_lib/callbacks/manager.py:192}}
Jan 26 20:37:36.518446 dv-cinder-826519-1-iscsi neutron-server[82708]: DEBUG neutron_lib.callbacks.manager [None req-1e065c88-5d17-478f-9def-fdd05d1779f0 admin admin] Notify callbacks [] for security_group, precommit_create {{(pid=82708) _notify_loop /usr/local/lib/python3.8/dist-packages/neutron_lib/callbacks/manager.py:192}}
Jan 26 20:37:36.529430 dv-cinder-826519-1-iscsi neutron-server[82708]: DEBUG neutron_lib.callbacks.manager [None req-1e065c88-5d17-478f-9def-fdd05d1779f0 admin admin] Notify callbacks ['neutron.plugins.ml2.ovo_rpc._ObjectChangeHandler.handle_event-465199'] for security_group, after_create {{(pid=82708) _notify_loop /usr/local/lib/python3.8/dist-packages/neutron_lib/callbacks/manager.py:192}}
Jan 26 20:37:36.610206 dv-cinder-826519-1-iscsi neutron-server[82708]: INFO neutron.wsgi [None req-1e065c88-5d17-478f-9def-fdd05d1779f0 admin admin] 10.222.0.53 "GET /v2.0/security-groups?tenant_id=5da890aeb2ba421cbdb493e2b33f7184&name=default HTTP/1.1" status: 200 len: 2647 time: 0.7431967
Jan 26 20:37:36.612771 dv-cinder-826519-1-iscsi neutron-server[82709]: DEBUG neutron.wsgi [-] (82709) accepted ('10.222.0.53', 37716) {{(pid=82709) server /usr/local/lib/python3.8/dist-packages/eventlet/wsgi.py:992}}
Jan 26 20:37:36.651914 dv-cinder-826519-1-iscsi neutron-server[82708]: DEBUG neutron.api.rpc.handlers.resources_rpc [None req-1e065c88-5d17-478f-9def-fdd05d1779f0 admin admin] Pushing event updated for resources: {'SecurityGroup': ['ID=997bdba8-fc94-49fd-9b06-a1afb40b82f6,revision_number=1']} {{(pid=82708) push /opt/stack/neutron/neutron/api/rpc/handlers/resources_rpc.py:237}}
Jan 26 20:37:36.868760 dv-cinder-826519-1-iscsi neutron-server[82709]: DEBUG neutron_lib.callbacks.manager [None req-badfee05-1064-4faa-9d1e-e651fa32c3f2 admin admin] Notify callbacks [] for security_group, before_delete {{(pid=82709) _notify_loop /usr/local/lib/python3.8/dist-packages/neutron_lib/callbacks/manager.py:192}}
Jan 26 20:37:36.927207 dv-cinder-826519-1-iscsi neutron-server[82709]: DEBUG neutron_lib.callbacks.manager [None req-badfee05-1064-4faa-9d1e-e651fa32c3f2 admin admin] Notify callbacks [] for security_group, precommit_delete {{(pid=82709) _notify_loop /usr/local/lib/python3.8/dist-packages/neutron_lib/callbacks/manager.py:192}}
Jan 26 20:37:36.976830 dv-cinder-826519-1-iscsi neutron-server[82708]: DEBUG neutron.pecan_wsgi.hooks.policy_enforcement [req-589bf2d8-e671-4b03-ab7b-d78ae9d754cd req-2b44e35f-df36-47b5-ac16-414c523e3676 tempest-AttachVolumeTestJSON-666785693 tempest-AttachVolumeTestJSON-666785693-project] Attributes excluded by policy engine: ['binding:profile', 'binding:host_id', 'binding:vif_type', 'binding:vif_details'] {{(pid=82708) _exclude_attributes_by_policy /opt/stack/neutron/neutron/pecan_wsgi/hooks/policy_enforcement.py:255}}
Jan 26 20:37:36.979351 dv-cinder-826519-1-iscsi neutron-server[82708]: INFO neutron.wsgi [req-589bf2d8-e671-4b03-ab7b-d78ae9d754cd req-2b44e35f-df36-47b5-ac16-414c523e3676 tempest-AttachVolumeTestJSON-666785693 tempest-AttachVolumeTestJSON-666785693-project] 10.222.0.53 "GET /v2.0/ports?device_id=63a2cbc7-a1d0-4075-9abc-4e728250b599 HTTP/1.1" status: 200 len: 945 time: 0.1419582
Jan 26 20:37:37.037886 dv-cinder-826519-1-iscsi neutron-server[82709]: DEBUG neutron_lib.callbacks.manager [None req-badfee05-1064-4faa-9d1e-e651fa32c3f2 admin admin] Notify callbacks ['neutron.plugins.ml2.ovo_rpc._ObjectChangeHandler.handle_event-465199'] for security_group, after_delete {{(pid=82709) _notify_loop /usr/local/lib/python3.8/dist-packages/neutron_lib/callbacks/manager.py:192}}
Jan 26 20:37:37.058349 dv-cinder-826519-1-iscsi neutron-server[82708]: INFO neutron.wsgi [req-589bf2d8-e671-4b03-ab7b-d78ae9d754cd req-94be3a45-4d72-4689-bd38-42cf55d15f52 tempest-AttachVolumeTestJSON-666785693 tempest-AttachVolumeTestJSON-666785693-project] 10.222.0.53 "GET /v2.0/security-groups?id=11e92949-76b3-4b62-ad04-3305d2716dfd&fields=id&fields=name HTTP/1.1" status: 200 len: 313 time: 0.0727952
Jan 26 20:37:37.074364 dv-cinder-826519-1-iscsi neutron-server[82709]: DEBUG neutron.api.rpc.handlers.resources_rpc [None req-badfee05-1064-4faa-9d1e-e651fa32c3f2 admin admin] Pushing event deleted for resources: {'SecurityGroup': ['ID=997bdba8-fc94-49fd-9b06-a1afb40b82f6,revision_number=None']} {{(pid=82709) push /opt/stack/neutron/neutron/api/rpc/handlers/resources_rpc.py:237}}
Jan 26 20:37:37.126968 dv-cinder-826519-1-iscsi neutron-server[82709]: DEBUG neutron_lib.callbacks.manager [None req-badfee05-1064-4faa-9d1e-e651fa32c3f2 admin admin] Notify callbacks [] for security_group, before_response {{(pid=82709) _notify_loop /usr/local/lib/python3.8/dist-packages/neutron_lib/callbacks/manager.py:192}}
Jan 26 20:37:37.137545 dv-cinder-826519-1-iscsi neutron-server[82709]: INFO neutron.wsgi [None req-badfee05-1064-4faa-9d1e-e651fa32c3f2 admin admin] 10.222.0.53 "DELETE /v2.0/security-groups/997bdba8-fc94-49fd-9b06-a1afb40b82f6 HTTP/1.1" status: 204 len: 168 time: 0.5190547
Jan 26 20:37:37.267508 dv-cinder-826519-1-iscsi neutron-server[82709]: DEBUG neutron.api.rpc.callbacks.version_manager [None req-badfee05-1064-4faa-9d1e-e651fa32c3f2 admin admin] Version for resource type ConntrackHelper changed None to 1.0 on consumer Open vSwitch agent@dv-cinder-826519-1-iscsi {{(pid=82709) _set_version /opt/stack/neutron/neutron/api/rpc/callbacks/version_manager.py:113}}
Jan 26 20:37:37.267868 dv-cinder-826519-1-iscsi neutron-server[82709]: DEBUG neutron.api.rpc.callbacks.version_manager [None req-badfee05-1064-4faa-9d1e-e651fa32c3f2 admin admin] Version for resource type Log changed None to 1.0 on consumer Open vSwitch agent@dv-cinder-826519-1-iscsi {{(pid=82709) _set_version /opt/stack/neutron/neutron/api/rpc/callbacks/version_manager.py:113}}
Jan 26 20:37:37.268208 dv-cinder-826519-1-iscsi neutron-server[82709]: DEBUG neutron.api.rpc.callbacks.version_manager [None req-badfee05-1064-4faa-9d1e-e651fa32c3f2 admin admin] Version for resource type Network changed None to 1.1 on consumer Open vSwitch agent@dv-cinder-826519-1-iscsi {{(pid=82709) _set_version /opt/stack/neutron/neutron/api/rpc/callbacks/version_manager.py:113}}
Jan 26 20:37:37.268530 dv-cinder-826519-1-iscsi neutron-server[82709]: DEBUG neutron.api.rpc.callbacks.version_manager [None req-badfee05-1064-4faa-9d1e-e651fa32c3f2 admin admin] Version for resource type Port changed None to 1.5 on consumer Open vSwitch agent@dv-cinder-826519-1-iscsi {{(pid=82709) _set_version /opt/stack/neutron/neutron/api/rpc/callbacks/version_manager.py:113}}
Jan 26 20:37:37.268854 dv-cinder-826519-1-iscsi neutron-server[82709]: DEBUG neutron.api.rpc.callbacks.version_manager [None req-badfee05-1064-4faa-9d1e-e651fa32c3f2 admin admin] Version for resource type PortForwarding changed None to 1.2 on consumer Open vSwitch agent@dv-cinder-826519-1-iscsi {{(pid=82709) _set_version /opt/stack/neutron/neutron/api/rpc/callbacks/version_manager.py:113}}
Jan 26 20:37:37.269172 dv-cinder-826519-1-iscsi neutron-server[82709]: DEBUG neutron.api.rpc.callbacks.version_manager [None req-badfee05-1064-4faa-9d1e-e651fa32c3f2 admin admin] Version for resource type QosPolicy changed None to 1.8 on consumer Open vSwitch agent@dv-cinder-826519-1-iscsi {{(pid=82709) _set_version /opt/stack/neutron/neutron/api/rpc/callbacks/version_manager.py:113}}
Jan 26 20:37:37.269488 dv-cinder-826519-1-iscsi neutron-server[82709]: DEBUG neutron.api.rpc.callbacks.version_manager [None req-badfee05-1064-4faa-9d1e-e651fa32c3f2 admin admin] Version for resource type SecurityGroup changed None to 1.2 on consumer Open vSwitch agent@dv-cinder-826519-1-iscsi {{(pid=82709) _set_version /opt/stack/neutron/neutron/api/rpc/callbacks/version_manager.py:113}}
Jan 26 20:37:37.269802 dv-cinder-826519-1-iscsi neutron-server[82709]: DEBUG neutron.api.rpc.callbacks.version_manager [None req-badfee05-1064-4faa-9d1e-e651fa32c3f2 admin admin] Version for resource type SecurityGroupRule changed None to 1.0 on consumer Open vSwitch agent@dv-cinder-826519-1-iscsi {{(pid=82709) _set_version /opt/stack/neutron/neutron/api/rpc/callbacks/version_manager.py:113}}
Jan 26 20:37:37.270112 dv-cinder-826519-1-iscsi neutron-server[82709]: DEBUG neutron.api.rpc.callbacks.version_manager [None req-badfee05-1064-4faa-9d1e-e651fa32c3f2 admin admin] Version for resource type SubPort changed None to 1.0 on consumer Open vSwitch agent@dv-cinder-826519-1-iscsi {{(pid=82709) _set_version /opt/stack/neutron/neutron/api/rpc/callbacks/version_manager.py:113}}
