Jul 14 15:37:26.443638 dv-cinder-826510-8-iscsi devstack@c-api.service[111105]: warnings.warn('Policy enforcement is depending on the value of '
Jul 14 15:37:26.449495 dv-cinder-826510-8-iscsi devstack@c-api.service[111105]: INFO cinder.api.openstack.wsgi [None req-fbc096ca-2865-404a-a151-e07738d59427 tempest-GroupSnapshotsTest-1568335509 tempest-GroupSnapshotsTest-1568335509-project] http://10.222.0.99/volume/v3/7e3a8ab2527749e79988c5e02b1ae864/group_snapshots/9bad64ad-cf78-4c84-97d0-3ab32de6e6ce returned with HTTP 200
Jul 14 15:37:26.450384 dv-cinder-826510-8-iscsi devstack@c-api.service[111105]: [pid: 111105|app: 0|req: 178/350] 10.222.0.99 () {60 vars in 1389 bytes} [Thu Jul 14 15:37:26 2022] GET /volume/v3/7e3a8ab2527749e79988c5e02b1ae864/group_snapshots/9bad64ad-cf78-4c84-97d0-3ab32de6e6ce => generated 308 bytes in 19 msecs (HTTP/1.1 200) 7 headers in 286 bytes (1 switches on core 0)
Jul 14 15:37:26.457089 dv-cinder-826510-8-iscsi devstack@c-api.service[111105]: DEBUG cinder.api.middleware.request_id [None req-b1b1c337-ae1e-47e8-babe-1bad08a11ce6 None None] RequestId filter calling following filter/app {{(pid=111105) _context_setter /opt/stack/cinder/cinder/api/middleware/request_id.py:62}}
Jul 14 15:37:26.460735 dv-cinder-826510-8-iscsi devstack@c-api.service[111105]: INFO cinder.api.openstack.wsgi [None req-b1b1c337-ae1e-47e8-babe-1bad08a11ce6 tempest-GroupSnapshotsTest-1568335509 tempest-GroupSnapshotsTest-1568335509-project] GET http://10.222.0.99/volume/v3/7e3a8ab2527749e79988c5e02b1ae864/group_snapshots/detail
Jul 14 15:37:26.461299 dv-cinder-826510-8-iscsi devstack@c-api.service[111105]: DEBUG cinder.api.openstack.wsgi [None req-b1b1c337-ae1e-47e8-babe-1bad08a11ce6 tempest-GroupSnapshotsTest-1568335509 tempest-GroupSnapshotsTest-1568335509-project] Empty body provided in request {{(pid=111105) get_body /opt/stack/cinder/cinder/api/openstack/wsgi.py:715}}
Jul 14 15:37:26.461847 dv-cinder-826510-8-iscsi devstack@c-api.service[111105]: DEBUG cinder.api.openstack.wsgi [None req-b1b1c337-ae1e-47e8-babe-1bad08a11ce6 tempest-GroupSnapshotsTest-1568335509 tempest-GroupSnapshotsTest-1568335509-project] Calling method 'version_select' {{(pid=111105) _process_stack /opt/stack/cinder/cinder/api/openstack/wsgi.py:868}}
Jul 14 15:37:26.473132 dv-cinder-826510-8-iscsi devstack@c-api.service[111104]: INFO cinder.api.openstack.wsgi [None req-c0234efe-fab4-4780-b5bc-624416737383 tempest-QosSpecsTestJSON-6945628 tempest-QosSpecsTestJSON-6945628-project-admin] http://10.222.0.99/volume/v3/3ab11ee7c2264fe587ccf3388de2b854/qos-specs/90c46b43-e33a-412f-a70f-4a35a8045766?force=False returned with HTTP 202
Jul 14 15:37:26.474029 dv-cinder-826510-8-iscsi devstack@c-api.service[111104]: [pid: 111104|app: 0|req: 173/351] 10.222.0.99 () {58 vars in 1356 bytes} [Thu Jul 14 15:37:26 2022] DELETE /volume/v3/3ab11ee7c2264fe587ccf3388de2b854/qos-specs/90c46b43-e33a-412f-a70f-4a35a8045766?force=False => generated 0 bytes in 43 msecs (HTTP/1.1 202) 6 headers in 233 bytes (1 switches on core 0)
Jul 14 15:37:26.475347 dv-cinder-826510-8-iscsi devstack@c-api.service[111104]: DEBUG cinder.api.middleware.request_id [None req-ec83e94c-b0c2-4b90-8479-9234526829f4 None None] RequestId filter calling following filter/app {{(pid=111104) _context_setter /opt/stack/cinder/cinder/api/middleware/request_id.py:62}}
Jul 14 15:37:26.478313 dv-cinder-826510-8-iscsi devstack@c-api.service[111105]: INFO cinder.api.openstack.wsgi [None req-b1b1c337-ae1e-47e8-babe-1bad08a11ce6 tempest-GroupSnapshotsTest-1568335509 tempest-GroupSnapshotsTest-1568335509-project] http://10.222.0.99/volume/v3/7e3a8ab2527749e79988c5e02b1ae864/group_snapshots/detail returned with HTTP 200
Jul 14 15:37:26.483833 dv-cinder-826510-8-iscsi devstack@c-api.service[111105]: [pid: 111105|app: 0|req: 179/352] 10.222.0.99 () {60 vars in 1299 bytes} [Thu Jul 14 15:37:26 2022] GET /volume/v3/7e3a8ab2527749e79988c5e02b1ae864/group_snapshots/detail => generated 311 bytes in 23 msecs (HTTP/1.1 200) 7 headers in 286 bytes (2 switches on core 0)
Jul 14 15:37:26.483977 dv-cinder-826510-8-iscsi devstack@c-api.service[111104]: INFO cinder.api.openstack.wsgi [None req-ec83e94c-b0c2-4b90-8479-9234526829f4 tempest-VolumeSnapshotQuotasNegativeTestJSON-499285422 tempest-VolumeSnapshotQuotasNegativeTestJSON-499285422-project] GET http://10.222.0.99/volume/v3/8b724f3c688144a09418b78827eebe65/snapshots/8058c2f8-60fe-43f7-9803-e26a2dae658c
Jul 14 15:37:26.483977 dv-cinder-826510-8-iscsi devstack@c-api.service[111104]: DEBUG cinder.api.openstack.wsgi [None req-ec83e94c-b0c2-4b90-8479-9234526829f4 tempest-VolumeSnapshotQuotasNegativeTestJSON-499285422 tempest-VolumeSnapshotQuotasNegativeTestJSON-499285422-project] Empty body provided in request {{(pid=111104) get_body /opt/stack/cinder/cinder/api/openstack/wsgi.py:715}}
Jul 14 15:37:26.484132 dv-cinder-826510-8-iscsi devstack@c-api.service[111105]: DEBUG cinder.api.middleware.request_id [None req-cd4b025a-9ab9-45a6-b319-411e59747fa2 None None] RequestId filter calling following filter/app {{(pid=111105) _context_setter /opt/stack/cinder/cinder/api/middleware/request_id.py:62}}
Jul 14 15:37:26.484219 dv-cinder-826510-8-iscsi devstack@c-api.service[111104]: DEBUG cinder.api.openstack.wsgi [None req-ec83e94c-b0c2-4b90-8479-9234526829f4 tempest-VolumeSnapshotQuotasNegativeTestJSON-499285422 tempest-VolumeSnapshotQuotasNegativeTestJSON-499285422-project] Calling method 'show' {{(pid=111104) _process_stack /opt/stack/cinder/cinder/api/openstack/wsgi.py:868}}
Jul 14 15:37:26.485059 dv-cinder-826510-8-iscsi devstack@c-api.service[111105]: INFO cinder.api.openstack.wsgi [None req-cd4b025a-9ab9-45a6-b319-411e59747fa2 tempest-QosSpecsTestJSON-6945628 tempest-QosSpecsTestJSON-6945628-project-admin] GET http://10.222.0.99/volume/v3/3ab11ee7c2264fe587ccf3388de2b854/qos-specs/90c46b43-e33a-412f-a70f-4a35a8045766
Jul 14 15:37:26.485530 dv-cinder-826510-8-iscsi devstack@c-api.service[111105]: DEBUG cinder.api.openstack.wsgi [None req-cd4b025a-9ab9-45a6-b319-411e59747fa2 tempest-QosSpecsTestJSON-6945628 tempest-QosSpecsTestJSON-6945628-project-admin] Empty body provided in request {{(pid=111105) get_body /opt/stack/cinder/cinder/api/openstack/wsgi.py:715}}
Jul 14 15:37:26.485982 dv-cinder-826510-8-iscsi devstack@c-api.service[111105]: DEBUG cinder.api.openstack.wsgi [None req-cd4b025a-9ab9-45a6-b319-411e59747fa2 tempest-QosSpecsTestJSON-6945628 tempest-QosSpecsTestJSON-6945628-project-admin] Calling method 'show' {{(pid=111105) _process_stack /opt/stack/cinder/cinder/api/openstack/wsgi.py:868}}
Jul 14 15:37:26.486617 dv-cinder-826510-8-iscsi devstack@c-api.service[111105]: /usr/local/lib/python3.8/dist-packages/oslo_context/context.py:100: DeprecationWarning: Policy enforcement is depending on the value of is_admin. This key is deprecated. Please update your policy file to use the standard policy values.
Jul 14 15:37:26.486617 dv-cinder-826510-8-iscsi devstack@c-api.service[111105]: warnings.warn('Policy enforcement is depending on the value of '
Jul 14 15:37:26.489788 dv-cinder-826510-8-iscsi devstack@c-api.service[111104]: INFO cinder.api.openstack.wsgi [None req-ec83e94c-b0c2-4b90-8479-9234526829f4 tempest-VolumeSnapshotQuotasNegativeTestJSON-499285422 tempest-VolumeSnapshotQuotasNegativeTestJSON-499285422-project] http://10.222.0.99/volume/v3/8b724f3c688144a09418b78827eebe65/snapshots/8058c2f8-60fe-43f7-9803-e26a2dae658c returned with HTTP 404
Jul 14 15:37:26.490810 dv-cinder-826510-8-iscsi devstack@c-api.service[111104]: [pid: 111104|app: 0|req: 174/353] 10.222.0.99 () {58 vars in 1330 bytes} [Thu Jul 14 15:37:26 2022] GET /volume/v3/8b724f3c688144a09418b78827eebe65/snapshots/8058c2f8-60fe-43f7-9803-e26a2dae658c => generated 111 bytes in 16 msecs (HTTP/1.1 404) 7 headers in 292 bytes (1 switches on core 0)
Jul 14 15:37:26.492018 dv-cinder-826510-8-iscsi devstack@c-api.service[111104]: DEBUG cinder.api.middleware.request_id [None req-ef1180cb-b3f2-4cf5-a9f0-2f496bc0fef1 None None] RequestId filter calling following filter/app {{(pid=111104) _context_setter /opt/stack/cinder/cinder/api/middleware/request_id.py:62}}
Jul 14 15:37:26.492316 dv-cinder-826510-8-iscsi devstack@c-api.service[111105]: INFO cinder.api.openstack.wsgi [None req-cd4b025a-9ab9-45a6-b319-411e59747fa2 tempest-QosSpecsTestJSON-6945628 tempest-QosSpecsTestJSON-6945628-project-admin] http://10.222.0.99/volume/v3/3ab11ee7c2264fe587ccf3388de2b854/qos-specs/90c46b43-e33a-412f-a70f-4a35a8045766 returned with HTTP 404
Jul 14 15:37:26.493558 dv-cinder-826510-8-iscsi devstack@c-api.service[111105]: [pid: 111105|app: 0|req: 180/354] 10.222.0.99 () {58 vars in 1330 bytes} [Thu Jul 14 15:37:26 2022] GET /volume/v3/3ab11ee7c2264fe587ccf3388de2b854/qos-specs/90c46b43-e33a-412f-a70f-4a35a8045766 => generated 100 bytes in 14 msecs (HTTP/1.1 404) 7 headers in 292 bytes (1 switches on core 0)
Jul 14 15:37:26.495195 dv-cinder-826510-8-iscsi devstack@c-api.service[111105]: DEBUG cinder.api.middleware.request_id [None req-55be4d91-96e7-4bd6-bd21-8224dad88c67 None None] RequestId filter calling following filter/app {{(pid=111105) _context_setter /opt/stack/cinder/cinder/api/middleware/request_id.py:62}}
Jul 14 15:37:26.496022 dv-cinder-826510-8-iscsi devstack@c-api.service[111104]: INFO cinder.api.openstack.wsgi [None req-ef1180cb-b3f2-4cf5-a9f0-2f496bc0fef1 tempest-GroupSnapshotsTest-1568335509 tempest-GroupSnapshotsTest-1568335509-project] DELETE http://10.222.0.99/volume/v3/7e3a8ab2527749e79988c5e02b1ae864/group_snapshots/9bad64ad-cf78-4c84-97d0-3ab32de6e6ce
Jul 14 15:37:26.496615 dv-cinder-826510-8-iscsi devstack@c-api.service[111104]: DEBUG cinder.api.openstack.wsgi [None req-ef1180cb-b3f2-4cf5-a9f0-2f496bc0fef1 tempest-GroupSnapshotsTest-1568335509 tempest-GroupSnapshotsTest-1568335509-project] Empty body provided in request {{(pid=111104) get_body /opt/stack/cinder/cinder/api/openstack/wsgi.py:715}}
Jul 14 15:37:26.497106 dv-cinder-826510-8-iscsi devstack@c-api.service[111104]: DEBUG cinder.api.openstack.wsgi [None req-ef1180cb-b3f2-4cf5-a9f0-2f496bc0fef1 tempest-GroupSnapshotsTest-1568335509 tempest-GroupSnapshotsTest-1568335509-project] Calling method 'version_select' {{(pid=111104) _process_stack /opt/stack/cinder/cinder/api/openstack/wsgi.py:868}}
Jul 14 15:37:26.497452 dv-cinder-826510-8-iscsi devstack@c-api.service[111104]: DEBUG cinder.api.v3.group_snapshots [None req-ef1180cb-b3f2-4cf5-a9f0-2f496bc0fef1 tempest-GroupSnapshotsTest-1568335509 tempest-GroupSnapshotsTest-1568335509-project] delete called for member 9bad64ad-cf78-4c84-97d0-3ab32de6e6ce {{(pid=111104) delete /opt/stack/cinder/cinder/api/v3/group_snapshots.py:72}}
Jul 14 15:37:26.497729 dv-cinder-826510-8-iscsi devstack@c-api.service[111104]: INFO cinder.api.v3.group_snapshots [None req-ef1180cb-b3f2-4cf5-a9f0-2f496bc0fef1 tempest-GroupSnapshotsTest-1568335509 tempest-GroupSnapshotsTest-1568335509-project] Delete group_snapshot with id: 9bad64ad-cf78-4c84-97d0-3ab32de6e6ce
Jul 14 15:37:26.499995 dv-cinder-826510-8-iscsi devstack@c-api.service[111105]: INFO cinder.api.openstack.wsgi [None req-55be4d91-96e7-4bd6-bd21-8224dad88c67 tempest-VolumeSnapshotQuotasNegativeTestJSON-499285422 tempest-VolumeSnapshotQuotasNegativeTestJSON-499285422-project] DELETE http://10.222.0.99/volume/v3/8b724f3c688144a09418b78827eebe65/volumes/cb704199-1057-4e89-b532-3b1be08ba5da
Jul 14 15:37:26.500454 dv-cinder-826510-8-iscsi devstack@c-api.service[111105]: DEBUG cinder.api.openstack.wsgi [None req-55be4d91-96e7-4bd6-bd21-8224dad88c67 tempest-VolumeSnapshotQuotasNegativeTestJSON-499285422 tempest-VolumeSnapshotQuotasNegativeTestJSON-499285422-project] Empty body provided in request {{(pid=111105) get_body /opt/stack/cinder/cinder/api/openstack/wsgi.py:715}}
Jul 14 15:37:26.500959 dv-cinder-826510-8-iscsi devstack@c-api.service[111105]: DEBUG cinder.api.openstack.wsgi [None req-55be4d91-96e7-4bd6-bd21-8224dad88c67 tempest-VolumeSnapshotQuotasNegativeTestJSON-499285422 tempest-VolumeSnapshotQuotasNegativeTestJSON-499285422-project] Calling method 'delete' {{(pid=111105) _process_stack /opt/stack/cinder/cinder/api/openstack/wsgi.py:868}}
Jul 14 15:37:26.501469 dv-cinder-826510-8-iscsi devstack@c-api.service[111105]: INFO cinder.api.v3.volumes [None req-55be4d91-96e7-4bd6-bd21-8224dad88c67 tempest-VolumeSnapshotQuotasNegativeTestJSON-499285422 tempest-VolumeSnapshotQuotasNegativeTestJSON-499285422-project] Delete volume with id: cb704199-1057-4e89-b532-3b1be08ba5da
Jul 14 15:37:26.504799 dv-cinder-826510-8-iscsi devstack@c-api.service[111104]: /usr/local/lib/python3.8/dist-packages/oslo_context/context.py:100: DeprecationWarning: Policy enforcement is depending on the value of is_admin. This key is deprecated. Please update your policy file to use the standard policy values.
Jul 14 15:37:26.504799 dv-cinder-826510-8-iscsi devstack@c-api.service[111104]: warnings.warn('Policy enforcement is depending on the value of '
Jul 14 15:37:26.517015 dv-cinder-826510-8-iscsi devstack@c-api.service[111105]: /usr/local/lib/python3.8/dist-packages/oslo_context/context.py:100: DeprecationWarning: Policy enforcement is depending on the value of is_admin. This key is deprecated. Please update your policy file to use the standard policy values.
Jul 14 15:37:26.517015 dv-cinder-826510-8-iscsi devstack@c-api.service[111105]: warnings.warn('Policy enforcement is depending on the value of '
Jul 14 15:37:26.518140 dv-cinder-826510-8-iscsi devstack@c-api.service[111105]: INFO cinder.volume.api [None req-55be4d91-96e7-4bd6-bd21-8224dad88c67 tempest-VolumeSnapshotQuotasNegativeTestJSON-499285422 tempest-VolumeSnapshotQuotasNegativeTestJSON-499285422-project] Volume info retrieved successfully.
Jul 14 15:37:26.547965 dv-cinder-826510-8-iscsi devstack@c-api.service[111105]: INFO cinder.volume.api [None req-55be4d91-96e7-4bd6-bd21-8224dad88c67 tempest-VolumeSnapshotQuotasNegativeTestJSON-499285422 tempest-VolumeSnapshotQuotasNegativeTestJSON-499285422-project] Delete volume request issued successfully.
Jul 14 15:37:26.548932 dv-cinder-826510-8-iscsi devstack@c-api.service[111105]: INFO cinder.api.openstack.wsgi [None req-55be4d91-96e7-4bd6-bd21-8224dad88c67 tempest-VolumeSnapshotQuotasNegativeTestJSON-499285422 tempest-VolumeSnapshotQuotasNegativeTestJSON-499285422-project] http://10.222.0.99/volume/v3/8b724f3c688144a09418b78827eebe65/volumes/cb704199-1057-4e89-b532-3b1be08ba5da returned with HTTP 202
Jul 14 15:37:26.549419 dv-cinder-826510-8-iscsi devstack@c-api.service[111104]: INFO cinder.api.openstack.wsgi [None req-ef1180cb-b3f2-4cf5-a9f0-2f496bc0fef1 tempest-GroupSnapshotsTest-1568335509 tempest-GroupSnapshotsTest-1568335509-project] http://10.222.0.99/volume/v3/7e3a8ab2527749e79988c5e02b1ae864/group_snapshots/9bad64ad-cf78-4c84-97d0-3ab32de6e6ce returned with HTTP 202
Jul 14 15:37:26.549922 dv-cinder-826510-8-iscsi devstack@c-api.service[111105]: [pid: 111105|app: 0|req: 181/355] 10.222.0.99 () {58 vars in 1327 bytes} [Thu Jul 14 15:37:26 2022] DELETE /volume/v3/8b724f3c688144a09418b78827eebe65/volumes/cb704199-1057-4e89-b532-3b1be08ba5da => generated 0 bytes in 55 msecs (HTTP/1.1 202) 6 headers in 233 bytes (1 switches on core 0)
Jul 14 15:37:26.550191 dv-cinder-826510-8-iscsi devstack@c-api.service[111104]: [pid: 111104|app: 0|req: 175/356] 10.222.0.99 () {60 vars in 1392 bytes} [Thu Jul 14 15:37:26 2022] DELETE /volume/v3/7e3a8ab2527749e79988c5e02b1ae864/group_snapshots/9bad64ad-cf78-4c84-97d0-3ab32de6e6ce => generated 0 bytes in 59 msecs (HTTP/1.1 202) 6 headers in 234 bytes (1 switches on core 0)
Jul 14 15:37:26.551308 dv-cinder-826510-8-iscsi devstack@c-api.service[111105]: DEBUG cinder.api.middleware.request_id [None req-89d78cae-fdc6-4b2d-ab1e-13ba6d6cd184 None None] RequestId filter calling following filter/app {{(pid=111105) _context_setter /opt/stack/cinder/cinder/api/middleware/request_id.py:62}}
Jul 14 15:37:26.555937 dv-cinder-826510-8-iscsi devstack@c-api.service[111104]: DEBUG cinder.api.middleware.request_id [None req-dddd422e-1c88-41ed-83a5-be04d0badae8 None None] RequestId filter calling following filter/app {{(pid=111104) _context_setter /opt/stack/cinder/cinder/api/middleware/request_id.py:62}}
Jul 14 15:37:26.556335 dv-cinder-826510-8-iscsi devstack@c-api.service[111105]: INFO cinder.api.openstack.wsgi [None req-89d78cae-fdc6-4b2d-ab1e-13ba6d6cd184 tempest-QosSpecsTestJSON-6945628 tempest-QosSpecsTestJSON-6945628-project-admin] GET http://10.222.0.99/volume/v3/3ab11ee7c2264fe587ccf3388de2b854/qos-specs
Jul 14 15:37:26.556771 dv-cinder-826510-8-iscsi devstack@c-api.service[111105]: DEBUG cinder.api.openstack.wsgi [None req-89d78cae-fdc6-4b2d-ab1e-13ba6d6cd184 tempest-QosSpecsTestJSON-6945628 tempest-QosSpecsTestJSON-6945628-project-admin] Empty body provided in request {{(pid=111105) get_body /opt/stack/cinder/cinder/api/openstack/wsgi.py:715}}
Jul 14 15:37:26.557229 dv-cinder-826510-8-iscsi devstack@c-api.service[111105]: DEBUG cinder.api.openstack.wsgi [None req-89d78cae-fdc6-4b2d-ab1e-13ba6d6cd184 tempest-QosSpecsTestJSON-6945628 tempest-QosSpecsTestJSON-6945628-project-admin] Calling method 'index' {{(pid=111105) _process_stack /opt/stack/cinder/cinder/api/openstack/wsgi.py:868}}
Jul 14 15:37:26.557991 dv-cinder-826510-8-iscsi devstack@c-api.service[111104]: INFO cinder.api.openstack.wsgi [None req-dddd422e-1c88-41ed-83a5-be04d0badae8 tempest-VolumeSnapshotQuotasNegativeTestJSON-499285422 tempest-VolumeSnapshotQuotasNegativeTestJSON-499285422-project] GET http://10.222.0.99/volume/v3/8b724f3c688144a09418b78827eebe65/volumes/cb704199-1057-4e89-b532-3b1be08ba5da
Jul 14 15:37:26.558412 dv-cinder-826510-8-iscsi devstack@c-api.service[111104]: DEBUG cinder.api.openstack.wsgi [None req-dddd422e-1c88-41ed-83a5-be04d0badae8 tempest-VolumeSnapshotQuotasNegativeTestJSON-499285422 tempest-VolumeSnapshotQuotasNegativeTestJSON-499285422-project] Empty body provided in request {{(pid=111104) get_body /opt/stack/cinder/cinder/api/openstack/wsgi.py:715}}
Jul 14 15:37:26.558854 dv-cinder-826510-8-iscsi devstack@c-api.service[111104]: DEBUG cinder.api.openstack.wsgi [None req-dddd422e-1c88-41ed-83a5-be04d0badae8 tempest-VolumeSnapshotQuotasNegativeTestJSON-499285422 tempest-VolumeSnapshotQuotasNegativeTestJSON-499285422-project] Calling method 'show' {{(pid=111104) _process_stack /opt/stack/cinder/cinder/api/openstack/wsgi.py:868}}
Jul 14 15:37:26.573513 dv-cinder-826510-8-iscsi devstack@c-api.service[111105]: INFO cinder.api.openstack.wsgi [None req-89d78cae-fdc6-4b2d-ab1e-13ba6d6cd184 tempest-QosSpecsTestJSON-6945628 tempest-QosSpecsTestJSON-6945628-project-admin] http://10.222.0.99/volume/v3/3ab11ee7c2264fe587ccf3388de2b854/qos-specs returned with HTTP 200
Jul 14 15:37:26.580453 dv-cinder-826510-8-iscsi devstack@c-api.service[111105]: [pid: 111105|app: 0|req: 182/357] 10.222.0.99 () {58 vars in 1219 bytes} [Thu Jul 14 15:37:26 2022] GET /volume/v3/3ab11ee7c2264fe587ccf3388de2b854/qos-specs => generated 175 bytes in 24 msecs (HTTP/1.1 200) 7 headers in 285 bytes (1 switches on core 0)
Jul 14 15:37:26.580636 dv-cinder-826510-8-iscsi devstack@c-api.service[111104]: /usr/local/lib/python3.8/dist-packages/oslo_context/context.py:100: DeprecationWarning: Policy enforcement is depending on the value of is_admin. This key is deprecated. Please update your policy file to use the standard policy values.
Jul 14 15:37:26.580636 dv-cinder-826510-8-iscsi devstack@c-api.service[111104]: warnings.warn('Policy enforcement is depending on the value of '
Jul 14 15:37:26.580798 dv-cinder-826510-8-iscsi devstack@c-api.service[111105]: DEBUG cinder.api.middleware.request_id [None req-1b760443-4fd7-41e1-a0af-92253510eeba None None] RequestId filter calling following filter/app {{(pid=111105) _context_setter /opt/stack/cinder/cinder/api/middleware/request_id.py:62}}
Jul 14 15:37:26.583358 dv-cinder-826510-8-iscsi devstack@c-api.service[111105]: INFO cinder.api.openstack.wsgi [None req-1b760443-4fd7-41e1-a0af-92253510eeba tempest-GroupSnapshotsTest-1568335509 tempest-GroupSnapshotsTest-1568335509-project] GET http://10.222.0.99/volume/v3/7e3a8ab2527749e79988c5e02b1ae864/volumes/detail
Jul 14 15:37:26.583952 dv-cinder-826510-8-iscsi devstack@c-api.service[111105]: DEBUG cinder.api.openstack.wsgi [None req-1b760443-4fd7-41e1-a0af-92253510eeba tempest-GroupSnapshotsTest-1568335509 tempest-GroupSnapshotsTest-1568335509-project] Empty body provided in request {{(pid=111105) get_body /opt/stack/cinder/cinder/api/openstack/wsgi.py:715}}
Jul 14 15:37:26.584443 dv-cinder-826510-8-iscsi devstack@c-api.service[111105]: DEBUG cinder.api.openstack.wsgi [None req-1b760443-4fd7-41e1-a0af-92253510eeba tempest-GroupSnapshotsTest-1568335509 tempest-GroupSnapshotsTest-1568335509-project] Calling method 'detail' {{(pid=111105) _process_stack /opt/stack/cinder/cinder/api/openstack/wsgi.py:868}}
Jul 14 15:37:26.585158 dv-cinder-826510-8-iscsi devstack@c-api.service[111105]: DEBUG cinder.api.api_utils [None req-1b760443-4fd7-41e1-a0af-92253510eeba tempest-GroupSnapshotsTest-1568335509 tempest-GroupSnapshotsTest-1568335509-project] Removing options '' from query. {{(pid=111105) remove_invalid_filter_options /opt/stack/cinder/cinder/api/api_utils.py:83}}
Jul 14 15:37:26.585928 dv-cinder-826510-8-iscsi devstack@c-api.service[111105]: /usr/local/lib/python3.8/dist-packages/oslo_context/context.py:100: DeprecationWarning: Policy enforcement is depending on the value of is_admin. This key is deprecated. Please update your policy file to use the standard policy values.
Jul 14 15:37:26.585928 dv-cinder-826510-8-iscsi devstack@c-api.service[111105]: warnings.warn('Policy enforcement is depending on the value of '
Jul 14 15:37:26.586872 dv-cinder-826510-8-iscsi devstack@c-api.service[111105]: DEBUG cinder.volume.api [None req-1b760443-4fd7-41e1-a0af-92253510eeba tempest-GroupSnapshotsTest-1568335509 tempest-GroupSnapshotsTest-1568335509-project] Searching by: MultiDict([('no_migration_targets', True)]). {{(pid=111105) get_all /opt/stack/cinder/cinder/volume/api.py:664}}
Jul 14 15:37:26.588578 dv-cinder-826510-8-iscsi devstack@c-api.service[111104]: INFO cinder.volume.api [None req-dddd422e-1c88-41ed-83a5-be04d0badae8 tempest-VolumeSnapshotQuotasNegativeTestJSON-499285422 tempest-VolumeSnapshotQuotasNegativeTestJSON-499285422-project] Volume info retrieved successfully.
Jul 14 15:37:26.600125 dv-cinder-826510-8-iscsi devstack@c-api.service[111104]: INFO cinder.api.openstack.wsgi [None req-dddd422e-1c88-41ed-83a5-be04d0badae8 tempest-VolumeSnapshotQuotasNegativeTestJSON-499285422 tempest-VolumeSnapshotQuotasNegativeTestJSON-499285422-project] http://10.222.0.99/volume/v3/8b724f3c688144a09418b78827eebe65/volumes/cb704199-1057-4e89-b532-3b1be08ba5da returned with HTTP 200
Jul 14 15:37:26.600964 dv-cinder-826510-8-iscsi devstack@c-api.service[111104]: [pid: 111104|app: 0|req: 176/358] 10.222.0.99 () {58 vars in 1324 bytes} [Thu Jul 14 15:37:26 2022] GET /volume/v3/8b724f3c688144a09418b78827eebe65/volumes/cb704199-1057-4e89-b532-3b1be08ba5da => generated 927 bytes in 47 msecs (HTTP/1.1 200) 7 headers in 285 bytes (2 switches on core 0)
Jul 14 15:37:26.602063 dv-cinder-826510-8-iscsi devstack@c-api.service[111104]: DEBUG cinder.api.middleware.request_id [None req-d57cb3af-b8b6-4b66-b95a-f5ae70065b98 None None] RequestId filter calling following filter/app {{(pid=111104) _context_setter /opt/stack/cinder/cinder/api/middleware/request_id.py:62}}
Jul 14 15:37:26.606754 dv-cinder-826510-8-iscsi devstack@c-api.service[111104]: INFO cinder.api.openstack.wsgi [None req-d57cb3af-b8b6-4b66-b95a-f5ae70065b98 tempest-QosSpecsTestJSON-6945628 tempest-QosSpecsTestJSON-6945628-project-admin] POST http://10.222.0.99/volume/v3/3ab11ee7c2264fe587ccf3388de2b854/qos-specs
Jul 14 15:37:26.607428 dv-cinder-826510-8-iscsi devstack@c-api.service[111104]: DEBUG cinder.api.openstack.wsgi [None req-d57cb3af-b8b6-4b66-b95a-f5ae70065b98 tempest-QosSpecsTestJSON-6945628 tempest-QosSpecsTestJSON-6945628-project-admin] Action: 'create', calling method: create, body: {"qos_specs": {"name": "tempest-QosSpecsTestJSON-qos-407589382", "consumer": "front-end"}} {{(pid=111104) _process_stack /opt/stack/cinder/cinder/api/openstack/wsgi.py:866}}
Jul 14 15:37:26.609774 dv-cinder-826510-8-iscsi devstack@c-api.service[111104]: DEBUG cinder.volume.qos_specs [None req-d57cb3af-b8b6-4b66-b95a-f5ae70065b98 tempest-QosSpecsTestJSON-6945628 tempest-QosSpecsTestJSON-6945628-project-admin] Dict for qos_specs: {'name': 'tempest-QosSpecsTestJSON-qos-407589382', 'consumer': 'front-end', 'specs': {}} {{(pid=111104) create /opt/stack/cinder/cinder/volume/qos_specs.py:64}}
Jul 14 15:37:26.619104 dv-cinder-826510-8-iscsi devstack@c-api.service[111104]: DEBUG cinder.db.sqlalchemy.api [None req-d57cb3af-b8b6-4b66-b95a-f5ae70065b98 tempest-QosSpecsTestJSON-6945628 tempest-QosSpecsTestJSON-6945628-project-admin] DB qos_specs_create(): root {'id': '5f20d8b9-c7a9-498a-820c-f07a738f97df', 'key': 'QoS_Specs_Name', 'value': 'tempest-QosSpecsTestJSON-qos-407589382'} {{(pid=111104) qos_specs_create /opt/stack/cinder/cinder/db/sqlalchemy/api.py:5579}}
Jul 14 15:37:26.630170 dv-cinder-826510-8-iscsi devstack@c-api.service[111104]: INFO cinder.api.openstack.wsgi [None req-d57cb3af-b8b6-4b66-b95a-f5ae70065b98 tempest-QosSpecsTestJSON-6945628 tempest-QosSpecsTestJSON-6945628-project-admin] http://10.222.0.99/volume/v3/3ab11ee7c2264fe587ccf3388de2b854/qos-specs returned with HTTP 200
Jul 14 15:37:26.631038 dv-cinder-826510-8-iscsi devstack@c-api.service[111104]: [pid: 111104|app: 0|req: 177/359] 10.222.0.99 () {60 vars in 1240 bytes} [Thu Jul 14 15:37:26 2022] POST /volume/v3/3ab11ee7c2264fe587ccf3388de2b854/qos-specs => generated 435 bytes in 30 msecs (HTTP/1.1 200) 7 headers in 285 bytes (1 switches on core 0)
Jul 14 15:37:26.637440 dv-cinder-826510-8-iscsi devstack@c-api.service[111104]: DEBUG cinder.api.middleware.request_id [None req-b3bcfda2-9606-40ee-b35a-9fcd14349a32 None None] RequestId filter calling following filter/app {{(pid=111104) _context_setter /opt/stack/cinder/cinder/api/middleware/request_id.py:62}}
Jul 14 15:37:26.642826 dv-cinder-826510-8-iscsi devstack@c-api.service[111104]: INFO cinder.api.openstack.wsgi [None req-b3bcfda2-9606-40ee-b35a-9fcd14349a32 tempest-QosSpecsTestJSON-6945628 tempest-QosSpecsTestJSON-6945628-project-admin] DELETE http://10.222.0.99/volume/v3/3ab11ee7c2264fe587ccf3388de2b854/qos-specs/5f20d8b9-c7a9-498a-820c-f07a738f97df?force=False
Jul 14 15:37:26.643119 dv-cinder-826510-8-iscsi devstack@c-api.service[111105]: INFO cinder.volume.api [None req-1b760443-4fd7-41e1-a0af-92253510eeba tempest-GroupSnapshotsTest-1568335509 tempest-GroupSnapshotsTest-1568335509-project] Get all volumes completed successfully.
Jul 14 15:37:26.643668 dv-cinder-826510-8-iscsi devstack@c-api.service[111104]: DEBUG cinder.api.openstack.wsgi [None req-b3bcfda2-9606-40ee-b35a-9fcd14349a32 tempest-QosSpecsTestJSON-6945628 tempest-QosSpecsTestJSON-6945628-project-admin] Empty body provided in request {{(pid=111104) get_body /opt/stack/cinder/cinder/api/openstack/wsgi.py:715}}
Jul 14 15:37:26.644327 dv-cinder-826510-8-iscsi devstack@c-api.service[111104]: DEBUG cinder.api.openstack.wsgi [None req-b3bcfda2-9606-40ee-b35a-9fcd14349a32 tempest-QosSpecsTestJSON-6945628 tempest-QosSpecsTestJSON-6945628-project-admin] Calling method 'delete' {{(pid=111104) _process_stack /opt/stack/cinder/cinder/api/openstack/wsgi.py:868}}
Jul 14 15:37:26.644797 dv-cinder-826510-8-iscsi devstack@c-api.service[111105]: WARNING stevedore.named [None req-1b760443-4fd7-41e1-a0af-92253510eeba tempest-GroupSnapshotsTest-1568335509 tempest-GroupSnapshotsTest-1568335509-project] Could not load cinder.keymgr.conf_key_mgr.ConfKeyManager
Jul 14 15:37:26.645152 dv-cinder-826510-8-iscsi devstack@c-api.service[111104]: /usr/local/lib/python3.8/dist-packages/oslo_context/context.py:100: DeprecationWarning: Policy enforcement is depending on the value of is_admin. This key is deprecated. Please update your policy file to use the standard policy values.
Jul 14 15:37:26.645152 dv-cinder-826510-8-iscsi devstack@c-api.service[111104]: warnings.warn('Policy enforcement is depending on the value of '
Jul 14 15:37:26.645306 dv-cinder-826510-8-iscsi devstack@c-api.service[111105]: WARNING castellan.key_manager [None req-1b760443-4fd7-41e1-a0af-92253510eeba tempest-GroupSnapshotsTest-1568335509 tempest-GroupSnapshotsTest-1568335509-project] Deprecation Warning : cinder.keymgr.conf_key_mgr.ConfKeyManager is not a stevedore based driver, trying to load it as a class: stevedore.exception.NoMatches: No 'castellan.drivers' driver found, looking for 'cinder.keymgr.conf_key_mgr.ConfKeyManager'
Jul 14 15:37:26.646357 dv-cinder-826510-8-iscsi devstack@c-api.service[111104]: DEBUG cinder.api.contrib.qos_specs_manage [None req-b3bcfda2-9606-40ee-b35a-9fcd14349a32 tempest-QosSpecsTestJSON-6945628 tempest-QosSpecsTestJSON-6945628-project-admin] Delete qos_spec: 5f20d8b9-c7a9-498a-820c-f07a738f97df, force: False {{(pid=111104) delete /opt/stack/cinder/cinder/api/contrib/qos_specs_manage.py:168}}
Jul 14 15:37:26.654615 dv-cinder-826510-8-iscsi devstack@c-api.service[111105]: DEBUG oslo_db.sqlalchemy.engines [None req-1b760443-4fd7-41e1-a0af-92253510eeba tempest-GroupSnapshotsTest-1568335509 tempest-GroupSnapshotsTest-1568335509-project] MySQL server mode set to STRICT_TRANS_TABLES,STRICT_ALL_TABLES,NO_ZERO_IN_DATE,NO_ZERO_DATE,ERROR_FOR_DIVISION_BY_ZERO,TRADITIONAL,NO_ENGINE_SUBSTITUTION {{(pid=111105) _check_effective_sql_mode /usr/local/lib/python3.8/dist-packages/oslo_db/sqlalchemy/engines.py:314}}
Jul 14 15:37:26.661559 dv-cinder-826510-8-iscsi devstack@c-api.service[111105]: /usr/local/lib/python3.8/dist-packages/oslo_context/context.py:100: DeprecationWarning: Policy enforcement is depending on the value of is_admin. This key is deprecated. Please update your policy file to use the standard policy values.
Jul 14 15:37:26.661559 dv-cinder-826510-8-iscsi devstack@c-api.service[111105]: warnings.warn('Policy enforcement is depending on the value of '
Jul 14 15:37:26.678985 dv-cinder-826510-8-iscsi devstack@c-api.service[111105]: INFO cinder.api.openstack.wsgi [None req-1b760443-4fd7-41e1-a0af-92253510eeba tempest-GroupSnapshotsTest-1568335509 tempest-GroupSnapshotsTest-1568335509-project] http://10.222.0.99/volume/v3/7e3a8ab2527749e79988c5e02b1ae864/volumes/detail returned with HTTP 200
Jul 14 15:37:26.680094 dv-cinder-826510-8-iscsi devstack@c-api.service[111105]: [pid: 111105|app: 0|req: 183/360] 10.222.0.99 () {60 vars in 1275 bytes} [Thu Jul 14 15:37:26 2022] GET /volume/v3/7e3a8ab2527749e79988c5e02b1ae864/volumes/detail => generated 1004 bytes in 105 msecs (HTTP/1.1 200) 7 headers in 287 bytes (1 switches on core 0)
Jul 14 15:37:26.682040 dv-cinder-826510-8-iscsi devstack@c-api.service[111104]: INFO cinder.api.openstack.wsgi [None req-b3bcfda2-9606-40ee-b35a-9fcd14349a32 tempest-QosSpecsTestJSON-6945628 tempest-QosSpecsTestJSON-6945628-project-admin] http://10.222.0.99/volume/v3/3ab11ee7c2264fe587ccf3388de2b854/qos-specs/5f20d8b9-c7a9-498a-820c-f07a738f97df?force=False returned with HTTP 202
Jul 14 15:37:26.683039 dv-cinder-826510-8-iscsi devstack@c-api.service[111104]: [pid: 111104|app: 0|req: 178/361] 10.222.0.99 () {58 vars in 1356 bytes} [Thu Jul 14 15:37:26 2022] DELETE /volume/v3/3ab11ee7c2264fe587ccf3388de2b854/qos-specs/5f20d8b9-c7a9-498a-820c-f07a738f97df?force=False => generated 0 bytes in 46 msecs (HTTP/1.1 202) 6 headers in 233 bytes (2 switches on core 0)
Jul 14 15:37:26.687437 dv-cinder-826510-8-iscsi devstack@c-api.service[111105]: DEBUG cinder.api.middleware.request_id [None req-a311146c-e360-4e31-ba9f-e4fd28fd63c7 None None] RequestId filter calling following filter/app {{(pid=111105) _context_setter /opt/stack/cinder/cinder/api/middleware/request_id.py:62}}
Jul 14 15:37:26.692368 dv-cinder-826510-8-iscsi devstack@c-api.service[111104]: DEBUG cinder.api.middleware.request_id [None req-75c09145-d2bb-4904-80b9-97abefe28e6b None None] RequestId filter calling following filter/app {{(pid=111104) _context_setter /opt/stack/cinder/cinder/api/middleware/request_id.py:62}}
Jul 14 15:37:26.693572 dv-cinder-826510-8-iscsi devstack@c-api.service[111105]: INFO cinder.api.openstack.wsgi [None req-a311146c-e360-4e31-ba9f-e4fd28fd63c7 tempest-QosSpecsTestJSON-6945628 tempest-QosSpecsTestJSON-6945628-project-admin] GET http://10.222.0.99/volume/v3/3ab11ee7c2264fe587ccf3388de2b854/qos-specs/5f20d8b9-c7a9-498a-820c-f07a738f97df
Jul 14 15:37:26.693999 dv-cinder-826510-8-iscsi devstack@c-api.service[111105]: DEBUG cinder.api.openstack.wsgi [None req-a311146c-e360-4e31-ba9f-e4fd28fd63c7 tempest-QosSpecsTestJSON-6945628 tempest-QosSpecsTestJSON-6945628-project-admin] Empty body provided in request {{(pid=111105) get_body /opt/stack/cinder/cinder/api/openstack/wsgi.py:715}}
Jul 14 15:37:26.694433 dv-cinder-826510-8-iscsi devstack@c-api.service[111105]: DEBUG cinder.api.openstack.wsgi [None req-a311146c-e360-4e31-ba9f-e4fd28fd63c7 tempest-QosSpecsTestJSON-6945628 tempest-QosSpecsTestJSON-6945628-project-admin] Calling method 'show' {{(pid=111105) _process_stack /opt/stack/cinder/cinder/api/openstack/wsgi.py:868}}
Jul 14 15:37:26.696567 dv-cinder-826510-8-iscsi devstack@c-api.service[111104]: INFO cinder.api.openstack.wsgi [None req-75c09145-d2bb-4904-80b9-97abefe28e6b tempest-GroupSnapshotsTest-1568335509 tempest-GroupSnapshotsTest-1568335509-project] GET http://10.222.0.99/volume/v3/7e3a8ab2527749e79988c5e02b1ae864/snapshots/detail
Jul 14 15:37:26.697224 dv-cinder-826510-8-iscsi devstack@c-api.service[111104]: DEBUG cinder.api.openstack.wsgi [None req-75c09145-d2bb-4904-80b9-97abefe28e6b tempest-GroupSnapshotsTest-1568335509 tempest-GroupSnapshotsTest-1568335509-project] Empty body provided in request {{(pid=111104) get_body /opt/stack/cinder/cinder/api/openstack/wsgi.py:715}}
Jul 14 15:37:26.698849 dv-cinder-826510-8-iscsi devstack@c-api.service[111104]: DEBUG cinder.api.openstack.wsgi [None req-75c09145-d2bb-4904-80b9-97abefe28e6b tempest-GroupSnapshotsTest-1568335509 tempest-GroupSnapshotsTest-1568335509-project] Calling method 'detail' {{(pid=111104) _process_stack /opt/stack/cinder/cinder/api/openstack/wsgi.py:868}}
Jul 14 15:37:26.699361 dv-cinder-826510-8-iscsi devstack@c-api.service[111104]: DEBUG cinder.api.api_utils [None req-75c09145-d2bb-4904-80b9-97abefe28e6b tempest-GroupSnapshotsTest-1568335509 tempest-GroupSnapshotsTest-1568335509-project] Removing options '' from query. {{(pid=111104) remove_invalid_filter_options /opt/stack/cinder/cinder/api/api_utils.py:83}}
Jul 14 15:37:26.700082 dv-cinder-826510-8-iscsi devstack@c-api.service[111104]: /usr/local/lib/python3.8/dist-packages/oslo_context/context.py:100: DeprecationWarning: Policy enforcement is depending on the value of is_admin. This key is deprecated. Please update your policy file to use the standard policy values.
Jul 14 15:37:26.700082 dv-cinder-826510-8-iscsi devstack@c-api.service[111104]: warnings.warn('Policy enforcement is depending on the value of '
Jul 14 15:37:26.701277 dv-cinder-826510-8-iscsi devstack@c-api.service[111105]: INFO cinder.api.openstack.wsgi [None req-a311146c-e360-4e31-ba9f-e4fd28fd63c7 tempest-QosSpecsTestJSON-6945628 tempest-QosSpecsTestJSON-6945628-project-admin] http://10.222.0.99/volume/v3/3ab11ee7c2264fe587ccf3388de2b854/qos-specs/5f20d8b9-c7a9-498a-820c-f07a738f97df returned with HTTP 404
Jul 14 15:37:26.702584 dv-cinder-826510-8-iscsi devstack@c-api.service[111104]: DEBUG cinder.db.sqlalchemy.api [None req-75c09145-d2bb-4904-80b9-97abefe28e6b tempest-GroupSnapshotsTest-1568335509 tempest-GroupSnapshotsTest-1568335509-project] Building query based on filter {{(pid=111104) _process_snaps_filters /opt/stack/cinder/cinder/db/sqlalchemy/api.py:3878}}
Jul 14 15:37:26.703166 dv-cinder-826510-8-iscsi devstack@c-api.service[111105]: [pid: 111105|app: 0|req: 184/362] 10.222.0.99 () {58 vars in 1330 bytes} [Thu Jul 14 15:37:26 2022] GET /volume/v3/3ab11ee7c2264fe587ccf3388de2b854/qos-specs/5f20d8b9-c7a9-498a-820c-f07a738f97df => generated 100 bytes in 17 msecs (HTTP/1.1 404) 7 headers in 292 bytes (2 switches on core 0)
Jul 14 15:37:26.708490 dv-cinder-826510-8-iscsi devstack@c-api.service[111105]: DEBUG cinder.api.middleware.request_id [None req-356919bd-a33d-4dbb-b61b-bfa8f0cbf0c2 None None] RequestId filter calling following filter/app {{(pid=111105) _context_setter /opt/stack/cinder/cinder/api/middleware/request_id.py:62}}
Jul 14 15:37:26.711447 dv-cinder-826510-8-iscsi devstack@c-api.service[111104]: INFO cinder.volume.api [None req-75c09145-d2bb-4904-80b9-97abefe28e6b tempest-GroupSnapshotsTest-1568335509 tempest-GroupSnapshotsTest-1568335509-project] Get all snapshots completed successfully.
Jul 14 15:37:26.712523 dv-cinder-826510-8-iscsi devstack@c-api.service[111104]: /usr/local/lib/python3.8/dist-packages/oslo_context/context.py:100: DeprecationWarning: Policy enforcement is depending on the value of is_admin. This key is deprecated. Please update your policy file to use the standard policy values.
Jul 14 15:37:26.712523 dv-cinder-826510-8-iscsi devstack@c-api.service[111104]: warnings.warn('Policy enforcement is depending on the value of '
Jul 14 15:37:26.713254 dv-cinder-826510-8-iscsi devstack@c-api.service[111105]: INFO cinder.api.openstack.wsgi [None req-356919bd-a33d-4dbb-b61b-bfa8f0cbf0c2 tempest-QosSpecsTestJSON-6945628 tempest-QosSpecsTestJSON-6945628-project-admin] GET http://10.222.0.99/volume/v3/3ab11ee7c2264fe587ccf3388de2b854/qos-specs
Jul 14 15:37:26.713691 dv-cinder-826510-8-iscsi devstack@c-api.service[111105]: DEBUG cinder.api.openstack.wsgi [None req-356919bd-a33d-4dbb-b61b-bfa8f0cbf0c2 tempest-QosSpecsTestJSON-6945628 tempest-QosSpecsTestJSON-6945628-project-admin] Empty body provided in request {{(pid=111105) get_body /opt/stack/cinder/cinder/api/openstack/wsgi.py:715}}
Jul 14 15:37:26.713801 dv-cinder-826510-8-iscsi devstack@c-api.service[111104]: INFO cinder.api.openstack.wsgi [None req-75c09145-d2bb-4904-80b9-97abefe28e6b tempest-GroupSnapshotsTest-1568335509 tempest-GroupSnapshotsTest-1568335509-project] http://10.222.0.99/volume/v3/7e3a8ab2527749e79988c5e02b1ae864/snapshots/detail returned with HTTP 200
Jul 14 15:37:26.714136 dv-cinder-826510-8-iscsi devstack@c-api.service[111105]: DEBUG cinder.api.openstack.wsgi [None req-356919bd-a33d-4dbb-b61b-bfa8f0cbf0c2 tempest-QosSpecsTestJSON-6945628 tempest-QosSpecsTestJSON-6945628-project-admin] Calling method 'index' {{(pid=111105) _process_stack /opt/stack/cinder/cinder/api/openstack/wsgi.py:868}}
Jul 14 15:37:26.714700 dv-cinder-826510-8-iscsi devstack@c-api.service[111104]: [pid: 111104|app: 0|req: 179/363] 10.222.0.99 () {58 vars in 1240 bytes} [Thu Jul 14 15:37:26 2022] GET /volume/v3/7e3a8ab2527749e79988c5e02b1ae864/snapshots/detail => generated 453 bytes in 23 msecs (HTTP/1.1 200) 7 headers in 285 bytes (2 switches on core 0)
Jul 14 15:37:26.722780 dv-cinder-826510-8-iscsi devstack@c-api.service[111104]: DEBUG cinder.api.middleware.request_id [None req-8b18a6bf-76e1-4baf-b66e-12d54f5dd2af None None] RequestId filter calling following filter/app {{(pid=111104) _context_setter /opt/stack/cinder/cinder/api/middleware/request_id.py:62}}
Jul 14 15:37:26.726557 dv-cinder-826510-8-iscsi devstack@c-api.service[111105]: INFO cinder.api.openstack.wsgi [None req-356919bd-a33d-4dbb-b61b-bfa8f0cbf0c2 tempest-QosSpecsTestJSON-6945628 tempest-QosSpecsTestJSON-6945628-project-admin] http://10.222.0.99/volume/v3/3ab11ee7c2264fe587ccf3388de2b854/qos-specs returned with HTTP 200
Jul 14 15:37:26.727436 dv-cinder-826510-8-iscsi devstack@c-api.service[111105]: [pid: 111105|app: 0|req: 185/364] 10.222.0.99 () {58 vars in 1219 bytes} [Thu Jul 14 15:37:26 2022] GET /volume/v3/3ab11ee7c2264fe587ccf3388de2b854/qos-specs => generated 175 bytes in 20 msecs (HTTP/1.1 200) 7 headers in 285 bytes (2 switches on core 0)
Jul 14 15:37:26.727561 dv-cinder-826510-8-iscsi devstack@c-api.service[111104]: INFO cinder.api.openstack.wsgi [None req-8b18a6bf-76e1-4baf-b66e-12d54f5dd2af tempest-GroupSnapshotsTest-1568335509 tempest-GroupSnapshotsTest-1568335509-project] GET http://10.222.0.99/volume/v3/7e3a8ab2527749e79988c5e02b1ae864/snapshots/4c73db08-070c-42a7-bb7b-eedc08700318
Jul 14 15:37:26.727798 dv-cinder-826510-8-iscsi devstack@c-api.service[111104]: DEBUG cinder.api.openstack.wsgi [None req-8b18a6bf-76e1-4baf-b66e-12d54f5dd2af tempest-GroupSnapshotsTest-1568335509 tempest-GroupSnapshotsTest-1568335509-project] Empty body provided in request {{(pid=111104) get_body /opt/stack/cinder/cinder/api/openstack/wsgi.py:715}}
Jul 14 15:37:26.728756 dv-cinder-826510-8-iscsi devstack@c-api.service[111104]: DEBUG cinder.api.openstack.wsgi [None req-8b18a6bf-76e1-4baf-b66e-12d54f5dd2af tempest-GroupSnapshotsTest-1568335509 tempest-GroupSnapshotsTest-1568335509-project] Calling method 'show' {{(pid=111104) _process_stack /opt/stack/cinder/cinder/api/openstack/wsgi.py:868}}
Jul 14 15:37:26.735258 dv-cinder-826510-8-iscsi devstack@c-api.service[111105]: DEBUG cinder.api.middleware.request_id [None req-1142b8ef-8d99-48e6-b100-4e0ff3c23892 None None] RequestId filter calling following filter/app {{(pid=111105) _context_setter /opt/stack/cinder/cinder/api/middleware/request_id.py:62}}
Jul 14 15:37:26.740381 dv-cinder-826510-8-iscsi devstack@c-api.service[111105]: INFO cinder.api.openstack.wsgi [None req-1142b8ef-8d99-48e6-b100-4e0ff3c23892 tempest-QosSpecsTestJSON-6945628 tempest-QosSpecsTestJSON-6945628-project-admin] GET http://10.222.0.99/volume/v3/3ab11ee7c2264fe587ccf3388de2b854/qos-specs/d1479616-1dcc-43d9-a03b-59bd2546977f
Jul 14 15:37:26.740706 dv-cinder-826510-8-iscsi devstack@c-api.service[111105]: DEBUG cinder.api.openstack.wsgi [None req-1142b8ef-8d99-48e6-b100-4e0ff3c23892 tempest-QosSpecsTestJSON-6945628 tempest-QosSpecsTestJSON-6945628-project-admin] Empty body provided in request {{(pid=111105) get_body /opt/stack/cinder/cinder/api/openstack/wsgi.py:715}}
Jul 14 15:37:26.741156 dv-cinder-826510-8-iscsi devstack@c-api.service[111105]: DEBUG cinder.api.openstack.wsgi [None req-1142b8ef-8d99-48e6-b100-4e0ff3c23892 tempest-QosSpecsTestJSON-6945628 tempest-QosSpecsTestJSON-6945628-project-admin] Calling method 'show' {{(pid=111105) _process_stack /opt/stack/cinder/cinder/api/openstack/wsgi.py:868}}
Jul 14 15:37:26.741770 dv-cinder-826510-8-iscsi devstack@c-api.service[111104]: /usr/local/lib/python3.8/dist-packages/oslo_context/context.py:100: DeprecationWarning: Policy enforcement is depending on the value of is_admin. This key is deprecated. Please update your policy file to use the standard policy values.
Jul 14 15:37:26.741770 dv-cinder-826510-8-iscsi devstack@c-api.service[111104]: warnings.warn('Policy enforcement is depending on the value of '
Jul 14 15:37:26.741955 dv-cinder-826510-8-iscsi devstack@c-api.service[111105]: /usr/local/lib/python3.8/dist-packages/oslo_context/context.py:100: DeprecationWarning: Policy enforcement is depending on the value of is_admin. This key is deprecated. Please update your policy file to use the standard policy values.
Jul 14 15:37:26.741955 dv-cinder-826510-8-iscsi devstack@c-api.service[111105]: warnings.warn('Policy enforcement is depending on the value of '
Jul 14 15:37:26.742773 dv-cinder-826510-8-iscsi devstack@c-api.service[111104]: INFO cinder.volume.api [None req-8b18a6bf-76e1-4baf-b66e-12d54f5dd2af tempest-GroupSnapshotsTest-1568335509 tempest-GroupSnapshotsTest-1568335509-project] Snapshot retrieved successfully.
Jul 14 15:37:26.744636 dv-cinder-826510-8-iscsi devstack@c-api.service[111104]: INFO cinder.api.openstack.wsgi [None req-8b18a6bf-76e1-4baf-b66e-12d54f5dd2af tempest-GroupSnapshotsTest-1568335509 tempest-GroupSnapshotsTest-1568335509-project] http://10.222.0.99/volume/v3/7e3a8ab2527749e79988c5e02b1ae864/snapshots/4c73db08-070c-42a7-bb7b-eedc08700318 returned with HTTP 200
Jul 14 15:37:26.745370 dv-cinder-826510-8-iscsi devstack@c-api.service[111104]: [pid: 111104|app: 0|req: 180/365] 10.222.0.99 () {58 vars in 1330 bytes} [Thu Jul 14 15:37:26 2022] GET /volume/v3/7e3a8ab2527749e79988c5e02b1ae864/snapshots/4c73db08-070c-42a7-bb7b-eedc08700318 => generated 449 bytes in 24 msecs (HTTP/1.1 200) 7 headers in 285 bytes (1 switches on core 0)
Jul 14 15:37:26.751360 dv-cinder-826510-8-iscsi devstack@c-api.service[111105]: INFO cinder.api.openstack.wsgi [None req-1142b8ef-8d99-48e6-b100-4e0ff3c23892 tempest-QosSpecsTestJSON-6945628 tempest-QosSpecsTestJSON-6945628-project-admin] http://10.222.0.99/volume/v3/3ab11ee7c2264fe587ccf3388de2b854/qos-specs/d1479616-1dcc-43d9-a03b-59bd2546977f returned with HTTP 200
Jul 14 15:37:26.752192 dv-cinder-826510-8-iscsi devstack@c-api.service[111105]: [pid: 111105|app: 0|req: 186/366] 10.222.0.99 () {58 vars in 1330 bytes} [Thu Jul 14 15:37:26 2022] GET /volume/v3/3ab11ee7c2264fe587ccf3388de2b854/qos-specs/d1479616-1dcc-43d9-a03b-59bd2546977f => generated 459 bytes in 18 msecs (HTTP/1.1 200) 7 headers in 285 bytes (1 switches on core 0)
Jul 14 15:37:26.761301 dv-cinder-826510-8-iscsi devstack@c-api.service[111104]: DEBUG cinder.api.middleware.request_id [None req-1a503066-0b51-4fbe-8ef2-709c71e8d4c2 None None] RequestId filter calling following filter/app {{(pid=111104) _context_setter /opt/stack/cinder/cinder/api/middleware/request_id.py:62}}
Jul 14 15:37:26.767536 dv-cinder-826510-8-iscsi devstack@c-api.service[111104]: INFO cinder.api.openstack.wsgi [None req-1a503066-0b51-4fbe-8ef2-709c71e8d4c2 tempest-QosSpecsTestJSON-6945628 tempest-QosSpecsTestJSON-6945628-project-admin] GET http://10.222.0.99/volume/v3/3ab11ee7c2264fe587ccf3388de2b854/qos-specs
Jul 14 15:37:26.768350 dv-cinder-826510-8-iscsi devstack@c-api.service[111104]: DEBUG cinder.api.openstack.wsgi [None req-1a503066-0b51-4fbe-8ef2-709c71e8d4c2 tempest-QosSpecsTestJSON-6945628 tempest-QosSpecsTestJSON-6945628-project-admin] Empty body provided in request {{(pid=111104) get_body /opt/stack/cinder/cinder/api/openstack/wsgi.py:715}}
Jul 14 15:37:26.769028 dv-cinder-826510-8-iscsi devstack@c-api.service[111104]: DEBUG cinder.api.openstack.wsgi [None req-1a503066-0b51-4fbe-8ef2-709c71e8d4c2 tempest-QosSpecsTestJSON-6945628 tempest-QosSpecsTestJSON-6945628-project-admin] Calling method 'index' {{(pid=111104) _process_stack /opt/stack/cinder/cinder/api/openstack/wsgi.py:868}}
Jul 14 15:37:26.778560 dv-cinder-826510-8-iscsi devstack@c-api.service[111104]: INFO cinder.api.openstack.wsgi [None req-1a503066-0b51-4fbe-8ef2-709c71e8d4c2 tempest-QosSpecsTestJSON-6945628 tempest-QosSpecsTestJSON-6945628-project-admin] http://10.222.0.99/volume/v3/3ab11ee7c2264fe587ccf3388de2b854/qos-specs returned with HTTP 200
Jul 14 15:37:26.779278 dv-cinder-826510-8-iscsi devstack@c-api.service[111104]: [pid: 111104|app: 0|req: 181/367] 10.222.0.99 () {58 vars in 1219 bytes} [Thu Jul 14 15:37:26 2022] GET /volume/v3/3ab11ee7c2264fe587ccf3388de2b854/qos-specs => generated 175 bytes in 19 msecs (HTTP/1.1 200) 7 headers in 285 bytes (1 switches on core 0)
Jul 14 15:37:26.787385 dv-cinder-826510-8-iscsi devstack@c-api.service[111105]: DEBUG cinder.api.middleware.request_id [None req-4b610447-f6d6-49fb-870a-e860b50fcdf1 None None] RequestId filter calling following filter/app {{(pid=111105) _context_setter /opt/stack/cinder/cinder/api/middleware/request_id.py:62}}
Jul 14 15:37:26.792420 dv-cinder-826510-8-iscsi devstack@c-api.service[111105]: INFO cinder.api.openstack.wsgi [None req-4b610447-f6d6-49fb-870a-e860b50fcdf1 tempest-QosSpecsTestJSON-6945628 tempest-QosSpecsTestJSON-6945628-project-admin] PUT http://10.222.0.99/volume/v3/3ab11ee7c2264fe587ccf3388de2b854/qos-specs/d1479616-1dcc-43d9-a03b-59bd2546977f
Jul 14 15:37:26.793219 dv-cinder-826510-8-iscsi devstack@c-api.service[111105]: DEBUG cinder.api.openstack.wsgi [None req-4b610447-f6d6-49fb-870a-e860b50fcdf1 tempest-QosSpecsTestJSON-6945628 tempest-QosSpecsTestJSON-6945628-project-admin] Action: 'update', calling method: update, body: {"qos_specs": {"iops_bytes": "500"}} {{(pid=111105) _process_stack /opt/stack/cinder/cinder/api/openstack/wsgi.py:866}}
Jul 14 15:37:26.794355 dv-cinder-826510-8-iscsi devstack@c-api.service[111105]: /usr/local/lib/python3.8/dist-packages/oslo_context/context.py:100: DeprecationWarning: Policy enforcement is depending on the value of is_admin. This key is deprecated. Please update your policy file to use the standard policy values.
Jul 14 15:37:26.794355 dv-cinder-826510-8-iscsi devstack@c-api.service[111105]: warnings.warn('Policy enforcement is depending on the value of '
Jul 14 15:37:26.801024 dv-cinder-826510-8-iscsi devstack@c-api.service[111105]: DEBUG cinder.volume.qos_specs [None req-4b610447-f6d6-49fb-870a-e860b50fcdf1 tempest-QosSpecsTestJSON-6945628 tempest-QosSpecsTestJSON-6945628-project-admin] qos_specs.update(): specs {'iops_bytes': '500'} {{(pid=111105) update /opt/stack/cinder/cinder/volume/qos_specs.py:79}}
Jul 14 15:37:26.814851 dv-cinder-826510-8-iscsi devstack@c-api.service[111105]: DEBUG cinder.db.sqlalchemy.api [None req-4b610447-f6d6-49fb-870a-e860b50fcdf1 tempest-QosSpecsTestJSON-6945628 tempest-QosSpecsTestJSON-6945628-project-admin] qos_specs_update() value: {'id': 'ce791fff-3a13-4ce4-916c-2456cef230d5', 'key': 'iops_bytes', 'value': '500', 'specs_id': 'd1479616-1dcc-43d9-a03b-59bd2546977f', 'deleted': False} {{(pid=111105) qos_specs_update /opt/stack/cinder/cinder/db/sqlalchemy/api.py:5941}}
Jul 14 15:37:26.821040 dv-cinder-826510-8-iscsi devstack@c-api.service[111105]: INFO cinder.api.openstack.wsgi [None req-4b610447-f6d6-49fb-870a-e860b50fcdf1 tempest-QosSpecsTestJSON-6945628 tempest-QosSpecsTestJSON-6945628-project-admin] http://10.222.0.99/volume/v3/3ab11ee7c2264fe587ccf3388de2b854/qos-specs/d1479616-1dcc-43d9-a03b-59bd2546977f returned with HTTP 200
Jul 14 15:37:26.822150 dv-cinder-826510-8-iscsi devstack@c-api.service[111105]: [pid: 111105|app: 0|req: 187/368] 10.222.0.99 () {60 vars in 1350 bytes} [Thu Jul 14 15:37:26 2022] PUT /volume/v3/3ab11ee7c2264fe587ccf3388de2b854/qos-specs/d1479616-1dcc-43d9-a03b-59bd2546977f => generated 36 bytes in 36 msecs (HTTP/1.1 200) 7 headers in 284 bytes (1 switches on core 0)
