Jun 02 13:57:02.785632 dv-cinder-826510-6-smb neutron-server[116256]: INFO neutron.wsgi [req-e075a54b-62ed-46ee-aeba-159a38ccc6d1 req-5145beb4-e7be-45d4-9e21-919213cc5e19 tempest-DeleteServersTestJSON-33148188 tempest-DeleteServersTestJSON-33148188-project] 10.222.0.39 "GET /v2.0/ports?device_id=3bd51ea6-cf8a-489c-9990-bf9a57c66d58 HTTP/1.1" status: 200 len: 944 time: 0.1225283
Jun 02 13:57:02.955180 dv-cinder-826510-6-smb neutron-server[116257]: INFO neutron.wsgi [req-766024a1-718c-418a-bba2-15386ecb9d82 req-14b953df-1b50-4579-b6dd-3acad19e520d service neutron] 10.222.0.58 "GET /v2.0/networks/083702c9-fcf5-4824-b822-a2a77fc3085a?fields=segments HTTP/1.1" status: 200 len: 212 time: 0.2026014
Jun 02 13:57:03.231266 dv-cinder-826510-6-smb neutron-server[116257]: DEBUG dbcounter [-] [116257] Writing DB stats neutron:SELECT=93,neutron:DELETE=4,neutron:UPDATE=2,neutron:INSERT=1 {{(pid=116257) stat_writer /usr/local/lib/python3.8/dist-packages/dbcounter.py:114}}
Jun 02 13:57:03.281225 dv-cinder-826510-6-smb neutron-server[116257]: INFO neutron.wsgi [req-766024a1-718c-418a-bba2-15386ecb9d82 req-f62c446f-72d9-499d-bcff-1ea783e6a021 service neutron] 10.222.0.58 "GET /v2.0/networks/083702c9-fcf5-4824-b822-a2a77fc3085a?fields=provider%3Aphysical_network&fields=provider%3Anetwork_type HTTP/1.1" status: 200 len: 281 time: 0.1631062
Jun 02 13:57:03.336375 dv-cinder-826510-6-smb neutron-server[116256]: INFO neutron.wsgi [req-e075a54b-62ed-46ee-aeba-159a38ccc6d1 req-b24c6bbf-85e1-4402-a7c3-d2b2c76b2c25 tempest-DeleteServersTestJSON-33148188 tempest-DeleteServersTestJSON-33148188-project] 10.222.0.39 "GET /v2.0/security-groups?id=b2126b1d-8047-421e-8dea-d16fbba8cf30&fields=id&fields=name HTTP/1.1" status: 200 len: 286 time: 0.5496609
Jun 02 13:57:03.551290 dv-cinder-826510-6-smb neutron-server[116256]: DEBUG neutron.db.db_base_plugin_common [req-366fea4f-28fa-4d12-8019-515122eab681 req-6057e0b5-a4c0-4a93-a873-80cc0107af27 tempest-ServerRescueNegativeTestJSON-1891541621 tempest-ServerRescueNegativeTestJSON-1891541621-project] Allocated IP 172.20.0.5 (afec834f-0231-4e83-9ba7-03491d80c2a5/faf9b79e-5711-40d7-9447-6269126d0287/1c7f5faf-8ca7-44fd-b6ef-07929c5842b8) {{(pid=116256) _store_ip_allocation /opt/stack/neutron/neutron/db/db_base_plugin_common.py:131}}
Jun 02 13:57:03.784278 dv-cinder-826510-6-smb neutron-server[116256]: INFO neutron.wsgi [req-f0a10fc7-8c77-4352-80a6-1aef5c22db47 req-aacf00c3-2bbc-46a9-8f11-3589742f4534 tempest-ServerRescueNegativeTestJSON-1891541621 tempest-ServerRescueNegativeTestJSON-1891541621-project] 10.222.0.39 "GET /v2.0/ports?device_id=e5ed1647-cdc2-4c84-9c0c-fb3de473f726 HTTP/1.1" status: 200 len: 210 time: 0.1132426
Jun 02 13:57:03.882411 dv-cinder-826510-6-smb neutron-server[116256]: DEBUG neutron_lib.callbacks.manager [req-366fea4f-28fa-4d12-8019-515122eab681 req-6057e0b5-a4c0-4a93-a873-80cc0107af27 tempest-ServerRescueNegativeTestJSON-1891541621 tempest-ServerRescueNegativeTestJSON-1891541621-project] Publish callbacks [] for port (1c7f5faf-8ca7-44fd-b6ef-07929c5842b8), precommit_create {{(pid=116256) _notify_loop /usr/local/lib/python3.8/dist-packages/neutron_lib/callbacks/manager.py:176}}
Jun 02 13:57:03.934749 dv-cinder-826510-6-smb neutron-server[116256]: INFO neutron.wsgi [req-8dcad165-84c9-4ba8-8a1f-f3fc5f6918c0 req-d3121bb5-7aa9-498e-bdb4-8ab5e9136ad8 tempest-AttachVolumeShelveTestJSON-52289666 tempest-AttachVolumeShelveTestJSON-52289666-project] 10.222.0.39 "GET /v2.0/ports?device_id=39954022-1199-443e-9a1f-39aa860dc9a8 HTTP/1.1" status: 200 len: 210 time: 0.0369587
Jun 02 13:57:04.077428 dv-cinder-826510-6-smb neutron-server[116256]: DEBUG neutron_lib.callbacks.manager [req-366fea4f-28fa-4d12-8019-515122eab681 req-6057e0b5-a4c0-4a93-a873-80cc0107af27 tempest-ServerRescueNegativeTestJSON-1891541621 tempest-ServerRescueNegativeTestJSON-1891541621-project] Publish callbacks ['neutron.plugins.ml2.plugin.SecurityGroupServerNotifierRpcMixin._notify_sg_on_port_change-536208181', 'neutron.plugins.ml2.ovo_rpc._ObjectChangeHandler.handle_event-109312', 'neutron.api.rpc.agentnotifiers.dhcp_rpc_agent_api.DhcpAgentNotifyAPI._native_event_send_dhcp_notification-582730', 'neutron.db.l3_dvrscheduler_db._notify_l3_agent_new_port-8793139272717'] for port (1c7f5faf-8ca7-44fd-b6ef-07929c5842b8), after_create {{(pid=116256) _notify_loop /usr/local/lib/python3.8/dist-packages/neutron_lib/callbacks/manager.py:176}}
Jun 02 13:57:04.193003 dv-cinder-826510-6-smb neutron-server[116256]: DEBUG neutron.scheduler.dhcp_agent_scheduler [req-366fea4f-28fa-4d12-8019-515122eab681 req-6057e0b5-a4c0-4a93-a873-80cc0107af27 tempest-ServerRescueNegativeTestJSON-1891541621 tempest-ServerRescueNegativeTestJSON-1891541621-project] Network afec834f-0231-4e83-9ba7-03491d80c2a5 is already hosted by enough agents. {{(pid=116256) _get_dhcp_agents_hosting_network /opt/stack/neutron/neutron/scheduler/dhcp_agent_scheduler.py:275}}
Jun 02 13:57:04.198857 dv-cinder-826510-6-smb neutron-server[116256]: DEBUG neutron.scheduler.base_scheduler [req-366fea4f-28fa-4d12-8019-515122eab681 req-6057e0b5-a4c0-4a93-a873-80cc0107af27 tempest-ServerRescueNegativeTestJSON-1891541621 tempest-ServerRescueNegativeTestJSON-1891541621-project] Resources bound (agent type, host, resource id): {{(pid=116256) schedule /opt/stack/neutron/neutron/scheduler/base_scheduler.py:57}}
Jun 02 13:57:04.203784 dv-cinder-826510-6-smb neutron-server[116256]: DEBUG neutron.db.l3_dvrscheduler_db [req-366fea4f-28fa-4d12-8019-515122eab681 req-6057e0b5-a4c0-4a93-a873-80cc0107af27 tempest-ServerRescueNegativeTestJSON-1891541621 tempest-ServerRescueNegativeTestJSON-1891541621-project] Received port after_create {{(pid=116256) _notify_l3_agent_new_port /opt/stack/neutron/neutron/db/l3_dvrscheduler_db.py:542}}
Jun 02 13:57:04.209605 dv-cinder-826510-6-smb neutron-server[116256]: DEBUG neutron.pecan_wsgi.hooks.policy_enforcement [req-366fea4f-28fa-4d12-8019-515122eab681 req-6057e0b5-a4c0-4a93-a873-80cc0107af27 tempest-ServerRescueNegativeTestJSON-1891541621 tempest-ServerRescueNegativeTestJSON-1891541621-project] Attributes excluded by policy engine: ['standard_attr_id', 'binding:profile', 'binding:host_id', 'binding:vif_type', 'binding:vif_details', 'network'] {{(pid=116256) _exclude_attributes_by_policy /opt/stack/neutron/neutron/pecan_wsgi/hooks/policy_enforcement.py:259}}
Jun 02 13:57:04.210286 dv-cinder-826510-6-smb neutron-server[116256]: DEBUG neutron_lib.callbacks.manager [req-366fea4f-28fa-4d12-8019-515122eab681 req-6057e0b5-a4c0-4a93-a873-80cc0107af27 tempest-ServerRescueNegativeTestJSON-1891541621 tempest-ServerRescueNegativeTestJSON-1891541621-project] Publish callbacks ['neutron.notifiers.nova.Notifier._send_nova_notification-75647', 'neutron.api.rpc.agentnotifiers.dhcp_rpc_agent_api.DhcpAgentNotifyAPI._send_dhcp_notification-582776'] for port (None), before_response {{(pid=116256) _notify_loop /usr/local/lib/python3.8/dist-packages/neutron_lib/callbacks/manager.py:176}}
Jun 02 13:57:04.214479 dv-cinder-826510-6-smb neutron-server[116256]: DEBUG neutron.api.rpc.handlers.resources_rpc [None req-6057e0b5-a4c0-4a93-a873-80cc0107af27 tempest-ServerRescueNegativeTestJSON-1891541621 tempest-ServerRescueNegativeTestJSON-1891541621-project] Pushing event updated for resources: {'Port': ['ID=1c7f5faf-8ca7-44fd-b6ef-07929c5842b8,revision_number=1']} {{(pid=116256) push /opt/stack/neutron/neutron/api/rpc/handlers/resources_rpc.py:237}}
Jun 02 13:57:04.351611 dv-cinder-826510-6-smb neutron-server[116257]: DEBUG neutron.pecan_wsgi.hooks.policy_enforcement [req-111055da-c000-4cf8-9450-583ade483f11 req-cab50c6f-05f6-4c98-98b5-ce9d614d8488 service neutron] Attributes excluded by policy engine: ['standard_attr_id'] {{(pid=116257) _exclude_attributes_by_policy /opt/stack/neutron/neutron/pecan_wsgi/hooks/policy_enforcement.py:259}}
Jun 02 13:57:04.354191 dv-cinder-826510-6-smb neutron-server[116257]: INFO neutron.wsgi [req-111055da-c000-4cf8-9450-583ade483f11 req-cab50c6f-05f6-4c98-98b5-ce9d614d8488 service neutron] 10.222.0.58 "GET /v2.0/ports?tenant_id=70c69e86eed54f6d9a4ca49f9cf45ce1&device_id=3bd51ea6-cf8a-489c-9990-bf9a57c66d58 HTTP/1.1" status: 200 len: 1128 time: 0.1085522
Jun 02 13:57:04.370326 dv-cinder-826510-6-smb neutron-server[116259]: DEBUG neutron_lib.callbacks.manager [None req-f5cde1b4-bc73-410a-9678-2bccbb91dd3c None None] Publish callbacks ['neutron.services.segments.db._update_segment_host_mapping_for_agent-8793139758484', 'neutron.plugins.ml2.plugin.Ml2Plugin._retry_binding_revived_agents-536580257'] for agent (d70632ce-3fe6-45ca-b5b2-2df7368d13af), after_update {{(pid=116259) _notify_loop /usr/local/lib/python3.8/dist-packages/neutron_lib/callbacks/manager.py:176}}
Jun 02 13:57:04.378751 dv-cinder-826510-6-smb neutron-server[116256]: INFO neutron.wsgi [req-366fea4f-28fa-4d12-8019-515122eab681 req-6057e0b5-a4c0-4a93-a873-80cc0107af27 tempest-ServerRescueNegativeTestJSON-1891541621 tempest-ServerRescueNegativeTestJSON-1891541621-project] 10.222.0.58 "POST /v2.0/ports HTTP/1.1" status: 201 len: 933 time: 2.1434791
Jun 02 13:57:04.402333 dv-cinder-826510-6-smb neutron-server[116256]: DEBUG neutron.api.v2.base [req-366fea4f-28fa-4d12-8019-515122eab681 req-f43bcf8c-35ea-4bd2-9c91-d16ca2de6121 service neutron] Request body: {'port': {'device_id': '961faae5-bcc6-45af-babc-82692f185cf7', 'device_owner': 'compute:nova', 'binding:host_id': 'hv-cinder-82651'}} {{(pid=116256) prepare_request_body /opt/stack/neutron/neutron/api/v2/base.py:730}}
Jun 02 13:57:04.702014 dv-cinder-826510-6-smb neutron-server[116256]: DEBUG neutron.pecan_wsgi.hooks.policy_enforcement [req-d3aaa38a-bef5-4e24-bc48-fa428426ea36 req-da2c28e9-954d-4f98-be30-56fe6553d9ae tempest-DeleteServersTestJSON-33148188 tempest-DeleteServersTestJSON-33148188-project] Attributes excluded by policy engine: ['standard_attr_id', 'binding:profile', 'binding:host_id', 'binding:vif_type', 'binding:vif_details'] {{(pid=116256) _exclude_attributes_by_policy /opt/stack/neutron/neutron/pecan_wsgi/hooks/policy_enforcement.py:259}}
Jun 02 13:57:04.717647 dv-cinder-826510-6-smb neutron-server[116256]: INFO neutron.wsgi [req-d3aaa38a-bef5-4e24-bc48-fa428426ea36 req-da2c28e9-954d-4f98-be30-56fe6553d9ae tempest-DeleteServersTestJSON-33148188 tempest-DeleteServersTestJSON-33148188-project] 10.222.0.39 "GET /v2.0/ports?device_id=3bd51ea6-cf8a-489c-9990-bf9a57c66d58 HTTP/1.1" status: 200 len: 944 time: 0.2345018
Jun 02 13:57:04.730071 dv-cinder-826510-6-smb neutron-server[116256]: DEBUG neutron_lib.callbacks.manager [req-366fea4f-28fa-4d12-8019-515122eab681 req-f43bcf8c-35ea-4bd2-9c91-d16ca2de6121 service neutron] Publish callbacks ['neutron.plugins.ml2.plugin.SecurityGroupDbMixin._ensure_default_security_group_handler-536208370'] for port (1c7f5faf-8ca7-44fd-b6ef-07929c5842b8), before_update {{(pid=116256) _notify_loop /usr/local/lib/python3.8/dist-packages/neutron_lib/callbacks/manager.py:176}}
Jun 02 13:57:04.731428 dv-cinder-826510-6-smb neutron-server[116257]: DEBUG neutron.pecan_wsgi.hooks.policy_enforcement [req-111055da-c000-4cf8-9450-583ade483f11 req-6415055b-4bc5-46d0-8ed3-56d76d4017a6 service neutron] Attributes excluded by policy engine: ['standard_attr_id', 'vlan_transparent'] {{(pid=116257) _exclude_attributes_by_policy /opt/stack/neutron/neutron/pecan_wsgi/hooks/policy_enforcement.py:259}}
Jun 02 13:57:04.733614 dv-cinder-826510-6-smb neutron-server[116257]: INFO neutron.wsgi [req-111055da-c000-4cf8-9450-583ade483f11 req-6415055b-4bc5-46d0-8ed3-56d76d4017a6 service neutron] 10.222.0.58 "GET /v2.0/networks?id=083702c9-fcf5-4824-b822-a2a77fc3085a HTTP/1.1" status: 200 len: 913 time: 0.3374636
Jun 02 13:57:04.794457 dv-cinder-826510-6-smb neutron-server[116259]: DEBUG neutron.db.provisioning_blocks [None req-5fb66411-e1c7-4b52-b10d-fb5cf97c92f4 None None] Provisioning complete for port 1c7f5faf-8ca7-44fd-b6ef-07929c5842b8 triggered by entity DHCP. {{(pid=116259) provisioning_complete /opt/stack/neutron/neutron/db/provisioning_blocks.py:145}}
Jun 02 13:57:04.796473 dv-cinder-826510-6-smb neutron-server[116259]: DEBUG neutron_lib.callbacks.manager [None req-5fb66411-e1c7-4b52-b10d-fb5cf97c92f4 None None] Publish callbacks ['neutron.plugins.ml2.plugin.Ml2Plugin._port_provisioned-536580479'] for port (1c7f5faf-8ca7-44fd-b6ef-07929c5842b8), provisioning_complete {{(pid=116259) _notify_loop /usr/local/lib/python3.8/dist-packages/neutron_lib/callbacks/manager.py:176}}
Jun 02 13:57:04.826071 dv-cinder-826510-6-smb neutron-server[116256]: INFO neutron.wsgi [req-d3aaa38a-bef5-4e24-bc48-fa428426ea36 req-a240e3a6-14f4-4110-90d7-680961d3465f tempest-DeleteServersTestJSON-33148188 tempest-DeleteServersTestJSON-33148188-project] 10.222.0.39 "GET /v2.0/security-groups?id=b2126b1d-8047-421e-8dea-d16fbba8cf30&fields=id&fields=name HTTP/1.1" status: 200 len: 286 time: 0.1066530
Jun 02 13:57:04.860566 dv-cinder-826510-6-smb neutron-server[116257]: INFO neutron.wsgi [req-111055da-c000-4cf8-9450-583ade483f11 req-502b0823-aac1-4607-930f-a06863f0f17a service neutron] 10.222.0.58 "GET /v2.0/floatingips?fixed_ip_address=172.20.0.14&port_id=7157d96d-72b8-4108-bc49-fffcadb3aa87 HTTP/1.1" status: 200 len: 217 time: 0.0796032
Jun 02 13:57:04.896775 dv-cinder-826510-6-smb neutron-server[116259]: DEBUG neutron.plugins.ml2.plugin [None req-5fb66411-e1c7-4b52-b10d-fb5cf97c92f4 None None] Port 1c7f5faf-8ca7-44fd-b6ef-07929c5842b8 cannot update to ACTIVE because it is not bound. {{(pid=116259) _port_provisioned /opt/stack/neutron/neutron/plugins/ml2/plugin.py:354}}
Jun 02 13:57:05.007065 dv-cinder-826510-6-smb neutron-server[116256]: INFO neutron.wsgi [req-40a89922-e3b7-4444-9eee-b3073fbefb2d req-2bc9af85-914a-4e2b-b2da-7bbf3a439bf1 tempest-ServerRescueNegativeTestJSON-1891541621 tempest-ServerRescueNegativeTestJSON-1891541621-project] 10.222.0.39 "GET /v2.0/ports?device_id=e5ed1647-cdc2-4c84-9c0c-fb3de473f726 HTTP/1.1" status: 200 len: 210 time: 0.0610132
Jun 02 13:57:05.120278 dv-cinder-826510-6-smb neutron-server[116256]: INFO neutron.wsgi [req-e86f0b50-ff29-4a02-a6fd-0658d20d9c41 req-b6a21731-57ce-453b-aaab-5e508b666be9 tempest-AttachVolumeShelveTestJSON-52289666 tempest-AttachVolumeShelveTestJSON-52289666-project] 10.222.0.39 "GET /v2.0/ports?device_id=39954022-1199-443e-9a1f-39aa860dc9a8 HTTP/1.1" status: 200 len: 210 time: 0.0615840
Jun 02 13:57:05.230991 dv-cinder-826510-6-smb neutron-server[116256]: DEBUG dbcounter [-] [116256] Writing DB stats neutron:SELECT=92,neutron:INSERT=7,neutron:UPDATE=1 {{(pid=116256) stat_writer /usr/local/lib/python3.8/dist-packages/dbcounter.py:114}}
Jun 02 13:57:05.294726 dv-cinder-826510-6-smb neutron-server[116256]: DEBUG neutron.notifiers.nova [req-366fea4f-28fa-4d12-8019-515122eab681 req-f43bcf8c-35ea-4bd2-9c91-d16ca2de6121 service neutron] Ignoring state change previous_port_status: DOWN current_port_status: DOWN port_id 1c7f5faf-8ca7-44fd-b6ef-07929c5842b8 {{(pid=116256) record_port_status_changed /opt/stack/neutron/neutron/notifiers/nova.py:233}}
Jun 02 13:57:05.306697 dv-cinder-826510-6-smb neutron-server[116256]: DEBUG neutron_lib.callbacks.manager [req-366fea4f-28fa-4d12-8019-515122eab681 req-f43bcf8c-35ea-4bd2-9c91-d16ca2de6121 service neutron] Publish callbacks [] for port (1c7f5faf-8ca7-44fd-b6ef-07929c5842b8), precommit_update {{(pid=116256) _notify_loop /usr/local/lib/python3.8/dist-packages/neutron_lib/callbacks/manager.py:176}}
Jun 02 13:57:05.346818 dv-cinder-826510-6-smb neutron-server[116256]: DEBUG neutron.db.provisioning_blocks [req-366fea4f-28fa-4d12-8019-515122eab681 req-f43bcf8c-35ea-4bd2-9c91-d16ca2de6121 service neutron] Transition to ACTIVE for port object 1c7f5faf-8ca7-44fd-b6ef-07929c5842b8 will not be triggered until provisioned by entity L2. {{(pid=116256) add_provisioning_component /opt/stack/neutron/neutron/db/provisioning_blocks.py:75}}
Jun 02 13:57:05.370172 dv-cinder-826510-6-smb neutron-server[116256]: DEBUG dbcounter [-] [116256] Writing DB stats neutron:SELECT=92,neutron:INSERT=4,neutron:DELETE=4 {{(pid=116256) stat_writer /usr/local/lib/python3.8/dist-packages/dbcounter.py:114}}
Jun 02 13:57:05.457487 dv-cinder-826510-6-smb neutron-server[116256]: DEBUG neutron_lib.callbacks.manager [req-366fea4f-28fa-4d12-8019-515122eab681 req-f43bcf8c-35ea-4bd2-9c91-d16ca2de6121 service neutron] Publish callbacks ['neutron.plugins.ml2.plugin.SecurityGroupServerNotifierRpcMixin._notify_sg_on_port_change-536208181', 'neutron.plugins.ml2.ovo_rpc._ObjectChangeHandler.handle_event-109312', 'neutron.api.rpc.agentnotifiers.dhcp_rpc_agent_api.DhcpAgentNotifyAPI._native_event_send_dhcp_notification-582730', 'neutron.db.l3_db.L3RpcNotifierMixin._notify_gateway_port_ip_changed-8793139806428', 'neutron.db.l3_dvrscheduler_db._notify_l3_agent_port_update-8793139272735', 'neutron.db.l3_hascheduler_db._notify_l3_agent_ha_port_update-8793139272753'] for port (1c7f5faf-8ca7-44fd-b6ef-07929c5842b8), after_update {{(pid=116256) _notify_loop /usr/local/lib/python3.8/dist-packages/neutron_lib/callbacks/manager.py:176}}
Jun 02 13:57:05.548168 dv-cinder-826510-6-smb neutron-server[116256]: DEBUG neutron.api.rpc.handlers.resources_rpc [None req-f43bcf8c-35ea-4bd2-9c91-d16ca2de6121 service neutron] Pushing event updated for resources: {'Port': ['ID=1c7f5faf-8ca7-44fd-b6ef-07929c5842b8,revision_number=2']} {{(pid=116256) push /opt/stack/neutron/neutron/api/rpc/handlers/resources_rpc.py:237}}
Jun 02 13:57:05.630438 dv-cinder-826510-6-smb neutron-server[116256]: DEBUG neutron.plugins.ml2.managers [req-366fea4f-28fa-4d12-8019-515122eab681 req-f43bcf8c-35ea-4bd2-9c91-d16ca2de6121 service neutron] Attempting to bind port 1c7f5faf-8ca7-44fd-b6ef-07929c5842b8 on host hv-cinder-82651 for vnic_type normal with profile {{(pid=116256) bind_port /opt/stack/neutron/neutron/plugins/ml2/managers.py:811}}
Jun 02 13:57:05.630812 dv-cinder-826510-6-smb neutron-server[116256]: DEBUG neutron.plugins.ml2.managers [req-366fea4f-28fa-4d12-8019-515122eab681 req-f43bcf8c-35ea-4bd2-9c91-d16ca2de6121 service neutron] Attempting to bind port 1c7f5faf-8ca7-44fd-b6ef-07929c5842b8 by drivers openvswitch,hyperv on host hv-cinder-82651 at level 0 using segments [{'id': '516f8bd5-f858-4d7e-9fc6-456b3dee7def', 'network_type': 'vlan', 'physical_network': 'physnet1', 'segmentation_id': 406, 'network_id': 'afec834f-0231-4e83-9ba7-03491d80c2a5'}] {{(pid=116256) _bind_port_level /opt/stack/neutron/neutron/plugins/ml2/managers.py:836}}
Jun 02 13:57:05.631163 dv-cinder-826510-6-smb neutron-server[116256]: DEBUG neutron.plugins.ml2.drivers.mech_agent [req-366fea4f-28fa-4d12-8019-515122eab681 req-f43bcf8c-35ea-4bd2-9c91-d16ca2de6121 service neutron] Attempting to bind port 1c7f5faf-8ca7-44fd-b6ef-07929c5842b8 on network afec834f-0231-4e83-9ba7-03491d80c2a5 {{(pid=116256) bind_port /opt/stack/neutron/neutron/plugins/ml2/drivers/mech_agent.py:91}}
Jun 02 13:57:05.649127 dv-cinder-826510-6-smb neutron-server[116256]: DEBUG neutron.plugins.ml2.drivers.mech_agent [req-366fea4f-28fa-4d12-8019-515122eab681 req-f43bcf8c-35ea-4bd2-9c91-d16ca2de6121 service neutron] Port 1c7f5faf-8ca7-44fd-b6ef-07929c5842b8 on network afec834f-0231-4e83-9ba7-03491d80c2a5 not bound, no agent of type Open vSwitch agent registered on host hv-cinder-82651 {{(pid=116256) bind_port /opt/stack/neutron/neutron/plugins/ml2/drivers/mech_agent.py:103}}
Jun 02 13:57:05.649445 dv-cinder-826510-6-smb neutron-server[116256]: DEBUG neutron.plugins.ml2.drivers.mech_agent [req-366fea4f-28fa-4d12-8019-515122eab681 req-f43bcf8c-35ea-4bd2-9c91-d16ca2de6121 service neutron] Attempting to bind port 1c7f5faf-8ca7-44fd-b6ef-07929c5842b8 on network afec834f-0231-4e83-9ba7-03491d80c2a5 {{(pid=116256) bind_port /opt/stack/neutron/neutron/plugins/ml2/drivers/mech_agent.py:91}}
Jun 02 13:57:05.687432 dv-cinder-826510-6-smb neutron-server[116256]: DEBUG neutron.plugins.ml2.drivers.mech_agent [req-366fea4f-28fa-4d12-8019-515122eab681 req-f43bcf8c-35ea-4bd2-9c91-d16ca2de6121 service neutron] Checking agent: {'id': 'd70632ce-3fe6-45ca-b5b2-2df7368d13af', 'agent_type': 'HyperV agent', 'binary': 'neutron-hyperv-agent', 'topic': 'N/A', 'host': 'hv-cinder-82651', 'admin_state_up': True, 'created_at': datetime.datetime(2022, 6, 2, 13, 54, 34), 'started_at': datetime.datetime(2022, 6, 2, 13, 54, 34), 'heartbeat_timestamp': datetime.datetime(2022, 6, 2, 13, 57, 4), 'description': None, 'resources_synced': None, 'availability_zone': None, 'alive': True, 'configurations': {'vswitch_mappings': {'physnet1$': 'br-data'}}, 'resource_versions': {}} {{(pid=116256) bind_port /opt/stack/neutron/neutron/plugins/ml2/drivers/mech_agent.py:110}}
Jun 02 13:57:05.691430 dv-cinder-826510-6-smb neutron-server[116256]: DEBUG neutron.plugins.ml2.drivers.mech_agent [req-366fea4f-28fa-4d12-8019-515122eab681 req-f43bcf8c-35ea-4bd2-9c91-d16ca2de6121 service neutron] Checking segment: {'id': '516f8bd5-f858-4d7e-9fc6-456b3dee7def', 'network_type': 'vlan', 'physical_network': 'physnet1', 'segmentation_id': 406, 'network_id': 'afec834f-0231-4e83-9ba7-03491d80c2a5'} for mappings: {'physnet1$': 'br-data'} with network types: ['local', 'flat', 'vlan'] {{(pid=116256) check_segment_for_agent /opt/stack/neutron/neutron/plugins/ml2/drivers/mech_agent.py:373}}
Jun 02 13:57:05.691430 dv-cinder-826510-6-smb neutron-server[116256]: DEBUG neutron.plugins.ml2.drivers.mech_agent [req-366fea4f-28fa-4d12-8019-515122eab681 req-f43bcf8c-35ea-4bd2-9c91-d16ca2de6121 service neutron] Bound using segment: {'id': '516f8bd5-f858-4d7e-9fc6-456b3dee7def', 'network_type': 'vlan', 'physical_network': 'physnet1', 'segmentation_id': 406, 'network_id': 'afec834f-0231-4e83-9ba7-03491d80c2a5'} {{(pid=116256) bind_port /opt/stack/neutron/neutron/plugins/ml2/drivers/mech_agent.py:120}}
Jun 02 13:57:05.691430 dv-cinder-826510-6-smb neutron-server[116256]: DEBUG neutron.plugins.ml2.managers [req-366fea4f-28fa-4d12-8019-515122eab681 req-f43bcf8c-35ea-4bd2-9c91-d16ca2de6121 service neutron] Bound port: 1c7f5faf-8ca7-44fd-b6ef-07929c5842b8, host: hv-cinder-82651, vif_type: hyperv, vif_details: {"connectivity": "legacy", "port_filter": false}, binding_levels: [{'bound_driver': 'hyperv', 'bound_segment': {'id': '516f8bd5-f858-4d7e-9fc6-456b3dee7def', 'network_type': 'vlan', 'physical_network': 'physnet1', 'segmentation_id': 406, 'network_id': 'afec834f-0231-4e83-9ba7-03491d80c2a5'}}] {{(pid=116256) _bind_port_level /opt/stack/neutron/neutron/plugins/ml2/managers.py:948}}
Jun 02 13:57:05.691430 dv-cinder-826510-6-smb neutron-server[116256]: DEBUG neutron_lib.callbacks.manager [req-366fea4f-28fa-4d12-8019-515122eab681 req-f43bcf8c-35ea-4bd2-9c91-d16ca2de6121 service neutron] Publish callbacks ['neutron.plugins.ml2.plugin.SecurityGroupDbMixin._ensure_default_security_group_handler-536208370'] for port (1c7f5faf-8ca7-44fd-b6ef-07929c5842b8), before_update {{(pid=116256) _notify_loop /usr/local/lib/python3.8/dist-packages/neutron_lib/callbacks/manager.py:176}}
Jun 02 13:57:05.731953 dv-cinder-826510-6-smb neutron-server[116257]: DEBUG neutron.pecan_wsgi.hooks.policy_enforcement [req-111055da-c000-4cf8-9450-583ade483f11 req-29cdffba-2b85-4c55-9dda-66a3a0f7b132 service neutron] Attributes excluded by policy engine: ['standard_attr_id', 'shared'] {{(pid=116257) _exclude_attributes_by_policy /opt/stack/neutron/neutron/pecan_wsgi/hooks/policy_enforcement.py:259}}
Jun 02 13:57:05.734979 dv-cinder-826510-6-smb neutron-server[116257]: INFO neutron.wsgi [req-111055da-c000-4cf8-9450-583ade483f11 req-29cdffba-2b85-4c55-9dda-66a3a0f7b132 service neutron] 10.222.0.58 "GET /v2.0/subnets?id=4b9792df-8635-4159-b098-1474f1be0398 HTTP/1.1" status: 200 len: 852 time: 0.2650201
Jun 02 13:57:05.881568 dv-cinder-826510-6-smb neutron-server[116256]: DEBUG neutron.plugins.ml2.db [req-366fea4f-28fa-4d12-8019-515122eab681 req-f43bcf8c-35ea-4bd2-9c91-d16ca2de6121 service neutron] For port 1c7f5faf-8ca7-44fd-b6ef-07929c5842b8, host hv-cinder-82651, cleared binding levels {{(pid=116256) clear_binding_levels /opt/stack/neutron/neutron/plugins/ml2/db.py:87}}
Jun 02 13:57:05.895727 dv-cinder-826510-6-smb neutron-server[116256]: DEBUG neutron.plugins.ml2.db [req-366fea4f-28fa-4d12-8019-515122eab681 req-f43bcf8c-35ea-4bd2-9c91-d16ca2de6121 service neutron] For port 1c7f5faf-8ca7-44fd-b6ef-07929c5842b8, host hv-cinder-82651, set binding levels [PortBindingLevel(driver='hyperv',host='hv-cinder-82651',level=0,port_id=1c7f5faf-8ca7-44fd-b6ef-07929c5842b8,segment=NetworkSegment(516f8bd5-f858-4d7e-9fc6-456b3dee7def),segment_id=516f8bd5-f858-4d7e-9fc6-456b3dee7def)] {{(pid=116256) set_binding_levels /opt/stack/neutron/neutron/plugins/ml2/db.py:59}}
Jun 02 13:57:05.968397 dv-cinder-826510-6-smb neutron-server[116256]: DEBUG neutron.wsgi [-] (116256) accepted ('10.222.0.58', 53686) {{(pid=116256) server /usr/local/lib/python3.8/dist-packages/eventlet/wsgi.py:1004}}
Jun 02 13:57:06.002522 dv-cinder-826510-6-smb neutron-server[116260]: DEBUG dbcounter [-] [116260] Writing DB stats neutron:SELECT=18 {{(pid=116260) stat_writer /usr/local/lib/python3.8/dist-packages/dbcounter.py:114}}
Jun 02 13:57:06.008286 dv-cinder-826510-6-smb neutron-server[116257]: INFO neutron.wsgi [req-111055da-c000-4cf8-9450-583ade483f11 req-ef680dc4-27f8-49ce-8dc8-f27f9b42fc36 service neutron] 10.222.0.58 "GET /v2.0/ports?network_id=083702c9-fcf5-4824-b822-a2a77fc3085a&device_owner=network%3Adhcp HTTP/1.1" status: 200 len: 210 time: 0.0625322
Jun 02 13:57:06.139407 dv-cinder-826510-6-smb neutron-server[116256]: DEBUG neutron_lib.callbacks.manager [req-366fea4f-28fa-4d12-8019-515122eab681 req-f43bcf8c-35ea-4bd2-9c91-d16ca2de6121 service neutron] Publish callbacks ['neutron.plugins.ml2.plugin.SecurityGroupServerNotifierRpcMixin._notify_sg_on_port_change-536208181', 'neutron.plugins.ml2.ovo_rpc._ObjectChangeHandler.handle_event-109312', 'neutron.api.rpc.agentnotifiers.dhcp_rpc_agent_api.DhcpAgentNotifyAPI._native_event_send_dhcp_notification-582730', 'neutron.db.l3_db.L3RpcNotifierMixin._notify_gateway_port_ip_changed-8793139806428', 'neutron.db.l3_dvrscheduler_db._notify_l3_agent_port_update-8793139272735', 'neutron.db.l3_hascheduler_db._notify_l3_agent_ha_port_update-8793139272753'] for port (1c7f5faf-8ca7-44fd-b6ef-07929c5842b8), after_update {{(pid=116256) _notify_loop /usr/local/lib/python3.8/dist-packages/neutron_lib/callbacks/manager.py:176}}
Jun 02 13:57:06.211579 dv-cinder-826510-6-smb neutron-server[116257]: DEBUG neutron.wsgi [-] (116257) accepted ('10.222.0.58', 53687) {{(pid=116257) server /usr/local/lib/python3.8/dist-packages/eventlet/wsgi.py:1004}}
Jun 02 13:57:06.333503 dv-cinder-826510-6-smb neutron-server[116256]: DEBUG neutron.pecan_wsgi.hooks.policy_enforcement [req-366fea4f-28fa-4d12-8019-515122eab681 req-f43bcf8c-35ea-4bd2-9c91-d16ca2de6121 service neutron] Attributes excluded by policy engine: ['standard_attr_id'] {{(pid=116256) _exclude_attributes_by_policy /opt/stack/neutron/neutron/pecan_wsgi/hooks/policy_enforcement.py:259}}
Jun 02 13:57:06.334165 dv-cinder-826510-6-smb neutron-server[116256]: DEBUG neutron_lib.callbacks.manager [req-366fea4f-28fa-4d12-8019-515122eab681 req-f43bcf8c-35ea-4bd2-9c91-d16ca2de6121 service neutron] Publish callbacks ['neutron.notifiers.nova.Notifier._send_nova_notification-75647', 'neutron.api.rpc.agentnotifiers.dhcp_rpc_agent_api.DhcpAgentNotifyAPI._send_dhcp_notification-582776'] for port (None), before_response {{(pid=116256) _notify_loop /usr/local/lib/python3.8/dist-packages/neutron_lib/callbacks/manager.py:176}}
Jun 02 13:57:06.335821 dv-cinder-826510-6-smb neutron-server[116256]: INFO neutron.wsgi [req-366fea4f-28fa-4d12-8019-515122eab681 req-f43bcf8c-35ea-4bd2-9c91-d16ca2de6121 service neutron] 10.222.0.58 "PUT /v2.0/ports/1c7f5faf-8ca7-44fd-b6ef-07929c5842b8 HTTP/1.1" status: 200 len: 1093 time: 1.9375639
Jun 02 13:57:06.343327 dv-cinder-826510-6-smb neutron-server[116256]: DEBUG neutron.notifiers.nova [-] Sending events: [{'name': 'network-changed', 'server_uuid': '961faae5-bcc6-45af-babc-82692f185cf7', 'tag': '1c7f5faf-8ca7-44fd-b6ef-07929c5842b8'}] {{(pid=116256) send_events /opt/stack/neutron/neutron/notifiers/nova.py:271}}
Jun 02 13:57:06.384779 dv-cinder-826510-6-smb neutron-server[116257]: INFO neutron.wsgi [req-111055da-c000-4cf8-9450-583ade483f11 req-b3fcfa9d-e0fd-4683-ba4a-5863c7894377 service neutron] 10.222.0.58 "GET /v2.0/networks/083702c9-fcf5-4824-b822-a2a77fc3085a?fields=segments HTTP/1.1" status: 200 len: 212 time: 0.2830117
Jun 02 13:57:06.402742 dv-cinder-826510-6-smb neutron-server[116257]: DEBUG dbcounter [-] [116257] Writing DB stats neutron:SELECT=100 {{(pid=116257) stat_writer /usr/local/lib/python3.8/dist-packages/dbcounter.py:114}}
Jun 02 13:57:06.440811 dv-cinder-826510-6-smb neutron-server[116256]: DEBUG neutron.pecan_wsgi.hooks.policy_enforcement [req-b36168a8-cffd-488b-bca3-b7b16b5a6b4c req-2bf618c8-71a3-40cf-b1e4-1f4028bfa3d1 tempest-DeleteServersTestJSON-33148188 tempest-DeleteServersTestJSON-33148188-project] Attributes excluded by policy engine: ['standard_attr_id', 'binding:profile', 'binding:host_id', 'binding:vif_type', 'binding:vif_details'] {{(pid=116256) _exclude_attributes_by_policy /opt/stack/neutron/neutron/pecan_wsgi/hooks/policy_enforcement.py:259}}
Jun 02 13:57:06.448175 dv-cinder-826510-6-smb neutron-server[116256]: INFO neutron.wsgi [req-b36168a8-cffd-488b-bca3-b7b16b5a6b4c req-2bf618c8-71a3-40cf-b1e4-1f4028bfa3d1 tempest-DeleteServersTestJSON-33148188 tempest-DeleteServersTestJSON-33148188-project] 10.222.0.39 "GET /v2.0/ports?device_id=3bd51ea6-cf8a-489c-9990-bf9a57c66d58 HTTP/1.1" status: 200 len: 944 time: 0.4592772
Jun 02 13:57:06.490149 dv-cinder-826510-6-smb neutron-server[116256]: INFO neutron.wsgi [req-eacd52e5-cf5b-408b-b360-d9b2bf291dd4 req-f287bf29-b855-492d-850c-baa9490c0cb8 tempest-ServerRescueNegativeTestJSON-1891541621 tempest-ServerRescueNegativeTestJSON-1891541621-project] 10.222.0.39 "GET /v2.0/ports?device_id=e5ed1647-cdc2-4c84-9c0c-fb3de473f726 HTTP/1.1" status: 200 len: 210 time: 0.2511790
Jun 02 13:57:06.582543 dv-cinder-826510-6-smb neutron-server[116257]: DEBUG neutron.pecan_wsgi.hooks.policy_enforcement [req-8efa695b-2b3a-42c4-8328-5c21f12d93b1 req-262822db-8d3c-4c2d-ad84-92fc02e5d536 tempest-AttachVolumeShelveTestJSON-52289666 tempest-AttachVolumeShelveTestJSON-52289666-project] Attributes excluded by policy engine: ['standard_attr_id', 'vlan_transparent', 'provider:network_type', 'provider:physical_network', 'provider:segmentation_id'] {{(pid=116257) _exclude_attributes_by_policy /opt/stack/neutron/neutron/pecan_wsgi/hooks/policy_enforcement.py:259}}
Jun 02 13:57:06.591353 dv-cinder-826510-6-smb neutron-server[116257]: INFO neutron.wsgi [req-8efa695b-2b3a-42c4-8328-5c21f12d93b1 req-262822db-8d3c-4c2d-ad84-92fc02e5d536 tempest-AttachVolumeShelveTestJSON-52289666 tempest-AttachVolumeShelveTestJSON-52289666-project] 10.222.0.58 "GET /v2.0/networks?id=9edcfe16-1bda-495e-89ef-db12dbab194f HTTP/1.1" status: 200 len: 816 time: 0.3669860
Jun 02 13:57:06.805633 dv-cinder-826510-6-smb neutron-server[116256]: DEBUG neutron.api.rpc.handlers.resources_rpc [None req-f43bcf8c-35ea-4bd2-9c91-d16ca2de6121 service neutron] Pushing event updated for resources: {'Port': ['ID=1c7f5faf-8ca7-44fd-b6ef-07929c5842b8,revision_number=3']} {{(pid=116256) push /opt/stack/neutron/neutron/api/rpc/handlers/resources_rpc.py:237}}
Jun 02 13:57:06.902371 dv-cinder-826510-6-smb neutron-server[116256]: DEBUG novaclient.v2.client [-] REQ: curl -g -i --cacert "/opt/stack/data/ca-bundle.pem" -X POST http://10.222.0.39/compute/v2.1/os-server-external-events -H "Accept: application/json" -H "Content-Type: application/json" -H "User-Agent: python-novaclient" -H "X-Auth-Token: {SHA256}09e17cfff5c959280f05d25ee071b47e805a2c03fc11638dc8ba292f4d109876" -H "X-OpenStack-Nova-API-Version: 2.1" -H "X-OpenStack-Request-ID: req-a5781fb0-e49e-42a3-bffa-fc1768247fe7" -d '{"events": [{"name": "network-changed", "server_uuid": "961faae5-bcc6-45af-babc-82692f185cf7", "tag": "1c7f5faf-8ca7-44fd-b6ef-07929c5842b8"}]}' {{(pid=116256) _http_log_request /usr/local/lib/python3.8/dist-packages/keystoneauth1/session.py:519}}
Jun 02 13:57:07.144771 dv-cinder-826510-6-smb neutron-server[116257]: INFO neutron.wsgi [req-8efa695b-2b3a-42c4-8328-5c21f12d93b1 req-a88196ef-8065-4b10-bfc0-9a29e1da51c8 tempest-AttachVolumeShelveTestJSON-52289666 tempest-AttachVolumeShelveTestJSON-52289666-project] 10.222.0.58 "GET /v2.0/security-groups?fields=id&fields=name&tenant_id=32f862664b384d49a489ecaf52844577 HTTP/1.1" status: 200 len: 379 time: 0.5002949
Jun 02 13:57:07.168560 dv-cinder-826510-6-smb neutron-server[116257]: INFO neutron.wsgi [req-111055da-c000-4cf8-9450-583ade483f11 req-74a2b0c8-ac0f-4a7b-9755-f59b9725c9b7 service neutron] 10.222.0.58 "GET /v2.0/networks/083702c9-fcf5-4824-b822-a2a77fc3085a?fields=provider%3Aphysical_network&fields=provider%3Anetwork_type HTTP/1.1" status: 200 len: 281 time: 0.7756336
Jun 02 13:57:07.287109 dv-cinder-826510-6-smb neutron-server[116256]: INFO neutron.wsgi [req-b36168a8-cffd-488b-bca3-b7b16b5a6b4c req-85251261-ce40-48cc-bbfd-da5eb08940eb tempest-DeleteServersTestJSON-33148188 tempest-DeleteServersTestJSON-33148188-project] 10.222.0.39 "GET /v2.0/security-groups?id=b2126b1d-8047-421e-8dea-d16fbba8cf30&fields=id&fields=name HTTP/1.1" status: 200 len: 286 time: 0.8134961
Jun 02 13:57:07.345393 dv-cinder-826510-6-smb neutron-server[116256]: INFO neutron.wsgi [req-79b5eb2b-28f4-4e5a-9668-d5ec04fd0edd req-c68171b1-a661-44de-bef9-f116c7577e66 tempest-AttachVolumeShelveTestJSON-52289666 tempest-AttachVolumeShelveTestJSON-52289666-project] 10.222.0.39 "GET /v2.0/ports?device_id=39954022-1199-443e-9a1f-39aa860dc9a8 HTTP/1.1" status: 200 len: 210 time: 0.5228496
Jun 02 13:57:07.359090 dv-cinder-826510-6-smb neutron-server[116256]: DEBUG dbcounter [-] [116256] Writing DB stats neutron:SELECT=90,neutron:INSERT=6,neutron:UPDATE=4 {{(pid=116256) stat_writer /usr/local/lib/python3.8/dist-packages/dbcounter.py:114}}
Jun 02 13:57:07.434684 dv-cinder-826510-6-smb neutron-server[116256]: DEBUG neutron.pecan_wsgi.hooks.policy_enforcement [req-6a16a65d-04b7-4ff1-b6ff-d298ac83e0a9 req-659aac54-3858-4df1-b211-5ee058c7993c tempest-ServerRescueNegativeTestJSON-1891541621 tempest-ServerRescueNegativeTestJSON-1891541621-project] Attributes excluded by policy engine: ['standard_attr_id', 'vlan_transparent', 'provider:network_type', 'provider:physical_network', 'provider:segmentation_id'] {{(pid=116256) _exclude_attributes_by_policy /opt/stack/neutron/neutron/pecan_wsgi/hooks/policy_enforcement.py:259}}
Jun 02 13:57:07.443514 dv-cinder-826510-6-smb neutron-server[116256]: INFO neutron.wsgi [req-6a16a65d-04b7-4ff1-b6ff-d298ac83e0a9 req-659aac54-3858-4df1-b211-5ee058c7993c tempest-ServerRescueNegativeTestJSON-1891541621 tempest-ServerRescueNegativeTestJSON-1891541621-project] 10.222.0.58 "GET /v2.0/networks?id=afec834f-0231-4e83-9ba7-03491d80c2a5 HTTP/1.1" status: 200 len: 818 time: 1.3387842
Jun 02 13:57:07.458779 dv-cinder-826510-6-smb neutron-server[116256]: DEBUG neutron.pecan_wsgi.hooks.policy_enforcement [req-366fea4f-28fa-4d12-8019-515122eab681 req-d51dea9a-e571-4e6d-a615-59e4242ed7f3 service neutron] Attributes excluded by policy engine: ['standard_attr_id'] {{(pid=116256) _exclude_attributes_by_policy /opt/stack/neutron/neutron/pecan_wsgi/hooks/policy_enforcement.py:259}}
Jun 02 13:57:07.466882 dv-cinder-826510-6-smb neutron-server[116256]: INFO neutron.wsgi [req-366fea4f-28fa-4d12-8019-515122eab681 req-d51dea9a-e571-4e6d-a615-59e4242ed7f3 service neutron] 10.222.0.58 "GET /v2.0/ports?tenant_id=d3e081cce4504edaa2ab083c5f2a82d4&device_id=961faae5-bcc6-45af-babc-82692f185cf7 HTTP/1.1" status: 200 len: 1127 time: 0.8452196
Jun 02 13:57:07.732972 dv-cinder-826510-6-smb neutron-server[116257]: DEBUG neutron.api.v2.base [req-8efa695b-2b3a-42c4-8328-5c21f12d93b1 req-c8012541-54cc-4352-a7e2-ce41e9aadf51 tempest-AttachVolumeShelveTestJSON-52289666 tempest-AttachVolumeShelveTestJSON-52289666-project] Request body: {'port': {'device_id': '39954022-1199-443e-9a1f-39aa860dc9a8', 'network_id': '9edcfe16-1bda-495e-89ef-db12dbab194f', 'admin_state_up': True, 'tenant_id': '32f862664b384d49a489ecaf52844577', 'security_groups': ['bc69f299-0de2-42ab-ac29-6cab13622f29']}} {{(pid=116257) prepare_request_body /opt/stack/neutron/neutron/api/v2/base.py:730}}
Jun 02 13:57:07.796139 dv-cinder-826510-6-smb neutron-server[116256]: INFO neutron.wsgi [req-c672385b-776e-45a4-8edf-006a051d8ea8 req-ee6ec827-5076-4ab9-8bb3-413fc15abd6b tempest-ServerRescueNegativeTestJSON-1891541621 tempest-ServerRescueNegativeTestJSON-1891541621-project] 10.222.0.39 "GET /v2.0/ports?device_id=e5ed1647-cdc2-4c84-9c0c-fb3de473f726 HTTP/1.1" status: 200 len: 210 time: 0.0805328
Jun 02 13:57:07.800223 dv-cinder-826510-6-smb neutron-server[116256]: DEBUG novaclient.v2.client [-] RESP: [200] Connection: close Content-Length: 179 Content-Type: application/json Date: Thu, 02 Jun 2022 13:57:06 GMT OpenStack-API-Version: compute 2.1 Server: Apache/2.4.41 (Ubuntu) Vary: OpenStack-API-Version,X-OpenStack-Nova-API-Version X-OpenStack-Nova-API-Version: 2.1 x-compute-request-id: req-b42e4888-23fd-4044-bb1c-88dbc798bb2f x-openstack-request-id: req-b42e4888-23fd-4044-bb1c-88dbc798bb2f {{(pid=116256) _http_log_response /usr/local/lib/python3.8/dist-packages/keystoneauth1/session.py:550}}
Jun 02 13:57:07.800763 dv-cinder-826510-6-smb neutron-server[116256]: DEBUG novaclient.v2.client [-] RESP BODY: {"events": [{"name": "network-changed", "server_uuid": "961faae5-bcc6-45af-babc-82692f185cf7", "tag": "1c7f5faf-8ca7-44fd-b6ef-07929c5842b8", "status": "completed", "code": 200}]} {{(pid=116256) _http_log_response /usr/local/lib/python3.8/dist-packages/keystoneauth1/session.py:582}}
Jun 02 13:57:07.801218 dv-cinder-826510-6-smb neutron-server[116256]: DEBUG novaclient.v2.client [-] POST call to compute for http://10.222.0.39/compute/v2.1/os-server-external-events used request id req-b42e4888-23fd-4044-bb1c-88dbc798bb2f {{(pid=116256) request /usr/local/lib/python3.8/dist-packages/keystoneauth1/session.py:954}}
Jun 02 13:57:07.801883 dv-cinder-826510-6-smb neutron-server[116256]: INFO neutron.notifiers.nova [-] Nova event matching ['req-b42e4888-23fd-4044-bb1c-88dbc798bb2f'] response: {'name': 'network-changed', 'server_uuid': '961faae5-bcc6-45af-babc-82692f185cf7', 'tag': '1c7f5faf-8ca7-44fd-b6ef-07929c5842b8', 'status': 'completed', 'code': 200}
Jun 02 13:57:07.813424 dv-cinder-826510-6-smb neutron-server[116256]: DEBUG neutron.api.v2.base [req-6a16a65d-04b7-4ff1-b6ff-d298ac83e0a9 req-06f99d25-4c3f-476f-a78b-706eb5837977 tempest-ServerRescueNegativeTestJSON-1891541621 tempest-ServerRescueNegativeTestJSON-1891541621-project] Request body: {'port': {'device_id': 'e5ed1647-cdc2-4c84-9c0c-fb3de473f726', 'network_id': 'afec834f-0231-4e83-9ba7-03491d80c2a5', 'admin_state_up': True, 'tenant_id': 'd3e081cce4504edaa2ab083c5f2a82d4'}} {{(pid=116256) prepare_request_body /opt/stack/neutron/neutron/api/v2/base.py:730}}
Jun 02 13:57:07.904524 dv-cinder-826510-6-smb neutron-server[116256]: DEBUG dbcounter [-] [116256] Writing DB stats neutron:INSERT=3,neutron:SELECT=95,neutron:DELETE=2 {{(pid=116256) stat_writer /usr/local/lib/python3.8/dist-packages/dbcounter.py:114}}
Jun 02 13:57:07.930376 dv-cinder-826510-6-smb neutron-server[116256]: INFO neutron.wsgi [req-366fea4f-28fa-4d12-8019-515122eab681 req-006da876-9850-4282-8de0-24db23c4e5cb service neutron] 10.222.0.58 "GET /v2.0/floatingips?fixed_ip_address=172.20.0.5&port_id=1c7f5faf-8ca7-44fd-b6ef-07929c5842b8 HTTP/1.1" status: 200 len: 217 time: 0.1325345
Jun 02 13:57:08.152140 dv-cinder-826510-6-smb neutron-server[116257]: DEBUG neutron.pecan_wsgi.hooks.quota_enforcement [req-8efa695b-2b3a-42c4-8328-5c21f12d93b1 req-c8012541-54cc-4352-a7e2-ce41e9aadf51 tempest-AttachVolumeShelveTestJSON-52289666 tempest-AttachVolumeShelveTestJSON-52289666-project] Made reservation on behalf of 32f862664b384d49a489ecaf52844577 for: {'port': 1} {{(pid=116257) before /opt/stack/neutron/neutron/pecan_wsgi/hooks/quota_enforcement.py:53}}
Jun 02 13:57:08.156517 dv-cinder-826510-6-smb neutron-server[116257]: DEBUG neutron_lib.callbacks.manager [req-8efa695b-2b3a-42c4-8328-5c21f12d93b1 req-c8012541-54cc-4352-a7e2-ce41e9aadf51 tempest-AttachVolumeShelveTestJSON-52289666 tempest-AttachVolumeShelveTestJSON-52289666-project] Publish callbacks ['neutron.plugins.ml2.plugin.SecurityGroupDbMixin._ensure_default_security_group_handler-536208370'] for port (None), before_create {{(pid=116257) _notify_loop /usr/local/lib/python3.8/dist-packages/neutron_lib/callbacks/manager.py:176}}
Jun 02 13:57:08.491360 dv-cinder-826510-6-smb neutron-server[116257]: DEBUG neutron.db.db_base_plugin_common [req-8efa695b-2b3a-42c4-8328-5c21f12d93b1 req-c8012541-54cc-4352-a7e2-ce41e9aadf51 tempest-AttachVolumeShelveTestJSON-52289666 tempest-AttachVolumeShelveTestJSON-52289666-project] Allocated IP 172.20.0.12 (9edcfe16-1bda-495e-89ef-db12dbab194f/7d67cf42-01ed-48bc-871a-26bdcd04bf39/256bcfbd-2441-468b-947e-a8333a18cb33) {{(pid=116257) _store_ip_allocation /opt/stack/neutron/neutron/db/db_base_plugin_common.py:131}}
Jun 02 13:57:08.491646 dv-cinder-826510-6-smb neutron-server[116256]: DEBUG neutron.pecan_wsgi.hooks.policy_enforcement [req-b73dc53d-055c-44df-ba46-279e8bb1d81d req-4403c8f3-1437-4a97-af20-1d7dbacdda89 tempest-DeleteServersTestJSON-33148188 tempest-DeleteServersTestJSON-33148188-project] Attributes excluded by policy engine: ['standard_attr_id', 'binding:profile', 'binding:host_id', 'binding:vif_type', 'binding:vif_details'] {{(pid=116256) _exclude_attributes_by_policy /opt/stack/neutron/neutron/pecan_wsgi/hooks/policy_enforcement.py:259}}
Jun 02 13:57:08.491646 dv-cinder-826510-6-smb neutron-server[116256]: INFO neutron.wsgi [req-b73dc53d-055c-44df-ba46-279e8bb1d81d req-4403c8f3-1437-4a97-af20-1d7dbacdda89 tempest-DeleteServersTestJSON-33148188 tempest-DeleteServersTestJSON-33148188-project] 10.222.0.39 "GET /v2.0/ports?device_id=3bd51ea6-cf8a-489c-9990-bf9a57c66d58 HTTP/1.1" status: 200 len: 944 time: 0.0819280
Jun 02 13:57:08.492353 dv-cinder-826510-6-smb neutron-server[116257]: DEBUG neutron_lib.callbacks.manager [req-8efa695b-2b3a-42c4-8328-5c21f12d93b1 req-c8012541-54cc-4352-a7e2-ce41e9aadf51 tempest-AttachVolumeShelveTestJSON-52289666 tempest-AttachVolumeShelveTestJSON-52289666-project] Publish callbacks [] for port (256bcfbd-2441-468b-947e-a8333a18cb33), precommit_create {{(pid=116257) _notify_loop /usr/local/lib/python3.8/dist-packages/neutron_lib/callbacks/manager.py:176}}
Jun 02 13:57:08.492353 dv-cinder-826510-6-smb neutron-server[116257]: DEBUG dbcounter [-] [116257] Writing DB stats neutron:SELECT=93,neutron:INSERT=5,neutron:UPDATE=2 {{(pid=116257) stat_writer /usr/local/lib/python3.8/dist-packages/dbcounter.py:114}}
Jun 02 13:57:08.508479 dv-cinder-826510-6-smb neutron-server[116256]: DEBUG neutron.pecan_wsgi.hooks.quota_enforcement [req-6a16a65d-04b7-4ff1-b6ff-d298ac83e0a9 req-06f99d25-4c3f-476f-a78b-706eb5837977 tempest-ServerRescueNegativeTestJSON-1891541621 tempest-ServerRescueNegativeTestJSON-1891541621-project] Made reservation on behalf of d3e081cce4504edaa2ab083c5f2a82d4 for: {'port': 1} {{(pid=116256) before /opt/stack/neutron/neutron/pecan_wsgi/hooks/quota_enforcement.py:53}}
Jun 02 13:57:08.511800 dv-cinder-826510-6-smb neutron-server[116256]: DEBUG neutron_lib.callbacks.manager [req-6a16a65d-04b7-4ff1-b6ff-d298ac83e0a9 req-06f99d25-4c3f-476f-a78b-706eb5837977 tempest-ServerRescueNegativeTestJSON-1891541621 tempest-ServerRescueNegativeTestJSON-1891541621-project] Publish callbacks ['neutron.plugins.ml2.plugin.SecurityGroupDbMixin._ensure_default_security_group_handler-536208370'] for port (None), before_create {{(pid=116256) _notify_loop /usr/local/lib/python3.8/dist-packages/neutron_lib/callbacks/manager.py:176}}
Jun 02 13:57:08.518029 dv-cinder-826510-6-smb neutron-server[116256]: INFO neutron.wsgi [req-048e3c7e-49de-4758-b40b-dc49630904b0 req-88fb6a5f-35ec-4d67-ab5b-b9a3aa811bd4 tempest-AttachVolumeShelveTestJSON-52289666 tempest-AttachVolumeShelveTestJSON-52289666-project] 10.222.0.39 "GET /v2.0/ports?device_id=39954022-1199-443e-9a1f-39aa860dc9a8 HTTP/1.1" status: 200 len: 210 time: 0.0580585
Jun 02 13:57:08.543201 dv-cinder-826510-6-smb neutron-server[116256]: INFO neutron.wsgi [req-b73dc53d-055c-44df-ba46-279e8bb1d81d req-f568989f-c2c4-44db-a140-4ebac742bf51 tempest-DeleteServersTestJSON-33148188 tempest-DeleteServersTestJSON-33148188-project] 10.222.0.39 "GET /v2.0/security-groups?id=b2126b1d-8047-421e-8dea-d16fbba8cf30&fields=id&fields=name HTTP/1.1" status: 200 len: 286 time: 0.0920053
Jun 02 13:57:08.640677 dv-cinder-826510-6-smb neutron-server[116257]: DEBUG neutron_lib.callbacks.manager [req-8efa695b-2b3a-42c4-8328-5c21f12d93b1 req-c8012541-54cc-4352-a7e2-ce41e9aadf51 tempest-AttachVolumeShelveTestJSON-52289666 tempest-AttachVolumeShelveTestJSON-52289666-project] Publish callbacks ['neutron.plugins.ml2.plugin.SecurityGroupServerNotifierRpcMixin._notify_sg_on_port_change-536208181', 'neutron.plugins.ml2.ovo_rpc._ObjectChangeHandler.handle_event-109312', 'neutron.api.rpc.agentnotifiers.dhcp_rpc_agent_api.DhcpAgentNotifyAPI._native_event_send_dhcp_notification-582730', 'neutron.db.l3_dvrscheduler_db._notify_l3_agent_new_port-8793139272717'] for port (256bcfbd-2441-468b-947e-a8333a18cb33), after_create {{(pid=116257) _notify_loop /usr/local/lib/python3.8/dist-packages/neutron_lib/callbacks/manager.py:176}}
Jun 02 13:57:08.658850 dv-cinder-826510-6-smb neutron-server[116256]: DEBUG neutron.db.db_base_plugin_common [req-6a16a65d-04b7-4ff1-b6ff-d298ac83e0a9 req-06f99d25-4c3f-476f-a78b-706eb5837977 tempest-ServerRescueNegativeTestJSON-1891541621 tempest-ServerRescueNegativeTestJSON-1891541621-project] Allocated IP 172.20.0.4 (afec834f-0231-4e83-9ba7-03491d80c2a5/faf9b79e-5711-40d7-9447-6269126d0287/dd20f8b3-365d-4bdb-884f-d952db2ac7e3) {{(pid=116256) _store_ip_allocation /opt/stack/neutron/neutron/db/db_base_plugin_common.py:131}}
Jun 02 13:57:08.680007 dv-cinder-826510-6-smb neutron-server[116257]: DEBUG neutron.scheduler.dhcp_agent_scheduler [req-8efa695b-2b3a-42c4-8328-5c21f12d93b1 req-c8012541-54cc-4352-a7e2-ce41e9aadf51 tempest-AttachVolumeShelveTestJSON-52289666 tempest-AttachVolumeShelveTestJSON-52289666-project] Network 9edcfe16-1bda-495e-89ef-db12dbab194f is already hosted by enough agents. {{(pid=116257) _get_dhcp_agents_hosting_network /opt/stack/neutron/neutron/scheduler/dhcp_agent_scheduler.py:275}}
Jun 02 13:57:08.683206 dv-cinder-826510-6-smb neutron-server[116257]: DEBUG neutron.scheduler.base_scheduler [req-8efa695b-2b3a-42c4-8328-5c21f12d93b1 req-c8012541-54cc-4352-a7e2-ce41e9aadf51 tempest-AttachVolumeShelveTestJSON-52289666 tempest-AttachVolumeShelveTestJSON-52289666-project] Resources bound (agent type, host, resource id): {{(pid=116257) schedule /opt/stack/neutron/neutron/scheduler/base_scheduler.py:57}}
Jun 02 13:57:08.687282 dv-cinder-826510-6-smb neutron-server[116257]: DEBUG neutron.db.l3_dvrscheduler_db [req-8efa695b-2b3a-42c4-8328-5c21f12d93b1 req-c8012541-54cc-4352-a7e2-ce41e9aadf51 tempest-AttachVolumeShelveTestJSON-52289666 tempest-AttachVolumeShelveTestJSON-52289666-project] Received port after_create {{(pid=116257) _notify_l3_agent_new_port /opt/stack/neutron/neutron/db/l3_dvrscheduler_db.py:542}}
Jun 02 13:57:08.692715 dv-cinder-826510-6-smb neutron-server[116257]: DEBUG neutron.pecan_wsgi.hooks.policy_enforcement [req-8efa695b-2b3a-42c4-8328-5c21f12d93b1 req-c8012541-54cc-4352-a7e2-ce41e9aadf51 tempest-AttachVolumeShelveTestJSON-52289666 tempest-AttachVolumeShelveTestJSON-52289666-project] Attributes excluded by policy engine: ['standard_attr_id', 'binding:profile', 'binding:host_id', 'binding:vif_type', 'binding:vif_details', 'network'] {{(pid=116257) _exclude_attributes_by_policy /opt/stack/neutron/neutron/pecan_wsgi/hooks/policy_enforcement.py:259}}
Jun 02 13:57:08.693393 dv-cinder-826510-6-smb neutron-server[116257]: DEBUG neutron_lib.callbacks.manager [req-8efa695b-2b3a-42c4-8328-5c21f12d93b1 req-c8012541-54cc-4352-a7e2-ce41e9aadf51 tempest-AttachVolumeShelveTestJSON-52289666 tempest-AttachVolumeShelveTestJSON-52289666-project] Publish callbacks ['neutron.notifiers.nova.Notifier._send_nova_notification-75647', 'neutron.api.rpc.agentnotifiers.dhcp_rpc_agent_api.DhcpAgentNotifyAPI._send_dhcp_notification-582776'] for port (None), before_response {{(pid=116257) _notify_loop /usr/local/lib/python3.8/dist-packages/neutron_lib/callbacks/manager.py:176}}
Jun 02 13:57:08.714373 dv-cinder-826510-6-smb neutron-server[116257]: DEBUG neutron.api.rpc.handlers.resources_rpc [None req-c8012541-54cc-4352-a7e2-ce41e9aadf51 tempest-AttachVolumeShelveTestJSON-52289666 tempest-AttachVolumeShelveTestJSON-52289666-project] Pushing event updated for resources: {'Port': ['ID=256bcfbd-2441-468b-947e-a8333a18cb33,revision_number=1']} {{(pid=116257) push /opt/stack/neutron/neutron/api/rpc/handlers/resources_rpc.py:237}}
Jun 02 13:57:08.833154 dv-cinder-826510-6-smb neutron-server[116257]: INFO neutron.wsgi [req-8efa695b-2b3a-42c4-8328-5c21f12d93b1 req-c8012541-54cc-4352-a7e2-ce41e9aadf51 tempest-AttachVolumeShelveTestJSON-52289666 tempest-AttachVolumeShelveTestJSON-52289666-project] 10.222.0.58 "POST /v2.0/ports HTTP/1.1" status: 201 len: 934 time: 1.1060035
Jun 02 13:57:08.839680 dv-cinder-826510-6-smb neutron-server[116256]: DEBUG neutron_lib.callbacks.manager [req-6a16a65d-04b7-4ff1-b6ff-d298ac83e0a9 req-06f99d25-4c3f-476f-a78b-706eb5837977 tempest-ServerRescueNegativeTestJSON-1891541621 tempest-ServerRescueNegativeTestJSON-1891541621-project] Publish callbacks [] for port (dd20f8b3-365d-4bdb-884f-d952db2ac7e3), precommit_create {{(pid=116256) _notify_loop /usr/local/lib/python3.8/dist-packages/neutron_lib/callbacks/manager.py:176}}
Jun 02 13:57:08.905685 dv-cinder-826510-6-smb neutron-server[116256]: INFO neutron.wsgi [req-88a979c2-f8d5-4052-a184-3b61fcafc783 req-8c021984-3ea0-4308-9d0d-886fbf905a4c tempest-ServerRescueNegativeTestJSON-1891541621 tempest-ServerRescueNegativeTestJSON-1891541621-project] 10.222.0.39 "GET /v2.0/ports?device_id=e5ed1647-cdc2-4c84-9c0c-fb3de473f726 HTTP/1.1" status: 200 len: 210 time: 0.0328109
