Apr 18 20:54:33.733025 dv-cinder-826510-5-iscsi devstack@c-api.service[117444]: [pid: 117444|app: 0|req: 97/189] 10.222.0.53 () {60 vars in 1275 bytes} [Mon Apr 18 20:54:33 2022] GET /volume/v3/64bbad692d664440bbde109cd9c432c1/volumes/detail => generated 994 bytes in 152 msecs (HTTP/1.1 200) 7 headers in 286 bytes (1 switches on core 0)
Apr 18 20:54:33.737072 dv-cinder-826510-5-iscsi devstack@c-api.service[117441]: DEBUG cinder.api.middleware.request_id [None req-22aa7ad7-5c90-4f8e-af4a-b50902f1cea9 None None] RequestId filter calling following filter/app {{(pid=117441) _context_setter /opt/stack/cinder/cinder/api/middleware/request_id.py:62}}
Apr 18 20:54:33.744571 dv-cinder-826510-5-iscsi devstack@c-api.service[117441]: INFO cinder.api.openstack.wsgi [None req-22aa7ad7-5c90-4f8e-af4a-b50902f1cea9 tempest-GroupsV314Test-1403377608 tempest-GroupsV314Test-1403377608-project] POST http://10.222.0.53/volume/v3/64bbad692d664440bbde109cd9c432c1/groups/897894b9-d8ee-44e3-a716-097f6628bd36/action
Apr 18 20:54:33.748812 dv-cinder-826510-5-iscsi devstack@c-api.service[117441]: DEBUG cinder.api.openstack.wsgi [None req-22aa7ad7-5c90-4f8e-af4a-b50902f1cea9 tempest-GroupsV314Test-1403377608 tempest-GroupsV314Test-1403377608-project] Action body: b'{"delete": {"delete-volumes": true}}' {{(pid=117441) get_method /opt/stack/cinder/cinder/api/openstack/wsgi.py:983}}
Apr 18 20:54:33.748812 dv-cinder-826510-5-iscsi devstack@c-api.service[117441]: DEBUG cinder.api.openstack.wsgi [None req-22aa7ad7-5c90-4f8e-af4a-b50902f1cea9 tempest-GroupsV314Test-1403377608 tempest-GroupsV314Test-1403377608-project] Action: 'action', calling method: delete_group, body: {"delete": {"delete-volumes": true}} {{(pid=117441) _process_stack /opt/stack/cinder/cinder/api/openstack/wsgi.py:866}}
Apr 18 20:54:33.748812 dv-cinder-826510-5-iscsi devstack@c-api.service[117441]: DEBUG cinder.api.v3.groups [None req-22aa7ad7-5c90-4f8e-af4a-b50902f1cea9 tempest-GroupsV314Test-1403377608 tempest-GroupsV314Test-1403377608-project] delete called for group 897894b9-d8ee-44e3-a716-097f6628bd36 {{(pid=117441) _delete /opt/stack/cinder/cinder/api/v3/groups.py:117}}
Apr 18 20:54:33.748812 dv-cinder-826510-5-iscsi devstack@c-api.service[117441]: INFO cinder.api.v3.groups [None req-22aa7ad7-5c90-4f8e-af4a-b50902f1cea9 tempest-GroupsV314Test-1403377608 tempest-GroupsV314Test-1403377608-project] Delete group with id: 897894b9-d8ee-44e3-a716-097f6628bd36
Apr 18 20:54:33.777657 dv-cinder-826510-5-iscsi devstack@c-api.service[117441]: /usr/local/lib/python3.8/dist-packages/oslo_context/context.py:100: DeprecationWarning: Policy enforcement is depending on the value of is_admin. This key is deprecated. Please update your policy file to use the standard policy values.
Apr 18 20:54:33.777657 dv-cinder-826510-5-iscsi devstack@c-api.service[117441]: warnings.warn('Policy enforcement is depending on the value of '
Apr 18 20:54:33.921633 dv-cinder-826510-5-iscsi devstack@c-api.service[117444]: DEBUG cinder.api.middleware.request_id [None req-25a01188-a195-4974-896b-00e843b4d255 None None] RequestId filter calling following filter/app {{(pid=117444) _context_setter /opt/stack/cinder/cinder/api/middleware/request_id.py:62}}
Apr 18 20:54:34.121621 dv-cinder-826510-5-iscsi devstack@c-api.service[117444]: INFO cinder.api.openstack.wsgi [None req-25a01188-a195-4974-896b-00e843b4d255 tempest-GroupTypeSpecsTest-1057209950 tempest-GroupTypeSpecsTest-1057209950-project-admin] POST http://10.222.0.53/volume/v3/4b11e672173946489c1f8265d67390f3/group_types
Apr 18 20:54:34.123617 dv-cinder-826510-5-iscsi devstack@c-api.service[117444]: DEBUG cinder.api.openstack.wsgi [None req-25a01188-a195-4974-896b-00e843b4d255 tempest-GroupTypeSpecsTest-1057209950 tempest-GroupTypeSpecsTest-1057209950-project-admin] Action: 'create', calling method: version_select, body: {"group_type": {"name": "tempest-GroupTypeSpecsTest-group-type-1142742341"}} {{(pid=117444) _process_stack /opt/stack/cinder/cinder/api/openstack/wsgi.py:866}}
Apr 18 20:54:34.145087 dv-cinder-826510-5-iscsi devstack@c-api.service[117441]: INFO cinder.api.openstack.wsgi [None req-22aa7ad7-5c90-4f8e-af4a-b50902f1cea9 tempest-GroupsV314Test-1403377608 tempest-GroupsV314Test-1403377608-project] http://10.222.0.53/volume/v3/64bbad692d664440bbde109cd9c432c1/groups/897894b9-d8ee-44e3-a716-097f6628bd36/action returned with HTTP 202
Apr 18 20:54:34.147225 dv-cinder-826510-5-iscsi devstack@c-api.service[117441]: [pid: 117441|app: 0|req: 93/190] 10.222.0.53 () {62 vars in 1404 bytes} [Mon Apr 18 20:54:33 2022] POST /volume/v3/64bbad692d664440bbde109cd9c432c1/groups/897894b9-d8ee-44e3-a716-097f6628bd36/action => generated 0 bytes in 413 msecs (HTTP/1.1 202) 6 headers in 234 bytes (1 switches on core 0)
Apr 18 20:54:34.150289 dv-cinder-826510-5-iscsi devstack@c-api.service[117441]: DEBUG cinder.api.middleware.request_id [None req-da097245-104b-4d3e-b5e9-b42ce9bc1026 None None] RequestId filter calling following filter/app {{(pid=117441) _context_setter /opt/stack/cinder/cinder/api/middleware/request_id.py:62}}
Apr 18 20:54:34.168332 dv-cinder-826510-5-iscsi devstack@c-api.service[117441]: INFO cinder.api.openstack.wsgi [None req-da097245-104b-4d3e-b5e9-b42ce9bc1026 tempest-DeleteServersTestJSON-702970561 tempest-DeleteServersTestJSON-702970561-project] GET http://10.222.0.53/volume/v3/e56e2636ff3a427abf91ca55f30d9ed3/volumes/db27b216-fa44-4fda-a847-c76453cd6c68
Apr 18 20:54:34.174647 dv-cinder-826510-5-iscsi devstack@c-api.service[117441]: DEBUG cinder.api.openstack.wsgi [None req-da097245-104b-4d3e-b5e9-b42ce9bc1026 tempest-DeleteServersTestJSON-702970561 tempest-DeleteServersTestJSON-702970561-project] Empty body provided in request {{(pid=117441) get_body /opt/stack/cinder/cinder/api/openstack/wsgi.py:715}}
Apr 18 20:54:34.174647 dv-cinder-826510-5-iscsi devstack@c-api.service[117441]: DEBUG cinder.api.openstack.wsgi [None req-da097245-104b-4d3e-b5e9-b42ce9bc1026 tempest-DeleteServersTestJSON-702970561 tempest-DeleteServersTestJSON-702970561-project] Calling method 'show' {{(pid=117441) _process_stack /opt/stack/cinder/cinder/api/openstack/wsgi.py:868}}
Apr 18 20:54:34.200319 dv-cinder-826510-5-iscsi devstack@c-api.service[117441]: /usr/local/lib/python3.8/dist-packages/oslo_context/context.py:100: DeprecationWarning: Policy enforcement is depending on the value of is_admin. This key is deprecated. Please update your policy file to use the standard policy values.
Apr 18 20:54:34.200319 dv-cinder-826510-5-iscsi devstack@c-api.service[117441]: warnings.warn('Policy enforcement is depending on the value of '
Apr 18 20:54:34.212607 dv-cinder-826510-5-iscsi devstack@c-api.service[117441]: INFO cinder.volume.api [None req-da097245-104b-4d3e-b5e9-b42ce9bc1026 tempest-DeleteServersTestJSON-702970561 tempest-DeleteServersTestJSON-702970561-project] Volume info retrieved successfully.
Apr 18 20:54:34.224317 dv-cinder-826510-5-iscsi devstack@c-api.service[117441]: INFO cinder.api.openstack.wsgi [None req-da097245-104b-4d3e-b5e9-b42ce9bc1026 tempest-DeleteServersTestJSON-702970561 tempest-DeleteServersTestJSON-702970561-project] http://10.222.0.53/volume/v3/e56e2636ff3a427abf91ca55f30d9ed3/volumes/db27b216-fa44-4fda-a847-c76453cd6c68 returned with HTTP 200
Apr 18 20:54:34.225369 dv-cinder-826510-5-iscsi devstack@c-api.service[117441]: [pid: 117441|app: 0|req: 94/191] 10.222.0.53 () {58 vars in 1324 bytes} [Mon Apr 18 20:54:34 2022] GET /volume/v3/e56e2636ff3a427abf91ca55f30d9ed3/volumes/db27b216-fa44-4fda-a847-c76453cd6c68 => generated 914 bytes in 77 msecs (HTTP/1.1 200) 7 headers in 285 bytes (1 switches on core 0)
Apr 18 20:54:34.235238 dv-cinder-826510-5-iscsi devstack@c-api.service[117441]: DEBUG cinder.api.middleware.request_id [None req-9802b029-7509-4434-9913-7aa69b4a2687 None None] RequestId filter calling following filter/app {{(pid=117441) _context_setter /opt/stack/cinder/cinder/api/middleware/request_id.py:62}}
Apr 18 20:54:34.239077 dv-cinder-826510-5-iscsi devstack@c-api.service[117441]: INFO cinder.api.openstack.wsgi [None req-9802b029-7509-4434-9913-7aa69b4a2687 tempest-GroupsV314Test-1403377608 tempest-GroupsV314Test-1403377608-project] GET http://10.222.0.53/volume/v3/64bbad692d664440bbde109cd9c432c1/volumes/295591e4-b8e1-4a23-a515-26d0b56c1824
Apr 18 20:54:34.239658 dv-cinder-826510-5-iscsi devstack@c-api.service[117441]: DEBUG cinder.api.openstack.wsgi [None req-9802b029-7509-4434-9913-7aa69b4a2687 tempest-GroupsV314Test-1403377608 tempest-GroupsV314Test-1403377608-project] Empty body provided in request {{(pid=117441) get_body /opt/stack/cinder/cinder/api/openstack/wsgi.py:715}}
Apr 18 20:54:34.240227 dv-cinder-826510-5-iscsi devstack@c-api.service[117441]: DEBUG cinder.api.openstack.wsgi [None req-9802b029-7509-4434-9913-7aa69b4a2687 tempest-GroupsV314Test-1403377608 tempest-GroupsV314Test-1403377608-project] Calling method 'show' {{(pid=117441) _process_stack /opt/stack/cinder/cinder/api/openstack/wsgi.py:868}}
Apr 18 20:54:34.257865 dv-cinder-826510-5-iscsi devstack@c-api.service[117444]: INFO cinder.api.openstack.wsgi [None req-25a01188-a195-4974-896b-00e843b4d255 tempest-GroupTypeSpecsTest-1057209950 tempest-GroupTypeSpecsTest-1057209950-project-admin] http://10.222.0.53/volume/v3/4b11e672173946489c1f8265d67390f3/group_types returned with HTTP 202
Apr 18 20:54:34.259037 dv-cinder-826510-5-iscsi devstack@c-api.service[117444]: [pid: 117444|app: 0|req: 98/192] 10.222.0.53 () {62 vars in 1287 bytes} [Mon Apr 18 20:54:33 2022] POST /volume/v3/4b11e672173946489c1f8265d67390f3/group_types => generated 181 bytes in 339 msecs (HTTP/1.1 202) 7 headers in 292 bytes (1 switches on core 0)
Apr 18 20:54:34.267163 dv-cinder-826510-5-iscsi devstack@c-api.service[117444]: DEBUG cinder.api.middleware.request_id [None req-25bcdf47-5846-4ab7-aed9-2dd34e62eac1 None None] RequestId filter calling following filter/app {{(pid=117444) _context_setter /opt/stack/cinder/cinder/api/middleware/request_id.py:62}}
Apr 18 20:54:34.271731 dv-cinder-826510-5-iscsi devstack@c-api.service[117441]: /usr/local/lib/python3.8/dist-packages/oslo_context/context.py:100: DeprecationWarning: Policy enforcement is depending on the value of is_admin. This key is deprecated. Please update your policy file to use the standard policy values.
Apr 18 20:54:34.271731 dv-cinder-826510-5-iscsi devstack@c-api.service[117441]: warnings.warn('Policy enforcement is depending on the value of '
Apr 18 20:54:34.273691 dv-cinder-826510-5-iscsi devstack@c-api.service[117444]: INFO cinder.api.openstack.wsgi [None req-25bcdf47-5846-4ab7-aed9-2dd34e62eac1 tempest-GroupTypeSpecsTest-1057209950 tempest-GroupTypeSpecsTest-1057209950-project-admin] POST http://10.222.0.53/volume/v3/4b11e672173946489c1f8265d67390f3/group_types/93650618-09fb-4c99-90d9-09c87cfb372c/group_specs
Apr 18 20:54:34.276120 dv-cinder-826510-5-iscsi devstack@c-api.service[117444]: DEBUG cinder.api.openstack.wsgi [None req-25bcdf47-5846-4ab7-aed9-2dd34e62eac1 tempest-GroupTypeSpecsTest-1057209950 tempest-GroupTypeSpecsTest-1057209950-project-admin] Action: 'create', calling method: version_select, body: {"group_specs": {"key1": "value1", "key2": "value2"}} {{(pid=117444) _process_stack /opt/stack/cinder/cinder/api/openstack/wsgi.py:866}}
Apr 18 20:54:34.301844 dv-cinder-826510-5-iscsi devstack@c-api.service[117441]: INFO cinder.volume.api [None req-9802b029-7509-4434-9913-7aa69b4a2687 tempest-GroupsV314Test-1403377608 tempest-GroupsV314Test-1403377608-project] Volume info retrieved successfully.
Apr 18 20:54:34.303337 dv-cinder-826510-5-iscsi devstack@c-api.service[117441]: WARNING stevedore.named [None req-9802b029-7509-4434-9913-7aa69b4a2687 tempest-GroupsV314Test-1403377608 tempest-GroupsV314Test-1403377608-project] Could not load cinder.keymgr.conf_key_mgr.ConfKeyManager
Apr 18 20:54:34.303722 dv-cinder-826510-5-iscsi devstack@c-api.service[117441]: WARNING castellan.key_manager [None req-9802b029-7509-4434-9913-7aa69b4a2687 tempest-GroupsV314Test-1403377608 tempest-GroupsV314Test-1403377608-project] Deprecation Warning : cinder.keymgr.conf_key_mgr.ConfKeyManager is not a stevedore based driver, trying to load it as a class: stevedore.exception.NoMatches: No 'castellan.drivers' driver found, looking for 'cinder.keymgr.conf_key_mgr.ConfKeyManager'
Apr 18 20:54:34.326115 dv-cinder-826510-5-iscsi devstack@c-api.service[117441]: DEBUG oslo_db.sqlalchemy.engines [None req-9802b029-7509-4434-9913-7aa69b4a2687 tempest-GroupsV314Test-1403377608 tempest-GroupsV314Test-1403377608-project] MySQL server mode set to STRICT_TRANS_TABLES,STRICT_ALL_TABLES,NO_ZERO_IN_DATE,NO_ZERO_DATE,ERROR_FOR_DIVISION_BY_ZERO,TRADITIONAL,NO_ENGINE_SUBSTITUTION {{(pid=117441) _check_effective_sql_mode /usr/local/lib/python3.8/dist-packages/oslo_db/sqlalchemy/engines.py:314}}
Apr 18 20:54:34.335113 dv-cinder-826510-5-iscsi devstack@c-api.service[117441]: /usr/local/lib/python3.8/dist-packages/oslo_context/context.py:100: DeprecationWarning: Policy enforcement is depending on the value of is_admin. This key is deprecated. Please update your policy file to use the standard policy values.
Apr 18 20:54:34.335113 dv-cinder-826510-5-iscsi devstack@c-api.service[117441]: warnings.warn('Policy enforcement is depending on the value of '
Apr 18 20:54:34.356574 dv-cinder-826510-5-iscsi devstack@c-api.service[117441]: INFO cinder.api.openstack.wsgi [None req-9802b029-7509-4434-9913-7aa69b4a2687 tempest-GroupsV314Test-1403377608 tempest-GroupsV314Test-1403377608-project] http://10.222.0.53/volume/v3/64bbad692d664440bbde109cd9c432c1/volumes/295591e4-b8e1-4a23-a515-26d0b56c1824 returned with HTTP 200
Apr 18 20:54:34.358039 dv-cinder-826510-5-iscsi devstack@c-api.service[117441]: [pid: 117441|app: 0|req: 95/193] 10.222.0.53 () {60 vars in 1365 bytes} [Mon Apr 18 20:54:34 2022] GET /volume/v3/64bbad692d664440bbde109cd9c432c1/volumes/295591e4-b8e1-4a23-a515-26d0b56c1824 => generated 990 bytes in 132 msecs (HTTP/1.1 200) 7 headers in 286 bytes (1 switches on core 0)
Apr 18 20:54:34.434146 dv-cinder-826510-5-iscsi devstack@c-api.service[117444]: INFO cinder.api.openstack.wsgi [None req-25bcdf47-5846-4ab7-aed9-2dd34e62eac1 tempest-GroupTypeSpecsTest-1057209950 tempest-GroupTypeSpecsTest-1057209950-project-admin] http://10.222.0.53/volume/v3/4b11e672173946489c1f8265d67390f3/group_types/93650618-09fb-4c99-90d9-09c87cfb372c/group_specs returned with HTTP 202
Apr 18 20:54:34.436296 dv-cinder-826510-5-iscsi devstack@c-api.service[117444]: [pid: 117444|app: 0|req: 99/194] 10.222.0.53 () {62 vars in 1434 bytes} [Mon Apr 18 20:54:34 2022] POST /volume/v3/4b11e672173946489c1f8265d67390f3/group_types/93650618-09fb-4c99-90d9-09c87cfb372c/group_specs => generated 53 bytes in 171 msecs (HTTP/1.1 202) 7 headers in 291 bytes (1 switches on core 0)
Apr 18 20:54:34.444159 dv-cinder-826510-5-iscsi devstack@c-api.service[117441]: DEBUG cinder.api.middleware.request_id [None req-ca65f71a-95c2-4115-b612-0baa9e9a2dad None None] RequestId filter calling following filter/app {{(pid=117441) _context_setter /opt/stack/cinder/cinder/api/middleware/request_id.py:62}}
Apr 18 20:54:34.449991 dv-cinder-826510-5-iscsi devstack@c-api.service[117441]: INFO cinder.api.openstack.wsgi [None req-ca65f71a-95c2-4115-b612-0baa9e9a2dad tempest-GroupTypeSpecsTest-1057209950 tempest-GroupTypeSpecsTest-1057209950-project-admin] POST http://10.222.0.53/volume/v3/4b11e672173946489c1f8265d67390f3/group_types/93650618-09fb-4c99-90d9-09c87cfb372c/group_specs
Apr 18 20:54:34.451186 dv-cinder-826510-5-iscsi devstack@c-api.service[117441]: DEBUG cinder.api.openstack.wsgi [None req-ca65f71a-95c2-4115-b612-0baa9e9a2dad tempest-GroupTypeSpecsTest-1057209950 tempest-GroupTypeSpecsTest-1057209950-project-admin] Action: 'create', calling method: version_select, body: {"group_specs": {"key2": "value2-updated", "key3": "value3"}} {{(pid=117441) _process_stack /opt/stack/cinder/cinder/api/openstack/wsgi.py:866}}
Apr 18 20:54:34.614576 dv-cinder-826510-5-iscsi devstack@c-api.service[117441]: INFO cinder.api.openstack.wsgi [None req-ca65f71a-95c2-4115-b612-0baa9e9a2dad tempest-GroupTypeSpecsTest-1057209950 tempest-GroupTypeSpecsTest-1057209950-project-admin] http://10.222.0.53/volume/v3/4b11e672173946489c1f8265d67390f3/group_types/93650618-09fb-4c99-90d9-09c87cfb372c/group_specs returned with HTTP 202
Apr 18 20:54:34.616171 dv-cinder-826510-5-iscsi devstack@c-api.service[117441]: [pid: 117441|app: 0|req: 96/195] 10.222.0.53 () {62 vars in 1434 bytes} [Mon Apr 18 20:54:34 2022] POST /volume/v3/4b11e672173946489c1f8265d67390f3/group_types/93650618-09fb-4c99-90d9-09c87cfb372c/group_specs => generated 61 bytes in 173 msecs (HTTP/1.1 202) 7 headers in 291 bytes (1 switches on core 0)
Apr 18 20:54:34.622758 dv-cinder-826510-5-iscsi devstack@c-api.service[117444]: DEBUG cinder.api.middleware.request_id [None req-5d0ef661-74d5-43c8-a586-5a28b667dcab None None] RequestId filter calling following filter/app {{(pid=117444) _context_setter /opt/stack/cinder/cinder/api/middleware/request_id.py:62}}
Apr 18 20:54:34.627813 dv-cinder-826510-5-iscsi devstack@c-api.service[117444]: INFO cinder.api.openstack.wsgi [None req-5d0ef661-74d5-43c8-a586-5a28b667dcab tempest-GroupTypeSpecsTest-1057209950 tempest-GroupTypeSpecsTest-1057209950-project-admin] GET http://10.222.0.53/volume/v3/4b11e672173946489c1f8265d67390f3/group_types/93650618-09fb-4c99-90d9-09c87cfb372c/group_specs/key2
Apr 18 20:54:34.628407 dv-cinder-826510-5-iscsi devstack@c-api.service[117444]: DEBUG cinder.api.openstack.wsgi [None req-5d0ef661-74d5-43c8-a586-5a28b667dcab tempest-GroupTypeSpecsTest-1057209950 tempest-GroupTypeSpecsTest-1057209950-project-admin] Empty body provided in request {{(pid=117444) get_body /opt/stack/cinder/cinder/api/openstack/wsgi.py:715}}
Apr 18 20:54:34.628927 dv-cinder-826510-5-iscsi devstack@c-api.service[117444]: DEBUG cinder.api.openstack.wsgi [None req-5d0ef661-74d5-43c8-a586-5a28b667dcab tempest-GroupTypeSpecsTest-1057209950 tempest-GroupTypeSpecsTest-1057209950-project-admin] Calling method 'version_select' {{(pid=117444) _process_stack /opt/stack/cinder/cinder/api/openstack/wsgi.py:868}}
Apr 18 20:54:34.642962 dv-cinder-826510-5-iscsi devstack@c-api.service[117444]: INFO cinder.api.openstack.wsgi [None req-5d0ef661-74d5-43c8-a586-5a28b667dcab tempest-GroupTypeSpecsTest-1057209950 tempest-GroupTypeSpecsTest-1057209950-project-admin] http://10.222.0.53/volume/v3/4b11e672173946489c1f8265d67390f3/group_types/93650618-09fb-4c99-90d9-09c87cfb372c/group_specs/key2 returned with HTTP 200
Apr 18 20:54:34.643840 dv-cinder-826510-5-iscsi devstack@c-api.service[117444]: [pid: 117444|app: 0|req: 100/196] 10.222.0.53 () {60 vars in 1428 bytes} [Mon Apr 18 20:54:34 2022] GET /volume/v3/4b11e672173946489c1f8265d67390f3/group_types/93650618-09fb-4c99-90d9-09c87cfb372c/group_specs/key2 => generated 26 bytes in 22 msecs (HTTP/1.1 200) 7 headers in 285 bytes (1 switches on core 0)
Apr 18 20:54:34.649751 dv-cinder-826510-5-iscsi devstack@c-api.service[117441]: DEBUG cinder.api.middleware.request_id [None req-681b0f61-f3fe-41e4-b574-3b22621059ec None None] RequestId filter calling following filter/app {{(pid=117441) _context_setter /opt/stack/cinder/cinder/api/middleware/request_id.py:62}}
Apr 18 20:54:34.655203 dv-cinder-826510-5-iscsi devstack@c-api.service[117441]: INFO cinder.api.openstack.wsgi [None req-681b0f61-f3fe-41e4-b574-3b22621059ec tempest-GroupTypeSpecsTest-1057209950 tempest-GroupTypeSpecsTest-1057209950-project-admin] GET http://10.222.0.53/volume/v3/4b11e672173946489c1f8265d67390f3/group_types/93650618-09fb-4c99-90d9-09c87cfb372c/group_specs/key3
Apr 18 20:54:34.655721 dv-cinder-826510-5-iscsi devstack@c-api.service[117441]: DEBUG cinder.api.openstack.wsgi [None req-681b0f61-f3fe-41e4-b574-3b22621059ec tempest-GroupTypeSpecsTest-1057209950 tempest-GroupTypeSpecsTest-1057209950-project-admin] Empty body provided in request {{(pid=117441) get_body /opt/stack/cinder/cinder/api/openstack/wsgi.py:715}}
Apr 18 20:54:34.656365 dv-cinder-826510-5-iscsi devstack@c-api.service[117441]: DEBUG cinder.api.openstack.wsgi [None req-681b0f61-f3fe-41e4-b574-3b22621059ec tempest-GroupTypeSpecsTest-1057209950 tempest-GroupTypeSpecsTest-1057209950-project-admin] Calling method 'version_select' {{(pid=117441) _process_stack /opt/stack/cinder/cinder/api/openstack/wsgi.py:868}}
Apr 18 20:54:34.670690 dv-cinder-826510-5-iscsi devstack@c-api.service[117441]: INFO cinder.api.openstack.wsgi [None req-681b0f61-f3fe-41e4-b574-3b22621059ec tempest-GroupTypeSpecsTest-1057209950 tempest-GroupTypeSpecsTest-1057209950-project-admin] http://10.222.0.53/volume/v3/4b11e672173946489c1f8265d67390f3/group_types/93650618-09fb-4c99-90d9-09c87cfb372c/group_specs/key3 returned with HTTP 200
Apr 18 20:54:34.671920 dv-cinder-826510-5-iscsi devstack@c-api.service[117441]: [pid: 117441|app: 0|req: 97/197] 10.222.0.53 () {60 vars in 1428 bytes} [Mon Apr 18 20:54:34 2022] GET /volume/v3/4b11e672173946489c1f8265d67390f3/group_types/93650618-09fb-4c99-90d9-09c87cfb372c/group_specs/key3 => generated 18 bytes in 23 msecs (HTTP/1.1 200) 7 headers in 285 bytes (1 switches on core 0)
Apr 18 20:54:34.681942 dv-cinder-826510-5-iscsi devstack@c-api.service[117444]: DEBUG cinder.api.middleware.request_id [None req-c0290969-476f-43a9-88b2-689133e2b41d None None] RequestId filter calling following filter/app {{(pid=117444) _context_setter /opt/stack/cinder/cinder/api/middleware/request_id.py:62}}
Apr 18 20:54:34.687359 dv-cinder-826510-5-iscsi devstack@c-api.service[117444]: INFO cinder.api.openstack.wsgi [None req-c0290969-476f-43a9-88b2-689133e2b41d tempest-GroupTypeSpecsTest-1057209950 tempest-GroupTypeSpecsTest-1057209950-project-admin] PUT http://10.222.0.53/volume/v3/4b11e672173946489c1f8265d67390f3/group_types/93650618-09fb-4c99-90d9-09c87cfb372c/group_specs/key3
Apr 18 20:54:34.688181 dv-cinder-826510-5-iscsi devstack@c-api.service[117444]: DEBUG cinder.api.openstack.wsgi [None req-c0290969-476f-43a9-88b2-689133e2b41d tempest-GroupTypeSpecsTest-1057209950 tempest-GroupTypeSpecsTest-1057209950-project-admin] Action: 'update', calling method: version_select, body: {"key3": "value3-updated"} {{(pid=117444) _process_stack /opt/stack/cinder/cinder/api/openstack/wsgi.py:866}}
Apr 18 20:54:34.848423 dv-cinder-826510-5-iscsi devstack@c-api.service[117444]: INFO cinder.api.openstack.wsgi [None req-c0290969-476f-43a9-88b2-689133e2b41d tempest-GroupTypeSpecsTest-1057209950 tempest-GroupTypeSpecsTest-1057209950-project-admin] http://10.222.0.53/volume/v3/4b11e672173946489c1f8265d67390f3/group_types/93650618-09fb-4c99-90d9-09c87cfb372c/group_specs/key3 returned with HTTP 200
Apr 18 20:54:34.850582 dv-cinder-826510-5-iscsi devstack@c-api.service[117444]: [pid: 117444|app: 0|req: 101/198] 10.222.0.53 () {62 vars in 1448 bytes} [Mon Apr 18 20:54:34 2022] PUT /volume/v3/4b11e672173946489c1f8265d67390f3/group_types/93650618-09fb-4c99-90d9-09c87cfb372c/group_specs/key3 => generated 26 bytes in 171 msecs (HTTP/1.1 200) 7 headers in 285 bytes (1 switches on core 0)
Apr 18 20:54:34.855691 dv-cinder-826510-5-iscsi devstack@c-api.service[117441]: DEBUG cinder.api.middleware.request_id [None req-a9d36035-ce54-466e-9cf6-bf3391df6e12 None None] RequestId filter calling following filter/app {{(pid=117441) _context_setter /opt/stack/cinder/cinder/api/middleware/request_id.py:62}}
Apr 18 20:54:34.860582 dv-cinder-826510-5-iscsi devstack@c-api.service[117441]: INFO cinder.api.openstack.wsgi [None req-a9d36035-ce54-466e-9cf6-bf3391df6e12 tempest-GroupTypeSpecsTest-1057209950 tempest-GroupTypeSpecsTest-1057209950-project-admin] GET http://10.222.0.53/volume/v3/4b11e672173946489c1f8265d67390f3/group_types/93650618-09fb-4c99-90d9-09c87cfb372c/group_specs
Apr 18 20:54:34.861327 dv-cinder-826510-5-iscsi devstack@c-api.service[117441]: DEBUG cinder.api.openstack.wsgi [None req-a9d36035-ce54-466e-9cf6-bf3391df6e12 tempest-GroupTypeSpecsTest-1057209950 tempest-GroupTypeSpecsTest-1057209950-project-admin] Empty body provided in request {{(pid=117441) get_body /opt/stack/cinder/cinder/api/openstack/wsgi.py:715}}
Apr 18 20:54:34.867661 dv-cinder-826510-5-iscsi devstack@c-api.service[117441]: DEBUG cinder.api.openstack.wsgi [None req-a9d36035-ce54-466e-9cf6-bf3391df6e12 tempest-GroupTypeSpecsTest-1057209950 tempest-GroupTypeSpecsTest-1057209950-project-admin] Calling method 'version_select' {{(pid=117441) _process_stack /opt/stack/cinder/cinder/api/openstack/wsgi.py:868}}
Apr 18 20:54:34.905177 dv-cinder-826510-5-iscsi devstack@c-api.service[117441]: INFO cinder.api.openstack.wsgi [None req-a9d36035-ce54-466e-9cf6-bf3391df6e12 tempest-GroupTypeSpecsTest-1057209950 tempest-GroupTypeSpecsTest-1057209950-project-admin] http://10.222.0.53/volume/v3/4b11e672173946489c1f8265d67390f3/group_types/93650618-09fb-4c99-90d9-09c87cfb372c/group_specs returned with HTTP 200
Apr 18 20:54:34.905985 dv-cinder-826510-5-iscsi devstack@c-api.service[117441]: [pid: 117441|app: 0|req: 98/199] 10.222.0.53 () {60 vars in 1413 bytes} [Mon Apr 18 20:54:34 2022] GET /volume/v3/4b11e672173946489c1f8265d67390f3/group_types/93650618-09fb-4c99-90d9-09c87cfb372c/group_specs => generated 87 bytes in 51 msecs (HTTP/1.1 200) 7 headers in 285 bytes (1 switches on core 0)
Apr 18 20:54:34.915316 dv-cinder-826510-5-iscsi devstack@c-api.service[117444]: DEBUG cinder.api.middleware.request_id [None req-32ac4fab-3cd4-446e-aaf4-dc1652d2dc7a None None] RequestId filter calling following filter/app {{(pid=117444) _context_setter /opt/stack/cinder/cinder/api/middleware/request_id.py:62}}
Apr 18 20:54:34.922060 dv-cinder-826510-5-iscsi devstack@c-api.service[117444]: INFO cinder.api.openstack.wsgi [None req-32ac4fab-3cd4-446e-aaf4-dc1652d2dc7a tempest-GroupTypeSpecsTest-1057209950 tempest-GroupTypeSpecsTest-1057209950-project-admin] DELETE http://10.222.0.53/volume/v3/4b11e672173946489c1f8265d67390f3/group_types/93650618-09fb-4c99-90d9-09c87cfb372c/group_specs/key1
Apr 18 20:54:34.922597 dv-cinder-826510-5-iscsi devstack@c-api.service[117444]: DEBUG cinder.api.openstack.wsgi [None req-32ac4fab-3cd4-446e-aaf4-dc1652d2dc7a tempest-GroupTypeSpecsTest-1057209950 tempest-GroupTypeSpecsTest-1057209950-project-admin] Empty body provided in request {{(pid=117444) get_body /opt/stack/cinder/cinder/api/openstack/wsgi.py:715}}
Apr 18 20:54:34.923596 dv-cinder-826510-5-iscsi devstack@c-api.service[117444]: DEBUG cinder.api.openstack.wsgi [None req-32ac4fab-3cd4-446e-aaf4-dc1652d2dc7a tempest-GroupTypeSpecsTest-1057209950 tempest-GroupTypeSpecsTest-1057209950-project-admin] Calling method 'version_select' {{(pid=117444) _process_stack /opt/stack/cinder/cinder/api/openstack/wsgi.py:868}}
Apr 18 20:54:35.094631 dv-cinder-826510-5-iscsi devstack@c-api.service[117444]: INFO cinder.api.openstack.wsgi [None req-32ac4fab-3cd4-446e-aaf4-dc1652d2dc7a tempest-GroupTypeSpecsTest-1057209950 tempest-GroupTypeSpecsTest-1057209950-project-admin] http://10.222.0.53/volume/v3/4b11e672173946489c1f8265d67390f3/group_types/93650618-09fb-4c99-90d9-09c87cfb372c/group_specs/key1 returned with HTTP 202
Apr 18 20:54:35.095943 dv-cinder-826510-5-iscsi devstack@c-api.service[117444]: [pid: 117444|app: 0|req: 102/200] 10.222.0.53 () {60 vars in 1431 bytes} [Mon Apr 18 20:54:34 2022] DELETE /volume/v3/4b11e672173946489c1f8265d67390f3/group_types/93650618-09fb-4c99-90d9-09c87cfb372c/group_specs/key1 => generated 0 bytes in 183 msecs (HTTP/1.1 202) 6 headers in 234 bytes (1 switches on core 0)
Apr 18 20:54:35.108523 dv-cinder-826510-5-iscsi devstack@c-api.service[117441]: DEBUG cinder.api.middleware.request_id [None req-cc4ced37-bb8c-42e7-881b-abadac8a7770 None None] RequestId filter calling following filter/app {{(pid=117441) _context_setter /opt/stack/cinder/cinder/api/middleware/request_id.py:62}}
Apr 18 20:54:35.113033 dv-cinder-826510-5-iscsi devstack@c-api.service[117441]: INFO cinder.api.openstack.wsgi [None req-cc4ced37-bb8c-42e7-881b-abadac8a7770 tempest-GroupTypeSpecsTest-1057209950 tempest-GroupTypeSpecsTest-1057209950-project-admin] GET http://10.222.0.53/volume/v3/4b11e672173946489c1f8265d67390f3/group_types/93650618-09fb-4c99-90d9-09c87cfb372c/group_specs/key1
Apr 18 20:54:35.114671 dv-cinder-826510-5-iscsi devstack@c-api.service[117441]: DEBUG cinder.api.openstack.wsgi [None req-cc4ced37-bb8c-42e7-881b-abadac8a7770 tempest-GroupTypeSpecsTest-1057209950 tempest-GroupTypeSpecsTest-1057209950-project-admin] Empty body provided in request {{(pid=117441) get_body /opt/stack/cinder/cinder/api/openstack/wsgi.py:715}}
Apr 18 20:54:35.115498 dv-cinder-826510-5-iscsi devstack@c-api.service[117441]: DEBUG cinder.api.openstack.wsgi [None req-cc4ced37-bb8c-42e7-881b-abadac8a7770 tempest-GroupTypeSpecsTest-1057209950 tempest-GroupTypeSpecsTest-1057209950-project-admin] Calling method 'version_select' {{(pid=117441) _process_stack /opt/stack/cinder/cinder/api/openstack/wsgi.py:868}}
Apr 18 20:54:35.136164 dv-cinder-826510-5-iscsi devstack@c-api.service[117441]: INFO cinder.api.openstack.wsgi [None req-cc4ced37-bb8c-42e7-881b-abadac8a7770 tempest-GroupTypeSpecsTest-1057209950 tempest-GroupTypeSpecsTest-1057209950-project-admin] HTTP exception thrown: Group Type 93650618-09fb-4c99-90d9-09c87cfb372c has no extra spec with key key1.
Apr 18 20:54:35.136164 dv-cinder-826510-5-iscsi devstack@c-api.service[117441]: INFO cinder.api.openstack.wsgi [None req-cc4ced37-bb8c-42e7-881b-abadac8a7770 tempest-GroupTypeSpecsTest-1057209950 tempest-GroupTypeSpecsTest-1057209950-project-admin] http://10.222.0.53/volume/v3/4b11e672173946489c1f8265d67390f3/group_types/93650618-09fb-4c99-90d9-09c87cfb372c/group_specs/key1 returned with HTTP 404
Apr 18 20:54:35.138858 dv-cinder-826510-5-iscsi devstack@c-api.service[117441]: [pid: 117441|app: 0|req: 99/201] 10.222.0.53 () {60 vars in 1428 bytes} [Mon Apr 18 20:54:35 2022] GET /volume/v3/4b11e672173946489c1f8265d67390f3/group_types/93650618-09fb-4c99-90d9-09c87cfb372c/group_specs/key1 => generated 126 bytes in 31 msecs (HTTP/1.1 404) 7 headers in 293 bytes (1 switches on core 0)
Apr 18 20:54:35.143166 dv-cinder-826510-5-iscsi devstack@c-api.service[117444]: DEBUG cinder.api.middleware.request_id [None req-7bc4dcd3-e1b2-4696-b86f-053e5dd16149 None None] RequestId filter calling following filter/app {{(pid=117444) _context_setter /opt/stack/cinder/cinder/api/middleware/request_id.py:62}}
Apr 18 20:54:35.149249 dv-cinder-826510-5-iscsi devstack@c-api.service[117444]: INFO cinder.api.openstack.wsgi [None req-7bc4dcd3-e1b2-4696-b86f-053e5dd16149 tempest-GroupTypeSpecsTest-1057209950 tempest-GroupTypeSpecsTest-1057209950-project-admin] DELETE http://10.222.0.53/volume/v3/4b11e672173946489c1f8265d67390f3/group_types/93650618-09fb-4c99-90d9-09c87cfb372c/group_specs/key2
Apr 18 20:54:35.149925 dv-cinder-826510-5-iscsi devstack@c-api.service[117444]: DEBUG cinder.api.openstack.wsgi [None req-7bc4dcd3-e1b2-4696-b86f-053e5dd16149 tempest-GroupTypeSpecsTest-1057209950 tempest-GroupTypeSpecsTest-1057209950-project-admin] Empty body provided in request {{(pid=117444) get_body /opt/stack/cinder/cinder/api/openstack/wsgi.py:715}}
Apr 18 20:54:35.150541 dv-cinder-826510-5-iscsi devstack@c-api.service[117444]: DEBUG cinder.api.openstack.wsgi [None req-7bc4dcd3-e1b2-4696-b86f-053e5dd16149 tempest-GroupTypeSpecsTest-1057209950 tempest-GroupTypeSpecsTest-1057209950-project-admin] Calling method 'version_select' {{(pid=117444) _process_stack /opt/stack/cinder/cinder/api/openstack/wsgi.py:868}}
Apr 18 20:54:35.243380 dv-cinder-826510-5-iscsi devstack@c-api.service[117441]: DEBUG cinder.api.middleware.request_id [None req-a8a60a99-eb74-40ed-b2ad-04c446969069 None None] RequestId filter calling following filter/app {{(pid=117441) _context_setter /opt/stack/cinder/cinder/api/middleware/request_id.py:62}}
Apr 18 20:54:35.247574 dv-cinder-826510-5-iscsi devstack@c-api.service[117441]: INFO cinder.api.openstack.wsgi [None req-a8a60a99-eb74-40ed-b2ad-04c446969069 tempest-DeleteServersTestJSON-702970561 tempest-DeleteServersTestJSON-702970561-project] GET http://10.222.0.53/volume/v3/e56e2636ff3a427abf91ca55f30d9ed3/volumes/db27b216-fa44-4fda-a847-c76453cd6c68
Apr 18 20:54:35.248312 dv-cinder-826510-5-iscsi devstack@c-api.service[117441]: DEBUG cinder.api.openstack.wsgi [None req-a8a60a99-eb74-40ed-b2ad-04c446969069 tempest-DeleteServersTestJSON-702970561 tempest-DeleteServersTestJSON-702970561-project] Empty body provided in request {{(pid=117441) get_body /opt/stack/cinder/cinder/api/openstack/wsgi.py:715}}
Apr 18 20:54:35.249525 dv-cinder-826510-5-iscsi devstack@c-api.service[117441]: DEBUG cinder.api.openstack.wsgi [None req-a8a60a99-eb74-40ed-b2ad-04c446969069 tempest-DeleteServersTestJSON-702970561 tempest-DeleteServersTestJSON-702970561-project] Calling method 'show' {{(pid=117441) _process_stack /opt/stack/cinder/cinder/api/openstack/wsgi.py:868}}
Apr 18 20:54:35.276765 dv-cinder-826510-5-iscsi devstack@c-api.service[117444]: INFO cinder.api.openstack.wsgi [None req-7bc4dcd3-e1b2-4696-b86f-053e5dd16149 tempest-GroupTypeSpecsTest-1057209950 tempest-GroupTypeSpecsTest-1057209950-project-admin] http://10.222.0.53/volume/v3/4b11e672173946489c1f8265d67390f3/group_types/93650618-09fb-4c99-90d9-09c87cfb372c/group_specs/key2 returned with HTTP 202
Apr 18 20:54:35.280854 dv-cinder-826510-5-iscsi devstack@c-api.service[117444]: [pid: 117444|app: 0|req: 103/202] 10.222.0.53 () {60 vars in 1431 bytes} [Mon Apr 18 20:54:35 2022] DELETE /volume/v3/4b11e672173946489c1f8265d67390f3/group_types/93650618-09fb-4c99-90d9-09c87cfb372c/group_specs/key2 => generated 0 bytes in 136 msecs (HTTP/1.1 202) 6 headers in 234 bytes (1 switches on core 0)
Apr 18 20:54:35.282927 dv-cinder-826510-5-iscsi devstack@c-api.service[117444]: DEBUG cinder.api.middleware.request_id [None req-e2d049ca-4ab2-44a3-bcdb-bff5b2ecc0b8 None None] RequestId filter calling following filter/app {{(pid=117444) _context_setter /opt/stack/cinder/cinder/api/middleware/request_id.py:62}}
Apr 18 20:54:35.288594 dv-cinder-826510-5-iscsi devstack@c-api.service[117444]: INFO cinder.api.openstack.wsgi [None req-e2d049ca-4ab2-44a3-bcdb-bff5b2ecc0b8 tempest-GroupTypeSpecsTest-1057209950 tempest-GroupTypeSpecsTest-1057209950-project-admin] GET http://10.222.0.53/volume/v3/4b11e672173946489c1f8265d67390f3/group_types/93650618-09fb-4c99-90d9-09c87cfb372c/group_specs/key2
Apr 18 20:54:35.288594 dv-cinder-826510-5-iscsi devstack@c-api.service[117444]: DEBUG cinder.api.openstack.wsgi [None req-e2d049ca-4ab2-44a3-bcdb-bff5b2ecc0b8 tempest-GroupTypeSpecsTest-1057209950 tempest-GroupTypeSpecsTest-1057209950-project-admin] Empty body provided in request {{(pid=117444) get_body /opt/stack/cinder/cinder/api/openstack/wsgi.py:715}}
Apr 18 20:54:35.288594 dv-cinder-826510-5-iscsi devstack@c-api.service[117444]: DEBUG cinder.api.openstack.wsgi [None req-e2d049ca-4ab2-44a3-bcdb-bff5b2ecc0b8 tempest-GroupTypeSpecsTest-1057209950 tempest-GroupTypeSpecsTest-1057209950-project-admin] Calling method 'version_select' {{(pid=117444) _process_stack /opt/stack/cinder/cinder/api/openstack/wsgi.py:868}}
Apr 18 20:54:35.311174 dv-cinder-826510-5-iscsi devstack@c-api.service[117441]: /usr/local/lib/python3.8/dist-packages/oslo_context/context.py:100: DeprecationWarning: Policy enforcement is depending on the value of is_admin. This key is deprecated. Please update your policy file to use the standard policy values.
Apr 18 20:54:35.311174 dv-cinder-826510-5-iscsi devstack@c-api.service[117441]: warnings.warn('Policy enforcement is depending on the value of '
Apr 18 20:54:35.321743 dv-cinder-826510-5-iscsi devstack@c-api.service[117444]: INFO cinder.api.openstack.wsgi [None req-e2d049ca-4ab2-44a3-bcdb-bff5b2ecc0b8 tempest-GroupTypeSpecsTest-1057209950 tempest-GroupTypeSpecsTest-1057209950-project-admin] HTTP exception thrown: Group Type 93650618-09fb-4c99-90d9-09c87cfb372c has no extra spec with key key2.
Apr 18 20:54:35.323986 dv-cinder-826510-5-iscsi devstack@c-api.service[117444]: INFO cinder.api.openstack.wsgi [None req-e2d049ca-4ab2-44a3-bcdb-bff5b2ecc0b8 tempest-GroupTypeSpecsTest-1057209950 tempest-GroupTypeSpecsTest-1057209950-project-admin] http://10.222.0.53/volume/v3/4b11e672173946489c1f8265d67390f3/group_types/93650618-09fb-4c99-90d9-09c87cfb372c/group_specs/key2 returned with HTTP 404
Apr 18 20:54:35.326523 dv-cinder-826510-5-iscsi devstack@c-api.service[117444]: [pid: 117444|app: 0|req: 104/203] 10.222.0.53 () {60 vars in 1428 bytes} [Mon Apr 18 20:54:35 2022] GET /volume/v3/4b11e672173946489c1f8265d67390f3/group_types/93650618-09fb-4c99-90d9-09c87cfb372c/group_specs/key2 => generated 126 bytes in 45 msecs (HTTP/1.1 404) 7 headers in 293 bytes (2 switches on core 0)
Apr 18 20:54:35.342485 dv-cinder-826510-5-iscsi devstack@c-api.service[117441]: INFO cinder.volume.api [None req-a8a60a99-eb74-40ed-b2ad-04c446969069 tempest-DeleteServersTestJSON-702970561 tempest-DeleteServersTestJSON-702970561-project] Volume info retrieved successfully.
Apr 18 20:54:35.353901 dv-cinder-826510-5-iscsi devstack@c-api.service[117444]: DEBUG cinder.api.middleware.request_id [None req-54674bbf-44f6-4b72-8469-8ba7e4cc5ad3 None None] RequestId filter calling following filter/app {{(pid=117444) _context_setter /opt/stack/cinder/cinder/api/middleware/request_id.py:62}}
Apr 18 20:54:35.361293 dv-cinder-826510-5-iscsi devstack@c-api.service[117444]: INFO cinder.api.openstack.wsgi [None req-54674bbf-44f6-4b72-8469-8ba7e4cc5ad3 tempest-GroupTypeSpecsTest-1057209950 tempest-GroupTypeSpecsTest-1057209950-project-admin] DELETE http://10.222.0.53/volume/v3/4b11e672173946489c1f8265d67390f3/group_types/93650618-09fb-4c99-90d9-09c87cfb372c/group_specs/key3
Apr 18 20:54:35.362112 dv-cinder-826510-5-iscsi devstack@c-api.service[117444]: DEBUG cinder.api.openstack.wsgi [None req-54674bbf-44f6-4b72-8469-8ba7e4cc5ad3 tempest-GroupTypeSpecsTest-1057209950 tempest-GroupTypeSpecsTest-1057209950-project-admin] Empty body provided in request {{(pid=117444) get_body /opt/stack/cinder/cinder/api/openstack/wsgi.py:715}}
Apr 18 20:54:35.363282 dv-cinder-826510-5-iscsi devstack@c-api.service[117444]: DEBUG cinder.api.openstack.wsgi [None req-54674bbf-44f6-4b72-8469-8ba7e4cc5ad3 tempest-GroupTypeSpecsTest-1057209950 tempest-GroupTypeSpecsTest-1057209950-project-admin] Calling method 'version_select' {{(pid=117444) _process_stack /opt/stack/cinder/cinder/api/openstack/wsgi.py:868}}
Apr 18 20:54:35.364969 dv-cinder-826510-5-iscsi devstack@c-api.service[117441]: INFO cinder.api.openstack.wsgi [None req-a8a60a99-eb74-40ed-b2ad-04c446969069 tempest-DeleteServersTestJSON-702970561 tempest-DeleteServersTestJSON-702970561-project] http://10.222.0.53/volume/v3/e56e2636ff3a427abf91ca55f30d9ed3/volumes/db27b216-fa44-4fda-a847-c76453cd6c68 returned with HTTP 200
Apr 18 20:54:35.365831 dv-cinder-826510-5-iscsi devstack@c-api.service[117441]: [pid: 117441|app: 0|req: 100/204] 10.222.0.53 () {58 vars in 1324 bytes} [Mon Apr 18 20:54:35 2022] GET /volume/v3/e56e2636ff3a427abf91ca55f30d9ed3/volumes/db27b216-fa44-4fda-a847-c76453cd6c68 => generated 914 bytes in 127 msecs (HTTP/1.1 200) 7 headers in 285 bytes (1 switches on core 0)
Apr 18 20:54:35.374658 dv-cinder-826510-5-iscsi devstack@c-api.service[117441]: DEBUG cinder.api.middleware.request_id [None req-e6973f91-7436-4a0d-b0f6-509078c1dda8 None None] RequestId filter calling following filter/app {{(pid=117441) _context_setter /opt/stack/cinder/cinder/api/middleware/request_id.py:62}}
Apr 18 20:54:35.384329 dv-cinder-826510-5-iscsi devstack@c-api.service[117441]: INFO cinder.api.openstack.wsgi [None req-e6973f91-7436-4a0d-b0f6-509078c1dda8 tempest-GroupsV314Test-1403377608 tempest-GroupsV314Test-1403377608-project] GET http://10.222.0.53/volume/v3/64bbad692d664440bbde109cd9c432c1/volumes/295591e4-b8e1-4a23-a515-26d0b56c1824
Apr 18 20:54:35.385935 dv-cinder-826510-5-iscsi devstack@c-api.service[117441]: DEBUG cinder.api.openstack.wsgi [None req-e6973f91-7436-4a0d-b0f6-509078c1dda8 tempest-GroupsV314Test-1403377608 tempest-GroupsV314Test-1403377608-project] Empty body provided in request {{(pid=117441) get_body /opt/stack/cinder/cinder/api/openstack/wsgi.py:715}}
Apr 18 20:54:35.386660 dv-cinder-826510-5-iscsi devstack@c-api.service[117441]: DEBUG cinder.api.openstack.wsgi [None req-e6973f91-7436-4a0d-b0f6-509078c1dda8 tempest-GroupsV314Test-1403377608 tempest-GroupsV314Test-1403377608-project] Calling method 'show' {{(pid=117441) _process_stack /opt/stack/cinder/cinder/api/openstack/wsgi.py:868}}
Apr 18 20:54:35.426996 dv-cinder-826510-5-iscsi devstack@c-api.service[117441]: INFO cinder.api.openstack.wsgi [None req-e6973f91-7436-4a0d-b0f6-509078c1dda8 tempest-GroupsV314Test-1403377608 tempest-GroupsV314Test-1403377608-project] http://10.222.0.53/volume/v3/64bbad692d664440bbde109cd9c432c1/volumes/295591e4-b8e1-4a23-a515-26d0b56c1824 returned with HTTP 404
Apr 18 20:54:35.438924 dv-cinder-826510-5-iscsi devstack@c-api.service[117441]: [pid: 117441|app: 0|req: 101/205] 10.222.0.53 () {60 vars in 1365 bytes} [Mon Apr 18 20:54:35 2022] GET /volume/v3/64bbad692d664440bbde109cd9c432c1/volumes/295591e4-b8e1-4a23-a515-26d0b56c1824 => generated 109 bytes in 65 msecs (HTTP/1.1 404) 7 headers in 293 bytes (1 switches on core 0)
Apr 18 20:54:35.440941 dv-cinder-826510-5-iscsi devstack@c-api.service[117441]: DEBUG cinder.api.middleware.request_id [None req-4689c465-46c8-4b9c-b92e-7a9a28b1e641 None None] RequestId filter calling following filter/app {{(pid=117441) _context_setter /opt/stack/cinder/cinder/api/middleware/request_id.py:62}}
Apr 18 20:54:35.452321 dv-cinder-826510-5-iscsi devstack@c-api.service[117441]: INFO cinder.api.openstack.wsgi [None req-4689c465-46c8-4b9c-b92e-7a9a28b1e641 tempest-GroupsV314Test-1403377608 tempest-GroupsV314Test-1403377608-project] GET http://10.222.0.53/volume/v3/64bbad692d664440bbde109cd9c432c1/groups/897894b9-d8ee-44e3-a716-097f6628bd36
Apr 18 20:54:35.452844 dv-cinder-826510-5-iscsi devstack@c-api.service[117441]: DEBUG cinder.api.openstack.wsgi [None req-4689c465-46c8-4b9c-b92e-7a9a28b1e641 tempest-GroupsV314Test-1403377608 tempest-GroupsV314Test-1403377608-project] Empty body provided in request {{(pid=117441) get_body /opt/stack/cinder/cinder/api/openstack/wsgi.py:715}}
Apr 18 20:54:35.453306 dv-cinder-826510-5-iscsi devstack@c-api.service[117441]: DEBUG cinder.api.openstack.wsgi [None req-4689c465-46c8-4b9c-b92e-7a9a28b1e641 tempest-GroupsV314Test-1403377608 tempest-GroupsV314Test-1403377608-project] Calling method 'version_select' {{(pid=117441) _process_stack /opt/stack/cinder/cinder/api/openstack/wsgi.py:868}}
Apr 18 20:54:35.456325 dv-cinder-826510-5-iscsi devstack@c-api.service[117441]: DEBUG cinder.api.v3.groups [None req-4689c465-46c8-4b9c-b92e-7a9a28b1e641 tempest-GroupsV314Test-1403377608 tempest-GroupsV314Test-1403377608-project] show called for member 897894b9-d8ee-44e3-a716-097f6628bd36 {{(pid=117441) show /opt/stack/cinder/cinder/api/v3/groups.py:58}}
Apr 18 20:54:35.469708 dv-cinder-826510-5-iscsi devstack@c-api.service[117441]: INFO cinder.api.openstack.wsgi [None req-4689c465-46c8-4b9c-b92e-7a9a28b1e641 tempest-GroupsV314Test-1403377608 tempest-GroupsV314Test-1403377608-project] http://10.222.0.53/volume/v3/64bbad692d664440bbde109cd9c432c1/groups/897894b9-d8ee-44e3-a716-097f6628bd36 returned with HTTP 404
Apr 18 20:54:35.472066 dv-cinder-826510-5-iscsi devstack@c-api.service[117444]: INFO cinder.api.openstack.wsgi [None req-54674bbf-44f6-4b72-8469-8ba7e4cc5ad3 tempest-GroupTypeSpecsTest-1057209950 tempest-GroupTypeSpecsTest-1057209950-project-admin] http://10.222.0.53/volume/v3/4b11e672173946489c1f8265d67390f3/group_types/93650618-09fb-4c99-90d9-09c87cfb372c/group_specs/key3 returned with HTTP 202
Apr 18 20:54:35.472608 dv-cinder-826510-5-iscsi devstack@c-api.service[117441]: [pid: 117441|app: 0|req: 102/206] 10.222.0.53 () {60 vars in 1362 bytes} [Mon Apr 18 20:54:35 2022] GET /volume/v3/64bbad692d664440bbde109cd9c432c1/groups/897894b9-d8ee-44e3-a716-097f6628bd36 => generated 108 bytes in 33 msecs (HTTP/1.1 404) 7 headers in 293 bytes (1 switches on core 0)
Apr 18 20:54:35.475987 dv-cinder-826510-5-iscsi devstack@c-api.service[117444]: [pid: 117444|app: 0|req: 105/207] 10.222.0.53 () {60 vars in 1431 bytes} [Mon Apr 18 20:54:35 2022] DELETE /volume/v3/4b11e672173946489c1f8265d67390f3/group_types/93650618-09fb-4c99-90d9-09c87cfb372c/group_specs/key3 => generated 0 bytes in 143 msecs (HTTP/1.1 202) 6 headers in 234 bytes (1 switches on core 0)
Apr 18 20:54:35.480490 dv-cinder-826510-5-iscsi devstack@c-api.service[117444]: DEBUG cinder.api.middleware.request_id [None req-5d48299b-cf27-4e8d-b066-56f477b01011 None None] RequestId filter calling following filter/app {{(pid=117444) _context_setter /opt/stack/cinder/cinder/api/middleware/request_id.py:62}}
Apr 18 20:54:35.484446 dv-cinder-826510-5-iscsi devstack@c-api.service[117441]: DEBUG cinder.api.middleware.request_id [None req-0cda3690-cb60-4311-a66e-d78f6fa764dd None None] RequestId filter calling following filter/app {{(pid=117441) _context_setter /opt/stack/cinder/cinder/api/middleware/request_id.py:62}}
Apr 18 20:54:35.493008 dv-cinder-826510-5-iscsi devstack@c-api.service[117441]: INFO cinder.api.openstack.wsgi [None req-0cda3690-cb60-4311-a66e-d78f6fa764dd tempest-GroupsV314Test-801308864 tempest-GroupsV314Test-801308864-project-admin] DELETE http://10.222.0.53/volume/v3/33ef17d2a91143b3868bac1c19ae07d2/group_types/62ebdb85-fbcb-487a-bb1f-ba89b2e37380
Apr 18 20:54:35.493918 dv-cinder-826510-5-iscsi devstack@c-api.service[117441]: DEBUG cinder.api.openstack.wsgi [None req-0cda3690-cb60-4311-a66e-d78f6fa764dd tempest-GroupsV314Test-801308864 tempest-GroupsV314Test-801308864-project-admin] Empty body provided in request {{(pid=117441) get_body /opt/stack/cinder/cinder/api/openstack/wsgi.py:715}}
Apr 18 20:54:35.495149 dv-cinder-826510-5-iscsi devstack@c-api.service[117441]: DEBUG cinder.api.openstack.wsgi [None req-0cda3690-cb60-4311-a66e-d78f6fa764dd tempest-GroupsV314Test-801308864 tempest-GroupsV314Test-801308864-project-admin] Calling method 'version_select' {{(pid=117441) _process_stack /opt/stack/cinder/cinder/api/openstack/wsgi.py:868}}
Apr 18 20:54:35.502665 dv-cinder-826510-5-iscsi devstack@c-api.service[117444]: INFO cinder.api.openstack.wsgi [None req-5d48299b-cf27-4e8d-b066-56f477b01011 tempest-GroupTypeSpecsTest-1057209950 tempest-GroupTypeSpecsTest-1057209950-project-admin] GET http://10.222.0.53/volume/v3/4b11e672173946489c1f8265d67390f3/group_types/93650618-09fb-4c99-90d9-09c87cfb372c/group_specs/key3
Apr 18 20:54:35.503209 dv-cinder-826510-5-iscsi devstack@c-api.service[117444]: DEBUG cinder.api.openstack.wsgi [None req-5d48299b-cf27-4e8d-b066-56f477b01011 tempest-GroupTypeSpecsTest-1057209950 tempest-GroupTypeSpecsTest-1057209950-project-admin] Empty body provided in request {{(pid=117444) get_body /opt/stack/cinder/cinder/api/openstack/wsgi.py:715}}
Apr 18 20:54:35.503671 dv-cinder-826510-5-iscsi devstack@c-api.service[117444]: DEBUG cinder.api.openstack.wsgi [None req-5d48299b-cf27-4e8d-b066-56f477b01011 tempest-GroupTypeSpecsTest-1057209950 tempest-GroupTypeSpecsTest-1057209950-project-admin] Calling method 'version_select' {{(pid=117444) _process_stack /opt/stack/cinder/cinder/api/openstack/wsgi.py:868}}
Apr 18 20:54:35.590768 dv-cinder-826510-5-iscsi devstack@c-api.service[117444]: INFO cinder.api.openstack.wsgi [None req-5d48299b-cf27-4e8d-b066-56f477b01011 tempest-GroupTypeSpecsTest-1057209950 tempest-GroupTypeSpecsTest-1057209950-project-admin] HTTP exception thrown: Group Type 93650618-09fb-4c99-90d9-09c87cfb372c has no extra spec with key key3.
Apr 18 20:54:35.591532 dv-cinder-826510-5-iscsi devstack@c-api.service[117444]: INFO cinder.api.openstack.wsgi [None req-5d48299b-cf27-4e8d-b066-56f477b01011 tempest-GroupTypeSpecsTest-1057209950 tempest-GroupTypeSpecsTest-1057209950-project-admin] http://10.222.0.53/volume/v3/4b11e672173946489c1f8265d67390f3/group_types/93650618-09fb-4c99-90d9-09c87cfb372c/group_specs/key3 returned with HTTP 404
Apr 18 20:54:35.597329 dv-cinder-826510-5-iscsi devstack@c-api.service[117444]: [pid: 117444|app: 0|req: 106/208] 10.222.0.53 () {60 vars in 1428 bytes} [Mon Apr 18 20:54:35 2022] GET /volume/v3/4b11e672173946489c1f8265d67390f3/group_types/93650618-09fb-4c99-90d9-09c87cfb372c/group_specs/key3 => generated 126 bytes in 117 msecs (HTTP/1.1 404) 7 headers in 293 bytes (1 switches on core 0)
Apr 18 20:54:35.599751 dv-cinder-826510-5-iscsi devstack@c-api.service[117444]: DEBUG cinder.api.middleware.request_id [None req-a42d2216-bebe-4577-a733-dca5ae73f2b6 None None] RequestId filter calling following filter/app {{(pid=117444) _context_setter /opt/stack/cinder/cinder/api/middleware/request_id.py:62}}
Apr 18 20:54:35.605758 dv-cinder-826510-5-iscsi devstack@c-api.service[117444]: INFO cinder.api.openstack.wsgi [None req-a42d2216-bebe-4577-a733-dca5ae73f2b6 tempest-GroupTypeSpecsTest-1057209950 tempest-GroupTypeSpecsTest-1057209950-project-admin] DELETE http://10.222.0.53/volume/v3/4b11e672173946489c1f8265d67390f3/group_types/93650618-09fb-4c99-90d9-09c87cfb372c
Apr 18 20:54:35.606607 dv-cinder-826510-5-iscsi devstack@c-api.service[117444]: DEBUG cinder.api.openstack.wsgi [None req-a42d2216-bebe-4577-a733-dca5ae73f2b6 tempest-GroupTypeSpecsTest-1057209950 tempest-GroupTypeSpecsTest-1057209950-project-admin] Empty body provided in request {{(pid=117444) get_body /opt/stack/cinder/cinder/api/openstack/wsgi.py:715}}
Apr 18 20:54:35.612548 dv-cinder-826510-5-iscsi devstack@c-api.service[117444]: DEBUG cinder.api.openstack.wsgi [None req-a42d2216-bebe-4577-a733-dca5ae73f2b6 tempest-GroupTypeSpecsTest-1057209950 tempest-GroupTypeSpecsTest-1057209950-project-admin] Calling method 'version_select' {{(pid=117444) _process_stack /opt/stack/cinder/cinder/api/openstack/wsgi.py:868}}
