Jan 26 20:11:03.073112 dv-cinder-826499-2-smb neutron-server[101570]: DEBUG neutron.plugins.ml2.rpc [None req-a572b71e-9e10-4b50-a066-d7e9312528ef None None] Device 46dcc9d6-f98d-4906-a043-08f4bdc9cd29 details requested by agent hyperv_hv-cinder-82649 with host hv-cinder-82649 {{(pid=101570) get_device_details /opt/stack/neutron/neutron/plugins/ml2/rpc.py:102}}
Jan 26 20:11:03.077776 dv-cinder-826499-2-smb neutron-server[101570]: DEBUG neutron.plugins.ml2.rpc [None req-a572b71e-9e10-4b50-a066-d7e9312528ef None None] Device caf26a65-265e-499d-8fdf-8a212d699499 up at agent hyperv_hv-cinder-82649 {{(pid=101570) update_device_up /opt/stack/neutron/neutron/plugins/ml2/rpc.py:296}}
Jan 26 20:11:03.192138 dv-cinder-826499-2-smb neutron-server[101569]: DEBUG neutron.pecan_wsgi.hooks.policy_enforcement [req-0818b8df-081e-4073-8e41-10a60bfa2c9d req-e18eac59-9f9c-470b-b0b1-86c3fb660efc tempest-AttachVolumeTestJSON-458467027 tempest-AttachVolumeTestJSON-458467027-project] Attributes excluded by policy engine: ['standard_attr_id', 'binding:profile', 'binding:host_id', 'binding:vif_type', 'binding:vif_details'] {{(pid=101569) _exclude_attributes_by_policy /opt/stack/neutron/neutron/pecan_wsgi/hooks/policy_enforcement.py:255}}
Jan 26 20:11:03.204795 dv-cinder-826499-2-smb neutron-server[101569]: INFO neutron.wsgi [req-0818b8df-081e-4073-8e41-10a60bfa2c9d req-e18eac59-9f9c-470b-b0b1-86c3fb660efc tempest-AttachVolumeTestJSON-458467027 tempest-AttachVolumeTestJSON-458467027-project] 10.222.0.11 "GET /v2.0/ports?device_id=e7095d7d-397b-4df8-a16a-7fd747e38382 HTTP/1.1" status: 200 len: 943 time: 0.1123757
Jan 26 20:11:03.298144 dv-cinder-826499-2-smb neutron-server[101569]: INFO neutron.wsgi [req-0818b8df-081e-4073-8e41-10a60bfa2c9d req-92a6013e-b8dc-4b96-97fa-c03f8b227e72 tempest-AttachVolumeTestJSON-458467027 tempest-AttachVolumeTestJSON-458467027-project] 10.222.0.11 "GET /v2.0/security-groups?id=260b35d1-8dc6-4117-b736-4502fa968fc4&fields=id&fields=name HTTP/1.1" status: 200 len: 313 time: 0.0921543
Jan 26 20:11:03.373607 dv-cinder-826499-2-smb neutron-server[101570]: DEBUG neutron.db.provisioning_blocks [None req-a572b71e-9e10-4b50-a066-d7e9312528ef None None] Provisioning for port caf26a65-265e-499d-8fdf-8a212d699499 completed by entity L2. {{(pid=101570) provisioning_complete /opt/stack/neutron/neutron/db/provisioning_blocks.py:133}}
Jan 26 20:11:03.384521 dv-cinder-826499-2-smb neutron-server[101570]: DEBUG neutron.db.provisioning_blocks [None req-a572b71e-9e10-4b50-a066-d7e9312528ef None None] Provisioning complete for port caf26a65-265e-499d-8fdf-8a212d699499 triggered by entity L2. {{(pid=101570) provisioning_complete /opt/stack/neutron/neutron/db/provisioning_blocks.py:139}}
Jan 26 20:11:03.384894 dv-cinder-826499-2-smb neutron-server[101570]: DEBUG neutron_lib.callbacks.manager [None req-a572b71e-9e10-4b50-a066-d7e9312528ef None None] Notify callbacks ['neutron.plugins.ml2.plugin.Ml2Plugin._port_provisioned-1017325'] for port, provisioning_complete {{(pid=101570) _notify_loop /usr/local/lib/python3.8/dist-packages/neutron_lib/callbacks/manager.py:192}}
Jan 26 20:11:03.451677 dv-cinder-826499-2-smb neutron-server[101570]: DEBUG neutron.plugins.ml2.db [None req-a572b71e-9e10-4b50-a066-d7e9312528ef None None] For port 46dcc9d6-f98d-4906-a043-08f4bdc9cd29, host hv-cinder-82649, got binding levels [PortBindingLevel(driver='hyperv',host='hv-cinder-82649',level=0,port_id=46dcc9d6-f98d-4906-a043-08f4bdc9cd29,segment=NetworkSegment(cf768baa-f0ea-4327-af91-9adea37f03e1),segment_id=cf768baa-f0ea-4327-af91-9adea37f03e1)] {{(pid=101570) get_binding_level_objs /opt/stack/neutron/neutron/plugins/ml2/db.py:74}}
Jan 26 20:11:03.501731 dv-cinder-826499-2-smb neutron-server[101570]: DEBUG neutron.plugins.ml2.rpc [None req-a572b71e-9e10-4b50-a066-d7e9312528ef None None] Returning: {'device': '46dcc9d6-f98d-4906-a043-08f4bdc9cd29', 'network_id': '6d31fdb1-8e31-427a-bae1-54489adec75e', 'port_id': '46dcc9d6-f98d-4906-a043-08f4bdc9cd29', 'mac_address': 'fa:16:3e:cc:c7:f8', 'admin_state_up': True, 'network_type': 'vlan', 'segmentation_id': 305, 'physical_network': 'physnet1', 'mtu': 1500, 'fixed_ips': [{'subnet_id': '4a9bf80a-f9a6-4331-9c81-f000dcb8d453', 'ip_address': '172.20.0.7'}], 'device_owner': 'compute:nova', 'allowed_address_pairs': [], 'port_security_enabled': True, 'qos_policy_id': None, 'network_qos_policy_id': None, 'profile': {}, 'propagate_uplink_status': False} {{(pid=101570) _get_device_details /opt/stack/neutron/neutron/plugins/ml2/rpc.py:184}}
Jan 26 20:11:03.573738 dv-cinder-826499-2-smb neutron-server[101570]: DEBUG neutron_lib.callbacks.manager [None req-a572b71e-9e10-4b50-a066-d7e9312528ef None None] Notify callbacks ['neutron.plugins.ml2.plugin.SecurityGroupDbMixin._ensure_default_security_group_handler-551652'] for port, before_update {{(pid=101570) _notify_loop /usr/local/lib/python3.8/dist-packages/neutron_lib/callbacks/manager.py:192}}
Jan 26 20:11:03.594362 dv-cinder-826499-2-smb neutron-server[101570]: DEBUG neutron_lib.callbacks.manager [None req-a572b71e-9e10-4b50-a066-d7e9312528ef None None] Notify callbacks ['neutron.plugins.ml2.plugin.SecurityGroupDbMixin._ensure_default_security_group_handler-551652'] for port, before_update {{(pid=101570) _notify_loop /usr/local/lib/python3.8/dist-packages/neutron_lib/callbacks/manager.py:192}}
Jan 26 20:11:03.598490 dv-cinder-826499-2-smb neutron-server[101570]: DEBUG neutron.notifiers.nova [None req-a572b71e-9e10-4b50-a066-d7e9312528ef None None] Ignoring state change previous_port_status: DOWN current_port_status: BUILD port_id 46dcc9d6-f98d-4906-a043-08f4bdc9cd29 {{(pid=101570) record_port_status_changed /opt/stack/neutron/neutron/notifiers/nova.py:224}}
Jan 26 20:11:03.633043 dv-cinder-826499-2-smb neutron-server[101570]: DEBUG neutron.plugins.ml2.db [None req-a572b71e-9e10-4b50-a066-d7e9312528ef None None] For port 46dcc9d6-f98d-4906-a043-08f4bdc9cd29, host hv-cinder-82649, got binding levels [PortBindingLevel(driver='hyperv',host='hv-cinder-82649',level=0,port_id=46dcc9d6-f98d-4906-a043-08f4bdc9cd29,segment=NetworkSegment(cf768baa-f0ea-4327-af91-9adea37f03e1),segment_id=cf768baa-f0ea-4327-af91-9adea37f03e1)] {{(pid=101570) get_binding_level_objs /opt/stack/neutron/neutron/plugins/ml2/db.py:74}}
Jan 26 20:11:03.638541 dv-cinder-826499-2-smb neutron-server[101570]: DEBUG neutron.notifiers.nova [-] Sending events: [{'server_uuid': '289edb4e-1571-4a3e-b17d-208ce0c04847', 'name': 'network-vif-plugged', 'status': 'completed', 'tag': 'caf26a65-265e-499d-8fdf-8a212d699499'}] {{(pid=101570) send_events /opt/stack/neutron/neutron/notifiers/nova.py:262}}
Jan 26 20:11:03.640820 dv-cinder-826499-2-smb neutron-server[101570]: DEBUG novaclient.v2.client [-] REQ: curl -g -i --cacert "/opt/stack/data/ca-bundle.pem" -X POST http://10.222.0.11/compute/v2.1/os-server-external-events -H "Accept: application/json" -H "Content-Type: application/json" -H "User-Agent: python-novaclient" -H "X-Auth-Token: {SHA256}f625c633b531adab4d6f9510cb755a87156be174c222eb1d8b2e9603acd43f0c" -H "X-OpenStack-Nova-API-Version: 2.1" -H "X-OpenStack-Request-ID: req-0d825a69-7b4e-465b-80f2-5e89d3d25a55" -d '{"events": [{"server_uuid": "289edb4e-1571-4a3e-b17d-208ce0c04847", "name": "network-vif-plugged", "status": "completed", "tag": "caf26a65-265e-499d-8fdf-8a212d699499"}]}' {{(pid=101570) _http_log_request /usr/local/lib/python3.8/dist-packages/keystoneauth1/session.py:519}}
Jan 26 20:11:03.652774 dv-cinder-826499-2-smb neutron-server[101570]: DEBUG neutron_lib.callbacks.manager [None req-a572b71e-9e10-4b50-a066-d7e9312528ef None None] Notify callbacks ['neutron.plugins.ml2.plugin.SecurityGroupServerNotifierRpcMixin._notify_sg_on_port_change-551483', 'neutron.plugins.ml2.ovo_rpc._ObjectChangeHandler.handle_event-430983', 'neutron.api.rpc.agentnotifiers.dhcp_rpc_agent_api.DhcpAgentNotifyAPI._native_event_send_dhcp_notification-1577525', 'neutron.db.l3_db.L3RpcNotifierMixin._notify_gateway_port_ip_changed-8748749014429', 'neutron.db.l3_dvrscheduler_db._notify_l3_agent_port_update-8748748580747', 'neutron.db.l3_hascheduler_db._notify_l3_agent_ha_port_update-8748748580765'] for port, after_update {{(pid=101570) _notify_loop /usr/local/lib/python3.8/dist-packages/neutron_lib/callbacks/manager.py:192}}
Jan 26 20:11:03.667640 dv-cinder-826499-2-smb neutron-server[101570]: DEBUG neutron.plugins.ml2.db [None req-a572b71e-9e10-4b50-a066-d7e9312528ef None None] For port caf26a65-265e-499d-8fdf-8a212d699499, host hv-cinder-82649, got binding levels [PortBindingLevel(driver='hyperv',host='hv-cinder-82649',level=0,port_id=caf26a65-265e-499d-8fdf-8a212d699499,segment=NetworkSegment(92c554aa-4d77-4486-b0c8-60a56c20c4e5),segment_id=92c554aa-4d77-4486-b0c8-60a56c20c4e5)] {{(pid=101570) get_binding_level_objs /opt/stack/neutron/neutron/plugins/ml2/db.py:74}}
Jan 26 20:11:03.671583 dv-cinder-826499-2-smb neutron-server[101568]: DEBUG neutron.wsgi [-] (101568) accepted ('10.222.0.11', 38846) {{(pid=101568) server /usr/local/lib/python3.8/dist-packages/eventlet/wsgi.py:982}}
Jan 26 20:11:03.691218 dv-cinder-826499-2-smb neutron-server[101568]: DEBUG neutron_lib.callbacks.manager [None req-6b25691c-e27f-46fb-89e8-2f92801f8d9f admin admin] Notify callbacks [] for security_group, before_create {{(pid=101568) _notify_loop /usr/local/lib/python3.8/dist-packages/neutron_lib/callbacks/manager.py:192}}
Jan 26 20:11:03.725562 dv-cinder-826499-2-smb neutron-server[101570]: DEBUG novaclient.v2.client [-] RESP: [200] Connection: close Content-Length: 183 Content-Type: application/json Date: Wed, 26 Jan 2022 20:11:03 GMT OpenStack-API-Version: compute 2.1 Server: Apache/2.4.41 (Ubuntu) Vary: OpenStack-API-Version,X-OpenStack-Nova-API-Version X-OpenStack-Nova-API-Version: 2.1 x-compute-request-id: req-e40a85f4-ba1d-4d52-baab-31a2d4e010a0 x-openstack-request-id: req-e40a85f4-ba1d-4d52-baab-31a2d4e010a0 {{(pid=101570) _http_log_response /usr/local/lib/python3.8/dist-packages/keystoneauth1/session.py:550}}
Jan 26 20:11:03.725880 dv-cinder-826499-2-smb neutron-server[101570]: DEBUG novaclient.v2.client [-] RESP BODY: {"events": [{"server_uuid": "289edb4e-1571-4a3e-b17d-208ce0c04847", "name": "network-vif-plugged", "status": "completed", "tag": "caf26a65-265e-499d-8fdf-8a212d699499", "code": 200}]} {{(pid=101570) _http_log_response /usr/local/lib/python3.8/dist-packages/keystoneauth1/session.py:582}}
Jan 26 20:11:03.726136 dv-cinder-826499-2-smb neutron-server[101570]: DEBUG novaclient.v2.client [-] POST call to compute for http://10.222.0.11/compute/v2.1/os-server-external-events used request id req-e40a85f4-ba1d-4d52-baab-31a2d4e010a0 {{(pid=101570) request /usr/local/lib/python3.8/dist-packages/keystoneauth1/session.py:954}}
Jan 26 20:11:03.726578 dv-cinder-826499-2-smb neutron-server[101570]: INFO neutron.notifiers.nova [-] Nova event response: {'server_uuid': '289edb4e-1571-4a3e-b17d-208ce0c04847', 'name': 'network-vif-plugged', 'status': 'completed', 'tag': 'caf26a65-265e-499d-8fdf-8a212d699499', 'code': 200}
Jan 26 20:11:03.729138 dv-cinder-826499-2-smb neutron-server[101570]: DEBUG neutron_lib.callbacks.manager [None req-a572b71e-9e10-4b50-a066-d7e9312528ef None None] Notify callbacks ['neutron.plugins.ml2.plugin.SecurityGroupServerNotifierRpcMixin._notify_sg_on_port_change-551483', 'neutron.plugins.ml2.ovo_rpc._ObjectChangeHandler.handle_event-430983', 'neutron.api.rpc.agentnotifiers.dhcp_rpc_agent_api.DhcpAgentNotifyAPI._native_event_send_dhcp_notification-1577525', 'neutron.db.l3_db.L3RpcNotifierMixin._notify_gateway_port_ip_changed-8748749014429', 'neutron.db.l3_dvrscheduler_db._notify_l3_agent_port_update-8748748580747', 'neutron.db.l3_hascheduler_db._notify_l3_agent_ha_port_update-8748748580765'] for port, after_update {{(pid=101570) _notify_loop /usr/local/lib/python3.8/dist-packages/neutron_lib/callbacks/manager.py:192}}
Jan 26 20:11:03.743954 dv-cinder-826499-2-smb neutron-server[101570]: DEBUG neutron.api.rpc.handlers.resources_rpc [None req-a572b71e-9e10-4b50-a066-d7e9312528ef None None] Pushing event updated for resources: {'Port': ['ID=46dcc9d6-f98d-4906-a043-08f4bdc9cd29,revision_number=4']} {{(pid=101570) push /opt/stack/neutron/neutron/api/rpc/handlers/resources_rpc.py:237}}
Jan 26 20:11:03.814747 dv-cinder-826499-2-smb neutron-server[101570]: DEBUG neutron.api.rpc.handlers.resources_rpc [None req-a572b71e-9e10-4b50-a066-d7e9312528ef None None] Pushing event updated for resources: {'Port': ['ID=caf26a65-265e-499d-8fdf-8a212d699499,revision_number=5']} {{(pid=101570) push /opt/stack/neutron/neutron/api/rpc/handlers/resources_rpc.py:237}}
Jan 26 20:11:03.854616 dv-cinder-826499-2-smb neutron-server[101568]: DEBUG neutron_lib.callbacks.manager [None req-6b25691c-e27f-46fb-89e8-2f92801f8d9f admin admin] Notify callbacks [] for security_group, precommit_create {{(pid=101568) _notify_loop /usr/local/lib/python3.8/dist-packages/neutron_lib/callbacks/manager.py:192}}
Jan 26 20:11:03.865788 dv-cinder-826499-2-smb neutron-server[101568]: DEBUG neutron_lib.callbacks.manager [None req-6b25691c-e27f-46fb-89e8-2f92801f8d9f admin admin] Notify callbacks ['neutron.plugins.ml2.ovo_rpc._ObjectChangeHandler.handle_event-2080690'] for security_group, after_create {{(pid=101568) _notify_loop /usr/local/lib/python3.8/dist-packages/neutron_lib/callbacks/manager.py:192}}
Jan 26 20:11:03.949046 dv-cinder-826499-2-smb neutron-server[101570]: DEBUG neutron.plugins.ml2.db [None req-a572b71e-9e10-4b50-a066-d7e9312528ef None None] get_ports_and_sgs() called for port_ids ['46dcc9d6-f98d-4906-a043-08f4bdc9cd29'] {{(pid=101570) get_ports_and_sgs /opt/stack/neutron/neutron/plugins/ml2/db.py:156}}
Jan 26 20:11:03.982715 dv-cinder-826499-2-smb neutron-server[101568]: INFO neutron.wsgi [None req-6b25691c-e27f-46fb-89e8-2f92801f8d9f admin admin] 10.222.0.11 "GET /v2.0/security-groups?tenant_id=05c7c48818554b7188a1e6434e6c476c&name=default HTTP/1.1" status: 200 len: 2979 time: 0.3096852
Jan 26 20:11:03.989079 dv-cinder-826499-2-smb neutron-server[101568]: DEBUG neutron.wsgi [-] (101568) accepted ('10.222.0.11', 38860) {{(pid=101568) server /usr/local/lib/python3.8/dist-packages/eventlet/wsgi.py:982}}
Jan 26 20:11:04.011113 dv-cinder-826499-2-smb neutron-server[101568]: DEBUG neutron.api.rpc.handlers.resources_rpc [None req-6b25691c-e27f-46fb-89e8-2f92801f8d9f admin admin] Pushing event updated for resources: {'SecurityGroup': ['ID=3f42a4bf-081b-41a5-ac46-2bcc073d2e48,revision_number=1']} {{(pid=101568) push /opt/stack/neutron/neutron/api/rpc/handlers/resources_rpc.py:237}}
Jan 26 20:11:04.052855 dv-cinder-826499-2-smb neutron-server[101569]: DEBUG neutron.pecan_wsgi.hooks.policy_enforcement [req-5c1f4bc3-819a-4989-94ab-6a04a3eae61d req-e451501f-9e0b-43de-bcdb-4c31499d2da3 service neutron] Attributes excluded by policy engine: ['standard_attr_id'] {{(pid=101569) _exclude_attributes_by_policy /opt/stack/neutron/neutron/pecan_wsgi/hooks/policy_enforcement.py:255}}
Jan 26 20:11:04.054661 dv-cinder-826499-2-smb neutron-server[101569]: INFO neutron.wsgi [req-5c1f4bc3-819a-4989-94ab-6a04a3eae61d req-e451501f-9e0b-43de-bcdb-4c31499d2da3 service neutron] 10.222.0.48 "GET /v2.0/ports?device_id=289edb4e-1571-4a3e-b17d-208ce0c04847 HTTP/1.1" status: 200 len: 1098 time: 0.1079454
Jan 26 20:11:04.088101 dv-cinder-826499-2-smb neutron-server[101568]: DEBUG neutron_lib.callbacks.manager [None req-98758d48-855e-4f0d-8c9f-6aec0cc78646 admin admin] Notify callbacks [] for security_group, before_delete {{(pid=101568) _notify_loop /usr/local/lib/python3.8/dist-packages/neutron_lib/callbacks/manager.py:192}}
Jan 26 20:11:04.154362 dv-cinder-826499-2-smb neutron-server[101568]: DEBUG neutron_lib.callbacks.manager [None req-98758d48-855e-4f0d-8c9f-6aec0cc78646 admin admin] Notify callbacks [] for security_group, precommit_delete {{(pid=101568) _notify_loop /usr/local/lib/python3.8/dist-packages/neutron_lib/callbacks/manager.py:192}}
Jan 26 20:11:04.189971 dv-cinder-826499-2-smb neutron-server[101569]: INFO neutron.wsgi [req-5c1f4bc3-819a-4989-94ab-6a04a3eae61d req-e90836b4-cc76-48be-aaa7-858d4ad30d0c service neutron] 10.222.0.48 "GET /v2.0/security-groups?id=57e43b39-cffa-4a4f-bade-b79a425b8ca1&fields=id&fields=name HTTP/1.1" status: 200 len: 286 time: 0.0950356
Jan 26 20:11:04.225198 dv-cinder-826499-2-smb neutron-server[101568]: DEBUG neutron.pecan_wsgi.hooks.policy_enforcement [req-77363917-2fb9-4988-b235-cd77318179d1 req-711ecf06-11ff-490f-ab78-6297dd249a75 tempest-ServerRescueNegativeTestJSON-914503766 tempest-ServerRescueNegativeTestJSON-914503766-project] Attributes excluded by policy engine: ['standard_attr_id', 'binding:profile', 'binding:host_id', 'binding:vif_type', 'binding:vif_details'] {{(pid=101568) _exclude_attributes_by_policy /opt/stack/neutron/neutron/pecan_wsgi/hooks/policy_enforcement.py:255}}
Jan 26 20:11:04.231394 dv-cinder-826499-2-smb neutron-server[101568]: INFO neutron.wsgi [req-77363917-2fb9-4988-b235-cd77318179d1 req-711ecf06-11ff-490f-ab78-6297dd249a75 tempest-ServerRescueNegativeTestJSON-914503766 tempest-ServerRescueNegativeTestJSON-914503766-project] 10.222.0.11 "GET /v2.0/ports?device_id=289edb4e-1571-4a3e-b17d-208ce0c04847 HTTP/1.1" status: 200 len: 945 time: 0.1389489
Jan 26 20:11:04.286686 dv-cinder-826499-2-smb neutron-server[101568]: INFO neutron.wsgi [req-77363917-2fb9-4988-b235-cd77318179d1 req-9bd41e94-a4c3-4aa7-b4b0-0782a2ae11e6 tempest-ServerRescueNegativeTestJSON-914503766 tempest-ServerRescueNegativeTestJSON-914503766-project] 10.222.0.11 "GET /v2.0/security-groups?id=57e43b39-cffa-4a4f-bade-b79a425b8ca1&fields=id&fields=name HTTP/1.1" status: 200 len: 286 time: 0.0446563
Jan 26 20:11:04.290069 dv-cinder-826499-2-smb neutron-server[101568]: DEBUG neutron_lib.callbacks.manager [None req-98758d48-855e-4f0d-8c9f-6aec0cc78646 admin admin] Notify callbacks ['neutron.plugins.ml2.ovo_rpc._ObjectChangeHandler.handle_event-2080690'] for security_group, after_delete {{(pid=101568) _notify_loop /usr/local/lib/python3.8/dist-packages/neutron_lib/callbacks/manager.py:192}}
Jan 26 20:11:04.294796 dv-cinder-826499-2-smb neutron-server[101568]: DEBUG neutron_lib.callbacks.manager [None req-98758d48-855e-4f0d-8c9f-6aec0cc78646 admin admin] Notify callbacks [] for security_group, before_response {{(pid=101568) _notify_loop /usr/local/lib/python3.8/dist-packages/neutron_lib/callbacks/manager.py:192}}
Jan 26 20:11:04.299462 dv-cinder-826499-2-smb neutron-server[101568]: INFO neutron.wsgi [None req-98758d48-855e-4f0d-8c9f-6aec0cc78646 admin admin] 10.222.0.11 "DELETE /v2.0/security-groups/3f42a4bf-081b-41a5-ac46-2bcc073d2e48 HTTP/1.1" status: 204 len: 168 time: 0.3054621
Jan 26 20:11:04.321078 dv-cinder-826499-2-smb neutron-server[101568]: DEBUG neutron.api.rpc.handlers.resources_rpc [None req-98758d48-855e-4f0d-8c9f-6aec0cc78646 admin admin] Pushing event deleted for resources: {'SecurityGroup': ['ID=3f42a4bf-081b-41a5-ac46-2bcc073d2e48,revision_number=None']} {{(pid=101568) push /opt/stack/neutron/neutron/api/rpc/handlers/resources_rpc.py:237}}
Jan 26 20:11:04.502395 dv-cinder-826499-2-smb neutron-server[101568]: DEBUG neutron.pecan_wsgi.hooks.policy_enforcement [req-62f168ed-476c-4d85-877c-f4c6b3564dd2 req-753eb328-be3a-4d74-90a7-520fafa50cb7 tempest-AttachVolumeTestJSON-458467027 tempest-AttachVolumeTestJSON-458467027-project] Attributes excluded by policy engine: ['standard_attr_id', 'binding:profile', 'binding:host_id', 'binding:vif_type', 'binding:vif_details'] {{(pid=101568) _exclude_attributes_by_policy /opt/stack/neutron/neutron/pecan_wsgi/hooks/policy_enforcement.py:255}}
Jan 26 20:11:04.510357 dv-cinder-826499-2-smb neutron-server[101568]: INFO neutron.wsgi [req-62f168ed-476c-4d85-877c-f4c6b3564dd2 req-753eb328-be3a-4d74-90a7-520fafa50cb7 tempest-AttachVolumeTestJSON-458467027 tempest-AttachVolumeTestJSON-458467027-project] 10.222.0.11 "GET /v2.0/ports?device_id=e7095d7d-397b-4df8-a16a-7fd747e38382 HTTP/1.1" status: 200 len: 944 time: 0.1187091
Jan 26 20:11:04.581037 dv-cinder-826499-2-smb neutron-server[101568]: INFO neutron.wsgi [req-62f168ed-476c-4d85-877c-f4c6b3564dd2 req-32b77505-21c7-4675-8db4-8d3a0ca62ff6 tempest-AttachVolumeTestJSON-458467027 tempest-AttachVolumeTestJSON-458467027-project] 10.222.0.11 "GET /v2.0/security-groups?id=260b35d1-8dc6-4117-b736-4502fa968fc4&fields=id&fields=name HTTP/1.1" status: 200 len: 313 time: 0.0695937
Jan 26 20:11:05.069768 dv-cinder-826499-2-smb neutron-server[101570]: DEBUG neutron.plugins.ml2.rpc [None req-a572b71e-9e10-4b50-a066-d7e9312528ef None None] Device 46dcc9d6-f98d-4906-a043-08f4bdc9cd29 up at agent hyperv_hv-cinder-82649 {{(pid=101570) update_device_up /opt/stack/neutron/neutron/plugins/ml2/rpc.py:296}}
Jan 26 20:11:05.125583 dv-cinder-826499-2-smb neutron-server[101570]: DEBUG neutron.db.provisioning_blocks [None req-a572b71e-9e10-4b50-a066-d7e9312528ef None None] Provisioning for port 46dcc9d6-f98d-4906-a043-08f4bdc9cd29 completed by entity L2. {{(pid=101570) provisioning_complete /opt/stack/neutron/neutron/db/provisioning_blocks.py:133}}
Jan 26 20:11:05.129449 dv-cinder-826499-2-smb neutron-server[101570]: DEBUG neutron.db.provisioning_blocks [None req-a572b71e-9e10-4b50-a066-d7e9312528ef None None] Provisioning complete for port 46dcc9d6-f98d-4906-a043-08f4bdc9cd29 triggered by entity L2. {{(pid=101570) provisioning_complete /opt/stack/neutron/neutron/db/provisioning_blocks.py:139}}
Jan 26 20:11:05.130772 dv-cinder-826499-2-smb neutron-server[101570]: DEBUG neutron_lib.callbacks.manager [None req-a572b71e-9e10-4b50-a066-d7e9312528ef None None] Notify callbacks ['neutron.plugins.ml2.plugin.Ml2Plugin._port_provisioned-1017325'] for port, provisioning_complete {{(pid=101570) _notify_loop /usr/local/lib/python3.8/dist-packages/neutron_lib/callbacks/manager.py:192}}
Jan 26 20:11:05.139737 dv-cinder-826499-2-smb neutron-server[101568]: DEBUG neutron.wsgi [-] (101568) accepted ('10.222.0.11', 38930) {{(pid=101568) server /usr/local/lib/python3.8/dist-packages/eventlet/wsgi.py:982}}
Jan 26 20:11:05.236868 dv-cinder-826499-2-smb neutron-server[101570]: DEBUG neutron_lib.callbacks.manager [None req-a572b71e-9e10-4b50-a066-d7e9312528ef None None] Notify callbacks ['neutron.plugins.ml2.plugin.SecurityGroupDbMixin._ensure_default_security_group_handler-551652'] for port, before_update {{(pid=101570) _notify_loop /usr/local/lib/python3.8/dist-packages/neutron_lib/callbacks/manager.py:192}}
Jan 26 20:11:05.273802 dv-cinder-826499-2-smb neutron-server[101570]: DEBUG neutron.plugins.ml2.db [None req-a572b71e-9e10-4b50-a066-d7e9312528ef None None] For port 46dcc9d6-f98d-4906-a043-08f4bdc9cd29, host hv-cinder-82649, got binding levels [PortBindingLevel(driver='hyperv',host='hv-cinder-82649',level=0,port_id=46dcc9d6-f98d-4906-a043-08f4bdc9cd29,segment=NetworkSegment(cf768baa-f0ea-4327-af91-9adea37f03e1),segment_id=cf768baa-f0ea-4327-af91-9adea37f03e1)] {{(pid=101570) get_binding_level_objs /opt/stack/neutron/neutron/plugins/ml2/db.py:74}}
Jan 26 20:11:05.278213 dv-cinder-826499-2-smb neutron-server[101570]: DEBUG neutron_lib.callbacks.manager [None req-a572b71e-9e10-4b50-a066-d7e9312528ef None None] Notify callbacks ['neutron.plugins.ml2.plugin.SecurityGroupServerNotifierRpcMixin._notify_sg_on_port_change-551483', 'neutron.plugins.ml2.ovo_rpc._ObjectChangeHandler.handle_event-430983', 'neutron.api.rpc.agentnotifiers.dhcp_rpc_agent_api.DhcpAgentNotifyAPI._native_event_send_dhcp_notification-1577525', 'neutron.db.l3_db.L3RpcNotifierMixin._notify_gateway_port_ip_changed-8748749014429', 'neutron.db.l3_dvrscheduler_db._notify_l3_agent_port_update-8748748580747', 'neutron.db.l3_hascheduler_db._notify_l3_agent_ha_port_update-8748748580765'] for port, after_update {{(pid=101570) _notify_loop /usr/local/lib/python3.8/dist-packages/neutron_lib/callbacks/manager.py:192}}
Jan 26 20:11:05.332316 dv-cinder-826499-2-smb neutron-server[101570]: DEBUG neutron.api.rpc.handlers.resources_rpc [None req-a572b71e-9e10-4b50-a066-d7e9312528ef None None] Pushing event updated for resources: {'Port': ['ID=46dcc9d6-f98d-4906-a043-08f4bdc9cd29,revision_number=5']} {{(pid=101570) push /opt/stack/neutron/neutron/api/rpc/handlers/resources_rpc.py:237}}
Jan 26 20:11:05.353464 dv-cinder-826499-2-smb neutron-server[101568]: DEBUG neutron_lib.callbacks.manager [None req-22af387f-5aba-4717-bcae-9dc3d86d31e3 admin admin] Notify callbacks [] for security_group, before_create {{(pid=101568) _notify_loop /usr/local/lib/python3.8/dist-packages/neutron_lib/callbacks/manager.py:192}}
Jan 26 20:11:05.454067 dv-cinder-826499-2-smb neutron-server[101568]: DEBUG neutron_lib.callbacks.manager [None req-22af387f-5aba-4717-bcae-9dc3d86d31e3 admin admin] Notify callbacks [] for security_group, precommit_create {{(pid=101568) _notify_loop /usr/local/lib/python3.8/dist-packages/neutron_lib/callbacks/manager.py:192}}
Jan 26 20:11:05.460851 dv-cinder-826499-2-smb neutron-server[101568]: DEBUG neutron_lib.callbacks.manager [None req-22af387f-5aba-4717-bcae-9dc3d86d31e3 admin admin] Notify callbacks ['neutron.plugins.ml2.ovo_rpc._ObjectChangeHandler.handle_event-2080690'] for security_group, after_create {{(pid=101568) _notify_loop /usr/local/lib/python3.8/dist-packages/neutron_lib/callbacks/manager.py:192}}
Jan 26 20:11:05.492755 dv-cinder-826499-2-smb neutron-server[101569]: DEBUG neutron.pecan_wsgi.hooks.policy_enforcement [req-b206567c-6229-4704-bb71-6f6704ec2a08 req-eb04899a-3033-476c-af9a-39bface8aa1e tempest-ServerRescueNegativeTestJSON-914503766 tempest-ServerRescueNegativeTestJSON-914503766-project] Attributes excluded by policy engine: ['standard_attr_id', 'binding:profile', 'binding:host_id', 'binding:vif_type', 'binding:vif_details'] {{(pid=101569) _exclude_attributes_by_policy /opt/stack/neutron/neutron/pecan_wsgi/hooks/policy_enforcement.py:255}}
Jan 26 20:11:05.506423 dv-cinder-826499-2-smb neutron-server[101568]: INFO neutron.wsgi [None req-22af387f-5aba-4717-bcae-9dc3d86d31e3 admin admin] 10.222.0.11 "GET /v2.0/security-groups?tenant_id=8441113d81964f2388df6893f23f6bfe&name=default HTTP/1.1" status: 200 len: 2979 time: 0.3648489
Jan 26 20:11:05.508366 dv-cinder-826499-2-smb neutron-server[101569]: INFO neutron.wsgi [req-b206567c-6229-4704-bb71-6f6704ec2a08 req-eb04899a-3033-476c-af9a-39bface8aa1e tempest-ServerRescueNegativeTestJSON-914503766 tempest-ServerRescueNegativeTestJSON-914503766-project] 10.222.0.11 "GET /v2.0/ports?device_id=289edb4e-1571-4a3e-b17d-208ce0c04847 HTTP/1.1" status: 200 len: 945 time: 0.1087070
Jan 26 20:11:05.513337 dv-cinder-826499-2-smb neutron-server[101568]: DEBUG neutron.wsgi [-] (101568) accepted ('10.222.0.11', 38954) {{(pid=101568) server /usr/local/lib/python3.8/dist-packages/eventlet/wsgi.py:982}}
Jan 26 20:11:05.546986 dv-cinder-826499-2-smb neutron-server[101571]: DEBUG neutron.db.agents_db [None req-55de6ffd-ded4-4287-ae74-cd7efbf52711 None None] Agent healthcheck: found 6 active agents {{(pid=101571) agent_health_check /opt/stack/neutron/neutron/db/agents_db.py:317}}
Jan 26 20:11:05.637018 dv-cinder-826499-2-smb neutron-server[101568]: DEBUG neutron.api.rpc.handlers.resources_rpc [None req-22af387f-5aba-4717-bcae-9dc3d86d31e3 admin admin] Pushing event updated for resources: {'SecurityGroup': ['ID=3865a58f-d37c-46c2-901a-e584f425e72a,revision_number=1']} {{(pid=101568) push /opt/stack/neutron/neutron/api/rpc/handlers/resources_rpc.py:237}}
Jan 26 20:11:05.683495 dv-cinder-826499-2-smb neutron-server[101569]: INFO neutron.wsgi [req-b206567c-6229-4704-bb71-6f6704ec2a08 req-9ffca50b-395a-4f23-8085-4e42fb38afd8 tempest-ServerRescueNegativeTestJSON-914503766 tempest-ServerRescueNegativeTestJSON-914503766-project] 10.222.0.11 "GET /v2.0/security-groups?id=57e43b39-cffa-4a4f-bade-b79a425b8ca1&fields=id&fields=name HTTP/1.1" status: 200 len: 286 time: 0.1712403
Jan 26 20:11:05.697738 dv-cinder-826499-2-smb neutron-server[101568]: DEBUG neutron_lib.callbacks.manager [None req-2357e144-b808-4c65-b0c0-28a7ee219f9c admin admin] Notify callbacks [] for security_group, before_delete {{(pid=101568) _notify_loop /usr/local/lib/python3.8/dist-packages/neutron_lib/callbacks/manager.py:192}}
Jan 26 20:11:05.728126 dv-cinder-826499-2-smb neutron-server[101570]: DEBUG neutron.notifiers.nova [-] Sending events: [{'server_uuid': 'e7095d7d-397b-4df8-a16a-7fd747e38382', 'name': 'network-vif-plugged', 'status': 'completed', 'tag': '46dcc9d6-f98d-4906-a043-08f4bdc9cd29'}] {{(pid=101570) send_events /opt/stack/neutron/neutron/notifiers/nova.py:262}}
Jan 26 20:11:05.731244 dv-cinder-826499-2-smb neutron-server[101570]: DEBUG novaclient.v2.client [-] REQ: curl -g -i --cacert "/opt/stack/data/ca-bundle.pem" -X POST http://10.222.0.11/compute/v2.1/os-server-external-events -H "Accept: application/json" -H "Content-Type: application/json" -H "User-Agent: python-novaclient" -H "X-Auth-Token: {SHA256}f625c633b531adab4d6f9510cb755a87156be174c222eb1d8b2e9603acd43f0c" -H "X-OpenStack-Nova-API-Version: 2.1" -H "X-OpenStack-Request-ID: req-0fda4aa3-06b8-4b9c-8c34-e30019ded285" -d '{"events": [{"server_uuid": "e7095d7d-397b-4df8-a16a-7fd747e38382", "name": "network-vif-plugged", "status": "completed", "tag": "46dcc9d6-f98d-4906-a043-08f4bdc9cd29"}]}' {{(pid=101570) _http_log_request /usr/local/lib/python3.8/dist-packages/keystoneauth1/session.py:519}}
Jan 26 20:11:05.753222 dv-cinder-826499-2-smb neutron-server[101568]: DEBUG neutron_lib.callbacks.manager [None req-2357e144-b808-4c65-b0c0-28a7ee219f9c admin admin] Notify callbacks [] for security_group, precommit_delete {{(pid=101568) _notify_loop /usr/local/lib/python3.8/dist-packages/neutron_lib/callbacks/manager.py:192}}
Jan 26 20:11:05.817252 dv-cinder-826499-2-smb neutron-server[101570]: DEBUG novaclient.v2.client [-] RESP: [200] Connection: close Content-Length: 183 Content-Type: application/json Date: Wed, 26 Jan 2022 20:11:05 GMT OpenStack-API-Version: compute 2.1 Server: Apache/2.4.41 (Ubuntu) Vary: OpenStack-API-Version,X-OpenStack-Nova-API-Version X-OpenStack-Nova-API-Version: 2.1 x-compute-request-id: req-db9edb9f-b486-4db4-9c9d-3c9379ce79ef x-openstack-request-id: req-db9edb9f-b486-4db4-9c9d-3c9379ce79ef {{(pid=101570) _http_log_response /usr/local/lib/python3.8/dist-packages/keystoneauth1/session.py:550}}
Jan 26 20:11:05.817569 dv-cinder-826499-2-smb neutron-server[101570]: DEBUG novaclient.v2.client [-] RESP BODY: {"events": [{"server_uuid": "e7095d7d-397b-4df8-a16a-7fd747e38382", "name": "network-vif-plugged", "status": "completed", "tag": "46dcc9d6-f98d-4906-a043-08f4bdc9cd29", "code": 200}]} {{(pid=101570) _http_log_response /usr/local/lib/python3.8/dist-packages/keystoneauth1/session.py:582}}
Jan 26 20:11:05.817824 dv-cinder-826499-2-smb neutron-server[101570]: DEBUG novaclient.v2.client [-] POST call to compute for http://10.222.0.11/compute/v2.1/os-server-external-events used request id req-db9edb9f-b486-4db4-9c9d-3c9379ce79ef {{(pid=101570) request /usr/local/lib/python3.8/dist-packages/keystoneauth1/session.py:954}}
Jan 26 20:11:05.818225 dv-cinder-826499-2-smb neutron-server[101570]: INFO neutron.notifiers.nova [-] Nova event response: {'server_uuid': 'e7095d7d-397b-4df8-a16a-7fd747e38382', 'name': 'network-vif-plugged', 'status': 'completed', 'tag': '46dcc9d6-f98d-4906-a043-08f4bdc9cd29', 'code': 200}
Jan 26 20:11:05.975202 dv-cinder-826499-2-smb neutron-server[101568]: DEBUG neutron.pecan_wsgi.hooks.policy_enforcement [req-bdb26ebc-6041-4dc8-a385-4fa7774172fd req-2b6bdba7-e3fc-47e8-ada8-42c65ed35c45 tempest-AttachVolumeTestJSON-458467027 tempest-AttachVolumeTestJSON-458467027-project] Attributes excluded by policy engine: ['standard_attr_id', 'binding:profile', 'binding:host_id', 'binding:vif_type', 'binding:vif_details'] {{(pid=101568) _exclude_attributes_by_policy /opt/stack/neutron/neutron/pecan_wsgi/hooks/policy_enforcement.py:255}}
Jan 26 20:11:05.976834 dv-cinder-826499-2-smb neutron-server[101568]: INFO neutron.wsgi [req-bdb26ebc-6041-4dc8-a385-4fa7774172fd req-2b6bdba7-e3fc-47e8-ada8-42c65ed35c45 tempest-AttachVolumeTestJSON-458467027 tempest-AttachVolumeTestJSON-458467027-project] 10.222.0.11 "GET /v2.0/ports?device_id=e7095d7d-397b-4df8-a16a-7fd747e38382 HTTP/1.1" status: 200 len: 945 time: 0.1095650
Jan 26 20:11:05.985707 dv-cinder-826499-2-smb neutron-server[101568]: DEBUG neutron_lib.callbacks.manager [None req-2357e144-b808-4c65-b0c0-28a7ee219f9c admin admin] Notify callbacks ['neutron.plugins.ml2.ovo_rpc._ObjectChangeHandler.handle_event-2080690'] for security_group, after_delete {{(pid=101568) _notify_loop /usr/local/lib/python3.8/dist-packages/neutron_lib/callbacks/manager.py:192}}
Jan 26 20:11:05.992617 dv-cinder-826499-2-smb neutron-server[101568]: DEBUG neutron_lib.callbacks.manager [None req-2357e144-b808-4c65-b0c0-28a7ee219f9c admin admin] Notify callbacks [] for security_group, before_response {{(pid=101568) _notify_loop /usr/local/lib/python3.8/dist-packages/neutron_lib/callbacks/manager.py:192}}
Jan 26 20:11:05.994081 dv-cinder-826499-2-smb neutron-server[101568]: INFO neutron.wsgi [None req-2357e144-b808-4c65-b0c0-28a7ee219f9c admin admin] 10.222.0.11 "DELETE /v2.0/security-groups/3865a58f-d37c-46c2-901a-e584f425e72a HTTP/1.1" status: 204 len: 168 time: 0.4794030
Jan 26 20:11:06.021014 dv-cinder-826499-2-smb neutron-server[101568]: DEBUG neutron.api.rpc.handlers.resources_rpc [None req-2357e144-b808-4c65-b0c0-28a7ee219f9c admin admin] Pushing event deleted for resources: {'SecurityGroup': ['ID=3865a58f-d37c-46c2-901a-e584f425e72a,revision_number=None']} {{(pid=101568) push /opt/stack/neutron/neutron/api/rpc/handlers/resources_rpc.py:237}}
Jan 26 20:11:06.056242 dv-cinder-826499-2-smb neutron-server[101568]: INFO neutron.wsgi [req-bdb26ebc-6041-4dc8-a385-4fa7774172fd req-ff52a759-5d89-41d1-a693-781a630a072c tempest-AttachVolumeTestJSON-458467027 tempest-AttachVolumeTestJSON-458467027-project] 10.222.0.11 "GET /v2.0/security-groups?id=260b35d1-8dc6-4117-b736-4502fa968fc4&fields=id&fields=name HTTP/1.1" status: 200 len: 313 time: 0.0726490
Jan 26 20:11:06.201660 dv-cinder-826499-2-smb neutron-server[101569]: DEBUG neutron.pecan_wsgi.hooks.policy_enforcement [req-c50fab9b-c77a-44be-9ed3-148f12a0664a req-bd031fda-3ef1-4c40-a547-22c5a922c7cf service neutron] Attributes excluded by policy engine: ['standard_attr_id'] {{(pid=101569) _exclude_attributes_by_policy /opt/stack/neutron/neutron/pecan_wsgi/hooks/policy_enforcement.py:255}}
Jan 26 20:11:06.204287 dv-cinder-826499-2-smb neutron-server[101569]: INFO neutron.wsgi [req-c50fab9b-c77a-44be-9ed3-148f12a0664a req-bd031fda-3ef1-4c40-a547-22c5a922c7cf service neutron] 10.222.0.48 "GET /v2.0/ports?device_id=e7095d7d-397b-4df8-a16a-7fd747e38382 HTTP/1.1" status: 200 len: 1098 time: 0.0433984
Jan 26 20:11:06.257270 dv-cinder-826499-2-smb neutron-server[101569]: INFO neutron.wsgi [req-c50fab9b-c77a-44be-9ed3-148f12a0664a req-b3c6e061-39a9-4472-aff8-1b8145281a4b service neutron] 10.222.0.48 "GET /v2.0/security-groups?id=260b35d1-8dc6-4117-b736-4502fa968fc4&fields=id&fields=name HTTP/1.1" status: 200 len: 313 time: 0.0373170
Jan 26 20:11:06.428512 dv-cinder-826499-2-smb neutron-server[101568]: DEBUG neutron.wsgi [-] (101568) accepted ('10.222.0.11', 39012) {{(pid=101568) server /usr/local/lib/python3.8/dist-packages/eventlet/wsgi.py:982}}
Jan 26 20:11:06.448241 dv-cinder-826499-2-smb neutron-server[101568]: DEBUG neutron_lib.callbacks.manager [None req-1f665d51-6c75-4cd0-9604-6680b67a5d9d admin admin] Notify callbacks [] for security_group, before_create {{(pid=101568) _notify_loop /usr/local/lib/python3.8/dist-packages/neutron_lib/callbacks/manager.py:192}}
Jan 26 20:11:06.549536 dv-cinder-826499-2-smb neutron-server[101568]: DEBUG neutron_lib.callbacks.manager [None req-1f665d51-6c75-4cd0-9604-6680b67a5d9d admin admin] Notify callbacks [] for security_group, precommit_create {{(pid=101568) _notify_loop /usr/local/lib/python3.8/dist-packages/neutron_lib/callbacks/manager.py:192}}
Jan 26 20:11:06.557024 dv-cinder-826499-2-smb neutron-server[101568]: DEBUG neutron_lib.callbacks.manager [None req-1f665d51-6c75-4cd0-9604-6680b67a5d9d admin admin] Notify callbacks ['neutron.plugins.ml2.ovo_rpc._ObjectChangeHandler.handle_event-2080690'] for security_group, after_create {{(pid=101568) _notify_loop /usr/local/lib/python3.8/dist-packages/neutron_lib/callbacks/manager.py:192}}
Jan 26 20:11:06.608321 dv-cinder-826499-2-smb neutron-server[101568]: INFO neutron.wsgi [None req-1f665d51-6c75-4cd0-9604-6680b67a5d9d admin admin] 10.222.0.11 "GET /v2.0/security-groups?tenant_id=e72b00186dc14c37ad527109ea0aa2b4&name=default HTTP/1.1" status: 200 len: 2979 time: 0.1782379
Jan 26 20:11:06.611336 dv-cinder-826499-2-smb neutron-server[101568]: DEBUG neutron.wsgi [-] (101568) accepted ('10.222.0.11', 39026) {{(pid=101568) server /usr/local/lib/python3.8/dist-packages/eventlet/wsgi.py:982}}
Jan 26 20:11:06.621341 dv-cinder-826499-2-smb neutron-server[101568]: DEBUG neutron.api.rpc.handlers.resources_rpc [None req-1f665d51-6c75-4cd0-9604-6680b67a5d9d admin admin] Pushing event updated for resources: {'SecurityGroup': ['ID=bd6c822b-7d63-4d2d-b1c6-ed62ee5966a5,revision_number=1']} {{(pid=101568) push /opt/stack/neutron/neutron/api/rpc/handlers/resources_rpc.py:237}}
Jan 26 20:11:06.644297 dv-cinder-826499-2-smb neutron-server[101569]: DEBUG neutron.pecan_wsgi.hooks.policy_enforcement [req-dd774d79-13b5-41fe-a857-5b07b3fcb3a1 req-97f32f7b-8d41-4221-906f-956b91562a9a tempest-AttachVolumeNegativeTest-1405867894 tempest-AttachVolumeNegativeTest-1405867894-project] Attributes excluded by policy engine: ['standard_attr_id', 'vlan_transparent', 'provider:network_type', 'provider:physical_network', 'provider:segmentation_id'] {{(pid=101569) _exclude_attributes_by_policy /opt/stack/neutron/neutron/pecan_wsgi/hooks/policy_enforcement.py:255}}
Jan 26 20:11:06.653184 dv-cinder-826499-2-smb neutron-server[101569]: INFO neutron.wsgi [req-dd774d79-13b5-41fe-a857-5b07b3fcb3a1 req-97f32f7b-8d41-4221-906f-956b91562a9a tempest-AttachVolumeNegativeTest-1405867894 tempest-AttachVolumeNegativeTest-1405867894-project] 10.222.0.11 "GET /v2.0/networks?id=17d0f0fe-6b19-47c5-a247-7b5ee9f4d184 HTTP/1.1" status: 200 len: 815 time: 0.1559756
Jan 26 20:11:06.664443 dv-cinder-826499-2-smb neutron-server[101569]: INFO neutron.wsgi [req-dd774d79-13b5-41fe-a857-5b07b3fcb3a1 req-0b01f82a-1c5b-4d93-a116-039a42fbe8f7 tempest-AttachVolumeNegativeTest-1405867894 tempest-AttachVolumeNegativeTest-1405867894-project] 10.222.0.11 "GET /v2.0/quotas/1ee71d8d98794813aa301153575bd470 HTTP/1.1" status: 200 len: 375 time: 0.0102012
Jan 26 20:11:06.677803 dv-cinder-826499-2-smb neutron-server[101568]: DEBUG neutron_lib.callbacks.manager [None req-8b5c9218-cce6-449d-a257-606652d997ec admin admin] Notify callbacks [] for security_group, before_delete {{(pid=101568) _notify_loop /usr/local/lib/python3.8/dist-packages/neutron_lib/callbacks/manager.py:192}}
Jan 26 20:11:06.722915 dv-cinder-826499-2-smb neutron-server[101568]: DEBUG neutron_lib.callbacks.manager [None req-8b5c9218-cce6-449d-a257-606652d997ec admin admin] Notify callbacks [] for security_group, precommit_delete {{(pid=101568) _notify_loop /usr/local/lib/python3.8/dist-packages/neutron_lib/callbacks/manager.py:192}}
Jan 26 20:11:06.724583 dv-cinder-826499-2-smb neutron-server[101569]: INFO neutron.wsgi [req-dd774d79-13b5-41fe-a857-5b07b3fcb3a1 req-142c7df6-e888-426c-8151-0793903a680c tempest-AttachVolumeNegativeTest-1405867894 tempest-AttachVolumeNegativeTest-1405867894-project] 10.222.0.11 "GET /v2.0/ports?tenant_id=1ee71d8d98794813aa301153575bd470&fields=id HTTP/1.1" status: 200 len: 255 time: 0.0536451
Jan 26 20:11:06.796113 dv-cinder-826499-2-smb neutron-server[101568]: DEBUG neutron_lib.callbacks.manager [None req-8b5c9218-cce6-449d-a257-606652d997ec admin admin] Notify callbacks ['neutron.plugins.ml2.ovo_rpc._ObjectChangeHandler.handle_event-2080690'] for security_group, after_delete {{(pid=101568) _notify_loop /usr/local/lib/python3.8/dist-packages/neutron_lib/callbacks/manager.py:192}}
Jan 26 20:11:06.799111 dv-cinder-826499-2-smb neutron-server[101568]: DEBUG neutron_lib.callbacks.manager [None req-8b5c9218-cce6-449d-a257-606652d997ec admin admin] Notify callbacks [] for security_group, before_response {{(pid=101568) _notify_loop /usr/local/lib/python3.8/dist-packages/neutron_lib/callbacks/manager.py:192}}
Jan 26 20:11:06.800243 dv-cinder-826499-2-smb neutron-server[101568]: INFO neutron.wsgi [None req-8b5c9218-cce6-449d-a257-606652d997ec admin admin] 10.222.0.11 "DELETE /v2.0/security-groups/bd6c822b-7d63-4d2d-b1c6-ed62ee5966a5 HTTP/1.1" status: 204 len: 168 time: 0.1879554
Jan 26 20:11:06.811212 dv-cinder-826499-2-smb neutron-server[101568]: DEBUG neutron.api.rpc.handlers.resources_rpc [None req-8b5c9218-cce6-449d-a257-606652d997ec admin admin] Pushing event deleted for resources: {'SecurityGroup': ['ID=bd6c822b-7d63-4d2d-b1c6-ed62ee5966a5,revision_number=None']} {{(pid=101568) push /opt/stack/neutron/neutron/api/rpc/handlers/resources_rpc.py:237}}
Jan 26 20:11:06.900596 dv-cinder-826499-2-smb neutron-server[101568]: DEBUG neutron.pecan_wsgi.hooks.policy_enforcement [req-4a805622-a7df-4feb-b11b-7430229b337f req-952744f0-a04c-4efd-a3e5-dcdc92a434a2 tempest-ServerRescueNegativeTestJSON-914503766 tempest-ServerRescueNegativeTestJSON-914503766-project] Attributes excluded by policy engine: ['standard_attr_id', 'binding:profile', 'binding:host_id', 'binding:vif_type', 'binding:vif_details'] {{(pid=101568) _exclude_attributes_by_policy /opt/stack/neutron/neutron/pecan_wsgi/hooks/policy_enforcement.py:255}}
Jan 26 20:11:06.902428 dv-cinder-826499-2-smb neutron-server[101568]: INFO neutron.wsgi [req-4a805622-a7df-4feb-b11b-7430229b337f req-952744f0-a04c-4efd-a3e5-dcdc92a434a2 tempest-ServerRescueNegativeTestJSON-914503766 tempest-ServerRescueNegativeTestJSON-914503766-project] 10.222.0.11 "GET /v2.0/ports?device_id=289edb4e-1571-4a3e-b17d-208ce0c04847 HTTP/1.1" status: 200 len: 945 time: 0.0721281
Jan 26 20:11:06.909636 dv-cinder-826499-2-smb neutron-server[101569]: INFO neutron.wsgi [req-dd774d79-13b5-41fe-a857-5b07b3fcb3a1 req-5858b22d-7005-4bf1-ad5b-a57a0ac5bc4a service neutron] 10.222.0.11 "GET /v2.0/networks/17d0f0fe-6b19-47c5-a247-7b5ee9f4d184?fields=segments HTTP/1.1" status: 200 len: 212 time: 0.1773891
Jan 26 20:11:06.946170 dv-cinder-826499-2-smb neutron-server[101568]: INFO neutron.wsgi [req-4a805622-a7df-4feb-b11b-7430229b337f req-22e7c610-6adb-4e28-86e9-d26fe08e4b00 tempest-ServerRescueNegativeTestJSON-914503766 tempest-ServerRescueNegativeTestJSON-914503766-project] 10.222.0.11 "GET /v2.0/security-groups?id=57e43b39-cffa-4a4f-bade-b79a425b8ca1&fields=id&fields=name HTTP/1.1" status: 200 len: 286 time: 0.0372140
Jan 26 20:11:07.021986 dv-cinder-826499-2-smb neutron-server[101569]: INFO neutron.wsgi [req-dd774d79-13b5-41fe-a857-5b07b3fcb3a1 req-a0ca6470-2836-4c04-a11c-474f4e08b180 service neutron] 10.222.0.11 "GET /v2.0/networks/17d0f0fe-6b19-47c5-a247-7b5ee9f4d184?fields=provider%3Aphysical_network&fields=provider%3Anetwork_type HTTP/1.1" status: 200 len: 281 time: 0.1115091
Jan 26 20:11:07.280995 dv-cinder-826499-2-smb neutron-server[101569]: DEBUG neutron.pecan_wsgi.hooks.policy_enforcement [req-ae32bc93-68e5-485f-bc3b-17cfcd382e0c req-1b7b8e38-4e88-48b9-ba3a-a24cb7693ada tempest-AttachVolumeTestJSON-458467027 tempest-AttachVolumeTestJSON-458467027-project] Attributes excluded by policy engine: ['standard_attr_id', 'binding:profile', 'binding:host_id', 'binding:vif_type', 'binding:vif_details'] {{(pid=101569) _exclude_attributes_by_policy /opt/stack/neutron/neutron/pecan_wsgi/hooks/policy_enforcement.py:255}}
Jan 26 20:11:07.282510 dv-cinder-826499-2-smb neutron-server[101569]: INFO neutron.wsgi [req-ae32bc93-68e5-485f-bc3b-17cfcd382e0c req-1b7b8e38-4e88-48b9-ba3a-a24cb7693ada tempest-AttachVolumeTestJSON-458467027 tempest-AttachVolumeTestJSON-458467027-project] 10.222.0.11 "GET /v2.0/ports?device_id=e7095d7d-397b-4df8-a16a-7fd747e38382 HTTP/1.1" status: 200 len: 945 time: 0.0642979
Jan 26 20:11:07.375084 dv-cinder-826499-2-smb neutron-server[101569]: INFO neutron.wsgi [req-ae32bc93-68e5-485f-bc3b-17cfcd382e0c req-3da25fa6-cab9-4815-bfee-d36ffc0eec7e tempest-AttachVolumeTestJSON-458467027 tempest-AttachVolumeTestJSON-458467027-project] 10.222.0.11 "GET /v2.0/security-groups?id=260b35d1-8dc6-4117-b736-4502fa968fc4&fields=id&fields=name HTTP/1.1" status: 200 len: 313 time: 0.0834479
Jan 26 20:11:07.489823 dv-cinder-826499-2-smb neutron-server[101568]: DEBUG neutron.pecan_wsgi.hooks.policy_enforcement [req-0b653d3b-0011-49c0-800b-5a8cfbd81acd req-e1197aaa-2459-4538-ad4a-7aed2e666042 tempest-DeleteServersTestJSON-1652357260 tempest-DeleteServersTestJSON-1652357260-project] Attributes excluded by policy engine: ['standard_attr_id', 'binding:profile', 'binding:host_id', 'binding:vif_type', 'binding:vif_details'] {{(pid=101568) _exclude_attributes_by_policy /opt/stack/neutron/neutron/pecan_wsgi/hooks/policy_enforcement.py:255}}
Jan 26 20:11:07.492360 dv-cinder-826499-2-smb neutron-server[101568]: INFO neutron.wsgi [req-0b653d3b-0011-49c0-800b-5a8cfbd81acd req-e1197aaa-2459-4538-ad4a-7aed2e666042 tempest-DeleteServersTestJSON-1652357260 tempest-DeleteServersTestJSON-1652357260-project] 10.222.0.11 "GET /v2.0/ports?device_id=0dc56e1b-401b-44a5-b146-7dc80132ccde HTTP/1.1" status: 200 len: 946 time: 0.0546997
Jan 26 20:11:07.569842 dv-cinder-826499-2-smb neutron-server[101568]: INFO neutron.wsgi [req-0b653d3b-0011-49c0-800b-5a8cfbd81acd req-9b952416-6790-431c-9fef-154a1fc861ed tempest-DeleteServersTestJSON-1652357260 tempest-DeleteServersTestJSON-1652357260-project] 10.222.0.11 "GET /v2.0/security-groups?id=f1b36d98-d350-4aae-8e75-b89a637f672a&fields=id&fields=name HTTP/1.1" status: 200 len: 286 time: 0.0651069
Jan 26 20:11:07.579970 dv-cinder-826499-2-smb neutron-server[101569]: INFO neutron.wsgi [req-eeb485cc-de48-4aab-9eca-335081baf916 req-d635fcbc-be36-495c-96ce-1e652c17c2bf tempest-AttachVolumeNegativeTest-1405867894 tempest-AttachVolumeNegativeTest-1405867894-project] 10.222.0.11 "GET /v2.0/ports?device_id=90613a3c-0642-4d78-883f-cbfc17d802f4 HTTP/1.1" status: 200 len: 210 time: 0.1147947
Jan 26 20:11:07.590288 dv-cinder-826499-2-smb neutron-server[101569]: DEBUG neutron.pecan_wsgi.hooks.policy_enforcement [req-f9bce8d1-7aab-4ee3-a22a-f970ad218a4e req-f9b3f032-e03a-45ac-92a4-9a02c1c678b6 service neutron] Attributes excluded by policy engine: ['standard_attr_id'] {{(pid=101569) _exclude_attributes_by_policy /opt/stack/neutron/neutron/pecan_wsgi/hooks/policy_enforcement.py:255}}
Jan 26 20:11:07.596212 dv-cinder-826499-2-smb neutron-server[101569]: INFO neutron.wsgi [req-f9bce8d1-7aab-4ee3-a22a-f970ad218a4e req-f9b3f032-e03a-45ac-92a4-9a02c1c678b6 service neutron] 10.222.0.48 "GET /v2.0/ports?tenant_id=cc568c75193b4686bfb1d5eb80dc6a00&device_id=289edb4e-1571-4a3e-b17d-208ce0c04847 HTTP/1.1" status: 200 len: 1098 time: 0.1797850
Jan 26 20:11:07.729792 dv-cinder-826499-2-smb neutron-server[101568]: DEBUG neutron.pecan_wsgi.hooks.policy_enforcement [req-936d433b-a2e0-41fb-84b4-b34d18631ecf req-21cef3ef-5a71-426f-9ac5-5976e0ec3ef0 tempest-ServerRescueNegativeTestJSON-914503766 tempest-ServerRescueNegativeTestJSON-914503766-project] Attributes excluded by policy engine: ['standard_attr_id', 'binding:profile', 'binding:host_id', 'binding:vif_type', 'binding:vif_details'] {{(pid=101568) _exclude_attributes_by_policy /opt/stack/neutron/neutron/pecan_wsgi/hooks/policy_enforcement.py:255}}
Jan 26 20:11:07.734935 dv-cinder-826499-2-smb neutron-server[101568]: INFO neutron.wsgi [req-936d433b-a2e0-41fb-84b4-b34d18631ecf req-21cef3ef-5a71-426f-9ac5-5976e0ec3ef0 tempest-ServerRescueNegativeTestJSON-914503766 tempest-ServerRescueNegativeTestJSON-914503766-project] 10.222.0.11 "GET /v2.0/ports?device_id=289edb4e-1571-4a3e-b17d-208ce0c04847 HTTP/1.1" status: 200 len: 945 time: 0.1070271
Jan 26 20:11:07.809019 dv-cinder-826499-2-smb neutron-server[101569]: DEBUG neutron.pecan_wsgi.hooks.policy_enforcement [req-f9bce8d1-7aab-4ee3-a22a-f970ad218a4e req-fb6a9f3d-a226-4a63-a94e-5d0339bff15f service neutron] Attributes excluded by policy engine: ['standard_attr_id', 'vlan_transparent'] {{(pid=101569) _exclude_attributes_by_policy /opt/stack/neutron/neutron/pecan_wsgi/hooks/policy_enforcement.py:255}}
Jan 26 20:11:07.813549 dv-cinder-826499-2-smb neutron-server[101569]: INFO neutron.wsgi [req-f9bce8d1-7aab-4ee3-a22a-f970ad218a4e req-fb6a9f3d-a226-4a63-a94e-5d0339bff15f service neutron] 10.222.0.48 "GET /v2.0/networks?id=fd77c5c1-a6c6-4e1f-b3ba-7e52bc78c35f HTTP/1.1" status: 200 len: 919 time: 0.2014267
Jan 26 20:11:07.833947 dv-cinder-826499-2-smb neutron-server[101568]: INFO neutron.wsgi [req-936d433b-a2e0-41fb-84b4-b34d18631ecf req-0b28d164-eac4-43b0-83b5-f4d8159f9929 tempest-ServerRescueNegativeTestJSON-914503766 tempest-ServerRescueNegativeTestJSON-914503766-project] 10.222.0.11 "GET /v2.0/security-groups?id=57e43b39-cffa-4a4f-bade-b79a425b8ca1&fields=id&fields=name HTTP/1.1" status: 200 len: 286 time: 0.0915415
Jan 26 20:11:07.908924 dv-cinder-826499-2-smb neutron-server[101569]: INFO neutron.wsgi [req-f9bce8d1-7aab-4ee3-a22a-f970ad218a4e req-b26b97ca-9599-4bca-90db-71eb6cea082b service neutron] 10.222.0.48 "GET /v2.0/floatingips?fixed_ip_address=172.20.0.4&port_id=caf26a65-265e-499d-8fdf-8a212d699499 HTTP/1.1" status: 200 len: 217 time: 0.0830739
Jan 26 20:11:07.980510 dv-cinder-826499-2-smb neutron-server[101569]: DEBUG neutron.pecan_wsgi.hooks.policy_enforcement [req-f9bce8d1-7aab-4ee3-a22a-f970ad218a4e req-78bb47fb-b072-43d8-aacf-16a54c9797e2 service neutron] Attributes excluded by policy engine: ['standard_attr_id', 'shared', 'segment_id'] {{(pid=101569) _exclude_attributes_by_policy /opt/stack/neutron/neutron/pecan_wsgi/hooks/policy_enforcement.py:255}}
Jan 26 20:11:07.982553 dv-cinder-826499-2-smb neutron-server[101569]: INFO neutron.wsgi [req-f9bce8d1-7aab-4ee3-a22a-f970ad218a4e req-78bb47fb-b072-43d8-aacf-16a54c9797e2 service neutron] 10.222.0.48 "GET /v2.0/subnets?id=17580525-e188-4322-acaf-bf76368a6f0a HTTP/1.1" status: 200 len: 858 time: 0.0532596
