Jun 14 17:38:17.482099 dv-cinder-826350-5-smb devstack@keystone.service[92491]: DEBUG keystone.server.flask.request_processing.middleware.auth_context [None req-dc8beb5f-fd26-4a06-87f6-43995ffa2f38 None None] Authenticating user token {{(pid=92491) process_request /usr/local/lib/python3.8/dist-packages/keystonemiddleware/auth_token/__init__.py:407}}
Jun 14 17:38:17.505817 dv-cinder-826350-5-smb devstack@keystone.service[92490]: DEBUG keystone.server.flask.request_processing.middleware.auth_context [None req-887c2327-36e2-41f3-9537-163905c2cf5c None admin] Validating token access rules against request {{(pid=92490) validate_allowed_request /usr/local/lib/python3.8/dist-packages/keystonemiddleware/auth_token/__init__.py:545}}
Jun 14 17:38:17.518005 dv-cinder-826350-5-smb devstack@keystone.service[92490]: DEBUG dbcounter [-] [92490] Writing DB stats keystone:SELECT=100 {{(pid=92490) stat_writer /usr/local/lib/python3.8/dist-packages/dbcounter.py:114}}
Jun 14 17:38:17.545152 dv-cinder-826350-5-smb devstack@keystone.service[92490]: DEBUG keystone.server.flask.request_processing.middleware.auth_context [None req-588778ef-7703-4bb5-a8e6-99006a19fb3d None admin] RBAC: auth_context: {'token': , 'domain_id': None, 'trust_id': None, 'trustor_id': None, 'trustee_id': None, 'domain_name': None, 'group_ids': [], 'user_id': '24e95daaca7747a4b8c91c658b6a6c9d', 'user_domain_id': 'default', 'system_scope': 'all', 'project_id': None, 'project_domain_id': None, 'roles': ['admin', 'member', 'reader'], 'is_admin_project': True, 'service_user_id': None, 'service_user_domain_id': None, 'service_project_id': None, 'service_project_domain_id': None, 'service_roles': []} {{(pid=92490) fill_context /opt/stack/keystone/keystone/server/flask/request_processing/middleware/auth_context.py:478}}
Jun 14 17:38:17.545805 dv-cinder-826350-5-smb devstack@keystone.service[92490]: DEBUG keystone.server.flask.request_processing.req_logging [None req-588778ef-7703-4bb5-a8e6-99006a19fb3d None admin] REQUEST_METHOD: `GET` {{(pid=92490) log_request_info /opt/stack/keystone/keystone/server/flask/request_processing/req_logging.py:27}}
Jun 14 17:38:17.546418 dv-cinder-826350-5-smb devstack@keystone.service[92490]: DEBUG keystone.server.flask.request_processing.req_logging [None req-588778ef-7703-4bb5-a8e6-99006a19fb3d None admin] SCRIPT_NAME: `/identity` {{(pid=92490) log_request_info /opt/stack/keystone/keystone/server/flask/request_processing/req_logging.py:28}}
Jun 14 17:38:17.546753 dv-cinder-826350-5-smb devstack@keystone.service[92490]: DEBUG keystone.server.flask.request_processing.req_logging [None req-588778ef-7703-4bb5-a8e6-99006a19fb3d None admin] PATH_INFO: `/v3/roles` {{(pid=92490) log_request_info /opt/stack/keystone/keystone/server/flask/request_processing/req_logging.py:29}}
Jun 14 17:38:17.547804 dv-cinder-826350-5-smb devstack@keystone.service[92490]: DEBUG keystone.common.rbac_enforcer.enforcer [None req-588778ef-7703-4bb5-a8e6-99006a19fb3d None admin] RBAC: Adding query filter params (name=member) {{(pid=92490) _extract_filter_values /opt/stack/keystone/keystone/common/rbac_enforcer/enforcer.py:167}}
Jun 14 17:38:17.548144 dv-cinder-826350-5-smb devstack@keystone.service[92490]: DEBUG keystone.common.rbac_enforcer.enforcer [None req-588778ef-7703-4bb5-a8e6-99006a19fb3d None admin] RBAC: Authorizing `identity:list_roles()` {{(pid=92490) enforce_call /opt/stack/keystone/keystone/common/rbac_enforcer/enforcer.py:449}}
Jun 14 17:38:17.549658 dv-cinder-826350-5-smb devstack@keystone.service[92490]: DEBUG keystone.common.rbac_enforcer.enforcer [None req-588778ef-7703-4bb5-a8e6-99006a19fb3d None admin] RBAC: Authorization granted {{(pid=92490) enforce_call /opt/stack/keystone/keystone/common/rbac_enforcer/enforcer.py:457}}
Jun 14 17:38:17.561073 dv-cinder-826350-5-smb devstack@keystone.service[92490]: [pid: 92490|app: 0|req: 98/190] 10.222.0.72 () {56 vars in 1101 bytes} [Tue Jun 14 17:38:17 2022] GET /identity/v3/roles?name=member => generated 341 bytes in 242 msecs (HTTP/1.1 200) 5 headers in 177 bytes (1 switches on core 0)
Jun 14 17:38:17.561663 dv-cinder-826350-5-smb devstack@keystone.service[92490]: DEBUG keystone.server.flask.request_processing.middleware.auth_context [None req-588778ef-7703-4bb5-a8e6-99006a19fb3d None admin] Authenticating user token {{(pid=92490) process_request /usr/local/lib/python3.8/dist-packages/keystonemiddleware/auth_token/__init__.py:407}}
Jun 14 17:38:17.656866 dv-cinder-826350-5-smb devstack@keystone.service[92491]: DEBUG keystone.server.flask.request_processing.middleware.auth_context [None req-dc8beb5f-fd26-4a06-87f6-43995ffa2f38 None None] Validating token access rules against request {{(pid=92491) validate_allowed_request /usr/local/lib/python3.8/dist-packages/keystonemiddleware/auth_token/__init__.py:545}}
Jun 14 17:38:17.683322 dv-cinder-826350-5-smb devstack@keystone.service[92491]: DEBUG dbcounter [-] [92491] Writing DB stats keystone:SELECT=100 {{(pid=92491) stat_writer /usr/local/lib/python3.8/dist-packages/dbcounter.py:114}}
Jun 14 17:38:17.713502 dv-cinder-826350-5-smb devstack@keystone.service[92491]: DEBUG keystone.server.flask.request_processing.middleware.auth_context [None req-780be83d-6eec-4a28-ba1d-08a5d90bc6f5 None admin] RBAC: auth_context: {'token': , 'domain_id': None, 'trust_id': None, 'trustor_id': None, 'trustee_id': None, 'domain_name': None, 'group_ids': [], 'user_id': '24e95daaca7747a4b8c91c658b6a6c9d', 'user_domain_id': 'default', 'system_scope': 'all', 'project_id': None, 'project_domain_id': None, 'roles': ['admin', 'member', 'reader'], 'is_admin_project': True, 'service_user_id': None, 'service_user_domain_id': None, 'service_project_id': None, 'service_project_domain_id': None, 'service_roles': []} {{(pid=92491) fill_context /opt/stack/keystone/keystone/server/flask/request_processing/middleware/auth_context.py:478}}
Jun 14 17:38:17.714488 dv-cinder-826350-5-smb devstack@keystone.service[92491]: DEBUG keystone.server.flask.request_processing.req_logging [None req-780be83d-6eec-4a28-ba1d-08a5d90bc6f5 None admin] REQUEST_METHOD: `GET` {{(pid=92491) log_request_info /opt/stack/keystone/keystone/server/flask/request_processing/req_logging.py:27}}
Jun 14 17:38:17.714908 dv-cinder-826350-5-smb devstack@keystone.service[92491]: DEBUG keystone.server.flask.request_processing.req_logging [None req-780be83d-6eec-4a28-ba1d-08a5d90bc6f5 None admin] SCRIPT_NAME: `/identity` {{(pid=92491) log_request_info /opt/stack/keystone/keystone/server/flask/request_processing/req_logging.py:28}}
Jun 14 17:38:17.715348 dv-cinder-826350-5-smb devstack@keystone.service[92491]: DEBUG keystone.server.flask.request_processing.req_logging [None req-780be83d-6eec-4a28-ba1d-08a5d90bc6f5 None admin] PATH_INFO: `/v3/projects/83450b1c79fb4c3781440535e01d8b9c` {{(pid=92491) log_request_info /opt/stack/keystone/keystone/server/flask/request_processing/req_logging.py:29}}
Jun 14 17:38:17.716108 dv-cinder-826350-5-smb devstack@keystone.service[92490]: DEBUG keystone.server.flask.request_processing.middleware.auth_context [None req-588778ef-7703-4bb5-a8e6-99006a19fb3d None admin] Validating token access rules against request {{(pid=92490) validate_allowed_request /usr/local/lib/python3.8/dist-packages/keystonemiddleware/auth_token/__init__.py:545}}
Jun 14 17:38:17.716899 dv-cinder-826350-5-smb devstack@keystone.service[92491]: DEBUG keystone.common.rbac_enforcer.enforcer [None req-780be83d-6eec-4a28-ba1d-08a5d90bc6f5 None admin] RBAC: Authorizing `identity:get_project(project_id=83450b1c79fb4c3781440535e01d8b9c)` {{(pid=92491) enforce_call /opt/stack/keystone/keystone/common/rbac_enforcer/enforcer.py:449}}
Jun 14 17:38:17.719867 dv-cinder-826350-5-smb devstack@keystone.service[92491]: DEBUG keystone.common.rbac_enforcer.enforcer [None req-780be83d-6eec-4a28-ba1d-08a5d90bc6f5 None admin] RBAC: Authorization granted {{(pid=92491) enforce_call /opt/stack/keystone/keystone/common/rbac_enforcer/enforcer.py:457}}
Jun 14 17:38:17.727060 dv-cinder-826350-5-smb devstack@keystone.service[92491]: [pid: 92491|app: 0|req: 93/191] 10.222.0.72 () {56 vars in 1186 bytes} [Tue Jun 14 17:38:17 2022] GET /identity/v3/projects/83450b1c79fb4c3781440535e01d8b9c => generated 298 bytes in 241 msecs (HTTP/1.1 200) 5 headers in 177 bytes (1 switches on core 0)
Jun 14 17:38:17.727060 dv-cinder-826350-5-smb devstack@keystone.service[92491]: DEBUG keystone.server.flask.request_processing.req_logging [None req-fab113ef-121d-4840-a0cd-67fc52216e1f None None] REQUEST_METHOD: `POST` {{(pid=92491) log_request_info /opt/stack/keystone/keystone/server/flask/request_processing/req_logging.py:27}}
Jun 14 17:38:17.727060 dv-cinder-826350-5-smb devstack@keystone.service[92491]: DEBUG keystone.server.flask.request_processing.req_logging [None req-fab113ef-121d-4840-a0cd-67fc52216e1f None None] SCRIPT_NAME: `/identity` {{(pid=92491) log_request_info /opt/stack/keystone/keystone/server/flask/request_processing/req_logging.py:28}}
Jun 14 17:38:17.727060 dv-cinder-826350-5-smb devstack@keystone.service[92491]: DEBUG keystone.server.flask.request_processing.req_logging [None req-fab113ef-121d-4840-a0cd-67fc52216e1f None None] PATH_INFO: `/v3/auth/tokens` {{(pid=92491) log_request_info /opt/stack/keystone/keystone/server/flask/request_processing/req_logging.py:29}}
Jun 14 17:38:17.750330 dv-cinder-826350-5-smb devstack@keystone.service[92491]: DEBUG keystone.auth.core [None req-fab113ef-121d-4840-a0cd-67fc52216e1f None None] MFA Rules not processed for user `24e95daaca7747a4b8c91c658b6a6c9d`. Rule list: `[]` (Enabled: `True`). {{(pid=92491) check_auth_methods_against_rules /opt/stack/keystone/keystone/auth/core.py:438}}
Jun 14 17:38:17.751600 dv-cinder-826350-5-smb devstack@keystone.service[92491]: DEBUG keystone.common.fernet_utils [None req-fab113ef-121d-4840-a0cd-67fc52216e1f None None] Loaded 2 Fernet keys from /etc/keystone/fernet-keys/, but `[fernet_tokens] max_active_keys = 3`; perhaps there have not been enough key rotations to reach `max_active_keys` yet? {{(pid=92491) load_keys /opt/stack/keystone/keystone/common/fernet_utils.py:286}}
Jun 14 17:38:17.784131 dv-cinder-826350-5-smb devstack@keystone.service[92490]: DEBUG keystone.server.flask.request_processing.middleware.auth_context [None req-5347cd47-5141-46c9-8e74-1d66a78d65ad None admin] RBAC: auth_context: {'token': , 'domain_id': None, 'trust_id': None, 'trustor_id': None, 'trustee_id': None, 'domain_name': None, 'group_ids': [], 'user_id': '24e95daaca7747a4b8c91c658b6a6c9d', 'user_domain_id': 'default', 'system_scope': 'all', 'project_id': None, 'project_domain_id': None, 'roles': ['admin', 'member', 'reader'], 'is_admin_project': True, 'service_user_id': None, 'service_user_domain_id': None, 'service_project_id': None, 'service_project_domain_id': None, 'service_roles': []} {{(pid=92490) fill_context /opt/stack/keystone/keystone/server/flask/request_processing/middleware/auth_context.py:478}}
Jun 14 17:38:17.785963 dv-cinder-826350-5-smb devstack@keystone.service[92490]: DEBUG keystone.server.flask.request_processing.req_logging [None req-5347cd47-5141-46c9-8e74-1d66a78d65ad None admin] REQUEST_METHOD: `POST` {{(pid=92490) log_request_info /opt/stack/keystone/keystone/server/flask/request_processing/req_logging.py:27}}
Jun 14 17:38:17.787526 dv-cinder-826350-5-smb devstack@keystone.service[92490]: DEBUG keystone.server.flask.request_processing.req_logging [None req-5347cd47-5141-46c9-8e74-1d66a78d65ad None admin] SCRIPT_NAME: `/identity` {{(pid=92490) log_request_info /opt/stack/keystone/keystone/server/flask/request_processing/req_logging.py:28}}
Jun 14 17:38:17.788531 dv-cinder-826350-5-smb devstack@keystone.service[92490]: DEBUG keystone.server.flask.request_processing.req_logging [None req-5347cd47-5141-46c9-8e74-1d66a78d65ad None admin] PATH_INFO: `/v3/users` {{(pid=92490) log_request_info /opt/stack/keystone/keystone/server/flask/request_processing/req_logging.py:29}}
Jun 14 17:38:17.789939 dv-cinder-826350-5-smb devstack@keystone.service[92490]: DEBUG keystone.common.rbac_enforcer.enforcer [None req-5347cd47-5141-46c9-8e74-1d66a78d65ad None admin] RBAC: Authorizing `identity:create_user()` {{(pid=92490) enforce_call /opt/stack/keystone/keystone/common/rbac_enforcer/enforcer.py:449}}
Jun 14 17:38:17.792802 dv-cinder-826350-5-smb devstack@keystone.service[92490]: DEBUG keystone.common.rbac_enforcer.enforcer [None req-5347cd47-5141-46c9-8e74-1d66a78d65ad None admin] RBAC: Authorization granted {{(pid=92490) enforce_call /opt/stack/keystone/keystone/common/rbac_enforcer/enforcer.py:457}}
Jun 14 17:38:17.836766 dv-cinder-826350-5-smb devstack@keystone.service[92491]: [pid: 92491|app: 0|req: 94/192] 10.222.0.72 () {58 vars in 1023 bytes} [Tue Jun 14 17:38:17 2022] POST /identity/v3/auth/tokens => generated 799 bytes in 114 msecs (HTTP/1.1 201) 6 headers in 363 bytes (1 switches on core 0)
Jun 14 17:38:17.838849 dv-cinder-826350-5-smb devstack@keystone.service[92491]: DEBUG keystone.server.flask.request_processing.middleware.auth_context [None req-fab113ef-121d-4840-a0cd-67fc52216e1f None None] Authenticating user token {{(pid=92491) process_request /usr/local/lib/python3.8/dist-packages/keystonemiddleware/auth_token/__init__.py:407}}
Jun 14 17:38:17.907213 dv-cinder-826350-5-smb devstack@keystone.service[92490]: [pid: 92490|app: 0|req: 99/193] 10.222.0.72 () {60 vars in 1132 bytes} [Tue Jun 14 17:38:17 2022] POST /identity/v3/users => generated 297 bytes in 346 msecs (HTTP/1.1 201) 5 headers in 182 bytes (1 switches on core 0)
Jun 14 17:38:17.909217 dv-cinder-826350-5-smb devstack@keystone.service[92490]: DEBUG keystone.server.flask.request_processing.middleware.auth_context [None req-5347cd47-5141-46c9-8e74-1d66a78d65ad None admin] Authenticating user token {{(pid=92490) process_request /usr/local/lib/python3.8/dist-packages/keystonemiddleware/auth_token/__init__.py:407}}
Jun 14 17:38:17.981733 dv-cinder-826350-5-smb devstack@keystone.service[92490]: DEBUG dbcounter [-] [92490] Writing DB stats keystone:SELECT=97,keystone:INSERT=3 {{(pid=92490) stat_writer /usr/local/lib/python3.8/dist-packages/dbcounter.py:114}}
Jun 14 17:38:18.026838 dv-cinder-826350-5-smb devstack@keystone.service[92491]: DEBUG keystone.server.flask.request_processing.middleware.auth_context [None req-fab113ef-121d-4840-a0cd-67fc52216e1f None None] Validating token access rules against request {{(pid=92491) validate_allowed_request /usr/local/lib/python3.8/dist-packages/keystonemiddleware/auth_token/__init__.py:545}}
Jun 14 17:38:18.049907 dv-cinder-826350-5-smb devstack@keystone.service[92491]: DEBUG dbcounter [-] [92491] Writing DB stats keystone:SELECT=100 {{(pid=92491) stat_writer /usr/local/lib/python3.8/dist-packages/dbcounter.py:114}}
Jun 14 17:38:18.103658 dv-cinder-826350-5-smb devstack@keystone.service[92491]: DEBUG keystone.server.flask.request_processing.middleware.auth_context [None req-3ef741fb-e33b-4f46-bf33-5b625af63add None admin] RBAC: auth_context: {'token': , 'domain_id': None, 'trust_id': None, 'trustor_id': None, 'trustee_id': None, 'domain_name': None, 'group_ids': [], 'user_id': '24e95daaca7747a4b8c91c658b6a6c9d', 'user_domain_id': 'default', 'system_scope': 'all', 'project_id': None, 'project_domain_id': None, 'roles': ['admin', 'member', 'reader'], 'is_admin_project': True, 'service_user_id': None, 'service_user_domain_id': None, 'service_project_id': None, 'service_project_domain_id': None, 'service_roles': []} {{(pid=92491) fill_context /opt/stack/keystone/keystone/server/flask/request_processing/middleware/auth_context.py:478}}
Jun 14 17:38:18.105276 dv-cinder-826350-5-smb devstack@keystone.service[92491]: DEBUG keystone.server.flask.request_processing.req_logging [None req-3ef741fb-e33b-4f46-bf33-5b625af63add None admin] REQUEST_METHOD: `GET` {{(pid=92491) log_request_info /opt/stack/keystone/keystone/server/flask/request_processing/req_logging.py:27}}
Jun 14 17:38:18.106043 dv-cinder-826350-5-smb devstack@keystone.service[92491]: DEBUG keystone.server.flask.request_processing.req_logging [None req-3ef741fb-e33b-4f46-bf33-5b625af63add None admin] SCRIPT_NAME: `/identity` {{(pid=92491) log_request_info /opt/stack/keystone/keystone/server/flask/request_processing/req_logging.py:28}}
Jun 14 17:38:18.106530 dv-cinder-826350-5-smb devstack@keystone.service[92491]: DEBUG keystone.server.flask.request_processing.req_logging [None req-3ef741fb-e33b-4f46-bf33-5b625af63add None admin] PATH_INFO: `/v3/users/a0f0f3edec4d463c9a01f82346bb3e9f` {{(pid=92491) log_request_info /opt/stack/keystone/keystone/server/flask/request_processing/req_logging.py:29}}
Jun 14 17:38:18.109274 dv-cinder-826350-5-smb devstack@keystone.service[92491]: DEBUG keystone.common.rbac_enforcer.enforcer [None req-3ef741fb-e33b-4f46-bf33-5b625af63add None admin] RBAC: Authorizing `identity:get_user(user_id=a0f0f3edec4d463c9a01f82346bb3e9f)` {{(pid=92491) enforce_call /opt/stack/keystone/keystone/common/rbac_enforcer/enforcer.py:449}}
Jun 14 17:38:18.112120 dv-cinder-826350-5-smb devstack@keystone.service[92491]: DEBUG keystone.common.rbac_enforcer.enforcer [None req-3ef741fb-e33b-4f46-bf33-5b625af63add None admin] RBAC: Authorization granted {{(pid=92491) enforce_call /opt/stack/keystone/keystone/common/rbac_enforcer/enforcer.py:457}}
Jun 14 17:38:18.116743 dv-cinder-826350-5-smb devstack@keystone.service[92491]: [pid: 92491|app: 0|req: 95/194] 10.222.0.72 () {56 vars in 1177 bytes} [Tue Jun 14 17:38:17 2022] GET /identity/v3/users/a0f0f3edec4d463c9a01f82346bb3e9f => generated 283 bytes in 279 msecs (HTTP/1.1 200) 5 headers in 177 bytes (1 switches on core 0)
Jun 14 17:38:18.118365 dv-cinder-826350-5-smb devstack@keystone.service[92491]: DEBUG keystone.server.flask.request_processing.middleware.auth_context [None req-3ef741fb-e33b-4f46-bf33-5b625af63add None admin] Authenticating user token {{(pid=92491) process_request /usr/local/lib/python3.8/dist-packages/keystonemiddleware/auth_token/__init__.py:407}}
Jun 14 17:38:18.143812 dv-cinder-826350-5-smb devstack@keystone.service[92490]: DEBUG keystone.server.flask.request_processing.middleware.auth_context [None req-5347cd47-5141-46c9-8e74-1d66a78d65ad None admin] Validating token access rules against request {{(pid=92490) validate_allowed_request /usr/local/lib/python3.8/dist-packages/keystonemiddleware/auth_token/__init__.py:545}}
Jun 14 17:38:18.215672 dv-cinder-826350-5-smb devstack@keystone.service[92490]: DEBUG keystone.server.flask.request_processing.middleware.auth_context [None req-67e6bfa3-6a15-408b-92ca-b5137494acfd None admin] RBAC: auth_context: {'token': , 'domain_id': None, 'trust_id': None, 'trustor_id': None, 'trustee_id': None, 'domain_name': None, 'group_ids': [], 'user_id': '24e95daaca7747a4b8c91c658b6a6c9d', 'user_domain_id': 'default', 'system_scope': 'all', 'project_id': None, 'project_domain_id': None, 'roles': ['admin', 'member', 'reader'], 'is_admin_project': True, 'service_user_id': None, 'service_user_domain_id': None, 'service_project_id': None, 'service_project_domain_id': None, 'service_roles': []} {{(pid=92490) fill_context /opt/stack/keystone/keystone/server/flask/request_processing/middleware/auth_context.py:478}}
Jun 14 17:38:18.216595 dv-cinder-826350-5-smb devstack@keystone.service[92490]: DEBUG keystone.server.flask.request_processing.req_logging [None req-67e6bfa3-6a15-408b-92ca-b5137494acfd None admin] REQUEST_METHOD: `GET` {{(pid=92490) log_request_info /opt/stack/keystone/keystone/server/flask/request_processing/req_logging.py:27}}
Jun 14 17:38:18.216877 dv-cinder-826350-5-smb devstack@keystone.service[92490]: DEBUG keystone.server.flask.request_processing.req_logging [None req-67e6bfa3-6a15-408b-92ca-b5137494acfd None admin] SCRIPT_NAME: `/identity` {{(pid=92490) log_request_info /opt/stack/keystone/keystone/server/flask/request_processing/req_logging.py:28}}
Jun 14 17:38:18.217157 dv-cinder-826350-5-smb devstack@keystone.service[92490]: DEBUG keystone.server.flask.request_processing.req_logging [None req-67e6bfa3-6a15-408b-92ca-b5137494acfd None admin] PATH_INFO: `/v3/users/193c45ec55f44c0791c29cf0c1205811` {{(pid=92490) log_request_info /opt/stack/keystone/keystone/server/flask/request_processing/req_logging.py:29}}
Jun 14 17:38:18.222884 dv-cinder-826350-5-smb devstack@keystone.service[92490]: DEBUG keystone.common.rbac_enforcer.enforcer [None req-67e6bfa3-6a15-408b-92ca-b5137494acfd None admin] RBAC: Authorizing `identity:get_user(user_id=193c45ec55f44c0791c29cf0c1205811)` {{(pid=92490) enforce_call /opt/stack/keystone/keystone/common/rbac_enforcer/enforcer.py:449}}
Jun 14 17:38:18.225404 dv-cinder-826350-5-smb devstack@keystone.service[92490]: DEBUG keystone.common.rbac_enforcer.enforcer [None req-67e6bfa3-6a15-408b-92ca-b5137494acfd None admin] RBAC: Authorization granted {{(pid=92490) enforce_call /opt/stack/keystone/keystone/common/rbac_enforcer/enforcer.py:457}}
Jun 14 17:38:18.228236 dv-cinder-826350-5-smb devstack@keystone.service[92490]: [pid: 92490|app: 0|req: 100/195] 10.222.0.72 () {56 vars in 1177 bytes} [Tue Jun 14 17:38:17 2022] GET /identity/v3/users/193c45ec55f44c0791c29cf0c1205811 => generated 275 bytes in 320 msecs (HTTP/1.1 200) 5 headers in 177 bytes (1 switches on core 0)
Jun 14 17:38:18.229214 dv-cinder-826350-5-smb devstack@keystone.service[92490]: DEBUG keystone.server.flask.request_processing.middleware.auth_context [None req-67e6bfa3-6a15-408b-92ca-b5137494acfd None admin] Authenticating user token {{(pid=92490) process_request /usr/local/lib/python3.8/dist-packages/keystonemiddleware/auth_token/__init__.py:407}}
Jun 14 17:38:18.333970 dv-cinder-826350-5-smb devstack@keystone.service[92491]: DEBUG keystone.server.flask.request_processing.middleware.auth_context [None req-3ef741fb-e33b-4f46-bf33-5b625af63add None admin] Validating token access rules against request {{(pid=92491) validate_allowed_request /usr/local/lib/python3.8/dist-packages/keystonemiddleware/auth_token/__init__.py:545}}
Jun 14 17:38:18.422470 dv-cinder-826350-5-smb devstack@keystone.service[92491]: DEBUG keystone.server.flask.request_processing.middleware.auth_context [None req-cc34c733-6459-4994-a1d0-860ca9a0b0f7 None admin] RBAC: auth_context: {'token': , 'domain_id': None, 'trust_id': None, 'trustor_id': None, 'trustee_id': None, 'domain_name': None, 'group_ids': [], 'user_id': '24e95daaca7747a4b8c91c658b6a6c9d', 'user_domain_id': 'default', 'system_scope': 'all', 'project_id': None, 'project_domain_id': None, 'roles': ['admin', 'member', 'reader'], 'is_admin_project': True, 'service_user_id': None, 'service_user_domain_id': None, 'service_project_id': None, 'service_project_domain_id': None, 'service_roles': []} {{(pid=92491) fill_context /opt/stack/keystone/keystone/server/flask/request_processing/middleware/auth_context.py:478}}
Jun 14 17:38:18.423594 dv-cinder-826350-5-smb devstack@keystone.service[92491]: DEBUG keystone.server.flask.request_processing.req_logging [None req-cc34c733-6459-4994-a1d0-860ca9a0b0f7 None admin] REQUEST_METHOD: `GET` {{(pid=92491) log_request_info /opt/stack/keystone/keystone/server/flask/request_processing/req_logging.py:27}}
Jun 14 17:38:18.424067 dv-cinder-826350-5-smb devstack@keystone.service[92491]: DEBUG keystone.server.flask.request_processing.req_logging [None req-cc34c733-6459-4994-a1d0-860ca9a0b0f7 None admin] SCRIPT_NAME: `/identity` {{(pid=92491) log_request_info /opt/stack/keystone/keystone/server/flask/request_processing/req_logging.py:28}}
Jun 14 17:38:18.424550 dv-cinder-826350-5-smb devstack@keystone.service[92491]: DEBUG keystone.server.flask.request_processing.req_logging [None req-cc34c733-6459-4994-a1d0-860ca9a0b0f7 None admin] PATH_INFO: `/v3/role_assignments` {{(pid=92491) log_request_info /opt/stack/keystone/keystone/server/flask/request_processing/req_logging.py:29}}
Jun 14 17:38:18.427129 dv-cinder-826350-5-smb devstack@keystone.service[92491]: DEBUG keystone.common.rbac_enforcer.enforcer [None req-cc34c733-6459-4994-a1d0-860ca9a0b0f7 None admin] RBAC: Adding query filter params (role.id=fe3999d84526463eb3e36637714da14e, scope.project.id=83450b1c79fb4c3781440535e01d8b9c, user.id=193c45ec55f44c0791c29cf0c1205811) {{(pid=92491) _extract_filter_values /opt/stack/keystone/keystone/common/rbac_enforcer/enforcer.py:167}}
Jun 14 17:38:18.427669 dv-cinder-826350-5-smb devstack@keystone.service[92491]: DEBUG keystone.common.rbac_enforcer.enforcer [None req-cc34c733-6459-4994-a1d0-860ca9a0b0f7 None admin] RBAC: Authorizing `identity:list_role_assignments()` {{(pid=92491) enforce_call /opt/stack/keystone/keystone/common/rbac_enforcer/enforcer.py:449}}
Jun 14 17:38:18.430756 dv-cinder-826350-5-smb devstack@keystone.service[92491]: DEBUG keystone.common.rbac_enforcer.enforcer [None req-cc34c733-6459-4994-a1d0-860ca9a0b0f7 None admin] RBAC: Authorization granted {{(pid=92491) enforce_call /opt/stack/keystone/keystone/common/rbac_enforcer/enforcer.py:457}}
Jun 14 17:38:18.443992 dv-cinder-826350-5-smb devstack@keystone.service[92491]: [pid: 92491|app: 0|req: 96/196] 10.222.0.72 () {56 vars in 1374 bytes} [Tue Jun 14 17:38:18 2022] GET /identity/v3/role_assignments?user.id=193c45ec55f44c0791c29cf0c1205811&scope.project.id=83450b1c79fb4c3781440535e01d8b9c&role.id=fe3999d84526463eb3e36637714da14e => generated 608 bytes in 326 msecs (HTTP/1.1 200) 5 headers in 177 bytes (1 switches on core 0)
Jun 14 17:38:18.444718 dv-cinder-826350-5-smb devstack@keystone.service[92491]: DEBUG keystone.server.flask.request_processing.middleware.auth_context [None req-cc34c733-6459-4994-a1d0-860ca9a0b0f7 None admin] Authenticating user token {{(pid=92491) process_request /usr/local/lib/python3.8/dist-packages/keystonemiddleware/auth_token/__init__.py:407}}
Jun 14 17:38:18.460677 dv-cinder-826350-5-smb devstack@keystone.service[92490]: DEBUG dbcounter [-] [92490] Writing DB stats keystone:SELECT=100 {{(pid=92490) stat_writer /usr/local/lib/python3.8/dist-packages/dbcounter.py:114}}
Jun 14 17:38:18.480264 dv-cinder-826350-5-smb devstack@keystone.service[92490]: DEBUG keystone.server.flask.request_processing.middleware.auth_context [None req-67e6bfa3-6a15-408b-92ca-b5137494acfd None admin] Validating token access rules against request {{(pid=92490) validate_allowed_request /usr/local/lib/python3.8/dist-packages/keystonemiddleware/auth_token/__init__.py:545}}
Jun 14 17:38:18.509970 dv-cinder-826350-5-smb devstack@keystone.service[92491]: DEBUG dbcounter [-] [92491] Writing DB stats keystone:SELECT=100 {{(pid=92491) stat_writer /usr/local/lib/python3.8/dist-packages/dbcounter.py:114}}
Jun 14 17:38:18.565659 dv-cinder-826350-5-smb devstack@keystone.service[92490]: DEBUG keystone.server.flask.request_processing.middleware.auth_context [None req-5aff704b-c267-416c-a781-f26ca38817db None admin] RBAC: auth_context: {'token': , 'domain_id': None, 'trust_id': None, 'trustor_id': None, 'trustee_id': None, 'domain_name': None, 'group_ids': [], 'user_id': '24e95daaca7747a4b8c91c658b6a6c9d', 'user_domain_id': 'default', 'system_scope': 'all', 'project_id': None, 'project_domain_id': None, 'roles': ['admin', 'member', 'reader'], 'is_admin_project': True, 'service_user_id': None, 'service_user_domain_id': None, 'service_project_id': None, 'service_project_domain_id': None, 'service_roles': []} {{(pid=92490) fill_context /opt/stack/keystone/keystone/server/flask/request_processing/middleware/auth_context.py:478}}
Jun 14 17:38:18.568459 dv-cinder-826350-5-smb devstack@keystone.service[92490]: DEBUG keystone.server.flask.request_processing.req_logging [None req-5aff704b-c267-416c-a781-f26ca38817db None admin] REQUEST_METHOD: `GET` {{(pid=92490) log_request_info /opt/stack/keystone/keystone/server/flask/request_processing/req_logging.py:27}}
Jun 14 17:38:18.569328 dv-cinder-826350-5-smb devstack@keystone.service[92490]: DEBUG keystone.server.flask.request_processing.req_logging [None req-5aff704b-c267-416c-a781-f26ca38817db None admin] SCRIPT_NAME: `/identity` {{(pid=92490) log_request_info /opt/stack/keystone/keystone/server/flask/request_processing/req_logging.py:28}}
Jun 14 17:38:18.570097 dv-cinder-826350-5-smb devstack@keystone.service[92490]: DEBUG keystone.server.flask.request_processing.req_logging [None req-5aff704b-c267-416c-a781-f26ca38817db None admin] PATH_INFO: `/v3/roles/reader` {{(pid=92490) log_request_info /opt/stack/keystone/keystone/server/flask/request_processing/req_logging.py:29}}
Jun 14 17:38:18.594355 dv-cinder-826350-5-smb devstack@keystone.service[92490]: DEBUG keystone.common.rbac_enforcer.enforcer [None req-5aff704b-c267-416c-a781-f26ca38817db None admin] Extracting inferred target data resulted in "NOT FOUND (404)". {{(pid=92490) enforce_call /opt/stack/keystone/keystone/common/rbac_enforcer/enforcer.py:409}}
Jun 14 17:38:18.614350 dv-cinder-826350-5-smb devstack@keystone.service[92490]: ERROR keystone.server.flask.application [None req-5aff704b-c267-416c-a781-f26ca38817db None admin] Could not find role: reader.: keystone.exception.RoleNotFound: Could not find role: reader.
Jun 14 17:38:18.614350 dv-cinder-826350-5-smb devstack@keystone.service[92490]: ERROR keystone.server.flask.application
Traceback (most recent call last):
Jun 14 17:38:18.614350 dv-cinder-826350-5-smb devstack@keystone.service[92490]: ERROR keystone.server.flask.application
File "/usr/local/lib/python3.8/dist-packages/flask/app.py", line 1523, in full_dispatch_request
Jun 14 17:38:18.614350 dv-cinder-826350-5-smb devstack@keystone.service[92490]: ERROR keystone.server.flask.application rv = self.dispatch_request()
Jun 14 17:38:18.614350 dv-cinder-826350-5-smb devstack@keystone.service[92490]: ERROR keystone.server.flask.application
File "/usr/local/lib/python3.8/dist-packages/flask/app.py", line 1509, in dispatch_request
Jun 14 17:38:18.614350 dv-cinder-826350-5-smb devstack@keystone.service[92490]: ERROR keystone.server.flask.application return self.ensure_sync(self.view_functions[rule.endpoint])(**req.view_args)
Jun 14 17:38:18.614350 dv-cinder-826350-5-smb devstack@keystone.service[92490]: ERROR keystone.server.flask.application
File "/usr/local/lib/python3.8/dist-packages/flask_restful/__init__.py", line 467, in wrapper
Jun 14 17:38:18.614350 dv-cinder-826350-5-smb devstack@keystone.service[92490]: ERROR keystone.server.flask.application resp = resource(*args, **kwargs)
Jun 14 17:38:18.614350 dv-cinder-826350-5-smb devstack@keystone.service[92490]: ERROR keystone.server.flask.application
File "/usr/local/lib/python3.8/dist-packages/flask/views.py", line 84, in view
Jun 14 17:38:18.614350 dv-cinder-826350-5-smb devstack@keystone.service[92490]: ERROR keystone.server.flask.application return current_app.ensure_sync(self.dispatch_request)(*args, **kwargs)
Jun 14 17:38:18.614350 dv-cinder-826350-5-smb devstack@keystone.service[92490]: ERROR keystone.server.flask.application
File "/usr/local/lib/python3.8/dist-packages/flask_restful/__init__.py", line 582, in dispatch_request
Jun 14 17:38:18.614350 dv-cinder-826350-5-smb devstack@keystone.service[92490]: ERROR keystone.server.flask.application resp = meth(*args, **kwargs)
Jun 14 17:38:18.614350 dv-cinder-826350-5-smb devstack@keystone.service[92490]: ERROR keystone.server.flask.application
File "/opt/stack/keystone/keystone/api/roles.py", line 50, in get
Jun 14 17:38:18.614350 dv-cinder-826350-5-smb devstack@keystone.service[92490]: ERROR keystone.server.flask.application return self._get_role(role_id)
Jun 14 17:38:18.614350 dv-cinder-826350-5-smb devstack@keystone.service[92490]: ERROR keystone.server.flask.application
File "/opt/stack/keystone/keystone/api/roles.py", line 70, in _get_role
Jun 14 17:38:18.614350 dv-cinder-826350-5-smb devstack@keystone.service[92490]: ERROR keystone.server.flask.application ENFORCER.enforce_call(action='identity:get_role')
Jun 14 17:38:18.615405 dv-cinder-826350-5-smb devstack@keystone.service[92490]: ERROR keystone.server.flask.application
File "/opt/stack/keystone/keystone/common/rbac_enforcer/enforcer.py", line 402, in enforce_call
Jun 14 17:38:18.615405 dv-cinder-826350-5-smb devstack@keystone.service[92490]: ERROR keystone.server.flask.application policy_dict.update(cls._extract_member_target_data(
Jun 14 17:38:18.615405 dv-cinder-826350-5-smb devstack@keystone.service[92490]: ERROR keystone.server.flask.application
File "/opt/stack/keystone/keystone/common/rbac_enforcer/enforcer.py", line 234, in _extract_member_target_data
Jun 14 17:38:18.615405 dv-cinder-826350-5-smb devstack@keystone.service[92490]: ERROR keystone.server.flask.application member_name: func(flask.request.view_args[key])
Jun 14 17:38:18.615405 dv-cinder-826350-5-smb devstack@keystone.service[92490]: ERROR keystone.server.flask.application
File "/opt/stack/keystone/keystone/common/manager.py", line 115, in wrapped
Jun 14 17:38:18.615405 dv-cinder-826350-5-smb devstack@keystone.service[92490]: ERROR keystone.server.flask.application __ret_val = __f(*args, **kwargs)
Jun 14 17:38:18.615405 dv-cinder-826350-5-smb devstack@keystone.service[92490]: ERROR keystone.server.flask.application
File "/usr/local/lib/python3.8/dist-packages/decorator.py", line 232, in fun
Jun 14 17:38:18.615405 dv-cinder-826350-5-smb devstack@keystone.service[92490]: ERROR keystone.server.flask.application return caller(func, *(extras + args), **kw)
Jun 14 17:38:18.615405 dv-cinder-826350-5-smb devstack@keystone.service[92490]: ERROR keystone.server.flask.application
File "/usr/local/lib/python3.8/dist-packages/dogpile/cache/region.py", line 1577, in get_or_create_for_user_func
Jun 14 17:38:18.615405 dv-cinder-826350-5-smb devstack@keystone.service[92490]: ERROR keystone.server.flask.application return self.get_or_create(
Jun 14 17:38:18.615405 dv-cinder-826350-5-smb devstack@keystone.service[92490]: ERROR keystone.server.flask.application
File "/usr/local/lib/python3.8/dist-packages/dogpile/cache/region.py", line 1042, in get_or_create
Jun 14 17:38:18.615405 dv-cinder-826350-5-smb devstack@keystone.service[92490]: ERROR keystone.server.flask.application with Lock(
Jun 14 17:38:18.615405 dv-cinder-826350-5-smb devstack@keystone.service[92490]: ERROR keystone.server.flask.application
File "/usr/local/lib/python3.8/dist-packages/dogpile/lock.py", line 185, in __enter__
Jun 14 17:38:18.615405 dv-cinder-826350-5-smb devstack@keystone.service[92490]: ERROR keystone.server.flask.application return self._enter()
Jun 14 17:38:18.615405 dv-cinder-826350-5-smb devstack@keystone.service[92490]: ERROR keystone.server.flask.application
File "/usr/local/lib/python3.8/dist-packages/dogpile/lock.py", line 94, in _enter
Jun 14 17:38:18.615405 dv-cinder-826350-5-smb devstack@keystone.service[92490]: ERROR keystone.server.flask.application generated = self._enter_create(value, createdtime)
Jun 14 17:38:18.616198 dv-cinder-826350-5-smb devstack@keystone.service[92490]: ERROR keystone.server.flask.application
File "/usr/local/lib/python3.8/dist-packages/dogpile/lock.py", line 178, in _enter_create
Jun 14 17:38:18.616198 dv-cinder-826350-5-smb devstack@keystone.service[92490]: ERROR keystone.server.flask.application return self.creator()
Jun 14 17:38:18.616198 dv-cinder-826350-5-smb devstack@keystone.service[92490]: ERROR keystone.server.flask.application
File "/usr/local/lib/python3.8/dist-packages/dogpile/cache/region.py", line 995, in gen_value
Jun 14 17:38:18.616198 dv-cinder-826350-5-smb devstack@keystone.service[92490]: ERROR keystone.server.flask.application created_value = creator(
Jun 14 17:38:18.616198 dv-cinder-826350-5-smb devstack@keystone.service[92490]: ERROR keystone.server.flask.application
File "/opt/stack/keystone/keystone/assignment/core.py", line 1276, in get_role
Jun 14 17:38:18.616198 dv-cinder-826350-5-smb devstack@keystone.service[92490]: ERROR keystone.server.flask.application return self.driver.get_role(role_id)
Jun 14 17:38:18.616198 dv-cinder-826350-5-smb devstack@keystone.service[92490]: ERROR keystone.server.flask.application
File "/opt/stack/keystone/keystone/assignment/role_backends/sql.py", line 70, in get_role
Jun 14 17:38:18.616198 dv-cinder-826350-5-smb devstack@keystone.service[92490]: ERROR keystone.server.flask.application return self._get_role(session, role_id).to_dict()
Jun 14 17:38:18.616198 dv-cinder-826350-5-smb devstack@keystone.service[92490]: ERROR keystone.server.flask.application
File "/opt/stack/keystone/keystone/assignment/role_backends/sql.py", line 65, in _get_role
Jun 14 17:38:18.616198 dv-cinder-826350-5-smb devstack@keystone.service[92490]: ERROR keystone.server.flask.application raise exception.RoleNotFound(role_id=role_id)
Jun 14 17:38:18.616198 dv-cinder-826350-5-smb devstack@keystone.service[92490]: ERROR keystone.server.flask.application keystone.exception.RoleNotFound: Could not find role: reader.
Jun 14 17:38:18.616198 dv-cinder-826350-5-smb devstack@keystone.service[92490]: ERROR keystone.server.flask.application
Jun 14 17:38:18.620027 dv-cinder-826350-5-smb devstack@keystone.service[92490]: [pid: 92490|app: 0|req: 101/197] 10.222.0.72 () {56 vars in 1099 bytes} [Tue Jun 14 17:38:18 2022] GET /identity/v3/roles/reader => generated 84 bytes in 390 msecs (HTTP/1.1 404) 5 headers in 183 bytes (1 switches on core 0)
Jun 14 17:38:18.621506 dv-cinder-826350-5-smb devstack@keystone.service[92490]: DEBUG keystone.server.flask.request_processing.middleware.auth_context [None req-5aff704b-c267-416c-a781-f26ca38817db None admin] Authenticating user token {{(pid=92490) process_request /usr/local/lib/python3.8/dist-packages/keystonemiddleware/auth_token/__init__.py:407}}
Jun 14 17:38:18.701401 dv-cinder-826350-5-smb devstack@keystone.service[92491]: DEBUG keystone.server.flask.request_processing.middleware.auth_context [None req-cc34c733-6459-4994-a1d0-860ca9a0b0f7 None admin] Validating token access rules against request {{(pid=92491) validate_allowed_request /usr/local/lib/python3.8/dist-packages/keystonemiddleware/auth_token/__init__.py:545}}
Jun 14 17:38:18.800964 dv-cinder-826350-5-smb devstack@keystone.service[92491]: DEBUG keystone.server.flask.request_processing.middleware.auth_context [None req-085a4120-9bcf-4fa9-9c05-7d030e684147 None admin] RBAC: auth_context: {'token': , 'domain_id': None, 'trust_id': None, 'trustor_id': None, 'trustee_id': None, 'domain_name': None, 'group_ids': [], 'user_id': '24e95daaca7747a4b8c91c658b6a6c9d', 'user_domain_id': 'default', 'system_scope': 'all', 'project_id': None, 'project_domain_id': None, 'roles': ['admin', 'member', 'reader'], 'is_admin_project': True, 'service_user_id': None, 'service_user_domain_id': None, 'service_project_id': None, 'service_project_domain_id': None, 'service_roles': []} {{(pid=92491) fill_context /opt/stack/keystone/keystone/server/flask/request_processing/middleware/auth_context.py:478}}
Jun 14 17:38:18.802373 dv-cinder-826350-5-smb devstack@keystone.service[92491]: DEBUG keystone.server.flask.request_processing.req_logging [None req-085a4120-9bcf-4fa9-9c05-7d030e684147 None admin] REQUEST_METHOD: `GET` {{(pid=92491) log_request_info /opt/stack/keystone/keystone/server/flask/request_processing/req_logging.py:27}}
Jun 14 17:38:18.802665 dv-cinder-826350-5-smb devstack@keystone.service[92491]: DEBUG keystone.server.flask.request_processing.req_logging [None req-085a4120-9bcf-4fa9-9c05-7d030e684147 None admin] SCRIPT_NAME: `/identity` {{(pid=92491) log_request_info /opt/stack/keystone/keystone/server/flask/request_processing/req_logging.py:28}}
Jun 14 17:38:18.803077 dv-cinder-826350-5-smb devstack@keystone.service[92491]: DEBUG keystone.server.flask.request_processing.req_logging [None req-085a4120-9bcf-4fa9-9c05-7d030e684147 None admin] PATH_INFO: `/v3/auth/tokens` {{(pid=92491) log_request_info /opt/stack/keystone/keystone/server/flask/request_processing/req_logging.py:29}}
Jun 14 17:38:18.883191 dv-cinder-826350-5-smb devstack@keystone.service[92490]: DEBUG keystone.server.flask.request_processing.middleware.auth_context [None req-5aff704b-c267-416c-a781-f26ca38817db None admin] Validating token access rules against request {{(pid=92490) validate_allowed_request /usr/local/lib/python3.8/dist-packages/keystonemiddleware/auth_token/__init__.py:545}}
Jun 14 17:38:18.961539 dv-cinder-826350-5-smb devstack@keystone.service[92490]: DEBUG keystone.server.flask.request_processing.middleware.auth_context [None req-0ba8636d-6b52-4403-af6f-96905997384f None admin] RBAC: auth_context: {'token': , 'domain_id': None, 'trust_id': None, 'trustor_id': None, 'trustee_id': None, 'domain_name': None, 'group_ids': [], 'user_id': '24e95daaca7747a4b8c91c658b6a6c9d', 'user_domain_id': 'default', 'system_scope': 'all', 'project_id': None, 'project_domain_id': None, 'roles': ['admin', 'member', 'reader'], 'is_admin_project': True, 'service_user_id': None, 'service_user_domain_id': None, 'service_project_id': None, 'service_project_domain_id': None, 'service_roles': []} {{(pid=92490) fill_context /opt/stack/keystone/keystone/server/flask/request_processing/middleware/auth_context.py:478}}
Jun 14 17:38:18.962218 dv-cinder-826350-5-smb devstack@keystone.service[92490]: DEBUG keystone.server.flask.request_processing.req_logging [None req-0ba8636d-6b52-4403-af6f-96905997384f None admin] REQUEST_METHOD: `GET` {{(pid=92490) log_request_info /opt/stack/keystone/keystone/server/flask/request_processing/req_logging.py:27}}
Jun 14 17:38:18.962496 dv-cinder-826350-5-smb devstack@keystone.service[92490]: DEBUG keystone.server.flask.request_processing.req_logging [None req-0ba8636d-6b52-4403-af6f-96905997384f None admin] SCRIPT_NAME: `/identity` {{(pid=92490) log_request_info /opt/stack/keystone/keystone/server/flask/request_processing/req_logging.py:28}}
Jun 14 17:38:18.963054 dv-cinder-826350-5-smb devstack@keystone.service[92490]: DEBUG keystone.server.flask.request_processing.req_logging [None req-0ba8636d-6b52-4403-af6f-96905997384f None admin] PATH_INFO: `/v3/auth/tokens` {{(pid=92490) log_request_info /opt/stack/keystone/keystone/server/flask/request_processing/req_logging.py:29}}
Jun 14 17:38:18.967794 dv-cinder-826350-5-smb devstack@keystone.service[92491]: DEBUG keystone.common.rbac_enforcer.enforcer [None req-085a4120-9bcf-4fa9-9c05-7d030e684147 None admin] RBAC: Authorizing `identity:validate_token()` {{(pid=92491) enforce_call /opt/stack/keystone/keystone/common/rbac_enforcer/enforcer.py:449}}
Jun 14 17:38:18.969272 dv-cinder-826350-5-smb devstack@keystone.service[92491]: DEBUG keystone.common.rbac_enforcer.enforcer [None req-085a4120-9bcf-4fa9-9c05-7d030e684147 None admin] RBAC: Authorization granted {{(pid=92491) enforce_call /opt/stack/keystone/keystone/common/rbac_enforcer/enforcer.py:457}}
Jun 14 17:38:19.022189 dv-cinder-826350-5-smb devstack@keystone.service[92490]: DEBUG dbcounter [-] [92490] Writing DB stats keystone:SELECT=100 {{(pid=92490) stat_writer /usr/local/lib/python3.8/dist-packages/dbcounter.py:114}}
Jun 14 17:38:19.040445 dv-cinder-826350-5-smb devstack@keystone.service[92491]: DEBUG dbcounter [-] [92491] Writing DB stats keystone:SELECT=100 {{(pid=92491) stat_writer /usr/local/lib/python3.8/dist-packages/dbcounter.py:114}}
Jun 14 17:38:19.125803 dv-cinder-826350-5-smb devstack@keystone.service[92490]: DEBUG keystone.common.rbac_enforcer.enforcer [None req-0ba8636d-6b52-4403-af6f-96905997384f None admin] RBAC: Authorizing `identity:validate_token()` {{(pid=92490) enforce_call /opt/stack/keystone/keystone/common/rbac_enforcer/enforcer.py:449}}
Jun 14 17:38:19.127347 dv-cinder-826350-5-smb devstack@keystone.service[92490]: DEBUG keystone.common.rbac_enforcer.enforcer [None req-0ba8636d-6b52-4403-af6f-96905997384f None admin] RBAC: Authorization granted {{(pid=92490) enforce_call /opt/stack/keystone/keystone/common/rbac_enforcer/enforcer.py:457}}
Jun 14 17:38:19.156352 dv-cinder-826350-5-smb devstack@keystone.service[92491]: [pid: 92491|app: 0|req: 97/198] 10.222.0.72 () {58 vars in 1282 bytes} [Tue Jun 14 17:38:18 2022] GET /identity/v3/auth/tokens => generated 799 bytes in 712 msecs (HTTP/1.1 200) 6 headers in 358 bytes (1 switches on core 0)
Jun 14 17:38:19.160030 dv-cinder-826350-5-smb devstack@keystone.service[92491]: DEBUG keystone.server.flask.request_processing.middleware.auth_context [None req-085a4120-9bcf-4fa9-9c05-7d030e684147 None admin] Authenticating user token {{(pid=92491) process_request /usr/local/lib/python3.8/dist-packages/keystonemiddleware/auth_token/__init__.py:407}}
Jun 14 17:38:19.287308 dv-cinder-826350-5-smb devstack@keystone.service[92490]: [pid: 92490|app: 0|req: 102/199] 10.222.0.72 () {58 vars in 1282 bytes} [Tue Jun 14 17:38:18 2022] GET /identity/v3/auth/tokens => generated 799 bytes in 666 msecs (HTTP/1.1 200) 6 headers in 358 bytes (1 switches on core 0)
Jun 14 17:38:19.288345 dv-cinder-826350-5-smb devstack@keystone.service[92490]: DEBUG keystone.server.flask.request_processing.middleware.auth_context [None req-0ba8636d-6b52-4403-af6f-96905997384f None admin] Authenticating user token {{(pid=92490) process_request /usr/local/lib/python3.8/dist-packages/keystonemiddleware/auth_token/__init__.py:407}}
Jun 14 17:38:19.354576 dv-cinder-826350-5-smb devstack@keystone.service[92490]: DEBUG dbcounter [-] [92490] Writing DB stats keystone:SELECT=100 {{(pid=92490) stat_writer /usr/local/lib/python3.8/dist-packages/dbcounter.py:114}}
Jun 14 17:38:19.408647 dv-cinder-826350-5-smb devstack@keystone.service[92490]: DEBUG keystone.server.flask.request_processing.middleware.auth_context [None req-0ba8636d-6b52-4403-af6f-96905997384f None admin] Validating token access rules against request {{(pid=92490) validate_allowed_request /usr/local/lib/python3.8/dist-packages/keystonemiddleware/auth_token/__init__.py:545}}
Jun 14 17:38:19.452266 dv-cinder-826350-5-smb devstack@keystone.service[92490]: DEBUG keystone.server.flask.request_processing.middleware.auth_context [None req-7be7c6f8-166f-4f72-b9ab-741674d94f6c None admin] RBAC: auth_context: {'token': , 'domain_id': None, 'trust_id': None, 'trustor_id': None, 'trustee_id': None, 'domain_name': None, 'group_ids': [], 'user_id': '24e95daaca7747a4b8c91c658b6a6c9d', 'user_domain_id': 'default', 'system_scope': 'all', 'project_id': None, 'project_domain_id': None, 'roles': ['admin', 'member', 'reader'], 'is_admin_project': True, 'service_user_id': None, 'service_user_domain_id': None, 'service_project_id': None, 'service_project_domain_id': None, 'service_roles': []} {{(pid=92490) fill_context /opt/stack/keystone/keystone/server/flask/request_processing/middleware/auth_context.py:478}}
Jun 14 17:38:19.453162 dv-cinder-826350-5-smb devstack@keystone.service[92490]: DEBUG keystone.server.flask.request_processing.req_logging [None req-7be7c6f8-166f-4f72-b9ab-741674d94f6c None admin] REQUEST_METHOD: `GET` {{(pid=92490) log_request_info /opt/stack/keystone/keystone/server/flask/request_processing/req_logging.py:27}}
Jun 14 17:38:19.453439 dv-cinder-826350-5-smb devstack@keystone.service[92490]: DEBUG keystone.server.flask.request_processing.req_logging [None req-7be7c6f8-166f-4f72-b9ab-741674d94f6c None admin] SCRIPT_NAME: `/identity` {{(pid=92490) log_request_info /opt/stack/keystone/keystone/server/flask/request_processing/req_logging.py:28}}
Jun 14 17:38:19.453713 dv-cinder-826350-5-smb devstack@keystone.service[92490]: DEBUG keystone.server.flask.request_processing.req_logging [None req-7be7c6f8-166f-4f72-b9ab-741674d94f6c None admin] PATH_INFO: `/v3/projects/0c3158f9ed8e4a08b6f9d4536f9b3c2c` {{(pid=92490) log_request_info /opt/stack/keystone/keystone/server/flask/request_processing/req_logging.py:29}}
Jun 14 17:38:19.455081 dv-cinder-826350-5-smb devstack@keystone.service[92490]: DEBUG keystone.common.rbac_enforcer.enforcer [None req-7be7c6f8-166f-4f72-b9ab-741674d94f6c None admin] RBAC: Authorizing `identity:get_project(project_id=0c3158f9ed8e4a08b6f9d4536f9b3c2c)` {{(pid=92490) enforce_call /opt/stack/keystone/keystone/common/rbac_enforcer/enforcer.py:449}}
Jun 14 17:38:19.456581 dv-cinder-826350-5-smb devstack@keystone.service[92490]: DEBUG keystone.common.rbac_enforcer.enforcer [None req-7be7c6f8-166f-4f72-b9ab-741674d94f6c None admin] RBAC: Authorization granted {{(pid=92490) enforce_call /opt/stack/keystone/keystone/common/rbac_enforcer/enforcer.py:457}}
Jun 14 17:38:19.458947 dv-cinder-826350-5-smb devstack@keystone.service[92491]: DEBUG keystone.server.flask.request_processing.middleware.auth_context [None req-085a4120-9bcf-4fa9-9c05-7d030e684147 None admin] Validating token access rules against request {{(pid=92491) validate_allowed_request /usr/local/lib/python3.8/dist-packages/keystonemiddleware/auth_token/__init__.py:545}}
Jun 14 17:38:19.459624 dv-cinder-826350-5-smb devstack@keystone.service[92490]: [pid: 92490|app: 0|req: 103/200] 10.222.0.72 () {56 vars in 1186 bytes} [Tue Jun 14 17:38:19 2022] GET /identity/v3/projects/0c3158f9ed8e4a08b6f9d4536f9b3c2c => generated 302 bytes in 171 msecs (HTTP/1.1 200) 5 headers in 177 bytes (1 switches on core 0)
Jun 14 17:38:19.460173 dv-cinder-826350-5-smb devstack@keystone.service[92490]: DEBUG keystone.server.flask.request_processing.middleware.auth_context [None req-7be7c6f8-166f-4f72-b9ab-741674d94f6c None admin] Authenticating user token {{(pid=92490) process_request /usr/local/lib/python3.8/dist-packages/keystonemiddleware/auth_token/__init__.py:407}}
Jun 14 17:38:19.589376 dv-cinder-826350-5-smb devstack@keystone.service[92491]: DEBUG keystone.server.flask.request_processing.middleware.auth_context [None req-585ec51b-e1c8-4487-8051-bde4c69b5293 None admin] RBAC: auth_context: {'token': , 'domain_id': None, 'trust_id': None, 'trustor_id': None, 'trustee_id': None, 'domain_name': None, 'group_ids': [], 'user_id': '24e95daaca7747a4b8c91c658b6a6c9d', 'user_domain_id': 'default', 'system_scope': 'all', 'project_id': None, 'project_domain_id': None, 'roles': ['admin', 'member', 'reader'], 'is_admin_project': True, 'service_user_id': None, 'service_user_domain_id': None, 'service_project_id': None, 'service_project_domain_id': None, 'service_roles': []} {{(pid=92491) fill_context /opt/stack/keystone/keystone/server/flask/request_processing/middleware/auth_context.py:478}}
