Jun 14 17:36:36.555069 dv-cinder-826350-5-iscsi devstack@keystone.service[87018]: DEBUG keystone.server.flask.request_processing.middleware.auth_context [None req-e7ae09d9-c8f1-4b71-a9bf-ca50cc9ed17a None admin] RBAC: auth_context: {'token': , 'domain_id': None, 'trust_id': None, 'trustor_id': None, 'trustee_id': None, 'domain_name': None, 'group_ids': [], 'user_id': 'bdaeb72186c0489e804154d6d26ae21b', 'user_domain_id': 'default', 'system_scope': 'all', 'project_id': None, 'project_domain_id': None, 'roles': ['admin', 'member', 'reader'], 'is_admin_project': True, 'service_user_id': None, 'service_user_domain_id': None, 'service_project_id': None, 'service_project_domain_id': None, 'service_roles': []} {{(pid=87018) fill_context /opt/stack/keystone/keystone/server/flask/request_processing/middleware/auth_context.py:478}}
Jun 14 17:36:36.555766 dv-cinder-826350-5-iscsi devstack@keystone.service[87018]: DEBUG keystone.server.flask.request_processing.req_logging [None req-e7ae09d9-c8f1-4b71-a9bf-ca50cc9ed17a None admin] REQUEST_METHOD: `GET` {{(pid=87018) log_request_info /opt/stack/keystone/keystone/server/flask/request_processing/req_logging.py:27}}
Jun 14 17:36:36.556047 dv-cinder-826350-5-iscsi devstack@keystone.service[87018]: DEBUG keystone.server.flask.request_processing.req_logging [None req-e7ae09d9-c8f1-4b71-a9bf-ca50cc9ed17a None admin] SCRIPT_NAME: `/identity` {{(pid=87018) log_request_info /opt/stack/keystone/keystone/server/flask/request_processing/req_logging.py:28}}
Jun 14 17:36:36.556324 dv-cinder-826350-5-iscsi devstack@keystone.service[87018]: DEBUG keystone.server.flask.request_processing.req_logging [None req-e7ae09d9-c8f1-4b71-a9bf-ca50cc9ed17a None admin] PATH_INFO: `/v3/role_assignments` {{(pid=87018) log_request_info /opt/stack/keystone/keystone/server/flask/request_processing/req_logging.py:29}}
Jun 14 17:36:36.557263 dv-cinder-826350-5-iscsi devstack@keystone.service[87018]: DEBUG keystone.common.rbac_enforcer.enforcer [None req-e7ae09d9-c8f1-4b71-a9bf-ca50cc9ed17a None admin] RBAC: Adding query filter params (role.id=9ee80134743f4c2b88525b04df2facba, scope.project.id=04b70fac2c57427fa08aa88ec925923b, user.id=48d36fad27cf4eff8510c2ec4719697c) {{(pid=87018) _extract_filter_values /opt/stack/keystone/keystone/common/rbac_enforcer/enforcer.py:167}}
Jun 14 17:36:36.557580 dv-cinder-826350-5-iscsi devstack@keystone.service[87018]: DEBUG keystone.common.rbac_enforcer.enforcer [None req-e7ae09d9-c8f1-4b71-a9bf-ca50cc9ed17a None admin] RBAC: Authorizing `identity:list_role_assignments()` {{(pid=87018) enforce_call /opt/stack/keystone/keystone/common/rbac_enforcer/enforcer.py:449}}
Jun 14 17:36:36.559046 dv-cinder-826350-5-iscsi devstack@keystone.service[87018]: DEBUG keystone.common.rbac_enforcer.enforcer [None req-e7ae09d9-c8f1-4b71-a9bf-ca50cc9ed17a None admin] RBAC: Authorization granted {{(pid=87018) enforce_call /opt/stack/keystone/keystone/common/rbac_enforcer/enforcer.py:457}}
Jun 14 17:36:36.565786 dv-cinder-826350-5-iscsi devstack@keystone.service[87019]: DEBUG keystone.server.flask.request_processing.middleware.auth_context [None req-5c39a215-1b04-48fa-96bb-7c2e799b3947 None admin] RBAC: auth_context: {'token': , 'domain_id': None, 'trust_id': None, 'trustor_id': None, 'trustee_id': None, 'domain_name': None, 'group_ids': [], 'user_id': 'bdaeb72186c0489e804154d6d26ae21b', 'user_domain_id': 'default', 'system_scope': 'all', 'project_id': None, 'project_domain_id': None, 'roles': ['admin', 'member', 'reader'], 'is_admin_project': True, 'service_user_id': None, 'service_user_domain_id': None, 'service_project_id': None, 'service_project_domain_id': None, 'service_roles': []} {{(pid=87019) fill_context /opt/stack/keystone/keystone/server/flask/request_processing/middleware/auth_context.py:478}}
Jun 14 17:36:36.571320 dv-cinder-826350-5-iscsi devstack@keystone.service[87019]: DEBUG keystone.server.flask.request_processing.req_logging [None req-5c39a215-1b04-48fa-96bb-7c2e799b3947 None admin] REQUEST_METHOD: `GET` {{(pid=87019) log_request_info /opt/stack/keystone/keystone/server/flask/request_processing/req_logging.py:27}}
Jun 14 17:36:36.571320 dv-cinder-826350-5-iscsi devstack@keystone.service[87019]: DEBUG keystone.server.flask.request_processing.req_logging [None req-5c39a215-1b04-48fa-96bb-7c2e799b3947 None admin] SCRIPT_NAME: `/identity` {{(pid=87019) log_request_info /opt/stack/keystone/keystone/server/flask/request_processing/req_logging.py:28}}
Jun 14 17:36:36.571320 dv-cinder-826350-5-iscsi devstack@keystone.service[87019]: DEBUG keystone.server.flask.request_processing.req_logging [None req-5c39a215-1b04-48fa-96bb-7c2e799b3947 None admin] PATH_INFO: `/v3/roles` {{(pid=87019) log_request_info /opt/stack/keystone/keystone/server/flask/request_processing/req_logging.py:29}}
Jun 14 17:36:36.571320 dv-cinder-826350-5-iscsi devstack@keystone.service[87019]: DEBUG keystone.common.rbac_enforcer.enforcer [None req-5c39a215-1b04-48fa-96bb-7c2e799b3947 None admin] RBAC: Adding query filter params (name=anotherrole) {{(pid=87019) _extract_filter_values /opt/stack/keystone/keystone/common/rbac_enforcer/enforcer.py:167}}
Jun 14 17:36:36.571320 dv-cinder-826350-5-iscsi devstack@keystone.service[87019]: DEBUG keystone.common.rbac_enforcer.enforcer [None req-5c39a215-1b04-48fa-96bb-7c2e799b3947 None admin] RBAC: Authorizing `identity:list_roles()` {{(pid=87019) enforce_call /opt/stack/keystone/keystone/common/rbac_enforcer/enforcer.py:449}}
Jun 14 17:36:36.572087 dv-cinder-826350-5-iscsi devstack@keystone.service[87019]: DEBUG keystone.common.rbac_enforcer.enforcer [None req-5c39a215-1b04-48fa-96bb-7c2e799b3947 None admin] RBAC: Authorization granted {{(pid=87019) enforce_call /opt/stack/keystone/keystone/common/rbac_enforcer/enforcer.py:457}}
Jun 14 17:36:36.581373 dv-cinder-826350-5-iscsi devstack@keystone.service[87018]: [pid: 87018|app: 0|req: 94/175] 10.222.0.36 () {56 vars in 1374 bytes} [Tue Jun 14 17:36:36 2022] GET /identity/v3/role_assignments?user.id=48d36fad27cf4eff8510c2ec4719697c&scope.project.id=04b70fac2c57427fa08aa88ec925923b&role.id=9ee80134743f4c2b88525b04df2facba => generated 608 bytes in 280 msecs (HTTP/1.1 200) 5 headers in 177 bytes (2 switches on core 0)
Jun 14 17:36:36.585228 dv-cinder-826350-5-iscsi devstack@keystone.service[87019]: [pid: 87019|app: 0|req: 82/176] 10.222.0.36 () {56 vars in 1111 bytes} [Tue Jun 14 17:36:36 2022] GET /identity/v3/roles?name=anotherrole => generated 334 bytes in 263 msecs (HTTP/1.1 200) 5 headers in 177 bytes (1 switches on core 0)
Jun 14 17:36:36.592496 dv-cinder-826350-5-iscsi devstack@keystone.service[87018]: DEBUG keystone.server.flask.request_processing.middleware.auth_context [None req-e7ae09d9-c8f1-4b71-a9bf-ca50cc9ed17a None admin] Authenticating user token {{(pid=87018) process_request /usr/local/lib/python3.8/dist-packages/keystonemiddleware/auth_token/__init__.py:407}}
Jun 14 17:36:36.713341 dv-cinder-826350-5-iscsi devstack@keystone.service[87019]: DEBUG keystone.server.flask.request_processing.req_logging [None req-843ae92d-0dde-4f02-a6f5-6e731fdcf109 None None] REQUEST_METHOD: `GET` {{(pid=87019) log_request_info /opt/stack/keystone/keystone/server/flask/request_processing/req_logging.py:27}}
Jun 14 17:36:36.714014 dv-cinder-826350-5-iscsi devstack@keystone.service[87019]: DEBUG keystone.server.flask.request_processing.req_logging [None req-843ae92d-0dde-4f02-a6f5-6e731fdcf109 None None] SCRIPT_NAME: `/identity` {{(pid=87019) log_request_info /opt/stack/keystone/keystone/server/flask/request_processing/req_logging.py:28}}
Jun 14 17:36:36.714014 dv-cinder-826350-5-iscsi devstack@keystone.service[87019]: DEBUG keystone.server.flask.request_processing.req_logging [None req-843ae92d-0dde-4f02-a6f5-6e731fdcf109 None None] PATH_INFO: `/` {{(pid=87019) log_request_info /opt/stack/keystone/keystone/server/flask/request_processing/req_logging.py:29}}
Jun 14 17:36:36.715589 dv-cinder-826350-5-iscsi devstack@keystone.service[87019]: [pid: 87019|app: 0|req: 83/177] 10.222.0.36 () {54 vars in 926 bytes} [Tue Jun 14 17:36:36 2022] GET /identity => generated 270 bytes in 3 msecs (HTTP/1.1 300) 6 headers in 234 bytes (2 switches on core 0)
Jun 14 17:36:36.736856 dv-cinder-826350-5-iscsi devstack@keystone.service[87019]: DEBUG keystone.server.flask.request_processing.req_logging [None req-fa50b157-5e3a-427c-bf0b-6bd3e6748888 None None] REQUEST_METHOD: `POST` {{(pid=87019) log_request_info /opt/stack/keystone/keystone/server/flask/request_processing/req_logging.py:27}}
Jun 14 17:36:36.737194 dv-cinder-826350-5-iscsi devstack@keystone.service[87019]: DEBUG keystone.server.flask.request_processing.req_logging [None req-fa50b157-5e3a-427c-bf0b-6bd3e6748888 None None] SCRIPT_NAME: `/identity` {{(pid=87019) log_request_info /opt/stack/keystone/keystone/server/flask/request_processing/req_logging.py:28}}
Jun 14 17:36:36.737408 dv-cinder-826350-5-iscsi devstack@keystone.service[87019]: DEBUG keystone.server.flask.request_processing.req_logging [None req-fa50b157-5e3a-427c-bf0b-6bd3e6748888 None None] PATH_INFO: `/v3/auth/tokens` {{(pid=87019) log_request_info /opt/stack/keystone/keystone/server/flask/request_processing/req_logging.py:29}}
Jun 14 17:36:36.745922 dv-cinder-826350-5-iscsi devstack@keystone.service[87018]: DEBUG keystone.server.flask.request_processing.middleware.auth_context [None req-e7ae09d9-c8f1-4b71-a9bf-ca50cc9ed17a None admin] Validating token access rules against request {{(pid=87018) validate_allowed_request /usr/local/lib/python3.8/dist-packages/keystonemiddleware/auth_token/__init__.py:545}}
Jun 14 17:36:36.763679 dv-cinder-826350-5-iscsi devstack@keystone.service[87018]: DEBUG dbcounter [-] [87018] Writing DB stats keystone:SELECT=100 {{(pid=87018) stat_writer /usr/local/lib/python3.8/dist-packages/dbcounter.py:114}}
Jun 14 17:36:36.779286 dv-cinder-826350-5-iscsi devstack@keystone.service[87019]: DEBUG keystone.auth.core [None req-fa50b157-5e3a-427c-bf0b-6bd3e6748888 None None] MFA Rules not processed for user `bdaeb72186c0489e804154d6d26ae21b`. Rule list: `[]` (Enabled: `True`). {{(pid=87019) check_auth_methods_against_rules /opt/stack/keystone/keystone/auth/core.py:438}}
Jun 14 17:36:36.782935 dv-cinder-826350-5-iscsi devstack@keystone.service[87019]: DEBUG keystone.common.fernet_utils [None req-fa50b157-5e3a-427c-bf0b-6bd3e6748888 None None] Loaded 2 Fernet keys from /etc/keystone/fernet-keys/, but `[fernet_tokens] max_active_keys = 3`; perhaps there have not been enough key rotations to reach `max_active_keys` yet? {{(pid=87019) load_keys /opt/stack/keystone/keystone/common/fernet_utils.py:286}}
Jun 14 17:36:36.807314 dv-cinder-826350-5-iscsi devstack@keystone.service[87018]: DEBUG keystone.server.flask.request_processing.middleware.auth_context [None req-75bea78b-1173-4f2e-9ad5-79243a9346b1 None admin] RBAC: auth_context: {'token': , 'domain_id': None, 'trust_id': None, 'trustor_id': None, 'trustee_id': None, 'domain_name': None, 'group_ids': [], 'user_id': 'bdaeb72186c0489e804154d6d26ae21b', 'user_domain_id': 'default', 'system_scope': 'all', 'project_id': None, 'project_domain_id': None, 'roles': ['admin', 'member', 'reader'], 'is_admin_project': True, 'service_user_id': None, 'service_user_domain_id': None, 'service_project_id': None, 'service_project_domain_id': None, 'service_roles': []} {{(pid=87018) fill_context /opt/stack/keystone/keystone/server/flask/request_processing/middleware/auth_context.py:478}}
Jun 14 17:36:36.808657 dv-cinder-826350-5-iscsi devstack@keystone.service[87018]: DEBUG keystone.server.flask.request_processing.req_logging [None req-75bea78b-1173-4f2e-9ad5-79243a9346b1 None admin] REQUEST_METHOD: `GET` {{(pid=87018) log_request_info /opt/stack/keystone/keystone/server/flask/request_processing/req_logging.py:27}}
Jun 14 17:36:36.809253 dv-cinder-826350-5-iscsi devstack@keystone.service[87018]: DEBUG keystone.server.flask.request_processing.req_logging [None req-75bea78b-1173-4f2e-9ad5-79243a9346b1 None admin] SCRIPT_NAME: `/identity` {{(pid=87018) log_request_info /opt/stack/keystone/keystone/server/flask/request_processing/req_logging.py:28}}
Jun 14 17:36:36.809575 dv-cinder-826350-5-iscsi devstack@keystone.service[87018]: DEBUG keystone.server.flask.request_processing.req_logging [None req-75bea78b-1173-4f2e-9ad5-79243a9346b1 None admin] PATH_INFO: `/v3/users/48d36fad27cf4eff8510c2ec4719697c` {{(pid=87018) log_request_info /opt/stack/keystone/keystone/server/flask/request_processing/req_logging.py:29}}
Jun 14 17:36:36.812131 dv-cinder-826350-5-iscsi devstack@keystone.service[87018]: DEBUG keystone.common.rbac_enforcer.enforcer [None req-75bea78b-1173-4f2e-9ad5-79243a9346b1 None admin] RBAC: Authorizing `identity:get_user(user_id=48d36fad27cf4eff8510c2ec4719697c)` {{(pid=87018) enforce_call /opt/stack/keystone/keystone/common/rbac_enforcer/enforcer.py:449}}
Jun 14 17:36:36.813622 dv-cinder-826350-5-iscsi devstack@keystone.service[87018]: DEBUG keystone.common.rbac_enforcer.enforcer [None req-75bea78b-1173-4f2e-9ad5-79243a9346b1 None admin] RBAC: Authorization granted {{(pid=87018) enforce_call /opt/stack/keystone/keystone/common/rbac_enforcer/enforcer.py:457}}
Jun 14 17:36:36.815410 dv-cinder-826350-5-iscsi devstack@keystone.service[87018]: [pid: 87018|app: 0|req: 95/178] 10.222.0.36 () {56 vars in 1177 bytes} [Tue Jun 14 17:36:36 2022] GET /identity/v3/users/48d36fad27cf4eff8510c2ec4719697c => generated 275 bytes in 223 msecs (HTTP/1.1 200) 5 headers in 177 bytes (1 switches on core 0)
Jun 14 17:36:36.823685 dv-cinder-826350-5-iscsi devstack@keystone.service[87018]: DEBUG keystone.server.flask.request_processing.middleware.auth_context [None req-75bea78b-1173-4f2e-9ad5-79243a9346b1 None admin] Authenticating user token {{(pid=87018) process_request /usr/local/lib/python3.8/dist-packages/keystonemiddleware/auth_token/__init__.py:407}}
Jun 14 17:36:36.928325 dv-cinder-826350-5-iscsi devstack@keystone.service[87019]: [pid: 87019|app: 0|req: 84/179] 10.222.0.36 () {58 vars in 1023 bytes} [Tue Jun 14 17:36:36 2022] POST /identity/v3/auth/tokens => generated 799 bytes in 192 msecs (HTTP/1.1 201) 6 headers in 363 bytes (1 switches on core 0)
Jun 14 17:36:36.972059 dv-cinder-826350-5-iscsi devstack@keystone.service[87019]: DEBUG keystone.server.flask.request_processing.middleware.auth_context [None req-fa50b157-5e3a-427c-bf0b-6bd3e6748888 None None] Authenticating user token {{(pid=87019) process_request /usr/local/lib/python3.8/dist-packages/keystonemiddleware/auth_token/__init__.py:407}}
Jun 14 17:36:37.038391 dv-cinder-826350-5-iscsi devstack@keystone.service[87018]: DEBUG keystone.server.flask.request_processing.middleware.auth_context [None req-75bea78b-1173-4f2e-9ad5-79243a9346b1 None admin] Validating token access rules against request {{(pid=87018) validate_allowed_request /usr/local/lib/python3.8/dist-packages/keystonemiddleware/auth_token/__init__.py:545}}
Jun 14 17:36:37.040274 dv-cinder-826350-5-iscsi devstack@keystone.service[87019]: DEBUG dbcounter [-] [87019] Writing DB stats keystone:SELECT=100 {{(pid=87019) stat_writer /usr/local/lib/python3.8/dist-packages/dbcounter.py:114}}
Jun 14 17:36:37.107384 dv-cinder-826350-5-iscsi devstack@keystone.service[87018]: DEBUG keystone.server.flask.request_processing.middleware.auth_context [None req-b8f0f555-c1f1-4ba9-8e73-fefa970c4646 None admin] RBAC: auth_context: {'token': , 'domain_id': None, 'trust_id': None, 'trustor_id': None, 'trustee_id': None, 'domain_name': None, 'group_ids': [], 'user_id': 'bdaeb72186c0489e804154d6d26ae21b', 'user_domain_id': 'default', 'system_scope': 'all', 'project_id': None, 'project_domain_id': None, 'roles': ['admin', 'member', 'reader'], 'is_admin_project': True, 'service_user_id': None, 'service_user_domain_id': None, 'service_project_id': None, 'service_project_domain_id': None, 'service_roles': []} {{(pid=87018) fill_context /opt/stack/keystone/keystone/server/flask/request_processing/middleware/auth_context.py:478}}
Jun 14 17:36:37.108064 dv-cinder-826350-5-iscsi devstack@keystone.service[87018]: DEBUG keystone.server.flask.request_processing.req_logging [None req-b8f0f555-c1f1-4ba9-8e73-fefa970c4646 None admin] REQUEST_METHOD: `GET` {{(pid=87018) log_request_info /opt/stack/keystone/keystone/server/flask/request_processing/req_logging.py:27}}
Jun 14 17:36:37.109580 dv-cinder-826350-5-iscsi devstack@keystone.service[87018]: DEBUG keystone.server.flask.request_processing.req_logging [None req-b8f0f555-c1f1-4ba9-8e73-fefa970c4646 None admin] SCRIPT_NAME: `/identity` {{(pid=87018) log_request_info /opt/stack/keystone/keystone/server/flask/request_processing/req_logging.py:28}}
Jun 14 17:36:37.109883 dv-cinder-826350-5-iscsi devstack@keystone.service[87018]: DEBUG keystone.server.flask.request_processing.req_logging [None req-b8f0f555-c1f1-4ba9-8e73-fefa970c4646 None admin] PATH_INFO: `/v3/auth/tokens` {{(pid=87018) log_request_info /opt/stack/keystone/keystone/server/flask/request_processing/req_logging.py:29}}
Jun 14 17:36:37.131727 dv-cinder-826350-5-iscsi devstack@keystone.service[87019]: DEBUG keystone.server.flask.request_processing.middleware.auth_context [None req-fa50b157-5e3a-427c-bf0b-6bd3e6748888 None None] Validating token access rules against request {{(pid=87019) validate_allowed_request /usr/local/lib/python3.8/dist-packages/keystonemiddleware/auth_token/__init__.py:545}}
Jun 14 17:36:37.164342 dv-cinder-826350-5-iscsi devstack@keystone.service[87018]: DEBUG dbcounter [-] [87018] Writing DB stats keystone:SELECT=100 {{(pid=87018) stat_writer /usr/local/lib/python3.8/dist-packages/dbcounter.py:114}}
Jun 14 17:36:37.198813 dv-cinder-826350-5-iscsi devstack@keystone.service[87018]: DEBUG keystone.common.rbac_enforcer.enforcer [None req-b8f0f555-c1f1-4ba9-8e73-fefa970c4646 None admin] RBAC: Authorizing `identity:validate_token()` {{(pid=87018) enforce_call /opt/stack/keystone/keystone/common/rbac_enforcer/enforcer.py:449}}
Jun 14 17:36:37.200287 dv-cinder-826350-5-iscsi devstack@keystone.service[87019]: DEBUG keystone.server.flask.request_processing.middleware.auth_context [None req-9759ae9e-3c04-4e28-b2e5-15887bff8873 None admin] RBAC: auth_context: {'token': , 'domain_id': None, 'trust_id': None, 'trustor_id': None, 'trustee_id': None, 'domain_name': None, 'group_ids': [], 'user_id': 'bdaeb72186c0489e804154d6d26ae21b', 'user_domain_id': 'default', 'system_scope': 'all', 'project_id': None, 'project_domain_id': None, 'roles': ['admin', 'member', 'reader'], 'is_admin_project': True, 'service_user_id': None, 'service_user_domain_id': None, 'service_project_id': None, 'service_project_domain_id': None, 'service_roles': []} {{(pid=87019) fill_context /opt/stack/keystone/keystone/server/flask/request_processing/middleware/auth_context.py:478}}
Jun 14 17:36:37.201099 dv-cinder-826350-5-iscsi devstack@keystone.service[87019]: DEBUG keystone.server.flask.request_processing.req_logging [None req-9759ae9e-3c04-4e28-b2e5-15887bff8873 None admin] REQUEST_METHOD: `GET` {{(pid=87019) log_request_info /opt/stack/keystone/keystone/server/flask/request_processing/req_logging.py:27}}
Jun 14 17:36:37.201206 dv-cinder-826350-5-iscsi devstack@keystone.service[87018]: DEBUG keystone.common.rbac_enforcer.enforcer [None req-b8f0f555-c1f1-4ba9-8e73-fefa970c4646 None admin] RBAC: Authorization granted {{(pid=87018) enforce_call /opt/stack/keystone/keystone/common/rbac_enforcer/enforcer.py:457}}
Jun 14 17:36:37.201381 dv-cinder-826350-5-iscsi devstack@keystone.service[87019]: DEBUG keystone.server.flask.request_processing.req_logging [None req-9759ae9e-3c04-4e28-b2e5-15887bff8873 None admin] SCRIPT_NAME: `/identity` {{(pid=87019) log_request_info /opt/stack/keystone/keystone/server/flask/request_processing/req_logging.py:28}}
Jun 14 17:36:37.201658 dv-cinder-826350-5-iscsi devstack@keystone.service[87019]: DEBUG keystone.server.flask.request_processing.req_logging [None req-9759ae9e-3c04-4e28-b2e5-15887bff8873 None admin] PATH_INFO: `/v3/roles/admin` {{(pid=87019) log_request_info /opt/stack/keystone/keystone/server/flask/request_processing/req_logging.py:29}}
Jun 14 17:36:37.212925 dv-cinder-826350-5-iscsi devstack@keystone.service[87019]: DEBUG keystone.common.rbac_enforcer.enforcer [None req-9759ae9e-3c04-4e28-b2e5-15887bff8873 None admin] Extracting inferred target data resulted in "NOT FOUND (404)". {{(pid=87019) enforce_call /opt/stack/keystone/keystone/common/rbac_enforcer/enforcer.py:409}}
Jun 14 17:36:37.221073 dv-cinder-826350-5-iscsi devstack@keystone.service[87019]: ERROR keystone.server.flask.application [None req-9759ae9e-3c04-4e28-b2e5-15887bff8873 None admin] Could not find role: admin.: keystone.exception.RoleNotFound: Could not find role: admin.
Jun 14 17:36:37.221073 dv-cinder-826350-5-iscsi devstack@keystone.service[87019]: ERROR keystone.server.flask.application
Traceback (most recent call last):
Jun 14 17:36:37.221073 dv-cinder-826350-5-iscsi devstack@keystone.service[87019]: ERROR keystone.server.flask.application
File "/usr/local/lib/python3.8/dist-packages/flask/app.py", line 1523, in full_dispatch_request
Jun 14 17:36:37.221073 dv-cinder-826350-5-iscsi devstack@keystone.service[87019]: ERROR keystone.server.flask.application rv = self.dispatch_request()
Jun 14 17:36:37.221073 dv-cinder-826350-5-iscsi devstack@keystone.service[87019]: ERROR keystone.server.flask.application
File "/usr/local/lib/python3.8/dist-packages/flask/app.py", line 1509, in dispatch_request
Jun 14 17:36:37.221073 dv-cinder-826350-5-iscsi devstack@keystone.service[87019]: ERROR keystone.server.flask.application return self.ensure_sync(self.view_functions[rule.endpoint])(**req.view_args)
Jun 14 17:36:37.221073 dv-cinder-826350-5-iscsi devstack@keystone.service[87019]: ERROR keystone.server.flask.application
File "/usr/local/lib/python3.8/dist-packages/flask_restful/__init__.py", line 467, in wrapper
Jun 14 17:36:37.221073 dv-cinder-826350-5-iscsi devstack@keystone.service[87019]: ERROR keystone.server.flask.application resp = resource(*args, **kwargs)
Jun 14 17:36:37.221073 dv-cinder-826350-5-iscsi devstack@keystone.service[87019]: ERROR keystone.server.flask.application
File "/usr/local/lib/python3.8/dist-packages/flask/views.py", line 84, in view
Jun 14 17:36:37.221073 dv-cinder-826350-5-iscsi devstack@keystone.service[87019]: ERROR keystone.server.flask.application return current_app.ensure_sync(self.dispatch_request)(*args, **kwargs)
Jun 14 17:36:37.221073 dv-cinder-826350-5-iscsi devstack@keystone.service[87019]: ERROR keystone.server.flask.application
File "/usr/local/lib/python3.8/dist-packages/flask_restful/__init__.py", line 582, in dispatch_request
Jun 14 17:36:37.221073 dv-cinder-826350-5-iscsi devstack@keystone.service[87019]: ERROR keystone.server.flask.application resp = meth(*args, **kwargs)
Jun 14 17:36:37.221073 dv-cinder-826350-5-iscsi devstack@keystone.service[87019]: ERROR keystone.server.flask.application
File "/opt/stack/keystone/keystone/api/roles.py", line 50, in get
Jun 14 17:36:37.221073 dv-cinder-826350-5-iscsi devstack@keystone.service[87019]: ERROR keystone.server.flask.application return self._get_role(role_id)
Jun 14 17:36:37.221073 dv-cinder-826350-5-iscsi devstack@keystone.service[87019]: ERROR keystone.server.flask.application
File "/opt/stack/keystone/keystone/api/roles.py", line 70, in _get_role
Jun 14 17:36:37.221073 dv-cinder-826350-5-iscsi devstack@keystone.service[87019]: ERROR keystone.server.flask.application ENFORCER.enforce_call(action='identity:get_role')
Jun 14 17:36:37.221982 dv-cinder-826350-5-iscsi devstack@keystone.service[87019]: ERROR keystone.server.flask.application
File "/opt/stack/keystone/keystone/common/rbac_enforcer/enforcer.py", line 402, in enforce_call
Jun 14 17:36:37.221982 dv-cinder-826350-5-iscsi devstack@keystone.service[87019]: ERROR keystone.server.flask.application policy_dict.update(cls._extract_member_target_data(
Jun 14 17:36:37.221982 dv-cinder-826350-5-iscsi devstack@keystone.service[87019]: ERROR keystone.server.flask.application
File "/opt/stack/keystone/keystone/common/rbac_enforcer/enforcer.py", line 234, in _extract_member_target_data
Jun 14 17:36:37.221982 dv-cinder-826350-5-iscsi devstack@keystone.service[87019]: ERROR keystone.server.flask.application member_name: func(flask.request.view_args[key])
Jun 14 17:36:37.221982 dv-cinder-826350-5-iscsi devstack@keystone.service[87019]: ERROR keystone.server.flask.application
File "/opt/stack/keystone/keystone/common/manager.py", line 115, in wrapped
Jun 14 17:36:37.221982 dv-cinder-826350-5-iscsi devstack@keystone.service[87019]: ERROR keystone.server.flask.application __ret_val = __f(*args, **kwargs)
Jun 14 17:36:37.221982 dv-cinder-826350-5-iscsi devstack@keystone.service[87019]: ERROR keystone.server.flask.application
File "/usr/local/lib/python3.8/dist-packages/decorator.py", line 232, in fun
Jun 14 17:36:37.221982 dv-cinder-826350-5-iscsi devstack@keystone.service[87019]: ERROR keystone.server.flask.application return caller(func, *(extras + args), **kw)
Jun 14 17:36:37.221982 dv-cinder-826350-5-iscsi devstack@keystone.service[87019]: ERROR keystone.server.flask.application
File "/usr/local/lib/python3.8/dist-packages/dogpile/cache/region.py", line 1577, in get_or_create_for_user_func
Jun 14 17:36:37.221982 dv-cinder-826350-5-iscsi devstack@keystone.service[87019]: ERROR keystone.server.flask.application return self.get_or_create(
Jun 14 17:36:37.221982 dv-cinder-826350-5-iscsi devstack@keystone.service[87019]: ERROR keystone.server.flask.application
File "/usr/local/lib/python3.8/dist-packages/dogpile/cache/region.py", line 1042, in get_or_create
Jun 14 17:36:37.221982 dv-cinder-826350-5-iscsi devstack@keystone.service[87019]: ERROR keystone.server.flask.application with Lock(
Jun 14 17:36:37.221982 dv-cinder-826350-5-iscsi devstack@keystone.service[87019]: ERROR keystone.server.flask.application
File "/usr/local/lib/python3.8/dist-packages/dogpile/lock.py", line 185, in __enter__
Jun 14 17:36:37.221982 dv-cinder-826350-5-iscsi devstack@keystone.service[87019]: ERROR keystone.server.flask.application return self._enter()
Jun 14 17:36:37.221982 dv-cinder-826350-5-iscsi devstack@keystone.service[87019]: ERROR keystone.server.flask.application
File "/usr/local/lib/python3.8/dist-packages/dogpile/lock.py", line 94, in _enter
Jun 14 17:36:37.221982 dv-cinder-826350-5-iscsi devstack@keystone.service[87019]: ERROR keystone.server.flask.application generated = self._enter_create(value, createdtime)
Jun 14 17:36:37.223176 dv-cinder-826350-5-iscsi devstack@keystone.service[87019]: ERROR keystone.server.flask.application
File "/usr/local/lib/python3.8/dist-packages/dogpile/lock.py", line 178, in _enter_create
Jun 14 17:36:37.223176 dv-cinder-826350-5-iscsi devstack@keystone.service[87019]: ERROR keystone.server.flask.application return self.creator()
Jun 14 17:36:37.223176 dv-cinder-826350-5-iscsi devstack@keystone.service[87019]: ERROR keystone.server.flask.application
File "/usr/local/lib/python3.8/dist-packages/dogpile/cache/region.py", line 995, in gen_value
Jun 14 17:36:37.223176 dv-cinder-826350-5-iscsi devstack@keystone.service[87019]: ERROR keystone.server.flask.application created_value = creator(
Jun 14 17:36:37.223176 dv-cinder-826350-5-iscsi devstack@keystone.service[87019]: ERROR keystone.server.flask.application
File "/opt/stack/keystone/keystone/assignment/core.py", line 1276, in get_role
Jun 14 17:36:37.223176 dv-cinder-826350-5-iscsi devstack@keystone.service[87019]: ERROR keystone.server.flask.application return self.driver.get_role(role_id)
Jun 14 17:36:37.223176 dv-cinder-826350-5-iscsi devstack@keystone.service[87019]: ERROR keystone.server.flask.application
File "/opt/stack/keystone/keystone/assignment/role_backends/sql.py", line 70, in get_role
Jun 14 17:36:37.223176 dv-cinder-826350-5-iscsi devstack@keystone.service[87019]: ERROR keystone.server.flask.application return self._get_role(session, role_id).to_dict()
Jun 14 17:36:37.223176 dv-cinder-826350-5-iscsi devstack@keystone.service[87019]: ERROR keystone.server.flask.application
File "/opt/stack/keystone/keystone/assignment/role_backends/sql.py", line 65, in _get_role
Jun 14 17:36:37.223176 dv-cinder-826350-5-iscsi devstack@keystone.service[87019]: ERROR keystone.server.flask.application raise exception.RoleNotFound(role_id=role_id)
Jun 14 17:36:37.223176 dv-cinder-826350-5-iscsi devstack@keystone.service[87019]: ERROR keystone.server.flask.application keystone.exception.RoleNotFound: Could not find role: admin.
Jun 14 17:36:37.223176 dv-cinder-826350-5-iscsi devstack@keystone.service[87019]: ERROR keystone.server.flask.application
Jun 14 17:36:37.223176 dv-cinder-826350-5-iscsi devstack@keystone.service[87019]: [pid: 87019|app: 0|req: 85/180] 10.222.0.36 () {56 vars in 1096 bytes} [Tue Jun 14 17:36:36 2022] GET /identity/v3/roles/admin => generated 83 bytes in 251 msecs (HTTP/1.1 404) 5 headers in 183 bytes (2 switches on core 0)
Jun 14 17:36:37.224534 dv-cinder-826350-5-iscsi devstack@keystone.service[87019]: DEBUG keystone.server.flask.request_processing.req_logging [None req-cf1d1bc5-4fa3-4ef2-b800-4b228a41d261 None None] REQUEST_METHOD: `GET` {{(pid=87019) log_request_info /opt/stack/keystone/keystone/server/flask/request_processing/req_logging.py:27}}
Jun 14 17:36:37.224534 dv-cinder-826350-5-iscsi devstack@keystone.service[87019]: DEBUG keystone.server.flask.request_processing.req_logging [None req-cf1d1bc5-4fa3-4ef2-b800-4b228a41d261 None None] SCRIPT_NAME: `/identity` {{(pid=87019) log_request_info /opt/stack/keystone/keystone/server/flask/request_processing/req_logging.py:28}}
Jun 14 17:36:37.224534 dv-cinder-826350-5-iscsi devstack@keystone.service[87019]: DEBUG keystone.server.flask.request_processing.req_logging [None req-cf1d1bc5-4fa3-4ef2-b800-4b228a41d261 None None] PATH_INFO: `/` {{(pid=87019) log_request_info /opt/stack/keystone/keystone/server/flask/request_processing/req_logging.py:29}}
Jun 14 17:36:37.230309 dv-cinder-826350-5-iscsi devstack@keystone.service[87019]: [pid: 87019|app: 0|req: 86/181] 10.222.0.36 () {54 vars in 926 bytes} [Tue Jun 14 17:36:37 2022] GET /identity => generated 270 bytes in 7 msecs (HTTP/1.1 300) 6 headers in 234 bytes (1 switches on core 0)
Jun 14 17:36:37.231158 dv-cinder-826350-5-iscsi devstack@keystone.service[87019]: DEBUG keystone.server.flask.request_processing.middleware.auth_context [None req-cf1d1bc5-4fa3-4ef2-b800-4b228a41d261 None None] Authenticating user token {{(pid=87019) process_request /usr/local/lib/python3.8/dist-packages/keystonemiddleware/auth_token/__init__.py:407}}
Jun 14 17:36:37.348248 dv-cinder-826350-5-iscsi devstack@keystone.service[87018]: [pid: 87018|app: 0|req: 96/182] 10.222.0.36 () {58 vars in 1282 bytes} [Tue Jun 14 17:36:36 2022] GET /identity/v3/auth/tokens => generated 799 bytes in 520 msecs (HTTP/1.1 200) 6 headers in 358 bytes (1 switches on core 0)
Jun 14 17:36:37.348248 dv-cinder-826350-5-iscsi devstack@keystone.service[87018]: DEBUG keystone.server.flask.request_processing.req_logging [None req-26dae538-3c0b-45cc-b481-4b42b42a80cc None None] REQUEST_METHOD: `POST` {{(pid=87018) log_request_info /opt/stack/keystone/keystone/server/flask/request_processing/req_logging.py:27}}
Jun 14 17:36:37.348248 dv-cinder-826350-5-iscsi devstack@keystone.service[87018]: DEBUG keystone.server.flask.request_processing.req_logging [None req-26dae538-3c0b-45cc-b481-4b42b42a80cc None None] SCRIPT_NAME: `/identity` {{(pid=87018) log_request_info /opt/stack/keystone/keystone/server/flask/request_processing/req_logging.py:28}}
Jun 14 17:36:37.348248 dv-cinder-826350-5-iscsi devstack@keystone.service[87018]: DEBUG keystone.server.flask.request_processing.req_logging [None req-26dae538-3c0b-45cc-b481-4b42b42a80cc None None] PATH_INFO: `/v3/auth/tokens` {{(pid=87018) log_request_info /opt/stack/keystone/keystone/server/flask/request_processing/req_logging.py:29}}
Jun 14 17:36:37.365083 dv-cinder-826350-5-iscsi devstack@keystone.service[87018]: DEBUG keystone.auth.core [None req-26dae538-3c0b-45cc-b481-4b42b42a80cc None None] MFA Rules not processed for user `bdaeb72186c0489e804154d6d26ae21b`. Rule list: `[]` (Enabled: `True`). {{(pid=87018) check_auth_methods_against_rules /opt/stack/keystone/keystone/auth/core.py:438}}
Jun 14 17:36:37.366543 dv-cinder-826350-5-iscsi devstack@keystone.service[87018]: DEBUG keystone.common.fernet_utils [None req-26dae538-3c0b-45cc-b481-4b42b42a80cc None None] Loaded 2 Fernet keys from /etc/keystone/fernet-keys/, but `[fernet_tokens] max_active_keys = 3`; perhaps there have not been enough key rotations to reach `max_active_keys` yet? {{(pid=87018) load_keys /opt/stack/keystone/keystone/common/fernet_utils.py:286}}
Jun 14 17:36:37.382180 dv-cinder-826350-5-iscsi devstack@keystone.service[87019]: DEBUG keystone.server.flask.request_processing.middleware.auth_context [None req-cf1d1bc5-4fa3-4ef2-b800-4b228a41d261 None None] Validating token access rules against request {{(pid=87019) validate_allowed_request /usr/local/lib/python3.8/dist-packages/keystonemiddleware/auth_token/__init__.py:545}}
Jun 14 17:36:37.397931 dv-cinder-826350-5-iscsi devstack@keystone.service[87019]: DEBUG dbcounter [-] [87019] Writing DB stats keystone:SELECT=100 {{(pid=87019) stat_writer /usr/local/lib/python3.8/dist-packages/dbcounter.py:114}}
Jun 14 17:36:37.423628 dv-cinder-826350-5-iscsi devstack@keystone.service[87019]: DEBUG keystone.server.flask.request_processing.middleware.auth_context [None req-8dd55c55-5824-4483-9bfc-0ca745dc477a None admin] RBAC: auth_context: {'token': , 'domain_id': None, 'trust_id': None, 'trustor_id': None, 'trustee_id': None, 'domain_name': None, 'group_ids': [], 'user_id': 'bdaeb72186c0489e804154d6d26ae21b', 'user_domain_id': 'default', 'system_scope': 'all', 'project_id': None, 'project_domain_id': None, 'roles': ['admin', 'member', 'reader'], 'is_admin_project': True, 'service_user_id': None, 'service_user_domain_id': None, 'service_project_id': None, 'service_project_domain_id': None, 'service_roles': []} {{(pid=87019) fill_context /opt/stack/keystone/keystone/server/flask/request_processing/middleware/auth_context.py:478}}
Jun 14 17:36:37.424722 dv-cinder-826350-5-iscsi devstack@keystone.service[87019]: DEBUG keystone.server.flask.request_processing.req_logging [None req-8dd55c55-5824-4483-9bfc-0ca745dc477a None admin] REQUEST_METHOD: `GET` {{(pid=87019) log_request_info /opt/stack/keystone/keystone/server/flask/request_processing/req_logging.py:27}}
Jun 14 17:36:37.425019 dv-cinder-826350-5-iscsi devstack@keystone.service[87019]: DEBUG keystone.server.flask.request_processing.req_logging [None req-8dd55c55-5824-4483-9bfc-0ca745dc477a None admin] SCRIPT_NAME: `/identity` {{(pid=87019) log_request_info /opt/stack/keystone/keystone/server/flask/request_processing/req_logging.py:28}}
Jun 14 17:36:37.425444 dv-cinder-826350-5-iscsi devstack@keystone.service[87019]: DEBUG keystone.server.flask.request_processing.req_logging [None req-8dd55c55-5824-4483-9bfc-0ca745dc477a None admin] PATH_INFO: `/v3/roles` {{(pid=87019) log_request_info /opt/stack/keystone/keystone/server/flask/request_processing/req_logging.py:29}}
Jun 14 17:36:37.426314 dv-cinder-826350-5-iscsi devstack@keystone.service[87019]: DEBUG keystone.common.rbac_enforcer.enforcer [None req-8dd55c55-5824-4483-9bfc-0ca745dc477a None admin] RBAC: Adding query filter params (name=admin) {{(pid=87019) _extract_filter_values /opt/stack/keystone/keystone/common/rbac_enforcer/enforcer.py:167}}
Jun 14 17:36:37.427532 dv-cinder-826350-5-iscsi devstack@keystone.service[87019]: DEBUG keystone.common.rbac_enforcer.enforcer [None req-8dd55c55-5824-4483-9bfc-0ca745dc477a None admin] RBAC: Authorizing `identity:list_roles()` {{(pid=87019) enforce_call /opt/stack/keystone/keystone/common/rbac_enforcer/enforcer.py:449}}
Jun 14 17:36:37.429534 dv-cinder-826350-5-iscsi devstack@keystone.service[87019]: DEBUG keystone.common.rbac_enforcer.enforcer [None req-8dd55c55-5824-4483-9bfc-0ca745dc477a None admin] RBAC: Authorization granted {{(pid=87019) enforce_call /opt/stack/keystone/keystone/common/rbac_enforcer/enforcer.py:457}}
Jun 14 17:36:37.434219 dv-cinder-826350-5-iscsi devstack@keystone.service[87018]: DEBUG dbcounter [-] [87018] Writing DB stats keystone:SELECT=100 {{(pid=87018) stat_writer /usr/local/lib/python3.8/dist-packages/dbcounter.py:114}}
Jun 14 17:36:37.447321 dv-cinder-826350-5-iscsi devstack@keystone.service[87018]: [pid: 87018|app: 0|req: 97/183] 10.222.0.36 () {58 vars in 1023 bytes} [Tue Jun 14 17:36:37 2022] POST /identity/v3/auth/tokens => generated 799 bytes in 94 msecs (HTTP/1.1 201) 6 headers in 363 bytes (1 switches on core 0)
Jun 14 17:36:37.447321 dv-cinder-826350-5-iscsi devstack@keystone.service[87018]: DEBUG keystone.server.flask.request_processing.middleware.auth_context [None req-26dae538-3c0b-45cc-b481-4b42b42a80cc None None] Authenticating user token {{(pid=87018) process_request /usr/local/lib/python3.8/dist-packages/keystonemiddleware/auth_token/__init__.py:407}}
Jun 14 17:36:37.447560 dv-cinder-826350-5-iscsi devstack@keystone.service[87019]: [pid: 87019|app: 0|req: 87/184] 10.222.0.36 () {56 vars in 1099 bytes} [Tue Jun 14 17:36:37 2022] GET /identity/v3/roles?name=admin => generated 339 bytes in 209 msecs (HTTP/1.1 200) 5 headers in 177 bytes (1 switches on core 0)
Jun 14 17:36:37.447560 dv-cinder-826350-5-iscsi devstack@keystone.service[87019]: DEBUG keystone.server.flask.request_processing.req_logging [None req-83aad400-a1f7-46f4-87dd-396a5fb0190e None None] REQUEST_METHOD: `GET` {{(pid=87019) log_request_info /opt/stack/keystone/keystone/server/flask/request_processing/req_logging.py:27}}
Jun 14 17:36:37.447560 dv-cinder-826350-5-iscsi devstack@keystone.service[87019]: DEBUG keystone.server.flask.request_processing.req_logging [None req-83aad400-a1f7-46f4-87dd-396a5fb0190e None None] SCRIPT_NAME: `/identity` {{(pid=87019) log_request_info /opt/stack/keystone/keystone/server/flask/request_processing/req_logging.py:28}}
Jun 14 17:36:37.447560 dv-cinder-826350-5-iscsi devstack@keystone.service[87019]: DEBUG keystone.server.flask.request_processing.req_logging [None req-83aad400-a1f7-46f4-87dd-396a5fb0190e None None] PATH_INFO: `/` {{(pid=87019) log_request_info /opt/stack/keystone/keystone/server/flask/request_processing/req_logging.py:29}}
Jun 14 17:36:37.447560 dv-cinder-826350-5-iscsi devstack@keystone.service[87019]: [pid: 87019|app: 0|req: 88/185] 10.222.0.36 () {54 vars in 926 bytes} [Tue Jun 14 17:36:37 2022] GET /identity => generated 270 bytes in 7 msecs (HTTP/1.1 300) 6 headers in 234 bytes (1 switches on core 0)
Jun 14 17:36:37.448347 dv-cinder-826350-5-iscsi devstack@keystone.service[87019]: DEBUG keystone.server.flask.request_processing.middleware.auth_context [None req-83aad400-a1f7-46f4-87dd-396a5fb0190e None None] Authenticating user token {{(pid=87019) process_request /usr/local/lib/python3.8/dist-packages/keystonemiddleware/auth_token/__init__.py:407}}
Jun 14 17:36:37.548668 dv-cinder-826350-5-iscsi devstack@keystone.service[87018]: DEBUG keystone.server.flask.request_processing.middleware.auth_context [None req-26dae538-3c0b-45cc-b481-4b42b42a80cc None None] Validating token access rules against request {{(pid=87018) validate_allowed_request /usr/local/lib/python3.8/dist-packages/keystonemiddleware/auth_token/__init__.py:545}}
Jun 14 17:36:37.569202 dv-cinder-826350-5-iscsi devstack@keystone.service[87019]: DEBUG keystone.server.flask.request_processing.middleware.auth_context [None req-83aad400-a1f7-46f4-87dd-396a5fb0190e None None] Validating token access rules against request {{(pid=87019) validate_allowed_request /usr/local/lib/python3.8/dist-packages/keystonemiddleware/auth_token/__init__.py:545}}
Jun 14 17:36:37.588011 dv-cinder-826350-5-iscsi devstack@keystone.service[87018]: DEBUG keystone.server.flask.request_processing.middleware.auth_context [None req-b2e0d4d8-ca74-4c3a-a0d8-721eb194a083 None admin] RBAC: auth_context: {'token': , 'domain_id': None, 'trust_id': None, 'trustor_id': None, 'trustee_id': None, 'domain_name': None, 'group_ids': [], 'user_id': 'bdaeb72186c0489e804154d6d26ae21b', 'user_domain_id': 'default', 'system_scope': 'all', 'project_id': None, 'project_domain_id': None, 'roles': ['admin', 'member', 'reader'], 'is_admin_project': True, 'service_user_id': None, 'service_user_domain_id': None, 'service_project_id': None, 'service_project_domain_id': None, 'service_roles': []} {{(pid=87018) fill_context /opt/stack/keystone/keystone/server/flask/request_processing/middleware/auth_context.py:478}}
Jun 14 17:36:37.588887 dv-cinder-826350-5-iscsi devstack@keystone.service[87018]: DEBUG keystone.server.flask.request_processing.req_logging [None req-b2e0d4d8-ca74-4c3a-a0d8-721eb194a083 None admin] REQUEST_METHOD: `GET` {{(pid=87018) log_request_info /opt/stack/keystone/keystone/server/flask/request_processing/req_logging.py:27}}
Jun 14 17:36:37.589169 dv-cinder-826350-5-iscsi devstack@keystone.service[87018]: DEBUG keystone.server.flask.request_processing.req_logging [None req-b2e0d4d8-ca74-4c3a-a0d8-721eb194a083 None admin] SCRIPT_NAME: `/identity` {{(pid=87018) log_request_info /opt/stack/keystone/keystone/server/flask/request_processing/req_logging.py:28}}
Jun 14 17:36:37.589447 dv-cinder-826350-5-iscsi devstack@keystone.service[87018]: DEBUG keystone.server.flask.request_processing.req_logging [None req-b2e0d4d8-ca74-4c3a-a0d8-721eb194a083 None admin] PATH_INFO: `/v3/projects/b2d7081316264626896ee5ec5050f5de` {{(pid=87018) log_request_info /opt/stack/keystone/keystone/server/flask/request_processing/req_logging.py:29}}
Jun 14 17:36:37.590627 dv-cinder-826350-5-iscsi devstack@keystone.service[87018]: DEBUG keystone.common.rbac_enforcer.enforcer [None req-b2e0d4d8-ca74-4c3a-a0d8-721eb194a083 None admin] RBAC: Authorizing `identity:get_project(project_id=b2d7081316264626896ee5ec5050f5de)` {{(pid=87018) enforce_call /opt/stack/keystone/keystone/common/rbac_enforcer/enforcer.py:449}}
Jun 14 17:36:37.592114 dv-cinder-826350-5-iscsi devstack@keystone.service[87018]: DEBUG keystone.common.rbac_enforcer.enforcer [None req-b2e0d4d8-ca74-4c3a-a0d8-721eb194a083 None admin] RBAC: Authorization granted {{(pid=87018) enforce_call /opt/stack/keystone/keystone/common/rbac_enforcer/enforcer.py:457}}
Jun 14 17:36:37.593851 dv-cinder-826350-5-iscsi devstack@keystone.service[87018]: [pid: 87018|app: 0|req: 98/186] 10.222.0.36 () {56 vars in 1186 bytes} [Tue Jun 14 17:36:37 2022] GET /identity/v3/projects/b2d7081316264626896ee5ec5050f5de => generated 298 bytes in 155 msecs (HTTP/1.1 200) 5 headers in 177 bytes (1 switches on core 0)
Jun 14 17:36:37.600806 dv-cinder-826350-5-iscsi devstack@keystone.service[87018]: DEBUG keystone.server.flask.request_processing.req_logging [None req-5f67fad7-e601-499b-8d20-9c5b8489c33a None None] REQUEST_METHOD: `POST` {{(pid=87018) log_request_info /opt/stack/keystone/keystone/server/flask/request_processing/req_logging.py:27}}
Jun 14 17:36:37.601139 dv-cinder-826350-5-iscsi devstack@keystone.service[87018]: DEBUG keystone.server.flask.request_processing.req_logging [None req-5f67fad7-e601-499b-8d20-9c5b8489c33a None None] SCRIPT_NAME: `/identity` {{(pid=87018) log_request_info /opt/stack/keystone/keystone/server/flask/request_processing/req_logging.py:28}}
Jun 14 17:36:37.601431 dv-cinder-826350-5-iscsi devstack@keystone.service[87018]: DEBUG keystone.server.flask.request_processing.req_logging [None req-5f67fad7-e601-499b-8d20-9c5b8489c33a None None] PATH_INFO: `/v3/auth/tokens` {{(pid=87018) log_request_info /opt/stack/keystone/keystone/server/flask/request_processing/req_logging.py:29}}
Jun 14 17:36:37.608390 dv-cinder-826350-5-iscsi devstack@keystone.service[87019]: DEBUG keystone.server.flask.request_processing.middleware.auth_context [None req-65c4bd09-bb31-42a2-b467-ba2aa78f9ee1 None admin] RBAC: auth_context: {'token': , 'domain_id': None, 'trust_id': None, 'trustor_id': None, 'trustee_id': None, 'domain_name': None, 'group_ids': [], 'user_id': 'bdaeb72186c0489e804154d6d26ae21b', 'user_domain_id': 'default', 'system_scope': 'all', 'project_id': None, 'project_domain_id': None, 'roles': ['admin', 'member', 'reader'], 'is_admin_project': True, 'service_user_id': None, 'service_user_domain_id': None, 'service_project_id': None, 'service_project_domain_id': None, 'service_roles': []} {{(pid=87019) fill_context /opt/stack/keystone/keystone/server/flask/request_processing/middleware/auth_context.py:478}}
Jun 14 17:36:37.609266 dv-cinder-826350-5-iscsi devstack@keystone.service[87019]: DEBUG keystone.server.flask.request_processing.req_logging [None req-65c4bd09-bb31-42a2-b467-ba2aa78f9ee1 None admin] REQUEST_METHOD: `GET` {{(pid=87019) log_request_info /opt/stack/keystone/keystone/server/flask/request_processing/req_logging.py:27}}
Jun 14 17:36:37.609550 dv-cinder-826350-5-iscsi devstack@keystone.service[87019]: DEBUG keystone.server.flask.request_processing.req_logging [None req-65c4bd09-bb31-42a2-b467-ba2aa78f9ee1 None admin] SCRIPT_NAME: `/identity` {{(pid=87019) log_request_info /opt/stack/keystone/keystone/server/flask/request_processing/req_logging.py:28}}
Jun 14 17:36:37.609825 dv-cinder-826350-5-iscsi devstack@keystone.service[87019]: DEBUG keystone.server.flask.request_processing.req_logging [None req-65c4bd09-bb31-42a2-b467-ba2aa78f9ee1 None admin] PATH_INFO: `/v3/users/19054823196b4608b2cd7e101021183d` {{(pid=87019) log_request_info /opt/stack/keystone/keystone/server/flask/request_processing/req_logging.py:29}}
Jun 14 17:36:37.619070 dv-cinder-826350-5-iscsi devstack@keystone.service[87018]: DEBUG keystone.auth.core [None req-5f67fad7-e601-499b-8d20-9c5b8489c33a None None] MFA Rules not processed for user `bdaeb72186c0489e804154d6d26ae21b`. Rule list: `[]` (Enabled: `True`). {{(pid=87018) check_auth_methods_against_rules /opt/stack/keystone/keystone/auth/core.py:438}}
Jun 14 17:36:37.620270 dv-cinder-826350-5-iscsi devstack@keystone.service[87018]: DEBUG keystone.common.fernet_utils [None req-5f67fad7-e601-499b-8d20-9c5b8489c33a None None] Loaded 2 Fernet keys from /etc/keystone/fernet-keys/, but `[fernet_tokens] max_active_keys = 3`; perhaps there have not been enough key rotations to reach `max_active_keys` yet? {{(pid=87018) load_keys /opt/stack/keystone/keystone/common/fernet_utils.py:286}}
Jun 14 17:36:37.628388 dv-cinder-826350-5-iscsi devstack@keystone.service[87019]: DEBUG keystone.common.rbac_enforcer.enforcer [None req-65c4bd09-bb31-42a2-b467-ba2aa78f9ee1 None admin] RBAC: Authorizing `identity:get_user(user_id=19054823196b4608b2cd7e101021183d)` {{(pid=87019) enforce_call /opt/stack/keystone/keystone/common/rbac_enforcer/enforcer.py:449}}
Jun 14 17:36:37.630292 dv-cinder-826350-5-iscsi devstack@keystone.service[87019]: DEBUG keystone.common.rbac_enforcer.enforcer [None req-65c4bd09-bb31-42a2-b467-ba2aa78f9ee1 None admin] RBAC: Authorization granted {{(pid=87019) enforce_call /opt/stack/keystone/keystone/common/rbac_enforcer/enforcer.py:457}}
Jun 14 17:36:37.632425 dv-cinder-826350-5-iscsi devstack@keystone.service[87019]: [pid: 87019|app: 0|req: 89/187] 10.222.0.36 () {56 vars in 1177 bytes} [Tue Jun 14 17:36:37 2022] GET /identity/v3/users/19054823196b4608b2cd7e101021183d => generated 283 bytes in 184 msecs (HTTP/1.1 200) 5 headers in 177 bytes (1 switches on core 0)
Jun 14 17:36:37.633140 dv-cinder-826350-5-iscsi devstack@keystone.service[87019]: DEBUG keystone.server.flask.request_processing.middleware.auth_context [None req-65c4bd09-bb31-42a2-b467-ba2aa78f9ee1 None admin] Authenticating user token {{(pid=87019) process_request /usr/local/lib/python3.8/dist-packages/keystonemiddleware/auth_token/__init__.py:407}}
Jun 14 17:36:37.666075 dv-cinder-826350-5-iscsi devstack@keystone.service[87019]: DEBUG dbcounter [-] [87019] Writing DB stats keystone:SELECT=100 {{(pid=87019) stat_writer /usr/local/lib/python3.8/dist-packages/dbcounter.py:114}}
Jun 14 17:36:37.696331 dv-cinder-826350-5-iscsi devstack@keystone.service[87018]: DEBUG dbcounter [-] [87018] Writing DB stats keystone:SELECT=100 {{(pid=87018) stat_writer /usr/local/lib/python3.8/dist-packages/dbcounter.py:114}}
Jun 14 17:36:37.701998 dv-cinder-826350-5-iscsi devstack@keystone.service[87018]: [pid: 87018|app: 0|req: 99/188] 10.222.0.36 () {58 vars in 1023 bytes} [Tue Jun 14 17:36:37 2022] POST /identity/v3/auth/tokens => generated 799 bytes in 107 msecs (HTTP/1.1 201) 6 headers in 363 bytes (1 switches on core 0)
Jun 14 17:36:37.702657 dv-cinder-826350-5-iscsi devstack@keystone.service[87018]: DEBUG keystone.server.flask.request_processing.middleware.auth_context [None req-5f67fad7-e601-499b-8d20-9c5b8489c33a None None] Authenticating user token {{(pid=87018) process_request /usr/local/lib/python3.8/dist-packages/keystonemiddleware/auth_token/__init__.py:407}}
Jun 14 17:36:37.751116 dv-cinder-826350-5-iscsi devstack@keystone.service[87019]: DEBUG keystone.server.flask.request_processing.middleware.auth_context [None req-65c4bd09-bb31-42a2-b467-ba2aa78f9ee1 None admin] Validating token access rules against request {{(pid=87019) validate_allowed_request /usr/local/lib/python3.8/dist-packages/keystonemiddleware/auth_token/__init__.py:545}}
Jun 14 17:36:37.788698 dv-cinder-826350-5-iscsi devstack@keystone.service[87019]: DEBUG keystone.server.flask.request_processing.middleware.auth_context [None req-67241bab-fe68-48a5-9c44-f8fdb29bddec None admin] RBAC: auth_context: {'token': , 'domain_id': None, 'trust_id': None, 'trustor_id': None, 'trustee_id': None, 'domain_name': None, 'group_ids': [], 'user_id': 'bdaeb72186c0489e804154d6d26ae21b', 'user_domain_id': 'default', 'system_scope': 'all', 'project_id': None, 'project_domain_id': None, 'roles': ['admin', 'member', 'reader'], 'is_admin_project': True, 'service_user_id': None, 'service_user_domain_id': None, 'service_project_id': None, 'service_project_domain_id': None, 'service_roles': []} {{(pid=87019) fill_context /opt/stack/keystone/keystone/server/flask/request_processing/middleware/auth_context.py:478}}
