Jan 28 20:27:16.492510 dv-cinder-826350-4-iscsi devstack@c-api.service[109347]: INFO cinder.api.openstack.wsgi [None req-9d26f89c-37f2-4190-9322-19c01c86b956 tempest-VolumesActionsTest-2087837454 tempest-VolumesActionsTest-2087837454-project] http://10.222.0.59/volume/v3/233c971f72344f29b43e34bdbc74f322/volumes/bb8dc060-d9a2-4950-abff-86987cc88ea8 returned with HTTP 200
Jan 28 20:27:16.493354 dv-cinder-826350-4-iscsi devstack@c-api.service[109347]: [pid: 109347|app: 0|req: 239/477] 10.222.0.59 () {58 vars in 1324 bytes} [Fri Jan 28 20:27:16 2022] GET /volume/v3/233c971f72344f29b43e34bdbc74f322/volumes/bb8dc060-d9a2-4950-abff-86987cc88ea8 => generated 909 bytes in 41 msecs (HTTP/1.1 200) 7 headers in 285 bytes (1 switches on core 0)
Jan 28 20:27:16.535937 dv-cinder-826350-4-iscsi devstack@c-api.service[109347]: INFO cinder.api.openstack.wsgi [None req-ee826a99-1e3d-4e36-b865-3a7e9d409e86 tempest-DeleteServersTestJSON-263683965 tempest-DeleteServersTestJSON-263683965-project] GET http://10.222.0.59/volume/v3/97c5f9b9efd145cca6f89a538c9f0cad/volumes/1bdc72d8-d9db-46a4-8d13-1b907c5358ed
Jan 28 20:27:16.536478 dv-cinder-826350-4-iscsi devstack@c-api.service[109347]: DEBUG cinder.api.openstack.wsgi [None req-ee826a99-1e3d-4e36-b865-3a7e9d409e86 tempest-DeleteServersTestJSON-263683965 tempest-DeleteServersTestJSON-263683965-project] Empty body provided in request {{(pid=109347) get_body /opt/stack/cinder/cinder/api/openstack/wsgi.py:715}}
Jan 28 20:27:16.536987 dv-cinder-826350-4-iscsi devstack@c-api.service[109347]: DEBUG cinder.api.openstack.wsgi [None req-ee826a99-1e3d-4e36-b865-3a7e9d409e86 tempest-DeleteServersTestJSON-263683965 tempest-DeleteServersTestJSON-263683965-project] Calling method 'show' {{(pid=109347) _process_stack /opt/stack/cinder/cinder/api/openstack/wsgi.py:868}}
Jan 28 20:27:16.557308 dv-cinder-826350-4-iscsi devstack@c-api.service[109347]: /usr/local/lib/python3.8/dist-packages/oslo_context/context.py:105: DeprecationWarning: Policy enforcement is depending on the value of is_admin. This key is deprecated. Please update your policy file to use the standard policy values.
Jan 28 20:27:16.557308 dv-cinder-826350-4-iscsi devstack@c-api.service[109347]: warnings.warn('Policy enforcement is depending on the value of '
Jan 28 20:27:16.565249 dv-cinder-826350-4-iscsi devstack@c-api.service[109347]: INFO cinder.volume.api [None req-ee826a99-1e3d-4e36-b865-3a7e9d409e86 tempest-DeleteServersTestJSON-263683965 tempest-DeleteServersTestJSON-263683965-project] Volume info retrieved successfully.
Jan 28 20:27:16.577471 dv-cinder-826350-4-iscsi devstack@c-api.service[109346]: INFO cinder.api.openstack.wsgi [None req-20ef0af1-b90a-4728-b0f2-094514c0b3f4 tempest-VolumesSnapshotTestJSON-1770443698 tempest-VolumesSnapshotTestJSON-1770443698-project] POST http://10.222.0.59/volume/v3/78a5e26db5b844c4b585a7441fefd731/volumes
Jan 28 20:27:16.578203 dv-cinder-826350-4-iscsi devstack@c-api.service[109346]: DEBUG cinder.api.openstack.wsgi [None req-20ef0af1-b90a-4728-b0f2-094514c0b3f4 tempest-VolumesSnapshotTestJSON-1770443698 tempest-VolumesSnapshotTestJSON-1770443698-project] Action: 'create', calling method: create, body: {"volume": {"size": 1, "name": "tempest-VolumesSnapshotTestJSON-Volume-674319922"}} {{(pid=109346) _process_stack /opt/stack/cinder/cinder/api/openstack/wsgi.py:866}}
Jan 28 20:27:16.579121 dv-cinder-826350-4-iscsi devstack@c-api.service[109346]: DEBUG cinder.api.v3.volumes [None req-20ef0af1-b90a-4728-b0f2-094514c0b3f4 tempest-VolumesSnapshotTestJSON-1770443698 tempest-VolumesSnapshotTestJSON-1770443698-project] Create volume request body: {'volume': {'size': 1, 'name': 'tempest-VolumesSnapshotTestJSON-Volume-674319922'}} {{(pid=109346) create /opt/stack/cinder/cinder/api/v3/volumes.py:298}}
Jan 28 20:27:16.579306 dv-cinder-826350-4-iscsi devstack@c-api.service[109347]: INFO cinder.api.openstack.wsgi [None req-ee826a99-1e3d-4e36-b865-3a7e9d409e86 tempest-DeleteServersTestJSON-263683965 tempest-DeleteServersTestJSON-263683965-project] http://10.222.0.59/volume/v3/97c5f9b9efd145cca6f89a538c9f0cad/volumes/1bdc72d8-d9db-46a4-8d13-1b907c5358ed returned with HTTP 200
Jan 28 20:27:16.579419 dv-cinder-826350-4-iscsi devstack@c-api.service[109346]: INFO cinder.api.v3.volumes [None req-20ef0af1-b90a-4728-b0f2-094514c0b3f4 tempest-VolumesSnapshotTestJSON-1770443698 tempest-VolumesSnapshotTestJSON-1770443698-project] Create volume of 1 GB
Jan 28 20:27:16.580010 dv-cinder-826350-4-iscsi devstack@c-api.service[109346]: /usr/local/lib/python3.8/dist-packages/oslo_context/context.py:105: DeprecationWarning: Policy enforcement is depending on the value of is_admin. This key is deprecated. Please update your policy file to use the standard policy values.
Jan 28 20:27:16.580010 dv-cinder-826350-4-iscsi devstack@c-api.service[109346]: warnings.warn('Policy enforcement is depending on the value of '
Jan 28 20:27:16.580201 dv-cinder-826350-4-iscsi devstack@c-api.service[109347]: [pid: 109347|app: 0|req: 240/478] 10.222.0.59 () {58 vars in 1324 bytes} [Fri Jan 28 20:27:16 2022] GET /volume/v3/97c5f9b9efd145cca6f89a538c9f0cad/volumes/1bdc72d8-d9db-46a4-8d13-1b907c5358ed => generated 914 bytes in 48 msecs (HTTP/1.1 200) 7 headers in 285 bytes (2 switches on core 0)
Jan 28 20:27:16.590230 dv-cinder-826350-4-iscsi devstack@c-api.service[109346]: INFO cinder.volume.api [None req-20ef0af1-b90a-4728-b0f2-094514c0b3f4 tempest-VolumesSnapshotTestJSON-1770443698 tempest-VolumesSnapshotTestJSON-1770443698-project] Availability Zones retrieved successfully.
Jan 28 20:27:16.606463 dv-cinder-826350-4-iscsi devstack@c-api.service[109346]: DEBUG cinder.volume.api [None req-20ef0af1-b90a-4728-b0f2-094514c0b3f4 tempest-VolumesSnapshotTestJSON-1770443698 tempest-VolumesSnapshotTestJSON-1770443698-project] Flow 'volume_create_api' (c54d4573-54cc-4f04-89b7-eac71ab727a1) transitioned into state 'RUNNING' from state 'PENDING' {{(pid=109346) _flow_receiver /usr/local/lib/python3.8/dist-packages/taskflow/listeners/logging.py:141}}
Jan 28 20:27:16.609340 dv-cinder-826350-4-iscsi devstack@c-api.service[109346]: DEBUG cinder.volume.api [None req-20ef0af1-b90a-4728-b0f2-094514c0b3f4 tempest-VolumesSnapshotTestJSON-1770443698 tempest-VolumesSnapshotTestJSON-1770443698-project] Task 'cinder.volume.flows.api.create_volume.ExtractVolumeRequestTask;volume:create' (aa22828b-37d2-47a6-8f65-b330b40fff39) transitioned into state 'RUNNING' from state 'PENDING' {{(pid=109346) _task_receiver /usr/local/lib/python3.8/dist-packages/taskflow/listeners/logging.py:190}}
Jan 28 20:27:16.611981 dv-cinder-826350-4-iscsi devstack@c-api.service[109346]: DEBUG cinder.volume.flows.api.create_volume [None req-20ef0af1-b90a-4728-b0f2-094514c0b3f4 tempest-VolumesSnapshotTestJSON-1770443698 tempest-VolumesSnapshotTestJSON-1770443698-project] Validating volume size '1' using validate_int {{(pid=109346) _extract_size /opt/stack/cinder/cinder/volume/flows/api/create_volume.py:225}}
Jan 28 20:27:16.644589 dv-cinder-826350-4-iscsi devstack@c-api.service[109346]: DEBUG cinder.volume.api [None req-20ef0af1-b90a-4728-b0f2-094514c0b3f4 tempest-VolumesSnapshotTestJSON-1770443698 tempest-VolumesSnapshotTestJSON-1770443698-project] Task 'cinder.volume.flows.api.create_volume.ExtractVolumeRequestTask;volume:create' (aa22828b-37d2-47a6-8f65-b330b40fff39) transitioned into state 'SUCCESS' from state 'RUNNING' with result '{'size': 1, 'snapshot_id': None, 'source_volid': None, 'volume_type': VolumeType(created_at=2022-01-28T20:16:40Z,deleted=False,deleted_at=None,description='Default Volume Type',extra_specs={},id=be9ef1a9-b2cf-43a7-9ba6-12f365a48a9a,is_public=True,name='__DEFAULT__',projects=[],qos_specs=,qos_specs_id=None,updated_at=2022-01-28T20:16:40Z), 'volume_type_id': 'be9ef1a9-b2cf-43a7-9ba6-12f365a48a9a', 'encryption_key_id': None, 'qos_specs': None, 'consistencygroup_id': None, 'cgsnapshot_id': None, 'group_id': None, 'replication_status': 'disabled', 'refresh_az': False, 'backup_id': None, 'multiattach': False, 'availability_zones': ['nova']}' {{(pid=109346) _task_receiver /usr/local/lib/python3.8/dist-packages/taskflow/listeners/logging.py:178}}
Jan 28 20:27:16.647646 dv-cinder-826350-4-iscsi devstack@c-api.service[109346]: DEBUG cinder.volume.api [None req-20ef0af1-b90a-4728-b0f2-094514c0b3f4 tempest-VolumesSnapshotTestJSON-1770443698 tempest-VolumesSnapshotTestJSON-1770443698-project] Task 'cinder.volume.flows.api.create_volume.QuotaReserveTask;volume:create' (4a9f2fa6-0570-4d2e-bdba-bc649fec36a7) transitioned into state 'RUNNING' from state 'PENDING' {{(pid=109346) _task_receiver /usr/local/lib/python3.8/dist-packages/taskflow/listeners/logging.py:190}}
Jan 28 20:27:16.727033 dv-cinder-826350-4-iscsi devstack@c-api.service[109347]: INFO cinder.api.openstack.wsgi [None req-c89d2328-c46e-4f33-a18b-cc71c08cc3c6 tempest-VolumesImageMetadata-317708827 tempest-VolumesImageMetadata-317708827-project] GET http://10.222.0.59/volume/v3/5840138457334d9b8a6e1e541f80716f/volumes/bc8a9ae3-5d27-4b89-91b5-638aabad49f0
Jan 28 20:27:16.728194 dv-cinder-826350-4-iscsi devstack@c-api.service[109347]: DEBUG cinder.api.openstack.wsgi [None req-c89d2328-c46e-4f33-a18b-cc71c08cc3c6 tempest-VolumesImageMetadata-317708827 tempest-VolumesImageMetadata-317708827-project] Empty body provided in request {{(pid=109347) get_body /opt/stack/cinder/cinder/api/openstack/wsgi.py:715}}
Jan 28 20:27:16.728660 dv-cinder-826350-4-iscsi devstack@c-api.service[109347]: DEBUG cinder.api.openstack.wsgi [None req-c89d2328-c46e-4f33-a18b-cc71c08cc3c6 tempest-VolumesImageMetadata-317708827 tempest-VolumesImageMetadata-317708827-project] Calling method 'show' {{(pid=109347) _process_stack /opt/stack/cinder/cinder/api/openstack/wsgi.py:868}}
Jan 28 20:27:16.744427 dv-cinder-826350-4-iscsi devstack@c-api.service[109346]: DEBUG cinder.quota [None req-20ef0af1-b90a-4728-b0f2-094514c0b3f4 tempest-VolumesSnapshotTestJSON-1770443698 tempest-VolumesSnapshotTestJSON-1770443698-project] Created reservations ['56ae8f3b-7770-405b-9b2d-4fd1cd18337e', '47b08f04-10f6-49da-a59a-b6eaf966b1cf', '8cb7754e-443f-4b23-b5ad-3e940fca0747', '4712d765-6533-4fc9-8188-e85019a10f20'] {{(pid=109346) reserve /opt/stack/cinder/cinder/quota.py:755}}
Jan 28 20:27:16.747642 dv-cinder-826350-4-iscsi devstack@c-api.service[109347]: /usr/local/lib/python3.8/dist-packages/oslo_context/context.py:105: DeprecationWarning: Policy enforcement is depending on the value of is_admin. This key is deprecated. Please update your policy file to use the standard policy values.
Jan 28 20:27:16.747642 dv-cinder-826350-4-iscsi devstack@c-api.service[109347]: warnings.warn('Policy enforcement is depending on the value of '
Jan 28 20:27:16.748290 dv-cinder-826350-4-iscsi devstack@c-api.service[109346]: DEBUG cinder.volume.api [None req-20ef0af1-b90a-4728-b0f2-094514c0b3f4 tempest-VolumesSnapshotTestJSON-1770443698 tempest-VolumesSnapshotTestJSON-1770443698-project] Task 'cinder.volume.flows.api.create_volume.QuotaReserveTask;volume:create' (4a9f2fa6-0570-4d2e-bdba-bc649fec36a7) transitioned into state 'SUCCESS' from state 'RUNNING' with result '{'reservations': ['56ae8f3b-7770-405b-9b2d-4fd1cd18337e', '47b08f04-10f6-49da-a59a-b6eaf966b1cf', '8cb7754e-443f-4b23-b5ad-3e940fca0747', '4712d765-6533-4fc9-8188-e85019a10f20']}' {{(pid=109346) _task_receiver /usr/local/lib/python3.8/dist-packages/taskflow/listeners/logging.py:178}}
Jan 28 20:27:16.751022 dv-cinder-826350-4-iscsi devstack@c-api.service[109346]: DEBUG cinder.volume.api [None req-20ef0af1-b90a-4728-b0f2-094514c0b3f4 tempest-VolumesSnapshotTestJSON-1770443698 tempest-VolumesSnapshotTestJSON-1770443698-project] Task 'cinder.volume.flows.api.create_volume.EntryCreateTask;volume:create' (d186c978-d121-44d9-80a3-bfe570d6a305) transitioned into state 'RUNNING' from state 'PENDING' {{(pid=109346) _task_receiver /usr/local/lib/python3.8/dist-packages/taskflow/listeners/logging.py:190}}
Jan 28 20:27:16.755850 dv-cinder-826350-4-iscsi devstack@c-api.service[109347]: INFO cinder.volume.api [None req-c89d2328-c46e-4f33-a18b-cc71c08cc3c6 tempest-VolumesImageMetadata-317708827 tempest-VolumesImageMetadata-317708827-project] Volume info retrieved successfully.
Jan 28 20:27:16.769091 dv-cinder-826350-4-iscsi devstack@c-api.service[109347]: INFO cinder.api.openstack.wsgi [None req-c89d2328-c46e-4f33-a18b-cc71c08cc3c6 tempest-VolumesImageMetadata-317708827 tempest-VolumesImageMetadata-317708827-project] http://10.222.0.59/volume/v3/5840138457334d9b8a6e1e541f80716f/volumes/bc8a9ae3-5d27-4b89-91b5-638aabad49f0 returned with HTTP 200
Jan 28 20:27:16.770419 dv-cinder-826350-4-iscsi devstack@c-api.service[109347]: [pid: 109347|app: 0|req: 241/479] 10.222.0.59 () {58 vars in 1324 bytes} [Fri Jan 28 20:27:16 2022] GET /volume/v3/5840138457334d9b8a6e1e541f80716f/volumes/bc8a9ae3-5d27-4b89-91b5-638aabad49f0 => generated 973 bytes in 47 msecs (HTTP/1.1 200) 7 headers in 285 bytes (2 switches on core 0)
Jan 28 20:27:16.780846 dv-cinder-826350-4-iscsi devstack@c-api.service[109346]: DEBUG cinder.volume.api [None req-20ef0af1-b90a-4728-b0f2-094514c0b3f4 tempest-VolumesSnapshotTestJSON-1770443698 tempest-VolumesSnapshotTestJSON-1770443698-project] Task 'cinder.volume.flows.api.create_volume.EntryCreateTask;volume:create' (d186c978-d121-44d9-80a3-bfe570d6a305) transitioned into state 'SUCCESS' from state 'RUNNING' with result '{'volume_id': '74a40a31-c2c3-4054-a595-94ec2c7109d2', 'volume_properties': VolumeProperties(attach_status='detached',availability_zone='nova',cgsnapshot_id=None,consistencygroup_id=None,display_description=None,display_name='tempest-VolumesSnapshotTestJSON-Volume-674319922',encryption_key_id=None,group_id=None,group_type_id=,metadata={},multiattach=False,project_id='78a5e26db5b844c4b585a7441fefd731',qos_specs=None,replication_status=,reservations=['56ae8f3b-7770-405b-9b2d-4fd1cd18337e','47b08f04-10f6-49da-a59a-b6eaf966b1cf','8cb7754e-443f-4b23-b5ad-3e940fca0747','4712d765-6533-4fc9-8188-e85019a10f20'],size=1,snapshot_id=None,source_replicaid=,source_volid=None,status='creating',user_id='912a6a973222441788982735658fabcb',volume_type_id=be9ef1a9-b2cf-43a7-9ba6-12f365a48a9a), 'volume': Volume(_name_id=None,admin_metadata=,attach_status='detached',availability_zone='nova',bootable=False,cluster=,cluster_name=None,consistencygroup=,consistencygroup_id=None,created_at=2022-01-28T20:27:16Z,deleted=False,deleted_at=None,display_description=None,display_name='tempest-VolumesSnapshotTestJSON-Volume-674319922',ec2_id=None,encryption_key_id=None,glance_metadata=,group=,group_id=None,host=None,id=74a40a31-c2c3-4054-a595-94ec2c7109d2,launched_at=None,metadata={},migration_status=None,multiattach=False,previous_status=None,project_id='78a5e26db5b844c4b585a7441fefd731',provider_auth=None,provider_geometry=None,provider_id=None,provider_location=None,replication_driver_data=None,replication_extended_status=None,replication_status=None,scheduled_at=None,service_uuid=None,shared_targets=True,size=1,snapshot_id=None,snapshots=,source_volid=None,status='creating',terminated_at=None,updated_at=None,use_quota=True,user_id='912a6a973222441788982735658fabcb',volume_attachment=VolumeAttachmentList,volume_type=VolumeType(be9ef1a9-b2cf-43a7-9ba6-12f365a48a9a),volume_type_id=be9ef1a9-b2cf-43a7-9ba6-12f365a48a9a)}' {{(pid=109346) _task_receiver /usr/local/lib/python3.8/dist-packages/taskflow/listeners/logging.py:178}}
Jan 28 20:27:16.782775 dv-cinder-826350-4-iscsi devstack@c-api.service[109346]: DEBUG cinder.volume.api [None req-20ef0af1-b90a-4728-b0f2-094514c0b3f4 tempest-VolumesSnapshotTestJSON-1770443698 tempest-VolumesSnapshotTestJSON-1770443698-project] Task 'cinder.volume.flows.api.create_volume.QuotaCommitTask;volume:create' (ccbcc501-d8a0-424f-b31c-8552f5675b87) transitioned into state 'RUNNING' from state 'PENDING' {{(pid=109346) _task_receiver /usr/local/lib/python3.8/dist-packages/taskflow/listeners/logging.py:190}}
Jan 28 20:27:16.811255 dv-cinder-826350-4-iscsi devstack@c-api.service[109346]: DEBUG cinder.volume.api [None req-20ef0af1-b90a-4728-b0f2-094514c0b3f4 tempest-VolumesSnapshotTestJSON-1770443698 tempest-VolumesSnapshotTestJSON-1770443698-project] Task 'cinder.volume.flows.api.create_volume.QuotaCommitTask;volume:create' (ccbcc501-d8a0-424f-b31c-8552f5675b87) transitioned into state 'SUCCESS' from state 'RUNNING' with result '{'volume_properties': VolumeProperties(attach_status='detached',availability_zone='nova',cgsnapshot_id=None,consistencygroup_id=None,display_description=None,display_name='tempest-VolumesSnapshotTestJSON-Volume-674319922',encryption_key_id=None,group_id=None,group_type_id=,metadata={},multiattach=False,project_id='78a5e26db5b844c4b585a7441fefd731',qos_specs=None,replication_status=,reservations=['56ae8f3b-7770-405b-9b2d-4fd1cd18337e','47b08f04-10f6-49da-a59a-b6eaf966b1cf','8cb7754e-443f-4b23-b5ad-3e940fca0747','4712d765-6533-4fc9-8188-e85019a10f20'],size=1,snapshot_id=None,source_replicaid=,source_volid=None,status='creating',user_id='912a6a973222441788982735658fabcb',volume_type_id=be9ef1a9-b2cf-43a7-9ba6-12f365a48a9a)}' {{(pid=109346) _task_receiver /usr/local/lib/python3.8/dist-packages/taskflow/listeners/logging.py:178}}
Jan 28 20:27:16.813054 dv-cinder-826350-4-iscsi devstack@c-api.service[109346]: DEBUG cinder.volume.api [None req-20ef0af1-b90a-4728-b0f2-094514c0b3f4 tempest-VolumesSnapshotTestJSON-1770443698 tempest-VolumesSnapshotTestJSON-1770443698-project] Task 'cinder.volume.flows.api.create_volume.VolumeCastTask;volume:create' (e4c3a8d3-0c5f-4e54-a735-f2ca11ead2da) transitioned into state 'RUNNING' from state 'PENDING' {{(pid=109346) _task_receiver /usr/local/lib/python3.8/dist-packages/taskflow/listeners/logging.py:190}}
Jan 28 20:27:16.830703 dv-cinder-826350-4-iscsi devstack@c-api.service[109346]: DEBUG cinder.volume.api [None req-20ef0af1-b90a-4728-b0f2-094514c0b3f4 tempest-VolumesSnapshotTestJSON-1770443698 tempest-VolumesSnapshotTestJSON-1770443698-project] Task 'cinder.volume.flows.api.create_volume.VolumeCastTask;volume:create' (e4c3a8d3-0c5f-4e54-a735-f2ca11ead2da) transitioned into state 'SUCCESS' from state 'RUNNING' with result 'None' {{(pid=109346) _task_receiver /usr/local/lib/python3.8/dist-packages/taskflow/listeners/logging.py:178}}
Jan 28 20:27:16.833846 dv-cinder-826350-4-iscsi devstack@c-api.service[109346]: DEBUG cinder.volume.api [None req-20ef0af1-b90a-4728-b0f2-094514c0b3f4 tempest-VolumesSnapshotTestJSON-1770443698 tempest-VolumesSnapshotTestJSON-1770443698-project] Flow 'volume_create_api' (c54d4573-54cc-4f04-89b7-eac71ab727a1) transitioned into state 'SUCCESS' from state 'RUNNING' {{(pid=109346) _flow_receiver /usr/local/lib/python3.8/dist-packages/taskflow/listeners/logging.py:141}}
Jan 28 20:27:16.834686 dv-cinder-826350-4-iscsi devstack@c-api.service[109346]: INFO cinder.volume.api [None req-20ef0af1-b90a-4728-b0f2-094514c0b3f4 tempest-VolumesSnapshotTestJSON-1770443698 tempest-VolumesSnapshotTestJSON-1770443698-project] Create volume request issued successfully.
Jan 28 20:27:16.835991 dv-cinder-826350-4-iscsi devstack@c-api.service[109346]: INFO cinder.api.openstack.wsgi [None req-20ef0af1-b90a-4728-b0f2-094514c0b3f4 tempest-VolumesSnapshotTestJSON-1770443698 tempest-VolumesSnapshotTestJSON-1770443698-project] http://10.222.0.59/volume/v3/78a5e26db5b844c4b585a7441fefd731/volumes returned with HTTP 202
Jan 28 20:27:16.837018 dv-cinder-826350-4-iscsi devstack@c-api.service[109346]: [pid: 109346|app: 0|req: 239/480] 10.222.0.59 () {60 vars in 1234 bytes} [Fri Jan 28 20:27:16 2022] POST /volume/v3/78a5e26db5b844c4b585a7441fefd731/volumes => generated 822 bytes in 498 msecs (HTTP/1.1 202) 7 headers in 291 bytes (1 switches on core 0)
Jan 28 20:27:16.853890 dv-cinder-826350-4-iscsi devstack@c-api.service[109347]: INFO cinder.api.openstack.wsgi [None req-11f924c9-bbad-446a-baed-7e53c748908f tempest-VolumesSnapshotTestJSON-1770443698 tempest-VolumesSnapshotTestJSON-1770443698-project] GET http://10.222.0.59/volume/v3/78a5e26db5b844c4b585a7441fefd731/volumes/74a40a31-c2c3-4054-a595-94ec2c7109d2
Jan 28 20:27:16.854337 dv-cinder-826350-4-iscsi devstack@c-api.service[109347]: DEBUG cinder.api.openstack.wsgi [None req-11f924c9-bbad-446a-baed-7e53c748908f tempest-VolumesSnapshotTestJSON-1770443698 tempest-VolumesSnapshotTestJSON-1770443698-project] Empty body provided in request {{(pid=109347) get_body /opt/stack/cinder/cinder/api/openstack/wsgi.py:715}}
Jan 28 20:27:16.855159 dv-cinder-826350-4-iscsi devstack@c-api.service[109347]: DEBUG cinder.api.openstack.wsgi [None req-11f924c9-bbad-446a-baed-7e53c748908f tempest-VolumesSnapshotTestJSON-1770443698 tempest-VolumesSnapshotTestJSON-1770443698-project] Calling method 'show' {{(pid=109347) _process_stack /opt/stack/cinder/cinder/api/openstack/wsgi.py:868}}
Jan 28 20:27:16.873724 dv-cinder-826350-4-iscsi devstack@c-api.service[109347]: /usr/local/lib/python3.8/dist-packages/oslo_context/context.py:105: DeprecationWarning: Policy enforcement is depending on the value of is_admin. This key is deprecated. Please update your policy file to use the standard policy values.
Jan 28 20:27:16.873724 dv-cinder-826350-4-iscsi devstack@c-api.service[109347]: warnings.warn('Policy enforcement is depending on the value of '
Jan 28 20:27:16.880955 dv-cinder-826350-4-iscsi devstack@c-api.service[109347]: INFO cinder.volume.api [None req-11f924c9-bbad-446a-baed-7e53c748908f tempest-VolumesSnapshotTestJSON-1770443698 tempest-VolumesSnapshotTestJSON-1770443698-project] Volume info retrieved successfully.
Jan 28 20:27:16.894002 dv-cinder-826350-4-iscsi devstack@c-api.service[109347]: INFO cinder.api.openstack.wsgi [None req-11f924c9-bbad-446a-baed-7e53c748908f tempest-VolumesSnapshotTestJSON-1770443698 tempest-VolumesSnapshotTestJSON-1770443698-project] http://10.222.0.59/volume/v3/78a5e26db5b844c4b585a7441fefd731/volumes/74a40a31-c2c3-4054-a595-94ec2c7109d2 returned with HTTP 200
Jan 28 20:27:16.895297 dv-cinder-826350-4-iscsi devstack@c-api.service[109347]: [pid: 109347|app: 0|req: 242/481] 10.222.0.59 () {58 vars in 1324 bytes} [Fri Jan 28 20:27:16 2022] GET /volume/v3/78a5e26db5b844c4b585a7441fefd731/volumes/74a40a31-c2c3-4054-a595-94ec2c7109d2 => generated 890 bytes in 45 msecs (HTTP/1.1 200) 7 headers in 285 bytes (1 switches on core 0)
Jan 28 20:27:17.015865 dv-cinder-826350-4-iscsi devstack@c-api.service[109346]: INFO cinder.api.openstack.wsgi [None req-2ba89e56-bdea-46f7-9d5a-5faeedcff255 tempest-AttachVolumeNegativeTest-743533093 tempest-AttachVolumeNegativeTest-743533093-project] GET http://10.222.0.59/volume/v3/d73cfa908e094fa0b8fbc1e550e29d20/volumes/482afad1-3bd9-4b5c-8ac3-986bc5de338a
Jan 28 20:27:17.016416 dv-cinder-826350-4-iscsi devstack@c-api.service[109346]: DEBUG cinder.api.openstack.wsgi [None req-2ba89e56-bdea-46f7-9d5a-5faeedcff255 tempest-AttachVolumeNegativeTest-743533093 tempest-AttachVolumeNegativeTest-743533093-project] Empty body provided in request {{(pid=109346) get_body /opt/stack/cinder/cinder/api/openstack/wsgi.py:715}}
Jan 28 20:27:17.016831 dv-cinder-826350-4-iscsi devstack@c-api.service[109346]: DEBUG cinder.api.openstack.wsgi [None req-2ba89e56-bdea-46f7-9d5a-5faeedcff255 tempest-AttachVolumeNegativeTest-743533093 tempest-AttachVolumeNegativeTest-743533093-project] Calling method 'show' {{(pid=109346) _process_stack /opt/stack/cinder/cinder/api/openstack/wsgi.py:868}}
Jan 28 20:27:17.038099 dv-cinder-826350-4-iscsi devstack@c-api.service[109346]: /usr/local/lib/python3.8/dist-packages/oslo_context/context.py:105: DeprecationWarning: Policy enforcement is depending on the value of is_admin. This key is deprecated. Please update your policy file to use the standard policy values.
Jan 28 20:27:17.038099 dv-cinder-826350-4-iscsi devstack@c-api.service[109346]: warnings.warn('Policy enforcement is depending on the value of '
Jan 28 20:27:17.045616 dv-cinder-826350-4-iscsi devstack@c-api.service[109346]: INFO cinder.volume.api [None req-2ba89e56-bdea-46f7-9d5a-5faeedcff255 tempest-AttachVolumeNegativeTest-743533093 tempest-AttachVolumeNegativeTest-743533093-project] Volume info retrieved successfully.
Jan 28 20:27:17.053817 dv-cinder-826350-4-iscsi devstack@c-api.service[109346]: INFO cinder.api.openstack.wsgi [None req-2ba89e56-bdea-46f7-9d5a-5faeedcff255 tempest-AttachVolumeNegativeTest-743533093 tempest-AttachVolumeNegativeTest-743533093-project] http://10.222.0.59/volume/v3/d73cfa908e094fa0b8fbc1e550e29d20/volumes/482afad1-3bd9-4b5c-8ac3-986bc5de338a returned with HTTP 200
Jan 28 20:27:17.054577 dv-cinder-826350-4-iscsi devstack@c-api.service[109346]: [pid: 109346|app: 0|req: 240/482] 10.222.0.59 () {58 vars in 1324 bytes} [Fri Jan 28 20:27:17 2022] GET /volume/v3/d73cfa908e094fa0b8fbc1e550e29d20/volumes/482afad1-3bd9-4b5c-8ac3-986bc5de338a => generated 915 bytes in 42 msecs (HTTP/1.1 200) 7 headers in 285 bytes (2 switches on core 0)
Jan 28 20:27:17.508995 dv-cinder-826350-4-iscsi devstack@c-api.service[109346]: INFO cinder.api.openstack.wsgi [None req-a4da53c7-cc6e-40e4-9bfd-03b399f52fc6 tempest-VolumesActionsTest-2087837454 tempest-VolumesActionsTest-2087837454-project] GET http://10.222.0.59/volume/v3/233c971f72344f29b43e34bdbc74f322/volumes/bb8dc060-d9a2-4950-abff-86987cc88ea8
Jan 28 20:27:17.509431 dv-cinder-826350-4-iscsi devstack@c-api.service[109346]: DEBUG cinder.api.openstack.wsgi [None req-a4da53c7-cc6e-40e4-9bfd-03b399f52fc6 tempest-VolumesActionsTest-2087837454 tempest-VolumesActionsTest-2087837454-project] Empty body provided in request {{(pid=109346) get_body /opt/stack/cinder/cinder/api/openstack/wsgi.py:715}}
Jan 28 20:27:17.510450 dv-cinder-826350-4-iscsi devstack@c-api.service[109346]: DEBUG cinder.api.openstack.wsgi [None req-a4da53c7-cc6e-40e4-9bfd-03b399f52fc6 tempest-VolumesActionsTest-2087837454 tempest-VolumesActionsTest-2087837454-project] Calling method 'show' {{(pid=109346) _process_stack /opt/stack/cinder/cinder/api/openstack/wsgi.py:868}}
Jan 28 20:27:17.522143 dv-cinder-826350-4-iscsi devstack@c-api.service[109346]: INFO cinder.api.openstack.wsgi [None req-a4da53c7-cc6e-40e4-9bfd-03b399f52fc6 tempest-VolumesActionsTest-2087837454 tempest-VolumesActionsTest-2087837454-project] http://10.222.0.59/volume/v3/233c971f72344f29b43e34bdbc74f322/volumes/bb8dc060-d9a2-4950-abff-86987cc88ea8 returned with HTTP 404
Jan 28 20:27:17.523103 dv-cinder-826350-4-iscsi devstack@c-api.service[109346]: [pid: 109346|app: 0|req: 241/483] 10.222.0.59 () {58 vars in 1324 bytes} [Fri Jan 28 20:27:17 2022] GET /volume/v3/233c971f72344f29b43e34bdbc74f322/volumes/bb8dc060-d9a2-4950-abff-86987cc88ea8 => generated 109 bytes in 18 msecs (HTTP/1.1 404) 7 headers in 292 bytes (2 switches on core 0)
Jan 28 20:27:17.532564 dv-cinder-826350-4-iscsi devstack@c-api.service[109346]: INFO cinder.api.openstack.wsgi [None req-75a6ba39-6051-49af-bf3d-9e8e2a3d334e tempest-VolumesActionsTest-2087837454 tempest-VolumesActionsTest-2087837454-project] POST http://10.222.0.59/volume/v3/233c971f72344f29b43e34bdbc74f322/volumes
Jan 28 20:27:17.533251 dv-cinder-826350-4-iscsi devstack@c-api.service[109346]: DEBUG cinder.api.openstack.wsgi [None req-75a6ba39-6051-49af-bf3d-9e8e2a3d334e tempest-VolumesActionsTest-2087837454 tempest-VolumesActionsTest-2087837454-project] Action: 'create', calling method: create, body: {"volume": {"size": 1, "name": "tempest-VolumesActionsTest-Volume-989794531"}} {{(pid=109346) _process_stack /opt/stack/cinder/cinder/api/openstack/wsgi.py:866}}
Jan 28 20:27:17.534214 dv-cinder-826350-4-iscsi devstack@c-api.service[109346]: DEBUG cinder.api.v3.volumes [None req-75a6ba39-6051-49af-bf3d-9e8e2a3d334e tempest-VolumesActionsTest-2087837454 tempest-VolumesActionsTest-2087837454-project] Create volume request body: {'volume': {'size': 1, 'name': 'tempest-VolumesActionsTest-Volume-989794531'}} {{(pid=109346) create /opt/stack/cinder/cinder/api/v3/volumes.py:298}}
Jan 28 20:27:17.534527 dv-cinder-826350-4-iscsi devstack@c-api.service[109346]: INFO cinder.api.v3.volumes [None req-75a6ba39-6051-49af-bf3d-9e8e2a3d334e tempest-VolumesActionsTest-2087837454 tempest-VolumesActionsTest-2087837454-project] Create volume of 1 GB
Jan 28 20:27:17.540874 dv-cinder-826350-4-iscsi devstack@c-api.service[109346]: INFO cinder.volume.api [None req-75a6ba39-6051-49af-bf3d-9e8e2a3d334e tempest-VolumesActionsTest-2087837454 tempest-VolumesActionsTest-2087837454-project] Availability Zones retrieved successfully.
Jan 28 20:27:17.548702 dv-cinder-826350-4-iscsi devstack@c-api.service[109347]: INFO cinder.api.openstack.wsgi [None req-bff77923-0336-4cfd-b860-c6bbdd2a6c2b tempest-VolumePoolsAdminTestsJSON-305601362 tempest-VolumePoolsAdminTestsJSON-305601362-project-admin] GET http://10.222.0.59/volume/v3/714434f504374b8fb831de91642fff58/scheduler-stats/get_pools?detail=True
Jan 28 20:27:17.549309 dv-cinder-826350-4-iscsi devstack@c-api.service[109347]: DEBUG cinder.api.openstack.wsgi [None req-bff77923-0336-4cfd-b860-c6bbdd2a6c2b tempest-VolumePoolsAdminTestsJSON-305601362 tempest-VolumePoolsAdminTestsJSON-305601362-project-admin] Empty body provided in request {{(pid=109347) get_body /opt/stack/cinder/cinder/api/openstack/wsgi.py:715}}
Jan 28 20:27:17.549773 dv-cinder-826350-4-iscsi devstack@c-api.service[109347]: DEBUG cinder.api.openstack.wsgi [None req-bff77923-0336-4cfd-b860-c6bbdd2a6c2b tempest-VolumePoolsAdminTestsJSON-305601362 tempest-VolumePoolsAdminTestsJSON-305601362-project-admin] Calling method 'get_pools' {{(pid=109347) _process_stack /opt/stack/cinder/cinder/api/openstack/wsgi.py:868}}
Jan 28 20:27:17.556530 dv-cinder-826350-4-iscsi devstack@c-api.service[109346]: DEBUG cinder.volume.api [None req-75a6ba39-6051-49af-bf3d-9e8e2a3d334e tempest-VolumesActionsTest-2087837454 tempest-VolumesActionsTest-2087837454-project] Flow 'volume_create_api' (ce08c2eb-c08d-46b1-ba7d-3452bb2e5868) transitioned into state 'RUNNING' from state 'PENDING' {{(pid=109346) _flow_receiver /usr/local/lib/python3.8/dist-packages/taskflow/listeners/logging.py:141}}
Jan 28 20:27:17.559070 dv-cinder-826350-4-iscsi devstack@c-api.service[109346]: DEBUG cinder.volume.api [None req-75a6ba39-6051-49af-bf3d-9e8e2a3d334e tempest-VolumesActionsTest-2087837454 tempest-VolumesActionsTest-2087837454-project] Task 'cinder.volume.flows.api.create_volume.ExtractVolumeRequestTask;volume:create' (2ed2432e-5a8d-41c0-a666-b0eef711c93a) transitioned into state 'RUNNING' from state 'PENDING' {{(pid=109346) _task_receiver /usr/local/lib/python3.8/dist-packages/taskflow/listeners/logging.py:190}}
Jan 28 20:27:17.561658 dv-cinder-826350-4-iscsi devstack@c-api.service[109346]: DEBUG cinder.volume.flows.api.create_volume [None req-75a6ba39-6051-49af-bf3d-9e8e2a3d334e tempest-VolumesActionsTest-2087837454 tempest-VolumesActionsTest-2087837454-project] Validating volume size '1' using validate_int {{(pid=109346) _extract_size /opt/stack/cinder/cinder/volume/flows/api/create_volume.py:225}}
Jan 28 20:27:17.565992 dv-cinder-826350-4-iscsi devstack@c-api.service[109347]: INFO cinder.api.openstack.wsgi [None req-bff77923-0336-4cfd-b860-c6bbdd2a6c2b tempest-VolumePoolsAdminTestsJSON-305601362 tempest-VolumePoolsAdminTestsJSON-305601362-project-admin] http://10.222.0.59/volume/v3/714434f504374b8fb831de91642fff58/scheduler-stats/get_pools?detail=True returned with HTTP 200
Jan 28 20:27:17.567286 dv-cinder-826350-4-iscsi devstack@c-api.service[109347]: [pid: 109347|app: 0|req: 243/484] 10.222.0.59 () {58 vars in 1290 bytes} [Fri Jan 28 20:27:17 2022] GET /volume/v3/714434f504374b8fb831de91642fff58/scheduler-stats/get_pools?detail=True => generated 482 bytes in 120 msecs (HTTP/1.1 200) 7 headers in 285 bytes (1 switches on core 0)
Jan 28 20:27:17.581795 dv-cinder-826350-4-iscsi devstack@c-api.service[109347]: INFO cinder.api.openstack.wsgi [None req-69bb02a3-89c1-43fa-8e8c-e83177ee387e tempest-VolumePoolsAdminTestsJSON-305601362 tempest-VolumePoolsAdminTestsJSON-305601362-project-admin] GET http://10.222.0.59/volume/v3/714434f504374b8fb831de91642fff58/scheduler-stats/get_pools
Jan 28 20:27:17.582710 dv-cinder-826350-4-iscsi devstack@c-api.service[109347]: DEBUG cinder.api.openstack.wsgi [None req-69bb02a3-89c1-43fa-8e8c-e83177ee387e tempest-VolumePoolsAdminTestsJSON-305601362 tempest-VolumePoolsAdminTestsJSON-305601362-project-admin] Empty body provided in request {{(pid=109347) get_body /opt/stack/cinder/cinder/api/openstack/wsgi.py:715}}
Jan 28 20:27:17.583237 dv-cinder-826350-4-iscsi devstack@c-api.service[109347]: DEBUG cinder.api.openstack.wsgi [None req-69bb02a3-89c1-43fa-8e8c-e83177ee387e tempest-VolumePoolsAdminTestsJSON-305601362 tempest-VolumePoolsAdminTestsJSON-305601362-project-admin] Calling method 'get_pools' {{(pid=109347) _process_stack /opt/stack/cinder/cinder/api/openstack/wsgi.py:868}}
Jan 28 20:27:17.598718 dv-cinder-826350-4-iscsi devstack@c-api.service[109346]: DEBUG cinder.volume.api [None req-75a6ba39-6051-49af-bf3d-9e8e2a3d334e tempest-VolumesActionsTest-2087837454 tempest-VolumesActionsTest-2087837454-project] Task 'cinder.volume.flows.api.create_volume.ExtractVolumeRequestTask;volume:create' (2ed2432e-5a8d-41c0-a666-b0eef711c93a) transitioned into state 'SUCCESS' from state 'RUNNING' with result '{'size': 1, 'snapshot_id': None, 'source_volid': None, 'volume_type': VolumeType(created_at=2022-01-28T20:16:40Z,deleted=False,deleted_at=None,description='Default Volume Type',extra_specs={},id=be9ef1a9-b2cf-43a7-9ba6-12f365a48a9a,is_public=True,name='__DEFAULT__',projects=[],qos_specs=,qos_specs_id=None,updated_at=2022-01-28T20:16:40Z), 'volume_type_id': 'be9ef1a9-b2cf-43a7-9ba6-12f365a48a9a', 'encryption_key_id': None, 'qos_specs': None, 'consistencygroup_id': None, 'cgsnapshot_id': None, 'group_id': None, 'replication_status': 'disabled', 'refresh_az': False, 'backup_id': None, 'multiattach': False, 'availability_zones': ['nova']}' {{(pid=109346) _task_receiver /usr/local/lib/python3.8/dist-packages/taskflow/listeners/logging.py:178}}
Jan 28 20:27:17.600808 dv-cinder-826350-4-iscsi devstack@c-api.service[109347]: INFO cinder.api.openstack.wsgi [None req-69bb02a3-89c1-43fa-8e8c-e83177ee387e tempest-VolumePoolsAdminTestsJSON-305601362 tempest-VolumePoolsAdminTestsJSON-305601362-project-admin] http://10.222.0.59/volume/v3/714434f504374b8fb831de91642fff58/scheduler-stats/get_pools returned with HTTP 200
Jan 28 20:27:17.600999 dv-cinder-826350-4-iscsi devstack@c-api.service[109346]: DEBUG cinder.volume.api [None req-75a6ba39-6051-49af-bf3d-9e8e2a3d334e tempest-VolumesActionsTest-2087837454 tempest-VolumesActionsTest-2087837454-project] Task 'cinder.volume.flows.api.create_volume.QuotaReserveTask;volume:create' (b832ec38-5868-4716-ad9c-613ad7449b60) transitioned into state 'RUNNING' from state 'PENDING' {{(pid=109346) _task_receiver /usr/local/lib/python3.8/dist-packages/taskflow/listeners/logging.py:190}}
Jan 28 20:27:17.601908 dv-cinder-826350-4-iscsi devstack@c-api.service[109347]: [pid: 109347|app: 0|req: 244/485] 10.222.0.59 () {58 vars in 1267 bytes} [Fri Jan 28 20:27:17 2022] GET /volume/v3/714434f504374b8fb831de91642fff58/scheduler-stats/get_pools => generated 66 bytes in 27 msecs (HTTP/1.1 200) 7 headers in 284 bytes (1 switches on core 0)
Jan 28 20:27:17.606854 dv-cinder-826350-4-iscsi devstack@c-api.service[109347]: INFO cinder.api.openstack.wsgi [None req-fef63f1f-30c2-4a56-ae15-24b49e7d2574 tempest-DeleteServersTestJSON-263683965 tempest-DeleteServersTestJSON-263683965-project] GET http://10.222.0.59/volume/v3/97c5f9b9efd145cca6f89a538c9f0cad/volumes/1bdc72d8-d9db-46a4-8d13-1b907c5358ed
Jan 28 20:27:17.607302 dv-cinder-826350-4-iscsi devstack@c-api.service[109347]: DEBUG cinder.api.openstack.wsgi [None req-fef63f1f-30c2-4a56-ae15-24b49e7d2574 tempest-DeleteServersTestJSON-263683965 tempest-DeleteServersTestJSON-263683965-project] Empty body provided in request {{(pid=109347) get_body /opt/stack/cinder/cinder/api/openstack/wsgi.py:715}}
Jan 28 20:27:17.607791 dv-cinder-826350-4-iscsi devstack@c-api.service[109347]: DEBUG cinder.api.openstack.wsgi [None req-fef63f1f-30c2-4a56-ae15-24b49e7d2574 tempest-DeleteServersTestJSON-263683965 tempest-DeleteServersTestJSON-263683965-project] Calling method 'show' {{(pid=109347) _process_stack /opt/stack/cinder/cinder/api/openstack/wsgi.py:868}}
Jan 28 20:27:17.629110 dv-cinder-826350-4-iscsi devstack@c-api.service[109347]: /usr/local/lib/python3.8/dist-packages/oslo_context/context.py:105: DeprecationWarning: Policy enforcement is depending on the value of is_admin. This key is deprecated. Please update your policy file to use the standard policy values.
Jan 28 20:27:17.629110 dv-cinder-826350-4-iscsi devstack@c-api.service[109347]: warnings.warn('Policy enforcement is depending on the value of '
Jan 28 20:27:17.638403 dv-cinder-826350-4-iscsi devstack@c-api.service[109347]: INFO cinder.volume.api [None req-fef63f1f-30c2-4a56-ae15-24b49e7d2574 tempest-DeleteServersTestJSON-263683965 tempest-DeleteServersTestJSON-263683965-project] Volume info retrieved successfully.
Jan 28 20:27:17.647119 dv-cinder-826350-4-iscsi devstack@c-api.service[109347]: INFO cinder.api.openstack.wsgi [None req-fef63f1f-30c2-4a56-ae15-24b49e7d2574 tempest-DeleteServersTestJSON-263683965 tempest-DeleteServersTestJSON-263683965-project] http://10.222.0.59/volume/v3/97c5f9b9efd145cca6f89a538c9f0cad/volumes/1bdc72d8-d9db-46a4-8d13-1b907c5358ed returned with HTTP 200
Jan 28 20:27:17.648186 dv-cinder-826350-4-iscsi devstack@c-api.service[109347]: [pid: 109347|app: 0|req: 245/486] 10.222.0.59 () {58 vars in 1324 bytes} [Fri Jan 28 20:27:17 2022] GET /volume/v3/97c5f9b9efd145cca6f89a538c9f0cad/volumes/1bdc72d8-d9db-46a4-8d13-1b907c5358ed => generated 914 bytes in 46 msecs (HTTP/1.1 200) 7 headers in 285 bytes (1 switches on core 0)
Jan 28 20:27:17.666487 dv-cinder-826350-4-iscsi devstack@c-api.service[109346]: DEBUG cinder.quota [None req-75a6ba39-6051-49af-bf3d-9e8e2a3d334e tempest-VolumesActionsTest-2087837454 tempest-VolumesActionsTest-2087837454-project] Created reservations ['9fb65f57-579d-4d68-92e2-23d623e13125', '40b2ec02-7f47-482c-92a9-1bee120dc929', '8c37aa8d-bad5-4d44-b970-8b6872dfd970', 'a68b9934-3398-4720-bffe-f50242bb0d43'] {{(pid=109346) reserve /opt/stack/cinder/cinder/quota.py:755}}
Jan 28 20:27:17.669303 dv-cinder-826350-4-iscsi devstack@c-api.service[109346]: DEBUG cinder.volume.api [None req-75a6ba39-6051-49af-bf3d-9e8e2a3d334e tempest-VolumesActionsTest-2087837454 tempest-VolumesActionsTest-2087837454-project] Task 'cinder.volume.flows.api.create_volume.QuotaReserveTask;volume:create' (b832ec38-5868-4716-ad9c-613ad7449b60) transitioned into state 'SUCCESS' from state 'RUNNING' with result '{'reservations': ['9fb65f57-579d-4d68-92e2-23d623e13125', '40b2ec02-7f47-482c-92a9-1bee120dc929', '8c37aa8d-bad5-4d44-b970-8b6872dfd970', 'a68b9934-3398-4720-bffe-f50242bb0d43']}' {{(pid=109346) _task_receiver /usr/local/lib/python3.8/dist-packages/taskflow/listeners/logging.py:178}}
Jan 28 20:27:17.671728 dv-cinder-826350-4-iscsi devstack@c-api.service[109346]: DEBUG cinder.volume.api [None req-75a6ba39-6051-49af-bf3d-9e8e2a3d334e tempest-VolumesActionsTest-2087837454 tempest-VolumesActionsTest-2087837454-project] Task 'cinder.volume.flows.api.create_volume.EntryCreateTask;volume:create' (00768b26-3a76-495b-b232-1b263f50c806) transitioned into state 'RUNNING' from state 'PENDING' {{(pid=109346) _task_receiver /usr/local/lib/python3.8/dist-packages/taskflow/listeners/logging.py:190}}
Jan 28 20:27:17.697834 dv-cinder-826350-4-iscsi devstack@c-api.service[109346]: DEBUG cinder.volume.api [None req-75a6ba39-6051-49af-bf3d-9e8e2a3d334e tempest-VolumesActionsTest-2087837454 tempest-VolumesActionsTest-2087837454-project] Task 'cinder.volume.flows.api.create_volume.EntryCreateTask;volume:create' (00768b26-3a76-495b-b232-1b263f50c806) transitioned into state 'SUCCESS' from state 'RUNNING' with result '{'volume_id': '8a178a3f-fe35-40be-a39f-b7eeb40fcd8a', 'volume_properties': VolumeProperties(attach_status='detached',availability_zone='nova',cgsnapshot_id=None,consistencygroup_id=None,display_description=None,display_name='tempest-VolumesActionsTest-Volume-989794531',encryption_key_id=None,group_id=None,group_type_id=,metadata={},multiattach=False,project_id='233c971f72344f29b43e34bdbc74f322',qos_specs=None,replication_status=,reservations=['9fb65f57-579d-4d68-92e2-23d623e13125','40b2ec02-7f47-482c-92a9-1bee120dc929','8c37aa8d-bad5-4d44-b970-8b6872dfd970','a68b9934-3398-4720-bffe-f50242bb0d43'],size=1,snapshot_id=None,source_replicaid=,source_volid=None,status='creating',user_id='d815e96a9bcc4e2890e3d61b168d919f',volume_type_id=be9ef1a9-b2cf-43a7-9ba6-12f365a48a9a), 'volume': Volume(_name_id=None,admin_metadata=,attach_status='detached',availability_zone='nova',bootable=False,cluster=,cluster_name=None,consistencygroup=,consistencygroup_id=None,created_at=2022-01-28T20:27:17Z,deleted=False,deleted_at=None,display_description=None,display_name='tempest-VolumesActionsTest-Volume-989794531',ec2_id=None,encryption_key_id=None,glance_metadata=,group=,group_id=None,host=None,id=8a178a3f-fe35-40be-a39f-b7eeb40fcd8a,launched_at=None,metadata={},migration_status=None,multiattach=False,previous_status=None,project_id='233c971f72344f29b43e34bdbc74f322',provider_auth=None,provider_geometry=None,provider_id=None,provider_location=None,replication_driver_data=None,replication_extended_status=None,replication_status=None,scheduled_at=None,service_uuid=None,shared_targets=True,size=1,snapshot_id=None,snapshots=,source_volid=None,status='creating',terminated_at=None,updated_at=None,use_quota=True,user_id='d815e96a9bcc4e2890e3d61b168d919f',volume_attachment=VolumeAttachmentList,volume_type=VolumeType(be9ef1a9-b2cf-43a7-9ba6-12f365a48a9a),volume_type_id=be9ef1a9-b2cf-43a7-9ba6-12f365a48a9a)}' {{(pid=109346) _task_receiver /usr/local/lib/python3.8/dist-packages/taskflow/listeners/logging.py:178}}
Jan 28 20:27:17.700451 dv-cinder-826350-4-iscsi devstack@c-api.service[109346]: DEBUG cinder.volume.api [None req-75a6ba39-6051-49af-bf3d-9e8e2a3d334e tempest-VolumesActionsTest-2087837454 tempest-VolumesActionsTest-2087837454-project] Task 'cinder.volume.flows.api.create_volume.QuotaCommitTask;volume:create' (14f3eba0-3606-4e70-b751-915bf58480d5) transitioned into state 'RUNNING' from state 'PENDING' {{(pid=109346) _task_receiver /usr/local/lib/python3.8/dist-packages/taskflow/listeners/logging.py:190}}
Jan 28 20:27:17.726131 dv-cinder-826350-4-iscsi devstack@c-api.service[109346]: DEBUG cinder.volume.api [None req-75a6ba39-6051-49af-bf3d-9e8e2a3d334e tempest-VolumesActionsTest-2087837454 tempest-VolumesActionsTest-2087837454-project] Task 'cinder.volume.flows.api.create_volume.QuotaCommitTask;volume:create' (14f3eba0-3606-4e70-b751-915bf58480d5) transitioned into state 'SUCCESS' from state 'RUNNING' with result '{'volume_properties': VolumeProperties(attach_status='detached',availability_zone='nova',cgsnapshot_id=None,consistencygroup_id=None,display_description=None,display_name='tempest-VolumesActionsTest-Volume-989794531',encryption_key_id=None,group_id=None,group_type_id=,metadata={},multiattach=False,project_id='233c971f72344f29b43e34bdbc74f322',qos_specs=None,replication_status=,reservations=['9fb65f57-579d-4d68-92e2-23d623e13125','40b2ec02-7f47-482c-92a9-1bee120dc929','8c37aa8d-bad5-4d44-b970-8b6872dfd970','a68b9934-3398-4720-bffe-f50242bb0d43'],size=1,snapshot_id=None,source_replicaid=,source_volid=None,status='creating',user_id='d815e96a9bcc4e2890e3d61b168d919f',volume_type_id=be9ef1a9-b2cf-43a7-9ba6-12f365a48a9a)}' {{(pid=109346) _task_receiver /usr/local/lib/python3.8/dist-packages/taskflow/listeners/logging.py:178}}
Jan 28 20:27:17.728049 dv-cinder-826350-4-iscsi devstack@c-api.service[109346]: DEBUG cinder.volume.api [None req-75a6ba39-6051-49af-bf3d-9e8e2a3d334e tempest-VolumesActionsTest-2087837454 tempest-VolumesActionsTest-2087837454-project] Task 'cinder.volume.flows.api.create_volume.VolumeCastTask;volume:create' (75ca9ede-71b3-406a-9d36-8e97a3d9ee19) transitioned into state 'RUNNING' from state 'PENDING' {{(pid=109346) _task_receiver /usr/local/lib/python3.8/dist-packages/taskflow/listeners/logging.py:190}}
Jan 28 20:27:17.745504 dv-cinder-826350-4-iscsi devstack@c-api.service[109346]: DEBUG cinder.volume.api [None req-75a6ba39-6051-49af-bf3d-9e8e2a3d334e tempest-VolumesActionsTest-2087837454 tempest-VolumesActionsTest-2087837454-project] Task 'cinder.volume.flows.api.create_volume.VolumeCastTask;volume:create' (75ca9ede-71b3-406a-9d36-8e97a3d9ee19) transitioned into state 'SUCCESS' from state 'RUNNING' with result 'None' {{(pid=109346) _task_receiver /usr/local/lib/python3.8/dist-packages/taskflow/listeners/logging.py:178}}
Jan 28 20:27:17.749229 dv-cinder-826350-4-iscsi devstack@c-api.service[109346]: DEBUG cinder.volume.api [None req-75a6ba39-6051-49af-bf3d-9e8e2a3d334e tempest-VolumesActionsTest-2087837454 tempest-VolumesActionsTest-2087837454-project] Flow 'volume_create_api' (ce08c2eb-c08d-46b1-ba7d-3452bb2e5868) transitioned into state 'SUCCESS' from state 'RUNNING' {{(pid=109346) _flow_receiver /usr/local/lib/python3.8/dist-packages/taskflow/listeners/logging.py:141}}
Jan 28 20:27:17.750315 dv-cinder-826350-4-iscsi devstack@c-api.service[109346]: INFO cinder.volume.api [None req-75a6ba39-6051-49af-bf3d-9e8e2a3d334e tempest-VolumesActionsTest-2087837454 tempest-VolumesActionsTest-2087837454-project] Create volume request issued successfully.
Jan 28 20:27:17.751890 dv-cinder-826350-4-iscsi devstack@c-api.service[109346]: INFO cinder.api.openstack.wsgi [None req-75a6ba39-6051-49af-bf3d-9e8e2a3d334e tempest-VolumesActionsTest-2087837454 tempest-VolumesActionsTest-2087837454-project] http://10.222.0.59/volume/v3/233c971f72344f29b43e34bdbc74f322/volumes returned with HTTP 202
Jan 28 20:27:17.752966 dv-cinder-826350-4-iscsi devstack@c-api.service[109346]: [pid: 109346|app: 0|req: 242/487] 10.222.0.59 () {60 vars in 1234 bytes} [Fri Jan 28 20:27:17 2022] POST /volume/v3/233c971f72344f29b43e34bdbc74f322/volumes => generated 817 bytes in 224 msecs (HTTP/1.1 202) 7 headers in 291 bytes (1 switches on core 0)
Jan 28 20:27:17.771979 dv-cinder-826350-4-iscsi devstack@c-api.service[109347]: INFO cinder.api.openstack.wsgi [None req-c4979db4-4b50-4b57-bce0-c7fb24645887 tempest-VolumesActionsTest-2087837454 tempest-VolumesActionsTest-2087837454-project] GET http://10.222.0.59/volume/v3/233c971f72344f29b43e34bdbc74f322/volumes/8a178a3f-fe35-40be-a39f-b7eeb40fcd8a
Jan 28 20:27:17.774357 dv-cinder-826350-4-iscsi devstack@c-api.service[109347]: DEBUG cinder.api.openstack.wsgi [None req-c4979db4-4b50-4b57-bce0-c7fb24645887 tempest-VolumesActionsTest-2087837454 tempest-VolumesActionsTest-2087837454-project] Empty body provided in request {{(pid=109347) get_body /opt/stack/cinder/cinder/api/openstack/wsgi.py:715}}
Jan 28 20:27:17.775217 dv-cinder-826350-4-iscsi devstack@c-api.service[109347]: DEBUG cinder.api.openstack.wsgi [None req-c4979db4-4b50-4b57-bce0-c7fb24645887 tempest-VolumesActionsTest-2087837454 tempest-VolumesActionsTest-2087837454-project] Calling method 'show' {{(pid=109347) _process_stack /opt/stack/cinder/cinder/api/openstack/wsgi.py:868}}
Jan 28 20:27:17.784851 dv-cinder-826350-4-iscsi devstack@c-api.service[109346]: INFO cinder.api.openstack.wsgi [None req-72df8409-bb4b-4878-b68a-8b416bae7e7c tempest-VolumesImageMetadata-317708827 tempest-VolumesImageMetadata-317708827-project] GET http://10.222.0.59/volume/v3/5840138457334d9b8a6e1e541f80716f/volumes/bc8a9ae3-5d27-4b89-91b5-638aabad49f0
Jan 28 20:27:17.785289 dv-cinder-826350-4-iscsi devstack@c-api.service[109346]: DEBUG cinder.api.openstack.wsgi [None req-72df8409-bb4b-4878-b68a-8b416bae7e7c tempest-VolumesImageMetadata-317708827 tempest-VolumesImageMetadata-317708827-project] Empty body provided in request {{(pid=109346) get_body /opt/stack/cinder/cinder/api/openstack/wsgi.py:715}}
Jan 28 20:27:17.785737 dv-cinder-826350-4-iscsi devstack@c-api.service[109346]: DEBUG cinder.api.openstack.wsgi [None req-72df8409-bb4b-4878-b68a-8b416bae7e7c tempest-VolumesImageMetadata-317708827 tempest-VolumesImageMetadata-317708827-project] Calling method 'show' {{(pid=109346) _process_stack /opt/stack/cinder/cinder/api/openstack/wsgi.py:868}}
Jan 28 20:27:17.794076 dv-cinder-826350-4-iscsi devstack@c-api.service[109347]: /usr/local/lib/python3.8/dist-packages/oslo_context/context.py:105: DeprecationWarning: Policy enforcement is depending on the value of is_admin. This key is deprecated. Please update your policy file to use the standard policy values.
Jan 28 20:27:17.794076 dv-cinder-826350-4-iscsi devstack@c-api.service[109347]: warnings.warn('Policy enforcement is depending on the value of '
Jan 28 20:27:17.801621 dv-cinder-826350-4-iscsi devstack@c-api.service[109347]: INFO cinder.volume.api [None req-c4979db4-4b50-4b57-bce0-c7fb24645887 tempest-VolumesActionsTest-2087837454 tempest-VolumesActionsTest-2087837454-project] Volume info retrieved successfully.
Jan 28 20:27:17.812844 dv-cinder-826350-4-iscsi devstack@c-api.service[109347]: INFO cinder.api.openstack.wsgi [None req-c4979db4-4b50-4b57-bce0-c7fb24645887 tempest-VolumesActionsTest-2087837454 tempest-VolumesActionsTest-2087837454-project] http://10.222.0.59/volume/v3/233c971f72344f29b43e34bdbc74f322/volumes/8a178a3f-fe35-40be-a39f-b7eeb40fcd8a returned with HTTP 200
Jan 28 20:27:17.813291 dv-cinder-826350-4-iscsi devstack@c-api.service[109346]: /usr/local/lib/python3.8/dist-packages/oslo_context/context.py:105: DeprecationWarning: Policy enforcement is depending on the value of is_admin. This key is deprecated. Please update your policy file to use the standard policy values.
Jan 28 20:27:17.813291 dv-cinder-826350-4-iscsi devstack@c-api.service[109346]: warnings.warn('Policy enforcement is depending on the value of '
Jan 28 20:27:17.814446 dv-cinder-826350-4-iscsi devstack@c-api.service[109347]: [pid: 109347|app: 0|req: 246/488] 10.222.0.59 () {58 vars in 1324 bytes} [Fri Jan 28 20:27:17 2022] GET /volume/v3/233c971f72344f29b43e34bdbc74f322/volumes/8a178a3f-fe35-40be-a39f-b7eeb40fcd8a => generated 885 bytes in 49 msecs (HTTP/1.1 200) 7 headers in 285 bytes (1 switches on core 0)
