Jan 27 16:02:53.461768 dv-cinder-826350-3-iscsi neutron-server[102386]: DEBUG neutron_lib.callbacks.manager [None req-bb06ea51-eddd-4285-90b4-5d550ab0faaf None None] Publish callbacks ['neutron.plugins.ml2.plugin.Ml2Plugin._port_provisioned-3817124'] for port (11958eff-0836-4f94-890b-4f1766c74804), provisioning_complete {{(pid=102386) _notify_loop /usr/local/lib/python3.8/dist-packages/neutron_lib/callbacks/manager.py:176}}
Jan 27 16:02:53.540612 dv-cinder-826350-3-iscsi neutron-server[102385]: INFO neutron.wsgi [None req-84d38545-3800-4027-8930-f779a363a67e admin admin] 10.222.0.61 "GET /v2.0/security-groups?tenant_id=a3e4b5fe4fed4a978fc9a0b4a22b14d3&name=default HTTP/1.1" status: 200 len: 2992 time: 0.1980083
Jan 27 16:02:53.541253 dv-cinder-826350-3-iscsi neutron-server[102385]: DEBUG neutron.wsgi [-] (102385) accepted ('10.222.0.61', 32980) {{(pid=102385) server /usr/local/lib/python3.8/dist-packages/eventlet/wsgi.py:1004}}
Jan 27 16:02:53.607609 dv-cinder-826350-3-iscsi neutron-server[102385]: DEBUG neutron.db.db_base_plugin_common [None req-a51a8191-65e3-4cb9-ba0e-e8b371404c53 admin admin] Allocated IP 172.27.3.85 (94671106-2690-4607-a24c-b125b14b1206/ad67e580-505f-44ed-9c04-2d4fe2cbfa3f/4e1cfd3b-fbca-4e53-91b5-496e929b478f) {{(pid=102385) _store_ip_allocation /opt/stack/neutron/neutron/db/db_base_plugin_common.py:131}}
Jan 27 16:02:53.613003 dv-cinder-826350-3-iscsi neutron-server[102386]: DEBUG neutron.plugins.ml2.rpc [None req-b465d587-d7fa-4841-a785-4ba8b833d3dd None None] Device 393addc8-8829-4b7d-90b7-e512ada615c1 up at agent ovs-agent-dv-cinder-826350-3-iscsi {{(pid=102386) update_device_up /opt/stack/neutron/neutron/plugins/ml2/rpc.py:296}}
Jan 27 16:02:53.766218 dv-cinder-826350-3-iscsi neutron-server[102385]: DEBUG neutron_lib.callbacks.manager [None req-e8b57f03-8c7c-4981-9336-bf49f0045d2b admin admin] Publish callbacks [] for security_group (96a4132d-f563-4604-91f3-29ba36f94a22), before_delete {{(pid=102385) _notify_loop /usr/local/lib/python3.8/dist-packages/neutron_lib/callbacks/manager.py:176}}
Jan 27 16:02:53.799969 dv-cinder-826350-3-iscsi neutron-server[102384]: DEBUG neutron.scheduler.dhcp_agent_scheduler [None req-cd590df2-b5e5-4280-83fd-4043181aedd6 admin admin] Network 94671106-2690-4607-a24c-b125b14b1206 is already hosted by enough agents. {{(pid=102384) _get_dhcp_agents_hosting_network /opt/stack/neutron/neutron/scheduler/dhcp_agent_scheduler.py:275}}
Jan 27 16:02:53.801665 dv-cinder-826350-3-iscsi neutron-server[102384]: DEBUG neutron_lib.callbacks.manager [None req-cc27c550-286a-4618-9540-844054c758cc admin admin] Publish callbacks ['neutron.services.l3_router.l3_router_plugin.L3_HA_NAT_db_mixin._after_router_create-533816', 'neutron.services.l3_router.l3_router_plugin.DVRResourceOperationHandler._create_snat_interfaces_after_change-538046'] for router (3eb14355-0d59-470b-9caa-1e3792f2409e), after_create {{(pid=102384) _notify_loop /usr/local/lib/python3.8/dist-packages/neutron_lib/callbacks/manager.py:176}}
Jan 27 16:02:53.811653 dv-cinder-826350-3-iscsi neutron-server[102385]: DEBUG neutron_lib.callbacks.manager [None req-e8b57f03-8c7c-4981-9336-bf49f0045d2b admin admin] Publish callbacks [] for security_group (96a4132d-f563-4604-91f3-29ba36f94a22), precommit_delete {{(pid=102385) _notify_loop /usr/local/lib/python3.8/dist-packages/neutron_lib/callbacks/manager.py:176}}
Jan 27 16:02:53.826611 dv-cinder-826350-3-iscsi neutron-server[102384]: DEBUG neutron.scheduler.base_scheduler [None req-cd590df2-b5e5-4280-83fd-4043181aedd6 admin admin] Resources bound (agent type, host, resource id): {{(pid=102384) schedule /opt/stack/neutron/neutron/scheduler/base_scheduler.py:57}}
Jan 27 16:02:53.832433 dv-cinder-826350-3-iscsi neutron-server[102384]: DEBUG neutron.api.rpc.handlers.resources_rpc [None req-cd590df2-b5e5-4280-83fd-4043181aedd6 admin admin] Pushing event updated for resources: {'Port': ['ID=58771e93-8527-4835-80b1-cc15004cd64b,revision_number=1']} {{(pid=102384) push /opt/stack/neutron/neutron/api/rpc/handlers/resources_rpc.py:237}}
Jan 27 16:02:53.835545 dv-cinder-826350-3-iscsi neutron-server[102384]: DEBUG neutron.db.l3_dvrscheduler_db [None req-cd590df2-b5e5-4280-83fd-4043181aedd6 admin admin] Received port after_create {{(pid=102384) _notify_l3_agent_new_port /opt/stack/neutron/neutron/db/l3_dvrscheduler_db.py:536}}
Jan 27 16:02:53.839625 dv-cinder-826350-3-iscsi neutron-server[102386]: DEBUG neutron.plugins.ml2.plugin [None req-bb06ea51-eddd-4285-90b4-5d550ab0faaf None None] Current status of the port 11958eff-0836-4f94-890b-4f1766c74804 is: DOWN; New status is: ACTIVE {{(pid=102386) _update_individual_port_db_status /opt/stack/neutron/neutron/plugins/ml2/plugin.py:2225}}
Jan 27 16:02:53.840025 dv-cinder-826350-3-iscsi neutron-server[102386]: DEBUG neutron_lib.callbacks.manager [None req-bb06ea51-eddd-4285-90b4-5d550ab0faaf None None] Publish callbacks ['neutron.plugins.ml2.plugin.SecurityGroupDbMixin._ensure_default_security_group_handler-3850104'] for port (11958eff-0836-4f94-890b-4f1766c74804), before_update {{(pid=102386) _notify_loop /usr/local/lib/python3.8/dist-packages/neutron_lib/callbacks/manager.py:176}}
Jan 27 16:02:53.862298 dv-cinder-826350-3-iscsi neutron-server[102386]: DEBUG neutron.api.rpc.handlers.dhcp_rpc [None req-dcf1d206-844e-44bf-b128-e14d320befcc None None] Network 3ac1415e-ce93-45b8-8b83-dca773596e87 requested from dv-cinder-826350-3-iscsi {{(pid=102386) get_network_info /opt/stack/neutron/neutron/api/rpc/handlers/dhcp_rpc.py:191}}
Jan 27 16:02:53.863303 dv-cinder-826350-3-iscsi neutron-server[102385]: DEBUG neutron_lib.callbacks.manager [None req-a51a8191-65e3-4cb9-ba0e-e8b371404c53 admin admin] Publish callbacks [] for port (4e1cfd3b-fbca-4e53-91b5-496e929b478f), precommit_create {{(pid=102385) _notify_loop /usr/local/lib/python3.8/dist-packages/neutron_lib/callbacks/manager.py:176}}
Jan 27 16:02:53.914218 dv-cinder-826350-3-iscsi neutron-server[102386]: DEBUG neutron.db.provisioning_blocks [None req-b465d587-d7fa-4841-a785-4ba8b833d3dd None None] Provisioning complete for port 393addc8-8829-4b7d-90b7-e512ada615c1 triggered by entity L2. {{(pid=102386) provisioning_complete /opt/stack/neutron/neutron/db/provisioning_blocks.py:139}}
Jan 27 16:02:53.914615 dv-cinder-826350-3-iscsi neutron-server[102386]: DEBUG neutron_lib.callbacks.manager [None req-b465d587-d7fa-4841-a785-4ba8b833d3dd None None] Publish callbacks ['neutron.plugins.ml2.plugin.Ml2Plugin._port_provisioned-3817124'] for port (393addc8-8829-4b7d-90b7-e512ada615c1), provisioning_complete {{(pid=102386) _notify_loop /usr/local/lib/python3.8/dist-packages/neutron_lib/callbacks/manager.py:176}}
Jan 27 16:02:54.034191 dv-cinder-826350-3-iscsi neutron-server[102386]: DEBUG neutron.plugins.ml2.db [None req-bb06ea51-eddd-4285-90b4-5d550ab0faaf None None] For port 11958eff-0836-4f94-890b-4f1766c74804, host dv-cinder-826350-3-iscsi, got binding levels [PortBindingLevel(driver='openvswitch',host='dv-cinder-826350-3-iscsi',level=0,port_id=11958eff-0836-4f94-890b-4f1766c74804,segment=NetworkSegment(e515388a-6d59-4667-9e6f-33f5a6911d00),segment_id=e515388a-6d59-4667-9e6f-33f5a6911d00)] {{(pid=102386) get_binding_level_objs /opt/stack/neutron/neutron/plugins/ml2/db.py:74}}
Jan 27 16:02:54.045551 dv-cinder-826350-3-iscsi neutron-server[102386]: DEBUG neutron_lib.callbacks.manager [None req-bb06ea51-eddd-4285-90b4-5d550ab0faaf None None] Publish callbacks ['neutron.plugins.ml2.plugin.SecurityGroupServerNotifierRpcMixin._notify_sg_on_port_change-3849557', 'neutron.plugins.ml2.ovo_rpc._ObjectChangeHandler.handle_event-80764', 'neutron.api.rpc.agentnotifiers.dhcp_rpc_agent_api.DhcpAgentNotifyAPI._native_event_send_dhcp_notification-724956', 'neutron.db.l3_db.L3RpcNotifierMixin._notify_gateway_port_ip_changed-8748049198044', 'neutron.db.l3_dvrscheduler_db._notify_l3_agent_port_update-8748048689713', 'neutron.db.l3_hascheduler_db._notify_l3_agent_ha_port_update-8748048689731'] for port (11958eff-0836-4f94-890b-4f1766c74804), after_update {{(pid=102386) _notify_loop /usr/local/lib/python3.8/dist-packages/neutron_lib/callbacks/manager.py:176}}
Jan 27 16:02:54.145103 dv-cinder-826350-3-iscsi neutron-server[102385]: INFO neutron.wsgi [req-21065b05-c53b-4682-a910-1768422f924c req-962807bc-8c7d-42fd-9ef7-d4badc42e644 tempest-DeleteServersTestJSON-1383023015 tempest-DeleteServersTestJSON-1383023015-project] 10.222.0.61 "GET /v2.0/ports?device_id=c098b0b1-0d8f-4c24-8c24-721f965786f4 HTTP/1.1" status: 200 len: 210 time: 0.0349233
Jan 27 16:02:54.149356 dv-cinder-826350-3-iscsi neutron-server[102385]: DEBUG neutron_lib.callbacks.manager [None req-e8b57f03-8c7c-4981-9336-bf49f0045d2b admin admin] Publish callbacks ['neutron.plugins.ml2.ovo_rpc._ObjectChangeHandler.handle_event-644530'] for security_group (96a4132d-f563-4604-91f3-29ba36f94a22), after_delete {{(pid=102385) _notify_loop /usr/local/lib/python3.8/dist-packages/neutron_lib/callbacks/manager.py:176}}
Jan 27 16:02:54.152234 dv-cinder-826350-3-iscsi neutron-server[102385]: DEBUG neutron_lib.callbacks.manager [None req-e8b57f03-8c7c-4981-9336-bf49f0045d2b admin admin] Publish callbacks [] for security_group (None), before_response {{(pid=102385) _notify_loop /usr/local/lib/python3.8/dist-packages/neutron_lib/callbacks/manager.py:176}}
Jan 27 16:02:54.156132 dv-cinder-826350-3-iscsi neutron-server[102385]: INFO neutron.wsgi [None req-e8b57f03-8c7c-4981-9336-bf49f0045d2b admin admin] 10.222.0.61 "DELETE /v2.0/security-groups/96a4132d-f563-4604-91f3-29ba36f94a22 HTTP/1.1" status: 204 len: 168 time: 0.6079872
Jan 27 16:02:54.163032 dv-cinder-826350-3-iscsi neutron-server[102386]: DEBUG neutron.api.rpc.handlers.resources_rpc [None req-bb06ea51-eddd-4285-90b4-5d550ab0faaf None None] Pushing event updated for resources: {'Port': ['ID=11958eff-0836-4f94-890b-4f1766c74804,revision_number=3']} {{(pid=102386) push /opt/stack/neutron/neutron/api/rpc/handlers/resources_rpc.py:237}}
Jan 27 16:02:54.168676 dv-cinder-826350-3-iscsi neutron-server[102385]: DEBUG neutron.api.rpc.handlers.resources_rpc [None req-e8b57f03-8c7c-4981-9336-bf49f0045d2b admin admin] Pushing event deleted for resources: {'SecurityGroup': ['ID=96a4132d-f563-4604-91f3-29ba36f94a22,revision_number=None']} {{(pid=102385) push /opt/stack/neutron/neutron/api/rpc/handlers/resources_rpc.py:237}}
Jan 27 16:02:54.170786 dv-cinder-826350-3-iscsi neutron-server[102386]: DEBUG neutron.plugins.ml2.plugin [None req-b465d587-d7fa-4841-a785-4ba8b833d3dd None None] Current status of the port 393addc8-8829-4b7d-90b7-e512ada615c1 is: DOWN; New status is: ACTIVE {{(pid=102386) _update_individual_port_db_status /opt/stack/neutron/neutron/plugins/ml2/plugin.py:2225}}
Jan 27 16:02:54.181466 dv-cinder-826350-3-iscsi neutron-server[102386]: DEBUG neutron_lib.callbacks.manager [None req-b465d587-d7fa-4841-a785-4ba8b833d3dd None None] Publish callbacks ['neutron.plugins.ml2.plugin.SecurityGroupDbMixin._ensure_default_security_group_handler-3850104'] for port (393addc8-8829-4b7d-90b7-e512ada615c1), before_update {{(pid=102386) _notify_loop /usr/local/lib/python3.8/dist-packages/neutron_lib/callbacks/manager.py:176}}
Jan 27 16:02:54.206483 dv-cinder-826350-3-iscsi neutron-server[102385]: DEBUG neutron_lib.callbacks.manager [None req-a51a8191-65e3-4cb9-ba0e-e8b371404c53 admin admin] Publish callbacks ['neutron.plugins.ml2.plugin.SecurityGroupServerNotifierRpcMixin._notify_sg_on_port_change-3849557', 'neutron.plugins.ml2.ovo_rpc._ObjectChangeHandler.handle_event-80764', 'neutron.api.rpc.agentnotifiers.dhcp_rpc_agent_api.DhcpAgentNotifyAPI._native_event_send_dhcp_notification-724956', 'neutron.db.l3_dvrscheduler_db._notify_l3_agent_new_port-8748048689695', 'neutron.services.segments.plugin.NovaSegmentNotifier._notify_port_created_or_deleted-531205798'] for port (4e1cfd3b-fbca-4e53-91b5-496e929b478f), after_create {{(pid=102385) _notify_loop /usr/local/lib/python3.8/dist-packages/neutron_lib/callbacks/manager.py:176}}
Jan 27 16:02:54.233266 dv-cinder-826350-3-iscsi neutron-server[102386]: DEBUG neutron.db.provisioning_blocks [None req-6f19d4df-798f-4c78-a61d-d8df2915421c None None] Provisioning complete for port 11958eff-0836-4f94-890b-4f1766c74804 triggered by entity DHCP. {{(pid=102386) provisioning_complete /opt/stack/neutron/neutron/db/provisioning_blocks.py:139}}
Jan 27 16:02:54.233583 dv-cinder-826350-3-iscsi neutron-server[102386]: DEBUG neutron_lib.callbacks.manager [None req-6f19d4df-798f-4c78-a61d-d8df2915421c None None] Publish callbacks ['neutron.plugins.ml2.plugin.Ml2Plugin._port_provisioned-3817124'] for port (11958eff-0836-4f94-890b-4f1766c74804), provisioning_complete {{(pid=102386) _notify_loop /usr/local/lib/python3.8/dist-packages/neutron_lib/callbacks/manager.py:176}}
Jan 27 16:02:54.235405 dv-cinder-826350-3-iscsi neutron-server[102385]: DEBUG neutron.scheduler.dhcp_agent_scheduler [None req-a51a8191-65e3-4cb9-ba0e-e8b371404c53 admin admin] Network 94671106-2690-4607-a24c-b125b14b1206 is already hosted by enough agents. {{(pid=102385) _get_dhcp_agents_hosting_network /opt/stack/neutron/neutron/scheduler/dhcp_agent_scheduler.py:275}}
Jan 27 16:02:54.239113 dv-cinder-826350-3-iscsi neutron-server[102386]: DEBUG neutron.plugins.ml2.db [None req-b465d587-d7fa-4841-a785-4ba8b833d3dd None None] For port 393addc8-8829-4b7d-90b7-e512ada615c1, host dv-cinder-826350-3-iscsi, got binding levels [PortBindingLevel(driver='openvswitch',host='dv-cinder-826350-3-iscsi',level=0,port_id=393addc8-8829-4b7d-90b7-e512ada615c1,segment=NetworkSegment(0cc9ba25-aac0-49aa-89c2-a86269d6fb43),segment_id=0cc9ba25-aac0-49aa-89c2-a86269d6fb43)] {{(pid=102386) get_binding_level_objs /opt/stack/neutron/neutron/plugins/ml2/db.py:74}}
Jan 27 16:02:54.275874 dv-cinder-826350-3-iscsi neutron-server[102386]: DEBUG neutron_lib.callbacks.manager [None req-b465d587-d7fa-4841-a785-4ba8b833d3dd None None] Publish callbacks ['neutron.plugins.ml2.plugin.SecurityGroupServerNotifierRpcMixin._notify_sg_on_port_change-3849557', 'neutron.plugins.ml2.ovo_rpc._ObjectChangeHandler.handle_event-80764', 'neutron.api.rpc.agentnotifiers.dhcp_rpc_agent_api.DhcpAgentNotifyAPI._native_event_send_dhcp_notification-724956', 'neutron.db.l3_db.L3RpcNotifierMixin._notify_gateway_port_ip_changed-8748049198044', 'neutron.db.l3_dvrscheduler_db._notify_l3_agent_port_update-8748048689713', 'neutron.db.l3_hascheduler_db._notify_l3_agent_ha_port_update-8748048689731'] for port (393addc8-8829-4b7d-90b7-e512ada615c1), after_update {{(pid=102386) _notify_loop /usr/local/lib/python3.8/dist-packages/neutron_lib/callbacks/manager.py:176}}
Jan 27 16:02:54.278741 dv-cinder-826350-3-iscsi neutron-server[102386]: DEBUG neutron.plugins.ml2.rpc [None req-b465d587-d7fa-4841-a785-4ba8b833d3dd None None] Device 11958eff-0836-4f94-890b-4f1766c74804 up at agent ovs-agent-dv-cinder-826350-3-iscsi {{(pid=102386) update_device_up /opt/stack/neutron/neutron/plugins/ml2/rpc.py:296}}
Jan 27 16:02:54.279390 dv-cinder-826350-3-iscsi neutron-server[102385]: DEBUG neutron.scheduler.base_scheduler [None req-a51a8191-65e3-4cb9-ba0e-e8b371404c53 admin admin] Resources bound (agent type, host, resource id): {{(pid=102385) schedule /opt/stack/neutron/neutron/scheduler/base_scheduler.py:57}}
Jan 27 16:02:54.315806 dv-cinder-826350-3-iscsi neutron-server[102384]: DEBUG neutron.scheduler.l3_agent_scheduler [None req-cc27c550-286a-4618-9540-844054c758cc admin admin] Router 3eb14355-0d59-470b-9caa-1e3792f2409e is scheduled to L3 agent d3fe25b2-1fbd-4e71-afef-097dae0dac4e with binding_index 1 {{(pid=102384) bind_router /opt/stack/neutron/neutron/scheduler/l3_agent_scheduler.py:209}}
Jan 27 16:02:54.320178 dv-cinder-826350-3-iscsi neutron-server[102385]: DEBUG neutron.db.l3_dvrscheduler_db [None req-a51a8191-65e3-4cb9-ba0e-e8b371404c53 admin admin] Received port after_create {{(pid=102385) _notify_l3_agent_new_port /opt/stack/neutron/neutron/db/l3_dvrscheduler_db.py:536}}
Jan 27 16:02:54.433835 dv-cinder-826350-3-iscsi neutron-server[102386]: DEBUG neutron.api.rpc.handlers.resources_rpc [None req-b465d587-d7fa-4841-a785-4ba8b833d3dd None None] Pushing event updated for resources: {'Port': ['ID=393addc8-8829-4b7d-90b7-e512ada615c1,revision_number=3']} {{(pid=102386) push /opt/stack/neutron/neutron/api/rpc/handlers/resources_rpc.py:237}}
Jan 27 16:02:54.486430 dv-cinder-826350-3-iscsi neutron-server[102386]: DEBUG neutron_lib.callbacks.manager [None req-54df8a77-e1d4-4eaa-8f1d-407be1fa510c None None] Publish callbacks ['neutron.services.segments.db._update_segment_host_mapping_for_agent-8748049251970', 'neutron.plugins.ml2.plugin.Ml2Plugin._retry_binding_revived_agents-3817026'] for agent (e2048c89-f2d9-43a6-a0ab-4ca12e999286), after_update {{(pid=102386) _notify_loop /usr/local/lib/python3.8/dist-packages/neutron_lib/callbacks/manager.py:176}}
Jan 27 16:02:54.572459 dv-cinder-826350-3-iscsi neutron-server[102386]: DEBUG neutron.db.provisioning_blocks [None req-b465d587-d7fa-4841-a785-4ba8b833d3dd None None] Provisioning complete for port 11958eff-0836-4f94-890b-4f1766c74804 triggered by entity L2. {{(pid=102386) provisioning_complete /opt/stack/neutron/neutron/db/provisioning_blocks.py:139}}
Jan 27 16:02:54.572858 dv-cinder-826350-3-iscsi neutron-server[102386]: DEBUG neutron_lib.callbacks.manager [None req-b465d587-d7fa-4841-a785-4ba8b833d3dd None None] Publish callbacks ['neutron.plugins.ml2.plugin.Ml2Plugin._port_provisioned-3817124'] for port (11958eff-0836-4f94-890b-4f1766c74804), provisioning_complete {{(pid=102386) _notify_loop /usr/local/lib/python3.8/dist-packages/neutron_lib/callbacks/manager.py:176}}
Jan 27 16:02:54.605154 dv-cinder-826350-3-iscsi neutron-server[102386]: DEBUG neutron.plugins.ml2.plugin [None req-6f19d4df-798f-4c78-a61d-d8df2915421c None None] Current status of the port 11958eff-0836-4f94-890b-4f1766c74804 is: ACTIVE; New status is: ACTIVE {{(pid=102386) _update_individual_port_db_status /opt/stack/neutron/neutron/plugins/ml2/plugin.py:2225}}
Jan 27 16:02:54.612226 dv-cinder-826350-3-iscsi neutron-server[102384]: DEBUG neutron_lib.callbacks.manager [None req-cd590df2-b5e5-4280-83fd-4043181aedd6 admin admin] Publish callbacks [] for router_gateway (13a9f04c-ff77-4339-b2d4-e4a2e70868fd), after_create {{(pid=102384) _notify_loop /usr/local/lib/python3.8/dist-packages/neutron_lib/callbacks/manager.py:176}}
Jan 27 16:02:54.633409 dv-cinder-826350-3-iscsi neutron-server[102386]: DEBUG neutron.db.provisioning_blocks [None req-6f19d4df-798f-4c78-a61d-d8df2915421c None None] Provisioning complete for port 393addc8-8829-4b7d-90b7-e512ada615c1 triggered by entity DHCP. {{(pid=102386) provisioning_complete /opt/stack/neutron/neutron/db/provisioning_blocks.py:139}}
Jan 27 16:02:54.634130 dv-cinder-826350-3-iscsi neutron-server[102386]: DEBUG neutron_lib.callbacks.manager [None req-6f19d4df-798f-4c78-a61d-d8df2915421c None None] Publish callbacks ['neutron.plugins.ml2.plugin.Ml2Plugin._port_provisioned-3817124'] for port (393addc8-8829-4b7d-90b7-e512ada615c1), provisioning_complete {{(pid=102386) _notify_loop /usr/local/lib/python3.8/dist-packages/neutron_lib/callbacks/manager.py:176}}
Jan 27 16:02:54.646396 dv-cinder-826350-3-iscsi neutron-server[102385]: DEBUG neutron.api.rpc.handlers.resources_rpc [None req-a51a8191-65e3-4cb9-ba0e-e8b371404c53 admin admin] Pushing event updated for resources: {'Port': ['ID=4e1cfd3b-fbca-4e53-91b5-496e929b478f,revision_number=1']} {{(pid=102385) push /opt/stack/neutron/neutron/api/rpc/handlers/resources_rpc.py:237}}
Jan 27 16:02:54.717632 dv-cinder-826350-3-iscsi neutron-server[102384]: INFO neutron.wsgi [req-154626c6-c394-444f-ac72-64fe63bb7b93 req-86ff155e-7b83-4c48-98de-848b0ae3c696 tempest-AttachVolumeNegativeTest-165587263 tempest-AttachVolumeNegativeTest-165587263-project] 10.222.0.61 "GET /v2.0/ports?device_id=3fdcde5c-e6f9-45cc-9173-2a47cd7459ee HTTP/1.1" status: 200 len: 210 time: 0.1067722
Jan 27 16:02:54.732749 dv-cinder-826350-3-iscsi neutron-server[102384]: DEBUG neutron.api.rpc.agentnotifiers.l3_rpc_agent_api [None req-cc27c550-286a-4618-9540-844054c758cc admin admin] Notify agent at l3_agent.dv-cinder-826350-3-iscsi the message routers_updated {{(pid=102384) _agent_notification /opt/stack/neutron/neutron/api/rpc/agentnotifiers/l3_rpc_agent_api.py:65}}
Jan 27 16:02:54.753953 dv-cinder-826350-3-iscsi neutron-server[102387]: DEBUG neutron.api.rpc.handlers.l3_rpc [None req-5e338a48-c728-4faa-b11d-c51e76f3b7e1 None None] Sync routers for ids ['3eb14355-0d59-470b-9caa-1e3792f2409e'] in dv-cinder-826350-3-iscsi {{(pid=102387) sync_routers /opt/stack/neutron/neutron/api/rpc/handlers/l3_rpc.py:125}}
Jan 27 16:02:54.764846 dv-cinder-826350-3-iscsi neutron-server[102384]: DEBUG neutron_lib.callbacks.manager [None req-cc27c550-286a-4618-9540-844054c758cc admin admin] Publish callbacks [] for router (None), before_response {{(pid=102384) _notify_loop /usr/local/lib/python3.8/dist-packages/neutron_lib/callbacks/manager.py:176}}
Jan 27 16:02:54.765195 dv-cinder-826350-3-iscsi neutron-server[102387]: DEBUG neutron.db.l3_dvrscheduler_db [None req-5e338a48-c728-4faa-b11d-c51e76f3b7e1 None None] Routers {'3eb14355-0d59-470b-9caa-1e3792f2409e'} bound to L3 agent in host dv-cinder-826350-3-iscsi {{(pid=102387) _get_router_ids_for_agent /opt/stack/neutron/neutron/db/l3_dvrscheduler_db.py:421}}
Jan 27 16:02:54.765195 dv-cinder-826350-3-iscsi neutron-server[102387]: DEBUG neutron.db.l3_hamode_db [None req-5e338a48-c728-4faa-b11d-c51e76f3b7e1 None None] neutron.services.l3_router.l3_router_plugin.L3RouterPlugin method get_ha_sync_data_for_host called with arguments (, 'dv-cinder-826350-3-iscsi', Agent(admin_state_up=True,agent_type='L3 agent',availability_zone='nova',binary='neutron-l3-agent',configurations={"agent_mode": "legacy", "ex_gw_ports": 1, "extensions": [], "floating_ips": 0, "handle_internal_only_routers": true, "interface_driver": "openvswitch", "interfaces": 1, "log_agent_heartbeats": false, "routers": 1},created_at=2022-01-27T15:54:57Z,description=,heartbeat_timestamp=2022-01-27T16:02:27Z,host='dv-cinder-826350-3-iscsi',id=d3fe25b2-1fbd-4e71-afef-097dae0dac4e,load=0,resource_versions=,resources_synced=,started_at=2022-01-27T15:54:57Z,topic='l3_agent')) {'router_ids': ['3eb14355-0d59-470b-9caa-1e3792f2409e'], 'active': True} {{(pid=102387) wrapper /usr/local/lib/python3.8/dist-packages/oslo_log/helpers.py:65}}
Jan 27 16:02:54.766311 dv-cinder-826350-3-iscsi neutron-server[102384]: INFO neutron.wsgi [None req-cc27c550-286a-4618-9540-844054c758cc admin admin] 10.222.0.61 "POST /v2.0/routers HTTP/1.1" status: 201 len: 927 time: 5.0611577
Jan 27 16:02:54.767152 dv-cinder-826350-3-iscsi neutron-server[102384]: DEBUG neutron.wsgi [-] (102384) accepted ('10.222.0.61', 33014) {{(pid=102384) server /usr/local/lib/python3.8/dist-packages/eventlet/wsgi.py:1004}}
Jan 27 16:02:54.895918 dv-cinder-826350-3-iscsi neutron-server[102386]: DEBUG neutron.plugins.ml2.plugin [None req-6f19d4df-798f-4c78-a61d-d8df2915421c None None] Current status of the port 393addc8-8829-4b7d-90b7-e512ada615c1 is: ACTIVE; New status is: ACTIVE {{(pid=102386) _update_individual_port_db_status /opt/stack/neutron/neutron/plugins/ml2/plugin.py:2225}}
Jan 27 16:02:54.904765 dv-cinder-826350-3-iscsi neutron-server[102386]: DEBUG neutron.plugins.ml2.plugin [None req-b465d587-d7fa-4841-a785-4ba8b833d3dd None None] Current status of the port 11958eff-0836-4f94-890b-4f1766c74804 is: ACTIVE; New status is: ACTIVE {{(pid=102386) _update_individual_port_db_status /opt/stack/neutron/neutron/plugins/ml2/plugin.py:2225}}
Jan 27 16:02:54.929932 dv-cinder-826350-3-iscsi neutron-server[102385]: DEBUG neutron.wsgi [-] (102385) accepted ('10.222.0.61', 33020) {{(pid=102385) server /usr/local/lib/python3.8/dist-packages/eventlet/wsgi.py:1004}}
Jan 27 16:02:55.024624 dv-cinder-826350-3-iscsi neutron-server[102385]: DEBUG neutron_lib.callbacks.manager [None req-a51a8191-65e3-4cb9-ba0e-e8b371404c53 admin admin] Publish callbacks [] for router_gateway (99f09f51-e332-469f-92b7-3aaa9d361d57), after_create {{(pid=102385) _notify_loop /usr/local/lib/python3.8/dist-packages/neutron_lib/callbacks/manager.py:176}}
Jan 27 16:02:55.028829 dv-cinder-826350-3-iscsi neutron-server[102386]: DEBUG neutron.db.provisioning_blocks [None req-f3e3a0a6-0c97-48f8-bd2a-10c57647aabb None None] Provisioning complete for port 393addc8-8829-4b7d-90b7-e512ada615c1 triggered by entity DHCP. {{(pid=102386) provisioning_complete /opt/stack/neutron/neutron/db/provisioning_blocks.py:139}}
Jan 27 16:02:55.029237 dv-cinder-826350-3-iscsi neutron-server[102386]: DEBUG neutron_lib.callbacks.manager [None req-f3e3a0a6-0c97-48f8-bd2a-10c57647aabb None None] Publish callbacks ['neutron.plugins.ml2.plugin.Ml2Plugin._port_provisioned-3817124'] for port (393addc8-8829-4b7d-90b7-e512ada615c1), provisioning_complete {{(pid=102386) _notify_loop /usr/local/lib/python3.8/dist-packages/neutron_lib/callbacks/manager.py:176}}
Jan 27 16:02:55.037422 dv-cinder-826350-3-iscsi neutron-server[102387]: DEBUG neutron.db.l3_dvr_db [None req-5e338a48-c728-4faa-b11d-c51e76f3b7e1 None None] Set router 3eb14355-0d59-470b-9caa-1e3792f2409e gateway port host: dv-cinder-826350-3-iscsi {{(pid=102387) _build_routers_list /opt/stack/neutron/neutron/db/l3_dvr_db.py:906}}
Jan 27 16:02:55.190002 dv-cinder-826350-3-iscsi neutron-server[102384]: DEBUG neutron_lib.callbacks.manager [None req-cd590df2-b5e5-4280-83fd-4043181aedd6 admin admin] Publish callbacks ['neutron.services.l3_router.l3_router_plugin.L3_HA_NAT_db_mixin._after_router_create-533816', 'neutron.services.l3_router.l3_router_plugin.DVRResourceOperationHandler._create_snat_interfaces_after_change-538046'] for router (13a9f04c-ff77-4339-b2d4-e4a2e70868fd), after_create {{(pid=102384) _notify_loop /usr/local/lib/python3.8/dist-packages/neutron_lib/callbacks/manager.py:176}}
Jan 27 16:02:55.213133 dv-cinder-826350-3-iscsi neutron-server[102386]: DEBUG neutron.plugins.ml2.plugin [None req-f3e3a0a6-0c97-48f8-bd2a-10c57647aabb None None] Current status of the port 393addc8-8829-4b7d-90b7-e512ada615c1 is: ACTIVE; New status is: ACTIVE {{(pid=102386) _update_individual_port_db_status /opt/stack/neutron/neutron/plugins/ml2/plugin.py:2225}}
Jan 27 16:02:55.247062 dv-cinder-826350-3-iscsi neutron-server[102387]: DEBUG neutron.db.l3_hamode_db [None req-5e338a48-c728-4faa-b11d-c51e76f3b7e1 None None] neutron.services.l3_router.l3_router_plugin.L3RouterPlugin method _process_sync_ha_data called with arguments (, [{'id': '3eb14355-0d59-470b-9caa-1e3792f2409e', 'name': 'tempest-AttachVolumeShelveTestJSON-291860895-router', 'tenant_id': '89f6fa34c0ae441a8fcb708070986ea9', 'admin_state_up': True, 'status': 'ACTIVE', 'external_gateway_info': {'network_id': '94671106-2690-4607-a24c-b125b14b1206', 'external_fixed_ips': [{'subnet_id': 'ad67e580-505f-44ed-9c04-2d4fe2cbfa3f', 'ip_address': '172.27.3.46'}], 'enable_snat': True}, 'gw_port_id': '0388dd29-e185-4e76-9c38-6defc37ad3e1', 'description': '', 'availability_zones': ['nova'], 'distributed': False, 'ha': False, 'ha_vr_id': 0, 'availability_zone_hints': [], 'routes': [], 'flavor_id': None, 'tags': [], 'created_at': '2022-01-27T16:02:49Z', 'updated_at': '2022-01-27T16:02:52Z', 'revision_number': 3, 'project_id': '89f6fa34c0ae441a8fcb708070986ea9', 'gw_port': {'id': '0388dd29-e185-4e76-9c38-6defc37ad3e1', 'name': '', 'network_id': '94671106-2690-4607-a24c-b125b14b1206', 'tenant_id': '', 'mac_address': 'fa:16:3e:cc:39:58', 'admin_state_up': True, 'status': 'DOWN', 'device_id': '3eb14355-0d59-470b-9caa-1e3792f2409e', 'device_owner': 'network:router_gateway', 'standard_attr_id': 92, 'fixed_ips': [{'subnet_id': 'ad67e580-505f-44ed-9c04-2d4fe2cbfa3f', 'ip_address': '172.27.3.46', 'prefixlen': 24}], 'allowed_address_pairs': [], 'extra_dhcp_opts': [], 'security_groups': [], 'description': '', 'binding:vnic_type': 'normal', 'binding:profile': {}, 'binding:host_id': '', 'binding:vif_type': 'unbound', 'binding:vif_details': {}, 'port_security_enabled': False, 'tags': [], 'created_at': '2022-01-27T16:02:51Z', 'updated_at': '2022-01-27T16:02:51Z', 'revision_number': 1, 'project_id': '', 'subnets': [{'id': 'ad67e580-505f-44ed-9c04-2d4fe2cbfa3f', 'cidr': '172.27.3.0/24', 'gateway_ip': '172.27.3.1', 'dns_nameservers': [], 'ipv6_ra_mode': None, 'subnetpool_id': None}], 'extra_subnets': [], 'address_scopes': {4: None, 6: None}, 'mtu': 1500}, 'enable_snat': True, 'gw_port_host': 'dv-cinder-826350-3-iscsi'}], 'dv-cinder-826350-3-iscsi', False) {} {{(pid=102387) wrapper /usr/local/lib/python3.8/dist-packages/oslo_log/helpers.py:65}}
Jan 27 16:02:55.276288 dv-cinder-826350-3-iscsi neutron-server[102387]: DEBUG neutron.api.rpc.handlers.l3_rpc [None req-5e338a48-c728-4faa-b11d-c51e76f3b7e1 None None] Checking router: 3eb14355-0d59-470b-9caa-1e3792f2409e for host: dv-cinder-826350-3-iscsi {{(pid=102387) _ensure_host_set_on_ports /opt/stack/neutron/neutron/api/rpc/handlers/l3_rpc.py:155}}
Jan 27 16:02:55.276839 dv-cinder-826350-3-iscsi neutron-server[102387]: DEBUG neutron.api.rpc.handlers.l3_rpc [None req-5e338a48-c728-4faa-b11d-c51e76f3b7e1 None None] Updating router 3eb14355-0d59-470b-9caa-1e3792f2409e port 0388dd29-e185-4e76-9c38-6defc37ad3e1 binding host dv-cinder-826350-3-iscsi {{(pid=102387) _ensure_host_set_on_port /opt/stack/neutron/neutron/api/rpc/handlers/l3_rpc.py:205}}
Jan 27 16:02:55.311106 dv-cinder-826350-3-iscsi neutron-server[102387]: DEBUG neutron_lib.callbacks.manager [None req-5e338a48-c728-4faa-b11d-c51e76f3b7e1 None None] Publish callbacks ['neutron.plugins.ml2.plugin.SecurityGroupDbMixin._ensure_default_security_group_handler-3850104'] for port (0388dd29-e185-4e76-9c38-6defc37ad3e1), before_update {{(pid=102387) _notify_loop /usr/local/lib/python3.8/dist-packages/neutron_lib/callbacks/manager.py:176}}
Jan 27 16:02:55.344837 dv-cinder-826350-3-iscsi neutron-server[102384]: INFO neutron.wsgi [req-b124c74a-a224-4f10-954a-84f035e1acc6 req-e9e3f980-1fa8-44e3-ad18-050bfdaac496 tempest-DeleteServersTestJSON-1383023015 tempest-DeleteServersTestJSON-1383023015-project] 10.222.0.61 "GET /v2.0/ports?device_id=c098b0b1-0d8f-4c24-8c24-721f965786f4 HTTP/1.1" status: 200 len: 210 time: 0.0462794
Jan 27 16:02:55.364773 dv-cinder-826350-3-iscsi neutron-server[102385]: INFO neutron.wsgi [None req-95d7b1b8-2266-4734-9dfd-5b594ee6a613 admin admin] 10.222.0.61 "GET /v2.0/security-groups?tenant_id=b024a53dba0a464d81bb42d508b70c93&name=default HTTP/1.1" status: 200 len: 2992 time: 0.4339669
Jan 27 16:02:55.366202 dv-cinder-826350-3-iscsi neutron-server[102385]: DEBUG neutron_lib.callbacks.manager [None req-a51a8191-65e3-4cb9-ba0e-e8b371404c53 admin admin] Publish callbacks ['neutron.services.l3_router.l3_router_plugin.L3_HA_NAT_db_mixin._after_router_create-533816', 'neutron.services.l3_router.l3_router_plugin.DVRResourceOperationHandler._create_snat_interfaces_after_change-538046'] for router (99f09f51-e332-469f-92b7-3aaa9d361d57), after_create {{(pid=102385) _notify_loop /usr/local/lib/python3.8/dist-packages/neutron_lib/callbacks/manager.py:176}}
Jan 27 16:02:55.368766 dv-cinder-826350-3-iscsi neutron-server[102385]: DEBUG neutron.wsgi [-] (102385) accepted ('10.222.0.61', 33028) {{(pid=102385) server /usr/local/lib/python3.8/dist-packages/eventlet/wsgi.py:1004}}
Jan 27 16:02:55.413782 dv-cinder-826350-3-iscsi neutron-server[102386]: DEBUG neutron.plugins.ml2.rpc [None req-b465d587-d7fa-4841-a785-4ba8b833d3dd None None] Device 393addc8-8829-4b7d-90b7-e512ada615c1 up at agent ovs-agent-dv-cinder-826350-3-iscsi {{(pid=102386) update_device_up /opt/stack/neutron/neutron/plugins/ml2/rpc.py:296}}
Jan 27 16:02:55.480189 dv-cinder-826350-3-iscsi neutron-server[102386]: DEBUG neutron.db.provisioning_blocks [None req-b465d587-d7fa-4841-a785-4ba8b833d3dd None None] Provisioning complete for port 393addc8-8829-4b7d-90b7-e512ada615c1 triggered by entity L2. {{(pid=102386) provisioning_complete /opt/stack/neutron/neutron/db/provisioning_blocks.py:139}}
Jan 27 16:02:55.480700 dv-cinder-826350-3-iscsi neutron-server[102386]: DEBUG neutron_lib.callbacks.manager [None req-b465d587-d7fa-4841-a785-4ba8b833d3dd None None] Publish callbacks ['neutron.plugins.ml2.plugin.Ml2Plugin._port_provisioned-3817124'] for port (393addc8-8829-4b7d-90b7-e512ada615c1), provisioning_complete {{(pid=102386) _notify_loop /usr/local/lib/python3.8/dist-packages/neutron_lib/callbacks/manager.py:176}}
Jan 27 16:02:55.555830 dv-cinder-826350-3-iscsi neutron-server[102385]: DEBUG neutron_lib.callbacks.manager [None req-b65a65b4-a49b-4931-996e-fb6b967d895a admin admin] Publish callbacks [] for security_group (97831c9d-703e-4411-bc08-b7755a2cfe3c), before_delete {{(pid=102385) _notify_loop /usr/local/lib/python3.8/dist-packages/neutron_lib/callbacks/manager.py:176}}
Jan 27 16:02:55.602826 dv-cinder-826350-3-iscsi neutron-server[102385]: DEBUG neutron_lib.callbacks.manager [None req-b65a65b4-a49b-4931-996e-fb6b967d895a admin admin] Publish callbacks [] for security_group (97831c9d-703e-4411-bc08-b7755a2cfe3c), precommit_delete {{(pid=102385) _notify_loop /usr/local/lib/python3.8/dist-packages/neutron_lib/callbacks/manager.py:176}}
Jan 27 16:02:55.642597 dv-cinder-826350-3-iscsi neutron-server[102386]: DEBUG neutron.plugins.ml2.plugin [None req-b465d587-d7fa-4841-a785-4ba8b833d3dd None None] Current status of the port 393addc8-8829-4b7d-90b7-e512ada615c1 is: ACTIVE; New status is: ACTIVE {{(pid=102386) _update_individual_port_db_status /opt/stack/neutron/neutron/plugins/ml2/plugin.py:2225}}
Jan 27 16:02:55.644549 dv-cinder-826350-3-iscsi neutron-server[102386]: DEBUG neutron.plugins.ml2.rpc [None req-b465d587-d7fa-4841-a785-4ba8b833d3dd None None] Device 11958eff-0836-4f94-890b-4f1766c74804 up at agent ovs-agent-dv-cinder-826350-3-iscsi {{(pid=102386) update_device_up /opt/stack/neutron/neutron/plugins/ml2/rpc.py:296}}
Jan 27 16:02:55.673582 dv-cinder-826350-3-iscsi neutron-server[102387]: DEBUG neutron_lib.callbacks.manager [None req-5e338a48-c728-4faa-b11d-c51e76f3b7e1 None None] Publish callbacks [] for port (0388dd29-e185-4e76-9c38-6defc37ad3e1), precommit_update {{(pid=102387) _notify_loop /usr/local/lib/python3.8/dist-packages/neutron_lib/callbacks/manager.py:176}}
Jan 27 16:02:55.677652 dv-cinder-826350-3-iscsi neutron-server[102385]: DEBUG neutron.scheduler.l3_agent_scheduler [None req-a51a8191-65e3-4cb9-ba0e-e8b371404c53 admin admin] Router 99f09f51-e332-469f-92b7-3aaa9d361d57 is scheduled to L3 agent d3fe25b2-1fbd-4e71-afef-097dae0dac4e with binding_index 1 {{(pid=102385) bind_router /opt/stack/neutron/neutron/scheduler/l3_agent_scheduler.py:209}}
Jan 27 16:02:55.682089 dv-cinder-826350-3-iscsi neutron-server[102387]: DEBUG neutron_lib.callbacks.manager [None req-5e338a48-c728-4faa-b11d-c51e76f3b7e1 None None] Publish callbacks ['neutron.plugins.ml2.plugin.SecurityGroupServerNotifierRpcMixin._notify_sg_on_port_change-3849557', 'neutron.plugins.ml2.ovo_rpc._ObjectChangeHandler.handle_event-80764', 'neutron.api.rpc.agentnotifiers.dhcp_rpc_agent_api.DhcpAgentNotifyAPI._native_event_send_dhcp_notification-724956', 'neutron.db.l3_db.L3RpcNotifierMixin._notify_gateway_port_ip_changed-8748049198044', 'neutron.db.l3_dvrscheduler_db._notify_l3_agent_port_update-8748048689713', 'neutron.db.l3_hascheduler_db._notify_l3_agent_ha_port_update-8748048689731'] for port (0388dd29-e185-4e76-9c38-6defc37ad3e1), after_update {{(pid=102387) _notify_loop /usr/local/lib/python3.8/dist-packages/neutron_lib/callbacks/manager.py:176}}
Jan 27 16:02:55.698168 dv-cinder-826350-3-iscsi neutron-server[102385]: DEBUG neutron_lib.callbacks.manager [None req-b65a65b4-a49b-4931-996e-fb6b967d895a admin admin] Publish callbacks ['neutron.plugins.ml2.ovo_rpc._ObjectChangeHandler.handle_event-644530'] for security_group (97831c9d-703e-4411-bc08-b7755a2cfe3c), after_delete {{(pid=102385) _notify_loop /usr/local/lib/python3.8/dist-packages/neutron_lib/callbacks/manager.py:176}}
Jan 27 16:02:55.705575 dv-cinder-826350-3-iscsi neutron-server[102385]: DEBUG neutron_lib.callbacks.manager [None req-b65a65b4-a49b-4931-996e-fb6b967d895a admin admin] Publish callbacks [] for security_group (None), before_response {{(pid=102385) _notify_loop /usr/local/lib/python3.8/dist-packages/neutron_lib/callbacks/manager.py:176}}
Jan 27 16:02:55.705575 dv-cinder-826350-3-iscsi neutron-server[102385]: INFO neutron.wsgi [None req-b65a65b4-a49b-4931-996e-fb6b967d895a admin admin] 10.222.0.61 "DELETE /v2.0/security-groups/97831c9d-703e-4411-bc08-b7755a2cfe3c HTTP/1.1" status: 204 len: 168 time: 0.3336110
Jan 27 16:02:55.740255 dv-cinder-826350-3-iscsi neutron-server[102387]: DEBUG neutron.plugins.ml2.managers [None req-5e338a48-c728-4faa-b11d-c51e76f3b7e1 None None] Attempting to bind port 0388dd29-e185-4e76-9c38-6defc37ad3e1 on host dv-cinder-826350-3-iscsi for vnic_type normal with profile {{(pid=102387) bind_port /opt/stack/neutron/neutron/plugins/ml2/managers.py:795}}
Jan 27 16:02:55.740984 dv-cinder-826350-3-iscsi neutron-server[102387]: DEBUG neutron.plugins.ml2.managers [None req-5e338a48-c728-4faa-b11d-c51e76f3b7e1 None None] Attempting to bind port 0388dd29-e185-4e76-9c38-6defc37ad3e1 by drivers openvswitch,hyperv on host dv-cinder-826350-3-iscsi at level 0 using segments [{'id': '81ffcf18-7dcf-44c3-9397-83f0f95846d4', 'network_type': 'flat', 'physical_network': 'physnet1', 'segmentation_id': None, 'network_id': '94671106-2690-4607-a24c-b125b14b1206'}] {{(pid=102387) _bind_port_level /opt/stack/neutron/neutron/plugins/ml2/managers.py:820}}
Jan 27 16:02:55.741357 dv-cinder-826350-3-iscsi neutron-server[102387]: DEBUG neutron.plugins.ml2.drivers.mech_agent [None req-5e338a48-c728-4faa-b11d-c51e76f3b7e1 None None] Attempting to bind port 0388dd29-e185-4e76-9c38-6defc37ad3e1 on network 94671106-2690-4607-a24c-b125b14b1206 {{(pid=102387) bind_port /opt/stack/neutron/neutron/plugins/ml2/drivers/mech_agent.py:91}}
Jan 27 16:02:55.745139 dv-cinder-826350-3-iscsi neutron-server[102387]: DEBUG neutron.api.rpc.handlers.resources_rpc [None req-051066ee-e8a2-4060-922a-b87b92950efa None None] Pushing event updated for resources: {'Port': ['ID=0388dd29-e185-4e76-9c38-6defc37ad3e1,revision_number=2']} {{(pid=102387) push /opt/stack/neutron/neutron/api/rpc/handlers/resources_rpc.py:237}}
Jan 27 16:02:55.752997 dv-cinder-826350-3-iscsi neutron-server[102384]: DEBUG neutron.scheduler.l3_agent_scheduler [None req-cd590df2-b5e5-4280-83fd-4043181aedd6 admin admin] Router 13a9f04c-ff77-4339-b2d4-e4a2e70868fd is scheduled to L3 agent d3fe25b2-1fbd-4e71-afef-097dae0dac4e with binding_index 1 {{(pid=102384) bind_router /opt/stack/neutron/neutron/scheduler/l3_agent_scheduler.py:209}}
Jan 27 16:02:55.755765 dv-cinder-826350-3-iscsi neutron-server[102387]: DEBUG neutron.api.rpc.callbacks.version_manager [None req-051066ee-e8a2-4060-922a-b87b92950efa None None] Version for resource type AddressGroup changed None to 1.2 on consumer Open vSwitch agent@dv-cinder-826350-3-iscsi {{(pid=102387) _set_version /opt/stack/neutron/neutron/api/rpc/callbacks/version_manager.py:113}}
Jan 27 16:02:55.756871 dv-cinder-826350-3-iscsi neutron-server[102387]: DEBUG neutron.api.rpc.callbacks.version_manager [None req-051066ee-e8a2-4060-922a-b87b92950efa None None] Version for resource type ConntrackHelper changed None to 1.0 on consumer Open vSwitch agent@dv-cinder-826350-3-iscsi {{(pid=102387) _set_version /opt/stack/neutron/neutron/api/rpc/callbacks/version_manager.py:113}}
Jan 27 16:02:55.757078 dv-cinder-826350-3-iscsi neutron-server[102387]: DEBUG neutron.api.rpc.callbacks.version_manager [None req-051066ee-e8a2-4060-922a-b87b92950efa None None] Version for resource type LocalIPAssociation changed None to 1.0 on consumer Open vSwitch agent@dv-cinder-826350-3-iscsi {{(pid=102387) _set_version /opt/stack/neutron/neutron/api/rpc/callbacks/version_manager.py:113}}
Jan 27 16:02:55.757897 dv-cinder-826350-3-iscsi neutron-server[102387]: DEBUG neutron.api.rpc.callbacks.version_manager [None req-051066ee-e8a2-4060-922a-b87b92950efa None None] Version for resource type Log changed None to 1.0 on consumer Open vSwitch agent@dv-cinder-826350-3-iscsi {{(pid=102387) _set_version /opt/stack/neutron/neutron/api/rpc/callbacks/version_manager.py:113}}
Jan 27 16:02:55.758393 dv-cinder-826350-3-iscsi neutron-server[102387]: DEBUG neutron.api.rpc.callbacks.version_manager [None req-051066ee-e8a2-4060-922a-b87b92950efa None None] Version for resource type Network changed None to 1.1 on consumer Open vSwitch agent@dv-cinder-826350-3-iscsi {{(pid=102387) _set_version /opt/stack/neutron/neutron/api/rpc/callbacks/version_manager.py:113}}
Jan 27 16:02:55.758885 dv-cinder-826350-3-iscsi neutron-server[102387]: DEBUG neutron.api.rpc.callbacks.version_manager [None req-051066ee-e8a2-4060-922a-b87b92950efa None None] Version for resource type Port changed None to 1.7 on consumer Open vSwitch agent@dv-cinder-826350-3-iscsi {{(pid=102387) _set_version /opt/stack/neutron/neutron/api/rpc/callbacks/version_manager.py:113}}
Jan 27 16:02:55.759419 dv-cinder-826350-3-iscsi neutron-server[102387]: DEBUG neutron.api.rpc.callbacks.version_manager [None req-051066ee-e8a2-4060-922a-b87b92950efa None None] Version for resource type PortForwarding changed None to 1.2 on consumer Open vSwitch agent@dv-cinder-826350-3-iscsi {{(pid=102387) _set_version /opt/stack/neutron/neutron/api/rpc/callbacks/version_manager.py:113}}
Jan 27 16:02:55.759906 dv-cinder-826350-3-iscsi neutron-server[102387]: DEBUG neutron.api.rpc.callbacks.version_manager [None req-051066ee-e8a2-4060-922a-b87b92950efa None None] Version for resource type QosPolicy changed None to 1.10 on consumer Open vSwitch agent@dv-cinder-826350-3-iscsi {{(pid=102387) _set_version /opt/stack/neutron/neutron/api/rpc/callbacks/version_manager.py:113}}
Jan 27 16:02:55.760451 dv-cinder-826350-3-iscsi neutron-server[102387]: DEBUG neutron.api.rpc.callbacks.version_manager [None req-051066ee-e8a2-4060-922a-b87b92950efa None None] Version for resource type SecurityGroup changed None to 1.5 on consumer Open vSwitch agent@dv-cinder-826350-3-iscsi {{(pid=102387) _set_version /opt/stack/neutron/neutron/api/rpc/callbacks/version_manager.py:113}}
Jan 27 16:02:55.760950 dv-cinder-826350-3-iscsi neutron-server[102387]: DEBUG neutron.api.rpc.callbacks.version_manager [None req-051066ee-e8a2-4060-922a-b87b92950efa None None] Version for resource type SecurityGroupRule changed None to 1.2 on consumer Open vSwitch agent@dv-cinder-826350-3-iscsi {{(pid=102387) _set_version /opt/stack/neutron/neutron/api/rpc/callbacks/version_manager.py:113}}
Jan 27 16:02:55.761432 dv-cinder-826350-3-iscsi neutron-server[102387]: DEBUG neutron.api.rpc.callbacks.version_manager [None req-051066ee-e8a2-4060-922a-b87b92950efa None None] Version for resource type SubPort changed None to 1.0 on consumer Open vSwitch agent@dv-cinder-826350-3-iscsi {{(pid=102387) _set_version /opt/stack/neutron/neutron/api/rpc/callbacks/version_manager.py:113}}
Jan 27 16:02:55.761922 dv-cinder-826350-3-iscsi neutron-server[102387]: DEBUG neutron.api.rpc.callbacks.version_manager [None req-051066ee-e8a2-4060-922a-b87b92950efa None None] Version for resource type Subnet changed None to 1.1 on consumer Open vSwitch agent@dv-cinder-826350-3-iscsi {{(pid=102387) _set_version /opt/stack/neutron/neutron/api/rpc/callbacks/version_manager.py:113}}
Jan 27 16:02:55.762585 dv-cinder-826350-3-iscsi neutron-server[102387]: DEBUG neutron.api.rpc.callbacks.version_manager [None req-051066ee-e8a2-4060-922a-b87b92950efa None None] Version for resource type Trunk changed None to 1.1 on consumer Open vSwitch agent@dv-cinder-826350-3-iscsi {{(pid=102387) _set_version /opt/stack/neutron/neutron/api/rpc/callbacks/version_manager.py:113}}
Jan 27 16:02:55.764115 dv-cinder-826350-3-iscsi neutron-server[102387]: DEBUG neutron.api.rpc.callbacks.version_manager [None req-051066ee-e8a2-4060-922a-b87b92950efa None None] Tracked resource versions report:
Jan 27 16:02:55.764115 dv-cinder-826350-3-iscsi neutron-server[102387]: pushed versions:
Jan 27 16:02:55.764115 dv-cinder-826350-3-iscsi neutron-server[102387]: { 'AddressGroup': {'1.2'},
Jan 27 16:02:55.764115 dv-cinder-826350-3-iscsi neutron-server[102387]: 'ConntrackHelper': {'1.0'},
Jan 27 16:02:55.764115 dv-cinder-826350-3-iscsi neutron-server[102387]: 'LocalIPAssociation': {'1.0'},
Jan 27 16:02:55.764115 dv-cinder-826350-3-iscsi neutron-server[102387]: 'Log': {'1.0'},
Jan 27 16:02:55.764115 dv-cinder-826350-3-iscsi neutron-server[102387]: 'Network': {'1.1'},
Jan 27 16:02:55.764115 dv-cinder-826350-3-iscsi neutron-server[102387]: 'Port': {'1.7'},
Jan 27 16:02:55.764115 dv-cinder-826350-3-iscsi neutron-server[102387]: 'PortForwarding': {'1.2'},
Jan 27 16:02:55.764115 dv-cinder-826350-3-iscsi neutron-server[102387]: 'QosPolicy': {'1.10'},
Jan 27 16:02:55.764115 dv-cinder-826350-3-iscsi neutron-server[102387]: 'SecurityGroup': {'1.5'},
Jan 27 16:02:55.764115 dv-cinder-826350-3-iscsi neutron-server[102387]: 'SecurityGroupRule': {'1.2'},
Jan 27 16:02:55.764115 dv-cinder-826350-3-iscsi neutron-server[102387]: 'SubPort': {'1.0'},
Jan 27 16:02:55.764115 dv-cinder-826350-3-iscsi neutron-server[102387]: 'Subnet': {'1.1'},
Jan 27 16:02:55.764115 dv-cinder-826350-3-iscsi neutron-server[102387]: 'Trunk': {'1.1'}}
Jan 27 16:02:55.764115 dv-cinder-826350-3-iscsi neutron-server[102387]: consumer versions:
Jan 27 16:02:55.764115 dv-cinder-826350-3-iscsi neutron-server[102387]: { DHCP agent@dv-cinder-826350-3-iscsi: {},
Jan 27 16:02:55.764115 dv-cinder-826350-3-iscsi neutron-server[102387]: HyperV agent@hv-cinder-82635: {},
Jan 27 16:02:55.764115 dv-cinder-826350-3-iscsi neutron-server[102387]: L3 agent@dv-cinder-826350-3-iscsi: {},
Jan 27 16:02:55.764115 dv-cinder-826350-3-iscsi neutron-server[102387]: Metadata agent@dv-cinder-826350-3-iscsi: {},
Jan 27 16:02:55.764115 dv-cinder-826350-3-iscsi neutron-server[102387]: Metering agent@dv-cinder-826350-3-iscsi: {},
Jan 27 16:02:55.764115 dv-cinder-826350-3-iscsi neutron-server[102387]: Open vSwitch agent@dv-cinder-826350-3-iscsi: { 'AddressGroup': '1.2',
Jan 27 16:02:55.764115 dv-cinder-826350-3-iscsi neutron-server[102387]: 'ConntrackHelper': '1.0',
Jan 27 16:02:55.764115 dv-cinder-826350-3-iscsi neutron-server[102387]: 'LocalIPAssociation': '1.0',
Jan 27 16:02:55.764115 dv-cinder-826350-3-iscsi neutron-server[102387]: 'Log': '1.0',
Jan 27 16:02:55.764115 dv-cinder-826350-3-iscsi neutron-server[102387]: 'Network': '1.1',
Jan 27 16:02:55.764115 dv-cinder-826350-3-iscsi neutron-server[102387]: 'Port': '1.7',
Jan 27 16:02:55.764115 dv-cinder-826350-3-iscsi neutron-server[102387]: 'PortForwarding': '1.2',
Jan 27 16:02:55.764115 dv-cinder-826350-3-iscsi neutron-server[102387]: 'QosPolicy': '1.10',
Jan 27 16:02:55.764115 dv-cinder-826350-3-iscsi neutron-server[102387]: 'SecurityGroup': '1.5',
Jan 27 16:02:55.764115 dv-cinder-826350-3-iscsi neutron-server[102387]: 'SecurityGroupRule': '1.2',
Jan 27 16:02:55.764115 dv-cinder-826350-3-iscsi neutron-server[102387]: 'SubPort': '1.0',
Jan 27 16:02:55.764115 dv-cinder-826350-3-iscsi neutron-server[102387]: 'Subnet': '1.1',
Jan 27 16:02:55.764115 dv-cinder-826350-3-iscsi neutron-server[102387]: 'Trunk': '1.1'}}
Jan 27 16:02:55.764115 dv-cinder-826350-3-iscsi neutron-server[102387]: {{(pid=102387) report /opt/stack/neutron/neutron/api/rpc/callbacks/version_manager.py:175}}
Jan 27 16:02:55.766343 dv-cinder-826350-3-iscsi neutron-server[102386]: DEBUG neutron.db.provisioning_blocks [None req-b465d587-d7fa-4841-a785-4ba8b833d3dd None None] Provisioning complete for port 11958eff-0836-4f94-890b-4f1766c74804 triggered by entity L2. {{(pid=102386) provisioning_complete /opt/stack/neutron/neutron/db/provisioning_blocks.py:139}}
Jan 27 16:02:55.766744 dv-cinder-826350-3-iscsi neutron-server[102386]: DEBUG neutron_lib.callbacks.manager [None req-b465d587-d7fa-4841-a785-4ba8b833d3dd None None] Publish callbacks ['neutron.plugins.ml2.plugin.Ml2Plugin._port_provisioned-3817124'] for port (11958eff-0836-4f94-890b-4f1766c74804), provisioning_complete {{(pid=102386) _notify_loop /usr/local/lib/python3.8/dist-packages/neutron_lib/callbacks/manager.py:176}}
