Jan 25 18:39:11.216241 dv-cinder-826350-1-iscsi neutron-server[102638]: DEBUG neutron_lib.callbacks.manager [req-e78dc92c-e894-4605-ac78-321df6a1b69a req-a6f6a6f0-babf-4623-b066-848538763c73 service neutron] Publish callbacks ['neutron.notifiers.nova.Notifier._send_nova_notification-1992159', 'neutron.api.rpc.agentnotifiers.dhcp_rpc_agent_api.DhcpAgentNotifyAPI._send_dhcp_notification-559394'] for port (None), before_response {{(pid=102638) _notify_loop /usr/local/lib/python3.8/dist-packages/neutron_lib/callbacks/manager.py:176}}
Jan 25 18:39:11.218212 dv-cinder-826350-1-iscsi neutron-server[102638]: INFO neutron.wsgi [req-e78dc92c-e894-4605-ac78-321df6a1b69a req-a6f6a6f0-babf-4623-b066-848538763c73 service neutron] 10.222.0.42 "PUT /v2.0/ports/f93b96bc-732e-4b8f-9164-841bdf36e617 HTTP/1.1" status: 200 len: 1093 time: 1.6195884
Jan 25 18:39:11.258597 dv-cinder-826350-1-iscsi neutron-server[102637]: DEBUG neutron_lib.callbacks.manager [None req-700df256-8bdc-4ce1-83ba-de7217d91f0b admin admin] Publish callbacks [] for security_group (856742fb-a173-4138-baf9-027cecc151c0), precommit_delete {{(pid=102637) _notify_loop /usr/local/lib/python3.8/dist-packages/neutron_lib/callbacks/manager.py:176}}
Jan 25 18:39:11.265454 dv-cinder-826350-1-iscsi neutron-server[102638]: DEBUG neutron.api.rpc.handlers.resources_rpc [None req-a6f6a6f0-babf-4623-b066-848538763c73 service neutron] Pushing event updated for resources: {'Port': ['ID=f93b96bc-732e-4b8f-9164-841bdf36e617,revision_number=3']} {{(pid=102638) push /opt/stack/neutron/neutron/api/rpc/handlers/resources_rpc.py:237}}
Jan 25 18:39:11.332708 dv-cinder-826350-1-iscsi neutron-server[102637]: DEBUG neutron_lib.callbacks.manager [None req-700df256-8bdc-4ce1-83ba-de7217d91f0b admin admin] Publish callbacks ['neutron.plugins.ml2.ovo_rpc._ObjectChangeHandler.handle_event-542202'] for security_group (856742fb-a173-4138-baf9-027cecc151c0), after_delete {{(pid=102637) _notify_loop /usr/local/lib/python3.8/dist-packages/neutron_lib/callbacks/manager.py:176}}
Jan 25 18:39:11.338387 dv-cinder-826350-1-iscsi neutron-server[102637]: DEBUG neutron_lib.callbacks.manager [None req-700df256-8bdc-4ce1-83ba-de7217d91f0b admin admin] Publish callbacks [] for security_group (None), before_response {{(pid=102637) _notify_loop /usr/local/lib/python3.8/dist-packages/neutron_lib/callbacks/manager.py:176}}
Jan 25 18:39:11.338387 dv-cinder-826350-1-iscsi neutron-server[102637]: INFO neutron.wsgi [None req-700df256-8bdc-4ce1-83ba-de7217d91f0b admin admin] 10.222.0.41 "DELETE /v2.0/security-groups/856742fb-a173-4138-baf9-027cecc151c0 HTTP/1.1" status: 204 len: 168 time: 0.2396557
Jan 25 18:39:11.357600 dv-cinder-826350-1-iscsi neutron-server[102637]: DEBUG neutron.api.rpc.handlers.resources_rpc [None req-700df256-8bdc-4ce1-83ba-de7217d91f0b admin admin] Pushing event deleted for resources: {'SecurityGroup': ['ID=856742fb-a173-4138-baf9-027cecc151c0,revision_number=None']} {{(pid=102637) push /opt/stack/neutron/neutron/api/rpc/handlers/resources_rpc.py:237}}
Jan 25 18:39:11.366335 dv-cinder-826350-1-iscsi neutron-server[102637]: DEBUG neutron.api.rpc.callbacks.version_manager [None req-700df256-8bdc-4ce1-83ba-de7217d91f0b admin admin] Version for resource type AddressGroup changed None to 1.2 on consumer Open vSwitch agent@dv-cinder-826350-1-iscsi {{(pid=102637) _set_version /opt/stack/neutron/neutron/api/rpc/callbacks/version_manager.py:113}}
Jan 25 18:39:11.366689 dv-cinder-826350-1-iscsi neutron-server[102637]: DEBUG neutron.api.rpc.callbacks.version_manager [None req-700df256-8bdc-4ce1-83ba-de7217d91f0b admin admin] Version for resource type ConntrackHelper changed None to 1.0 on consumer Open vSwitch agent@dv-cinder-826350-1-iscsi {{(pid=102637) _set_version /opt/stack/neutron/neutron/api/rpc/callbacks/version_manager.py:113}}
Jan 25 18:39:11.367845 dv-cinder-826350-1-iscsi neutron-server[102637]: DEBUG neutron.api.rpc.callbacks.version_manager [None req-700df256-8bdc-4ce1-83ba-de7217d91f0b admin admin] Version for resource type LocalIPAssociation changed None to 1.0 on consumer Open vSwitch agent@dv-cinder-826350-1-iscsi {{(pid=102637) _set_version /opt/stack/neutron/neutron/api/rpc/callbacks/version_manager.py:113}}
Jan 25 18:39:11.368203 dv-cinder-826350-1-iscsi neutron-server[102637]: DEBUG neutron.api.rpc.callbacks.version_manager [None req-700df256-8bdc-4ce1-83ba-de7217d91f0b admin admin] Version for resource type Log changed None to 1.0 on consumer Open vSwitch agent@dv-cinder-826350-1-iscsi {{(pid=102637) _set_version /opt/stack/neutron/neutron/api/rpc/callbacks/version_manager.py:113}}
Jan 25 18:39:11.368872 dv-cinder-826350-1-iscsi neutron-server[102637]: DEBUG neutron.api.rpc.callbacks.version_manager [None req-700df256-8bdc-4ce1-83ba-de7217d91f0b admin admin] Version for resource type Network changed None to 1.1 on consumer Open vSwitch agent@dv-cinder-826350-1-iscsi {{(pid=102637) _set_version /opt/stack/neutron/neutron/api/rpc/callbacks/version_manager.py:113}}
Jan 25 18:39:11.368983 dv-cinder-826350-1-iscsi neutron-server[102638]: DEBUG neutron.pecan_wsgi.hooks.policy_enforcement [req-e78dc92c-e894-4605-ac78-321df6a1b69a req-8075333e-c7b0-45e3-ad94-34e8579405c9 service neutron] Attributes excluded by policy engine: ['standard_attr_id'] {{(pid=102638) _exclude_attributes_by_policy /opt/stack/neutron/neutron/pecan_wsgi/hooks/policy_enforcement.py:255}}
Jan 25 18:39:11.369211 dv-cinder-826350-1-iscsi neutron-server[102637]: DEBUG neutron.api.rpc.callbacks.version_manager [None req-700df256-8bdc-4ce1-83ba-de7217d91f0b admin admin] Version for resource type Port changed None to 1.7 on consumer Open vSwitch agent@dv-cinder-826350-1-iscsi {{(pid=102637) _set_version /opt/stack/neutron/neutron/api/rpc/callbacks/version_manager.py:113}}
Jan 25 18:39:11.369547 dv-cinder-826350-1-iscsi neutron-server[102637]: DEBUG neutron.api.rpc.callbacks.version_manager [None req-700df256-8bdc-4ce1-83ba-de7217d91f0b admin admin] Version for resource type PortForwarding changed None to 1.2 on consumer Open vSwitch agent@dv-cinder-826350-1-iscsi {{(pid=102637) _set_version /opt/stack/neutron/neutron/api/rpc/callbacks/version_manager.py:113}}
Jan 25 18:39:11.369878 dv-cinder-826350-1-iscsi neutron-server[102637]: DEBUG neutron.api.rpc.callbacks.version_manager [None req-700df256-8bdc-4ce1-83ba-de7217d91f0b admin admin] Version for resource type QosPolicy changed None to 1.10 on consumer Open vSwitch agent@dv-cinder-826350-1-iscsi {{(pid=102637) _set_version /opt/stack/neutron/neutron/api/rpc/callbacks/version_manager.py:113}}
Jan 25 18:39:11.370251 dv-cinder-826350-1-iscsi neutron-server[102637]: DEBUG neutron.api.rpc.callbacks.version_manager [None req-700df256-8bdc-4ce1-83ba-de7217d91f0b admin admin] Version for resource type SecurityGroup changed None to 1.5 on consumer Open vSwitch agent@dv-cinder-826350-1-iscsi {{(pid=102637) _set_version /opt/stack/neutron/neutron/api/rpc/callbacks/version_manager.py:113}}
Jan 25 18:39:11.370488 dv-cinder-826350-1-iscsi neutron-server[102638]: INFO neutron.wsgi [req-e78dc92c-e894-4605-ac78-321df6a1b69a req-8075333e-c7b0-45e3-ad94-34e8579405c9 service neutron] 10.222.0.42 "GET /v2.0/ports?tenant_id=17a718a30f324aa9b086c49d167a0bda&device_id=b237bebf-7dce-4434-a922-667d3a768eb8 HTTP/1.1" status: 200 len: 1096 time: 0.0855808
Jan 25 18:39:11.370604 dv-cinder-826350-1-iscsi neutron-server[102637]: DEBUG neutron.api.rpc.callbacks.version_manager [None req-700df256-8bdc-4ce1-83ba-de7217d91f0b admin admin] Version for resource type SecurityGroupRule changed None to 1.2 on consumer Open vSwitch agent@dv-cinder-826350-1-iscsi {{(pid=102637) _set_version /opt/stack/neutron/neutron/api/rpc/callbacks/version_manager.py:113}}
Jan 25 18:39:11.370931 dv-cinder-826350-1-iscsi neutron-server[102637]: DEBUG neutron.api.rpc.callbacks.version_manager [None req-700df256-8bdc-4ce1-83ba-de7217d91f0b admin admin] Version for resource type SubPort changed None to 1.0 on consumer Open vSwitch agent@dv-cinder-826350-1-iscsi {{(pid=102637) _set_version /opt/stack/neutron/neutron/api/rpc/callbacks/version_manager.py:113}}
Jan 25 18:39:11.371253 dv-cinder-826350-1-iscsi neutron-server[102637]: DEBUG neutron.api.rpc.callbacks.version_manager [None req-700df256-8bdc-4ce1-83ba-de7217d91f0b admin admin] Version for resource type Subnet changed None to 1.1 on consumer Open vSwitch agent@dv-cinder-826350-1-iscsi {{(pid=102637) _set_version /opt/stack/neutron/neutron/api/rpc/callbacks/version_manager.py:113}}
Jan 25 18:39:11.371574 dv-cinder-826350-1-iscsi neutron-server[102637]: DEBUG neutron.api.rpc.callbacks.version_manager [None req-700df256-8bdc-4ce1-83ba-de7217d91f0b admin admin] Version for resource type Trunk changed None to 1.1 on consumer Open vSwitch agent@dv-cinder-826350-1-iscsi {{(pid=102637) _set_version /opt/stack/neutron/neutron/api/rpc/callbacks/version_manager.py:113}}
Jan 25 18:39:11.443672 dv-cinder-826350-1-iscsi neutron-server[102638]: INFO neutron.wsgi [req-e78dc92c-e894-4605-ac78-321df6a1b69a req-618c4de5-8520-4b8e-9d0b-337058188d41 service neutron] 10.222.0.42 "GET /v2.0/floatingips?fixed_ip_address=172.20.0.4&port_id=f93b96bc-732e-4b8f-9164-841bdf36e617 HTTP/1.1" status: 200 len: 217 time: 0.0544839
Jan 25 18:39:11.481993 dv-cinder-826350-1-iscsi neutron-server[102639]: DEBUG neutron.api.rpc.handlers.l3_rpc [None req-e31ebfa2-db48-4f1c-ae5d-f361d5a69ccd None None] New status for floating IP e7a75209-09e4-4913-a1be-5ec2b6a86176: ACTIVE {{(pid=102639) update_floatingip_statuses /opt/stack/neutron/neutron/api/rpc/handlers/l3_rpc.py:270}}
Jan 25 18:39:11.515902 dv-cinder-826350-1-iscsi neutron-server[102638]: DEBUG neutron.pecan_wsgi.hooks.policy_enforcement [req-e78dc92c-e894-4605-ac78-321df6a1b69a req-0bbf7785-3073-4844-ab15-a8bf1efb468e service neutron] Attributes excluded by policy engine: ['standard_attr_id', 'shared'] {{(pid=102638) _exclude_attributes_by_policy /opt/stack/neutron/neutron/pecan_wsgi/hooks/policy_enforcement.py:255}}
Jan 25 18:39:11.518310 dv-cinder-826350-1-iscsi neutron-server[102638]: INFO neutron.wsgi [req-e78dc92c-e894-4605-ac78-321df6a1b69a req-0bbf7785-3073-4844-ab15-a8bf1efb468e service neutron] 10.222.0.42 "GET /v2.0/subnets?id=6f089d72-d869-450d-ba13-6426ebb7bbcd HTTP/1.1" status: 200 len: 854 time: 0.0562525
Jan 25 18:39:11.559573 dv-cinder-826350-1-iscsi neutron-server[102638]: INFO neutron.wsgi [req-e78dc92c-e894-4605-ac78-321df6a1b69a req-03b629f4-20a1-42f8-8279-5b55abe16a5f service neutron] 10.222.0.42 "GET /v2.0/ports?network_id=97ab6680-7adb-4fea-a3d3-a93c6c42ed71&device_owner=network%3Adhcp HTTP/1.1" status: 200 len: 210 time: 0.0300505
Jan 25 18:39:11.604032 dv-cinder-826350-1-iscsi neutron-server[102637]: DEBUG neutron.wsgi [-] (102637) accepted ('10.222.0.41', 44420) {{(pid=102637) server /usr/local/lib/python3.8/dist-packages/eventlet/wsgi.py:1004}}
Jan 25 18:39:11.678002 dv-cinder-826350-1-iscsi neutron-server[102638]: INFO neutron.wsgi [req-e78dc92c-e894-4605-ac78-321df6a1b69a req-d1b60f2d-20bc-4fa6-ba8f-0264a6739dfe service neutron] 10.222.0.42 "GET /v2.0/networks/97ab6680-7adb-4fea-a3d3-a93c6c42ed71?fields=segments HTTP/1.1" status: 200 len: 212 time: 0.1085765
Jan 25 18:39:11.788405 dv-cinder-826350-1-iscsi neutron-server[102637]: DEBUG neutron.wsgi [-] (102637) accepted ('10.222.0.41', 44432) {{(pid=102637) server /usr/local/lib/python3.8/dist-packages/eventlet/wsgi.py:1004}}
Jan 25 18:39:11.816243 dv-cinder-826350-1-iscsi neutron-server[102637]: DEBUG neutron_lib.callbacks.manager [None req-28b819c8-a2bf-4187-9051-4b315bbe74e7 admin admin] Publish callbacks [] for security_group (None), before_create {{(pid=102637) _notify_loop /usr/local/lib/python3.8/dist-packages/neutron_lib/callbacks/manager.py:176}}
Jan 25 18:39:11.865140 dv-cinder-826350-1-iscsi neutron-server[102638]: DEBUG neutron.notifiers.nova [-] Sending events: [{'name': 'network-changed', 'server_uuid': 'b237bebf-7dce-4434-a922-667d3a768eb8', 'tag': 'f93b96bc-732e-4b8f-9164-841bdf36e617'}] {{(pid=102638) send_events /opt/stack/neutron/neutron/notifiers/nova.py:262}}
Jan 25 18:39:11.867654 dv-cinder-826350-1-iscsi neutron-server[102638]: DEBUG novaclient.v2.client [-] REQ: curl -g -i --cacert "/opt/stack/data/ca-bundle.pem" -X POST http://10.222.0.41/compute/v2.1/os-server-external-events -H "Accept: application/json" -H "Content-Type: application/json" -H "User-Agent: python-novaclient" -H "X-Auth-Token: {SHA256}73d5c76a97f6d6049fef39d4b5f110a8160efdbf702b9f08abaa4bc5d865f12a" -H "X-OpenStack-Nova-API-Version: 2.1" -H "X-OpenStack-Request-ID: req-7252072d-1a51-47f0-a8d9-20831ae9eeab" -d '{"events": [{"name": "network-changed", "server_uuid": "b237bebf-7dce-4434-a922-667d3a768eb8", "tag": "f93b96bc-732e-4b8f-9164-841bdf36e617"}]}' {{(pid=102638) _http_log_request /usr/local/lib/python3.8/dist-packages/keystoneauth1/session.py:519}}
Jan 25 18:39:11.873793 dv-cinder-826350-1-iscsi neutron-server[102638]: INFO neutron.wsgi [req-e78dc92c-e894-4605-ac78-321df6a1b69a req-f1309e14-154e-4cde-b717-a7e69c2f99c0 service neutron] 10.222.0.42 "GET /v2.0/networks/97ab6680-7adb-4fea-a3d3-a93c6c42ed71?fields=provider%3Aphysical_network&fields=provider%3Anetwork_type HTTP/1.1" status: 200 len: 281 time: 0.1790328
Jan 25 18:39:11.954227 dv-cinder-826350-1-iscsi neutron-server[102637]: DEBUG neutron_lib.callbacks.manager [None req-28b819c8-a2bf-4187-9051-4b315bbe74e7 admin admin] Publish callbacks [] for security_group (393c6d30-fe2a-414f-bd1e-07f444e08828), precommit_create {{(pid=102637) _notify_loop /usr/local/lib/python3.8/dist-packages/neutron_lib/callbacks/manager.py:176}}
Jan 25 18:39:11.962724 dv-cinder-826350-1-iscsi neutron-server[102637]: DEBUG neutron_lib.callbacks.manager [None req-28b819c8-a2bf-4187-9051-4b315bbe74e7 admin admin] Publish callbacks ['neutron.plugins.ml2.ovo_rpc._ObjectChangeHandler.handle_event-542202'] for security_group (393c6d30-fe2a-414f-bd1e-07f444e08828), after_create {{(pid=102637) _notify_loop /usr/local/lib/python3.8/dist-packages/neutron_lib/callbacks/manager.py:176}}
Jan 25 18:39:11.997101 dv-cinder-826350-1-iscsi neutron-server[102637]: DEBUG neutron_lib.callbacks.manager [None req-a1f8b1da-06be-43e1-8e8a-77754d4f9248 admin admin] Publish callbacks [] for security_group (None), before_create {{(pid=102637) _notify_loop /usr/local/lib/python3.8/dist-packages/neutron_lib/callbacks/manager.py:176}}
Jan 25 18:39:12.034655 dv-cinder-826350-1-iscsi neutron-server[102637]: DEBUG neutron.api.rpc.handlers.resources_rpc [None req-28b819c8-a2bf-4187-9051-4b315bbe74e7 admin admin] Pushing event updated for resources: {'SecurityGroup': ['ID=393c6d30-fe2a-414f-bd1e-07f444e08828,revision_number=1']} {{(pid=102637) push /opt/stack/neutron/neutron/api/rpc/handlers/resources_rpc.py:237}}
Jan 25 18:39:12.039076 dv-cinder-826350-1-iscsi neutron-server[102637]: INFO neutron.wsgi [None req-28b819c8-a2bf-4187-9051-4b315bbe74e7 admin admin] 10.222.0.41 "GET /v2.0/security-groups?tenant_id=a841ff4f59c641f1a8824c36685f14b1&name=default HTTP/1.1" status: 200 len: 2996 time: 0.2496233
Jan 25 18:39:12.042565 dv-cinder-826350-1-iscsi neutron-server[102637]: DEBUG neutron.wsgi [-] (102637) accepted ('10.222.0.41', 44448) {{(pid=102637) server /usr/local/lib/python3.8/dist-packages/eventlet/wsgi.py:1004}}
Jan 25 18:39:12.125904 dv-cinder-826350-1-iscsi neutron-server[102637]: DEBUG neutron_lib.callbacks.manager [None req-a4a9d0af-a7ce-46bf-9cba-1307408cbc34 admin admin] Publish callbacks [] for security_group (393c6d30-fe2a-414f-bd1e-07f444e08828), before_delete {{(pid=102637) _notify_loop /usr/local/lib/python3.8/dist-packages/neutron_lib/callbacks/manager.py:176}}
Jan 25 18:39:12.165122 dv-cinder-826350-1-iscsi neutron-server[102637]: DEBUG neutron_lib.callbacks.manager [None req-a4a9d0af-a7ce-46bf-9cba-1307408cbc34 admin admin] Publish callbacks [] for security_group (393c6d30-fe2a-414f-bd1e-07f444e08828), precommit_delete {{(pid=102637) _notify_loop /usr/local/lib/python3.8/dist-packages/neutron_lib/callbacks/manager.py:176}}
Jan 25 18:39:12.170183 dv-cinder-826350-1-iscsi neutron-server[102637]: DEBUG neutron_lib.callbacks.manager [None req-a1f8b1da-06be-43e1-8e8a-77754d4f9248 admin admin] Publish callbacks [] for security_group (14a8166c-8260-4f74-ab8c-10a8fa00acf9), precommit_create {{(pid=102637) _notify_loop /usr/local/lib/python3.8/dist-packages/neutron_lib/callbacks/manager.py:176}}
Jan 25 18:39:12.175882 dv-cinder-826350-1-iscsi neutron-server[102637]: DEBUG neutron_lib.callbacks.manager [None req-a1f8b1da-06be-43e1-8e8a-77754d4f9248 admin admin] Publish callbacks ['neutron.plugins.ml2.ovo_rpc._ObjectChangeHandler.handle_event-542202'] for security_group (14a8166c-8260-4f74-ab8c-10a8fa00acf9), after_create {{(pid=102637) _notify_loop /usr/local/lib/python3.8/dist-packages/neutron_lib/callbacks/manager.py:176}}
Jan 25 18:39:12.176821 dv-cinder-826350-1-iscsi neutron-server[102638]: DEBUG neutron.pecan_wsgi.hooks.policy_enforcement [req-107d7a79-9bb4-4a90-8477-86e89b60ff7c req-40368095-7d21-4638-93be-0222bf8a87a4 tempest-ServerRescueNegativeTestJSON-2116204977 tempest-ServerRescueNegativeTestJSON-2116204977-project] Attributes excluded by policy engine: ['standard_attr_id', 'binding:profile', 'binding:host_id', 'binding:vif_type', 'binding:vif_details'] {{(pid=102638) _exclude_attributes_by_policy /opt/stack/neutron/neutron/pecan_wsgi/hooks/policy_enforcement.py:255}}
Jan 25 18:39:12.178334 dv-cinder-826350-1-iscsi neutron-server[102638]: INFO neutron.wsgi [req-107d7a79-9bb4-4a90-8477-86e89b60ff7c req-40368095-7d21-4638-93be-0222bf8a87a4 tempest-ServerRescueNegativeTestJSON-2116204977 tempest-ServerRescueNegativeTestJSON-2116204977-project] 10.222.0.41 "GET /v2.0/ports?device_id=f1f1727c-a9bf-4303-b846-dbece8ac931b HTTP/1.1" status: 200 len: 945 time: 0.3023198
Jan 25 18:39:12.185301 dv-cinder-826350-1-iscsi neutron-server[102638]: DEBUG neutron.pecan_wsgi.hooks.policy_enforcement [req-a108c6a6-2de7-4cb2-8863-0a8e0a1e8adb req-4da85b75-f825-4901-bddf-d1f350ee0360 tempest-AttachVolumeNegativeTest-1045091263 tempest-AttachVolumeNegativeTest-1045091263-project] Attributes excluded by policy engine: ['standard_attr_id', 'binding:profile', 'binding:host_id', 'binding:vif_type', 'binding:vif_details'] {{(pid=102638) _exclude_attributes_by_policy /opt/stack/neutron/neutron/pecan_wsgi/hooks/policy_enforcement.py:255}}
Jan 25 18:39:12.187225 dv-cinder-826350-1-iscsi neutron-server[102638]: INFO neutron.wsgi [req-a108c6a6-2de7-4cb2-8863-0a8e0a1e8adb req-4da85b75-f825-4901-bddf-d1f350ee0360 tempest-AttachVolumeNegativeTest-1045091263 tempest-AttachVolumeNegativeTest-1045091263-project] 10.222.0.41 "GET /v2.0/ports?device_id=b237bebf-7dce-4434-a922-667d3a768eb8 HTTP/1.1" status: 200 len: 943 time: 0.3123465
Jan 25 18:39:12.233096 dv-cinder-826350-1-iscsi neutron-server[102637]: DEBUG neutron.api.rpc.handlers.resources_rpc [None req-a1f8b1da-06be-43e1-8e8a-77754d4f9248 admin admin] Pushing event updated for resources: {'SecurityGroup': ['ID=14a8166c-8260-4f74-ab8c-10a8fa00acf9,revision_number=1']} {{(pid=102637) push /opt/stack/neutron/neutron/api/rpc/handlers/resources_rpc.py:237}}
Jan 25 18:39:12.240455 dv-cinder-826350-1-iscsi neutron-server[102637]: INFO neutron.wsgi [None req-a1f8b1da-06be-43e1-8e8a-77754d4f9248 admin admin] 10.222.0.41 "GET /v2.0/security-groups?tenant_id=731e9f749f4248ad9212932bbe79108b&name=default HTTP/1.1" status: 200 len: 2996 time: 0.6330943
Jan 25 18:39:12.241626 dv-cinder-826350-1-iscsi neutron-server[102637]: DEBUG neutron.wsgi [-] (102637) accepted ('10.222.0.41', 44458) {{(pid=102637) server /usr/local/lib/python3.8/dist-packages/eventlet/wsgi.py:1004}}
Jan 25 18:39:12.259312 dv-cinder-826350-1-iscsi neutron-server[102638]: INFO neutron.wsgi [req-107d7a79-9bb4-4a90-8477-86e89b60ff7c req-df20587d-fe5a-488f-b520-c2d5d93a4b1b tempest-ServerRescueNegativeTestJSON-2116204977 tempest-ServerRescueNegativeTestJSON-2116204977-project] 10.222.0.41 "GET /v2.0/security-groups?id=f8072a8a-7112-4bd3-b372-d45484720cc5&fields=id&fields=name HTTP/1.1" status: 200 len: 286 time: 0.0711327
Jan 25 18:39:12.268007 dv-cinder-826350-1-iscsi neutron-server[102638]: INFO neutron.wsgi [req-a108c6a6-2de7-4cb2-8863-0a8e0a1e8adb req-f3ed13dd-3315-4b4b-8097-c6123a646452 tempest-AttachVolumeNegativeTest-1045091263 tempest-AttachVolumeNegativeTest-1045091263-project] 10.222.0.41 "GET /v2.0/security-groups?id=d2eca1be-d647-406a-a01c-cbcb788e4ff7&fields=id&fields=name HTTP/1.1" status: 200 len: 286 time: 0.0657790
Jan 25 18:39:12.298964 dv-cinder-826350-1-iscsi neutron-server[102637]: DEBUG neutron_lib.callbacks.manager [None req-a4a9d0af-a7ce-46bf-9cba-1307408cbc34 admin admin] Publish callbacks ['neutron.plugins.ml2.ovo_rpc._ObjectChangeHandler.handle_event-542202'] for security_group (393c6d30-fe2a-414f-bd1e-07f444e08828), after_delete {{(pid=102637) _notify_loop /usr/local/lib/python3.8/dist-packages/neutron_lib/callbacks/manager.py:176}}
Jan 25 18:39:12.301448 dv-cinder-826350-1-iscsi neutron-server[102637]: DEBUG neutron_lib.callbacks.manager [None req-a4a9d0af-a7ce-46bf-9cba-1307408cbc34 admin admin] Publish callbacks [] for security_group (None), before_response {{(pid=102637) _notify_loop /usr/local/lib/python3.8/dist-packages/neutron_lib/callbacks/manager.py:176}}
Jan 25 18:39:12.302649 dv-cinder-826350-1-iscsi neutron-server[102637]: INFO neutron.wsgi [None req-a4a9d0af-a7ce-46bf-9cba-1307408cbc34 admin admin] 10.222.0.41 "DELETE /v2.0/security-groups/393c6d30-fe2a-414f-bd1e-07f444e08828 HTTP/1.1" status: 204 len: 168 time: 0.2591612
Jan 25 18:39:12.313719 dv-cinder-826350-1-iscsi neutron-server[102637]: DEBUG neutron.api.rpc.handlers.resources_rpc [None req-a4a9d0af-a7ce-46bf-9cba-1307408cbc34 admin admin] Pushing event deleted for resources: {'SecurityGroup': ['ID=393c6d30-fe2a-414f-bd1e-07f444e08828,revision_number=None']} {{(pid=102637) push /opt/stack/neutron/neutron/api/rpc/handlers/resources_rpc.py:237}}
Jan 25 18:39:12.330784 dv-cinder-826350-1-iscsi neutron-server[102637]: DEBUG neutron_lib.callbacks.manager [None req-8bbfc81a-1531-41b4-938c-91bf25cd8cf3 admin admin] Publish callbacks [] for security_group (14a8166c-8260-4f74-ab8c-10a8fa00acf9), before_delete {{(pid=102637) _notify_loop /usr/local/lib/python3.8/dist-packages/neutron_lib/callbacks/manager.py:176}}
Jan 25 18:39:12.365982 dv-cinder-826350-1-iscsi neutron-server[102637]: DEBUG neutron_lib.callbacks.manager [None req-8bbfc81a-1531-41b4-938c-91bf25cd8cf3 admin admin] Publish callbacks [] for security_group (14a8166c-8260-4f74-ab8c-10a8fa00acf9), precommit_delete {{(pid=102637) _notify_loop /usr/local/lib/python3.8/dist-packages/neutron_lib/callbacks/manager.py:176}}
Jan 25 18:39:12.370724 dv-cinder-826350-1-iscsi neutron-server[102638]: DEBUG novaclient.v2.client [-] RESP: [200] Connection: close Content-Length: 179 Content-Type: application/json Date: Tue, 25 Jan 2022 18:39:11 GMT OpenStack-API-Version: compute 2.1 Server: Apache/2.4.41 (Ubuntu) Vary: OpenStack-API-Version,X-OpenStack-Nova-API-Version X-OpenStack-Nova-API-Version: 2.1 x-compute-request-id: req-627b523f-c4ee-4203-ab9d-0c8c57a6e4c6 x-openstack-request-id: req-627b523f-c4ee-4203-ab9d-0c8c57a6e4c6 {{(pid=102638) _http_log_response /usr/local/lib/python3.8/dist-packages/keystoneauth1/session.py:550}}
Jan 25 18:39:12.371024 dv-cinder-826350-1-iscsi neutron-server[102638]: DEBUG novaclient.v2.client [-] RESP BODY: {"events": [{"name": "network-changed", "server_uuid": "b237bebf-7dce-4434-a922-667d3a768eb8", "tag": "f93b96bc-732e-4b8f-9164-841bdf36e617", "status": "completed", "code": 200}]} {{(pid=102638) _http_log_response /usr/local/lib/python3.8/dist-packages/keystoneauth1/session.py:582}}
Jan 25 18:39:12.371282 dv-cinder-826350-1-iscsi neutron-server[102638]: DEBUG novaclient.v2.client [-] POST call to compute for http://10.222.0.41/compute/v2.1/os-server-external-events used request id req-627b523f-c4ee-4203-ab9d-0c8c57a6e4c6 {{(pid=102638) request /usr/local/lib/python3.8/dist-packages/keystoneauth1/session.py:954}}
Jan 25 18:39:12.371682 dv-cinder-826350-1-iscsi neutron-server[102638]: INFO neutron.notifiers.nova [-] Nova event response: {'name': 'network-changed', 'server_uuid': 'b237bebf-7dce-4434-a922-667d3a768eb8', 'tag': 'f93b96bc-732e-4b8f-9164-841bdf36e617', 'status': 'completed', 'code': 200}
Jan 25 18:39:12.433661 dv-cinder-826350-1-iscsi neutron-server[102637]: DEBUG neutron_lib.callbacks.manager [None req-8bbfc81a-1531-41b4-938c-91bf25cd8cf3 admin admin] Publish callbacks ['neutron.plugins.ml2.ovo_rpc._ObjectChangeHandler.handle_event-542202'] for security_group (14a8166c-8260-4f74-ab8c-10a8fa00acf9), after_delete {{(pid=102637) _notify_loop /usr/local/lib/python3.8/dist-packages/neutron_lib/callbacks/manager.py:176}}
Jan 25 18:39:12.440301 dv-cinder-826350-1-iscsi neutron-server[102637]: DEBUG neutron_lib.callbacks.manager [None req-8bbfc81a-1531-41b4-938c-91bf25cd8cf3 admin admin] Publish callbacks [] for security_group (None), before_response {{(pid=102637) _notify_loop /usr/local/lib/python3.8/dist-packages/neutron_lib/callbacks/manager.py:176}}
Jan 25 18:39:12.442629 dv-cinder-826350-1-iscsi neutron-server[102637]: INFO neutron.wsgi [None req-8bbfc81a-1531-41b4-938c-91bf25cd8cf3 admin admin] 10.222.0.41 "DELETE /v2.0/security-groups/14a8166c-8260-4f74-ab8c-10a8fa00acf9 HTTP/1.1" status: 204 len: 168 time: 0.2007134
Jan 25 18:39:12.452786 dv-cinder-826350-1-iscsi neutron-server[102637]: DEBUG neutron.api.rpc.handlers.resources_rpc [None req-8bbfc81a-1531-41b4-938c-91bf25cd8cf3 admin admin] Pushing event deleted for resources: {'SecurityGroup': ['ID=14a8166c-8260-4f74-ab8c-10a8fa00acf9,revision_number=None']} {{(pid=102637) push /opt/stack/neutron/neutron/api/rpc/handlers/resources_rpc.py:237}}
Jan 25 18:39:12.528162 dv-cinder-826350-1-iscsi neutron-server[102638]: DEBUG neutron.pecan_wsgi.hooks.policy_enforcement [req-7252072d-1a51-47f0-a8d9-20831ae9eeab req-1f897a91-2016-47e7-8c2a-b4215566a6f2 service neutron] Attributes excluded by policy engine: ['standard_attr_id'] {{(pid=102638) _exclude_attributes_by_policy /opt/stack/neutron/neutron/pecan_wsgi/hooks/policy_enforcement.py:255}}
Jan 25 18:39:12.531056 dv-cinder-826350-1-iscsi neutron-server[102638]: INFO neutron.wsgi [req-7252072d-1a51-47f0-a8d9-20831ae9eeab req-1f897a91-2016-47e7-8c2a-b4215566a6f2 service neutron] 10.222.0.42 "GET /v2.0/ports?tenant_id=17a718a30f324aa9b086c49d167a0bda&device_id=b237bebf-7dce-4434-a922-667d3a768eb8 HTTP/1.1" status: 200 len: 1096 time: 0.0762496
Jan 25 18:39:12.661224 dv-cinder-826350-1-iscsi neutron-server[102638]: DEBUG neutron.pecan_wsgi.hooks.policy_enforcement [req-7252072d-1a51-47f0-a8d9-20831ae9eeab req-0a4c2a17-0665-4ef8-b2b7-bdad099b0694 service neutron] Attributes excluded by policy engine: ['standard_attr_id', 'vlan_transparent'] {{(pid=102638) _exclude_attributes_by_policy /opt/stack/neutron/neutron/pecan_wsgi/hooks/policy_enforcement.py:255}}
Jan 25 18:39:12.662948 dv-cinder-826350-1-iscsi neutron-server[102638]: INFO neutron.wsgi [req-7252072d-1a51-47f0-a8d9-20831ae9eeab req-0a4c2a17-0665-4ef8-b2b7-bdad099b0694 service neutron] 10.222.0.42 "GET /v2.0/networks?id=97ab6680-7adb-4fea-a3d3-a93c6c42ed71 HTTP/1.1" status: 200 len: 915 time: 0.1114182
Jan 25 18:39:12.712284 dv-cinder-826350-1-iscsi neutron-server[102638]: INFO neutron.wsgi [req-7252072d-1a51-47f0-a8d9-20831ae9eeab req-857305e8-ec06-45d4-80f1-583daba5a5e2 service neutron] 10.222.0.42 "GET /v2.0/floatingips?fixed_ip_address=172.20.0.4&port_id=f93b96bc-732e-4b8f-9164-841bdf36e617 HTTP/1.1" status: 200 len: 217 time: 0.0417204
Jan 25 18:39:12.768054 dv-cinder-826350-1-iscsi neutron-server[102637]: DEBUG neutron.wsgi [-] (102637) accepted ('10.222.0.41', 44476) {{(pid=102637) server /usr/local/lib/python3.8/dist-packages/eventlet/wsgi.py:1004}}
Jan 25 18:39:12.788921 dv-cinder-826350-1-iscsi neutron-server[102638]: DEBUG neutron.pecan_wsgi.hooks.policy_enforcement [req-7252072d-1a51-47f0-a8d9-20831ae9eeab req-0e25490d-f269-44e9-bcfb-c84df57c507d service neutron] Attributes excluded by policy engine: ['standard_attr_id', 'shared'] {{(pid=102638) _exclude_attributes_by_policy /opt/stack/neutron/neutron/pecan_wsgi/hooks/policy_enforcement.py:255}}
Jan 25 18:39:12.790518 dv-cinder-826350-1-iscsi neutron-server[102638]: INFO neutron.wsgi [req-7252072d-1a51-47f0-a8d9-20831ae9eeab req-0e25490d-f269-44e9-bcfb-c84df57c507d service neutron] 10.222.0.42 "GET /v2.0/subnets?id=6f089d72-d869-450d-ba13-6426ebb7bbcd HTTP/1.1" status: 200 len: 854 time: 0.0610933
Jan 25 18:39:12.831169 dv-cinder-826350-1-iscsi neutron-server[102638]: INFO neutron.wsgi [req-7252072d-1a51-47f0-a8d9-20831ae9eeab req-20370d94-cc00-496c-b48c-4e839aca864c service neutron] 10.222.0.42 "GET /v2.0/ports?network_id=97ab6680-7adb-4fea-a3d3-a93c6c42ed71&device_owner=network%3Adhcp HTTP/1.1" status: 200 len: 210 time: 0.0328975
Jan 25 18:39:12.939409 dv-cinder-826350-1-iscsi neutron-server[102638]: DEBUG neutron.pecan_wsgi.hooks.policy_enforcement [req-43b9e6ee-7366-4f5c-9e95-cb78bebb2b69 req-00bced3d-dd73-4638-8a0c-9ea4dcd0f1fc tempest-DeleteServersTestJSON-2047163301 tempest-DeleteServersTestJSON-2047163301-project] Attributes excluded by policy engine: ['standard_attr_id', 'binding:profile', 'binding:host_id', 'binding:vif_type', 'binding:vif_details'] {{(pid=102638) _exclude_attributes_by_policy /opt/stack/neutron/neutron/pecan_wsgi/hooks/policy_enforcement.py:255}}
Jan 25 18:39:12.940900 dv-cinder-826350-1-iscsi neutron-server[102638]: INFO neutron.wsgi [req-43b9e6ee-7366-4f5c-9e95-cb78bebb2b69 req-00bced3d-dd73-4638-8a0c-9ea4dcd0f1fc tempest-DeleteServersTestJSON-2047163301 tempest-DeleteServersTestJSON-2047163301-project] 10.222.0.41 "GET /v2.0/ports?device_id=5a623816-2161-4211-9396-fd11a0b8c7a1 HTTP/1.1" status: 200 len: 945 time: 0.1122811
Jan 25 18:39:12.959263 dv-cinder-826350-1-iscsi neutron-server[102637]: DEBUG neutron_lib.callbacks.manager [None req-ff9e4d53-d173-499e-895a-83d4211436f1 admin admin] Publish callbacks [] for security_group (None), before_create {{(pid=102637) _notify_loop /usr/local/lib/python3.8/dist-packages/neutron_lib/callbacks/manager.py:176}}
Jan 25 18:39:13.023587 dv-cinder-826350-1-iscsi neutron-server[102638]: INFO neutron.wsgi [req-43b9e6ee-7366-4f5c-9e95-cb78bebb2b69 req-360b5963-e95f-4e66-811a-2dceecb622b9 tempest-DeleteServersTestJSON-2047163301 tempest-DeleteServersTestJSON-2047163301-project] 10.222.0.41 "GET /v2.0/security-groups?id=99f67488-8204-4cc1-9f41-51be050b5ee6&fields=id&fields=name HTTP/1.1" status: 200 len: 286 time: 0.0688007
Jan 25 18:39:13.027392 dv-cinder-826350-1-iscsi neutron-server[102638]: INFO neutron.wsgi [req-7252072d-1a51-47f0-a8d9-20831ae9eeab req-57338397-28b9-4f80-adcc-0593c5bd19a7 service neutron] 10.222.0.42 "GET /v2.0/networks/97ab6680-7adb-4fea-a3d3-a93c6c42ed71?fields=segments HTTP/1.1" status: 200 len: 212 time: 0.1869524
Jan 25 18:39:13.046105 dv-cinder-826350-1-iscsi neutron-server[102637]: DEBUG neutron_lib.callbacks.manager [None req-ff9e4d53-d173-499e-895a-83d4211436f1 admin admin] Publish callbacks [] for security_group (a82aac0c-ced5-48e3-af40-6f5ffcf20bd5), precommit_create {{(pid=102637) _notify_loop /usr/local/lib/python3.8/dist-packages/neutron_lib/callbacks/manager.py:176}}
Jan 25 18:39:13.051646 dv-cinder-826350-1-iscsi neutron-server[102637]: DEBUG neutron_lib.callbacks.manager [None req-ff9e4d53-d173-499e-895a-83d4211436f1 admin admin] Publish callbacks ['neutron.plugins.ml2.ovo_rpc._ObjectChangeHandler.handle_event-542202'] for security_group (a82aac0c-ced5-48e3-af40-6f5ffcf20bd5), after_create {{(pid=102637) _notify_loop /usr/local/lib/python3.8/dist-packages/neutron_lib/callbacks/manager.py:176}}
Jan 25 18:39:13.093333 dv-cinder-826350-1-iscsi neutron-server[102637]: DEBUG neutron.wsgi [-] (102637) accepted ('10.222.0.41', 44488) {{(pid=102637) server /usr/local/lib/python3.8/dist-packages/eventlet/wsgi.py:1004}}
Jan 25 18:39:13.118630 dv-cinder-826350-1-iscsi neutron-server[102637]: INFO neutron.wsgi [None req-ff9e4d53-d173-499e-895a-83d4211436f1 admin admin] 10.222.0.41 "GET /v2.0/security-groups?tenant_id=7c078c1737794704ac86b8d723e8460b&name=default HTTP/1.1" status: 200 len: 2996 time: 0.3494258
Jan 25 18:39:13.120441 dv-cinder-826350-1-iscsi neutron-server[102637]: DEBUG neutron_lib.callbacks.manager [None req-71811776-8e64-4978-b138-80c842bbccb0 admin admin] Publish callbacks [] for security_group (None), before_create {{(pid=102637) _notify_loop /usr/local/lib/python3.8/dist-packages/neutron_lib/callbacks/manager.py:176}}
Jan 25 18:39:13.122377 dv-cinder-826350-1-iscsi neutron-server[102638]: DEBUG neutron.wsgi [-] (102638) accepted ('10.222.0.41', 44490) {{(pid=102638) server /usr/local/lib/python3.8/dist-packages/eventlet/wsgi.py:1004}}
Jan 25 18:39:13.128928 dv-cinder-826350-1-iscsi neutron-server[102637]: DEBUG neutron.api.rpc.handlers.resources_rpc [None req-ff9e4d53-d173-499e-895a-83d4211436f1 admin admin] Pushing event updated for resources: {'SecurityGroup': ['ID=a82aac0c-ced5-48e3-af40-6f5ffcf20bd5,revision_number=1']} {{(pid=102637) push /opt/stack/neutron/neutron/api/rpc/handlers/resources_rpc.py:237}}
Jan 25 18:39:13.174901 dv-cinder-826350-1-iscsi neutron-server[102638]: INFO neutron.wsgi [req-7252072d-1a51-47f0-a8d9-20831ae9eeab req-d7a37b9e-eacb-4caf-b40e-1a3c3ab0c035 service neutron] 10.222.0.42 "GET /v2.0/networks/97ab6680-7adb-4fea-a3d3-a93c6c42ed71?fields=provider%3Aphysical_network&fields=provider%3Anetwork_type HTTP/1.1" status: 200 len: 281 time: 0.1293654
Jan 25 18:39:13.195919 dv-cinder-826350-1-iscsi neutron-server[102638]: DEBUG neutron_lib.callbacks.manager [None req-f49c3bc4-ff42-4f27-ac20-77ee3b2c18f4 admin admin] Publish callbacks [] for security_group (a82aac0c-ced5-48e3-af40-6f5ffcf20bd5), before_delete {{(pid=102638) _notify_loop /usr/local/lib/python3.8/dist-packages/neutron_lib/callbacks/manager.py:176}}
Jan 25 18:39:13.204257 dv-cinder-826350-1-iscsi neutron-server[102637]: DEBUG neutron_lib.callbacks.manager [None req-71811776-8e64-4978-b138-80c842bbccb0 admin admin] Publish callbacks [] for security_group (aa4385cc-4d1c-45bc-a202-4dc7159b8921), precommit_create {{(pid=102637) _notify_loop /usr/local/lib/python3.8/dist-packages/neutron_lib/callbacks/manager.py:176}}
Jan 25 18:39:13.208633 dv-cinder-826350-1-iscsi neutron-server[102637]: DEBUG neutron_lib.callbacks.manager [None req-71811776-8e64-4978-b138-80c842bbccb0 admin admin] Publish callbacks ['neutron.plugins.ml2.ovo_rpc._ObjectChangeHandler.handle_event-542202'] for security_group (aa4385cc-4d1c-45bc-a202-4dc7159b8921), after_create {{(pid=102637) _notify_loop /usr/local/lib/python3.8/dist-packages/neutron_lib/callbacks/manager.py:176}}
Jan 25 18:39:13.219224 dv-cinder-826350-1-iscsi neutron-server[102638]: DEBUG neutron_lib.callbacks.manager [None req-f49c3bc4-ff42-4f27-ac20-77ee3b2c18f4 admin admin] Publish callbacks [] for security_group (a82aac0c-ced5-48e3-af40-6f5ffcf20bd5), precommit_delete {{(pid=102638) _notify_loop /usr/local/lib/python3.8/dist-packages/neutron_lib/callbacks/manager.py:176}}
Jan 25 18:39:13.256725 dv-cinder-826350-1-iscsi neutron-server[102637]: INFO neutron.wsgi [None req-71811776-8e64-4978-b138-80c842bbccb0 admin admin] 10.222.0.41 "GET /v2.0/security-groups?tenant_id=0d370c47447540258cd2714eff222cf9&name=default HTTP/1.1" status: 200 len: 2996 time: 0.1600211
Jan 25 18:39:13.257201 dv-cinder-826350-1-iscsi neutron-server[102638]: DEBUG neutron.wsgi [-] (102638) accepted ('10.222.0.41', 44496) {{(pid=102638) server /usr/local/lib/python3.8/dist-packages/eventlet/wsgi.py:1004}}
Jan 25 18:39:13.259242 dv-cinder-826350-1-iscsi neutron-server[102637]: DEBUG neutron.api.rpc.handlers.resources_rpc [None req-71811776-8e64-4978-b138-80c842bbccb0 admin admin] Pushing event updated for resources: {'SecurityGroup': ['ID=aa4385cc-4d1c-45bc-a202-4dc7159b8921,revision_number=1']} {{(pid=102637) push /opt/stack/neutron/neutron/api/rpc/handlers/resources_rpc.py:237}}
Jan 25 18:39:13.288813 dv-cinder-826350-1-iscsi neutron-server[102638]: DEBUG neutron_lib.callbacks.manager [None req-f49c3bc4-ff42-4f27-ac20-77ee3b2c18f4 admin admin] Publish callbacks ['neutron.plugins.ml2.ovo_rpc._ObjectChangeHandler.handle_event-542202'] for security_group (a82aac0c-ced5-48e3-af40-6f5ffcf20bd5), after_delete {{(pid=102638) _notify_loop /usr/local/lib/python3.8/dist-packages/neutron_lib/callbacks/manager.py:176}}
Jan 25 18:39:13.291595 dv-cinder-826350-1-iscsi neutron-server[102638]: DEBUG neutron_lib.callbacks.manager [None req-f49c3bc4-ff42-4f27-ac20-77ee3b2c18f4 admin admin] Publish callbacks [] for security_group (None), before_response {{(pid=102638) _notify_loop /usr/local/lib/python3.8/dist-packages/neutron_lib/callbacks/manager.py:176}}
Jan 25 18:39:13.293024 dv-cinder-826350-1-iscsi neutron-server[102638]: INFO neutron.wsgi [None req-f49c3bc4-ff42-4f27-ac20-77ee3b2c18f4 admin admin] 10.222.0.41 "DELETE /v2.0/security-groups/a82aac0c-ced5-48e3-af40-6f5ffcf20bd5 HTTP/1.1" status: 204 len: 168 time: 0.1695628
Jan 25 18:39:13.315289 dv-cinder-826350-1-iscsi neutron-server[102638]: DEBUG neutron.api.rpc.handlers.resources_rpc [None req-f49c3bc4-ff42-4f27-ac20-77ee3b2c18f4 admin admin] Pushing event deleted for resources: {'SecurityGroup': ['ID=a82aac0c-ced5-48e3-af40-6f5ffcf20bd5,revision_number=None']} {{(pid=102638) push /opt/stack/neutron/neutron/api/rpc/handlers/resources_rpc.py:237}}
Jan 25 18:39:13.353800 dv-cinder-826350-1-iscsi neutron-server[102638]: DEBUG neutron_lib.callbacks.manager [None req-d1c270aa-9d7c-452d-954b-158ba43cd306 admin admin] Publish callbacks [] for security_group (aa4385cc-4d1c-45bc-a202-4dc7159b8921), before_delete {{(pid=102638) _notify_loop /usr/local/lib/python3.8/dist-packages/neutron_lib/callbacks/manager.py:176}}
Jan 25 18:39:13.400813 dv-cinder-826350-1-iscsi neutron-server[102638]: DEBUG neutron_lib.callbacks.manager [None req-d1c270aa-9d7c-452d-954b-158ba43cd306 admin admin] Publish callbacks [] for security_group (aa4385cc-4d1c-45bc-a202-4dc7159b8921), precommit_delete {{(pid=102638) _notify_loop /usr/local/lib/python3.8/dist-packages/neutron_lib/callbacks/manager.py:176}}
Jan 25 18:39:13.517732 dv-cinder-826350-1-iscsi neutron-server[102638]: DEBUG neutron.pecan_wsgi.hooks.policy_enforcement [req-07dbb183-3b49-423e-8a73-b427fcbcaa5a req-cb3aff8a-e43c-4872-a533-c086abe1e6a0 tempest-ServerRescueNegativeTestJSON-2116204977 tempest-ServerRescueNegativeTestJSON-2116204977-project] Attributes excluded by policy engine: ['standard_attr_id', 'binding:profile', 'binding:host_id', 'binding:vif_type', 'binding:vif_details'] {{(pid=102638) _exclude_attributes_by_policy /opt/stack/neutron/neutron/pecan_wsgi/hooks/policy_enforcement.py:255}}
Jan 25 18:39:13.519268 dv-cinder-826350-1-iscsi neutron-server[102638]: INFO neutron.wsgi [req-07dbb183-3b49-423e-8a73-b427fcbcaa5a req-cb3aff8a-e43c-4872-a533-c086abe1e6a0 tempest-ServerRescueNegativeTestJSON-2116204977 tempest-ServerRescueNegativeTestJSON-2116204977-project] 10.222.0.41 "GET /v2.0/ports?device_id=f1f1727c-a9bf-4303-b846-dbece8ac931b HTTP/1.1" status: 200 len: 945 time: 0.1428783
Jan 25 18:39:13.531076 dv-cinder-826350-1-iscsi neutron-server[102638]: DEBUG neutron.pecan_wsgi.hooks.policy_enforcement [req-560a1284-e2f1-464b-b37f-4f1968c7d4e5 req-6c92869a-ad59-45ef-ad13-f913067e079f tempest-AttachVolumeNegativeTest-1045091263 tempest-AttachVolumeNegativeTest-1045091263-project] Attributes excluded by policy engine: ['standard_attr_id', 'binding:profile', 'binding:host_id', 'binding:vif_type', 'binding:vif_details'] {{(pid=102638) _exclude_attributes_by_policy /opt/stack/neutron/neutron/pecan_wsgi/hooks/policy_enforcement.py:255}}
Jan 25 18:39:13.532554 dv-cinder-826350-1-iscsi neutron-server[102638]: INFO neutron.wsgi [req-560a1284-e2f1-464b-b37f-4f1968c7d4e5 req-6c92869a-ad59-45ef-ad13-f913067e079f tempest-AttachVolumeNegativeTest-1045091263 tempest-AttachVolumeNegativeTest-1045091263-project] 10.222.0.41 "GET /v2.0/ports?device_id=b237bebf-7dce-4434-a922-667d3a768eb8 HTTP/1.1" status: 200 len: 943 time: 0.1340439
Jan 25 18:39:13.577247 dv-cinder-826350-1-iscsi neutron-server[102638]: DEBUG neutron_lib.callbacks.manager [None req-d1c270aa-9d7c-452d-954b-158ba43cd306 admin admin] Publish callbacks ['neutron.plugins.ml2.ovo_rpc._ObjectChangeHandler.handle_event-542202'] for security_group (aa4385cc-4d1c-45bc-a202-4dc7159b8921), after_delete {{(pid=102638) _notify_loop /usr/local/lib/python3.8/dist-packages/neutron_lib/callbacks/manager.py:176}}
Jan 25 18:39:13.579780 dv-cinder-826350-1-iscsi neutron-server[102638]: DEBUG neutron_lib.callbacks.manager [None req-d1c270aa-9d7c-452d-954b-158ba43cd306 admin admin] Publish callbacks [] for security_group (None), before_response {{(pid=102638) _notify_loop /usr/local/lib/python3.8/dist-packages/neutron_lib/callbacks/manager.py:176}}
Jan 25 18:39:13.584147 dv-cinder-826350-1-iscsi neutron-server[102638]: INFO neutron.wsgi [None req-d1c270aa-9d7c-452d-954b-158ba43cd306 admin admin] 10.222.0.41 "DELETE /v2.0/security-groups/aa4385cc-4d1c-45bc-a202-4dc7159b8921 HTTP/1.1" status: 204 len: 168 time: 0.3226643
Jan 25 18:39:13.609055 dv-cinder-826350-1-iscsi neutron-server[102638]: DEBUG neutron.api.rpc.handlers.resources_rpc [None req-d1c270aa-9d7c-452d-954b-158ba43cd306 admin admin] Pushing event deleted for resources: {'SecurityGroup': ['ID=aa4385cc-4d1c-45bc-a202-4dc7159b8921,revision_number=None']} {{(pid=102638) push /opt/stack/neutron/neutron/api/rpc/handlers/resources_rpc.py:237}}
Jan 25 18:39:13.618380 dv-cinder-826350-1-iscsi neutron-server[102638]: INFO neutron.wsgi [req-07dbb183-3b49-423e-8a73-b427fcbcaa5a req-2c99ee02-a12b-4f1a-8cfc-d5aec71e649c tempest-ServerRescueNegativeTestJSON-2116204977 tempest-ServerRescueNegativeTestJSON-2116204977-project] 10.222.0.41 "GET /v2.0/security-groups?id=f8072a8a-7112-4bd3-b372-d45484720cc5&fields=id&fields=name HTTP/1.1" status: 200 len: 286 time: 0.0848072
Jan 25 18:39:13.646518 dv-cinder-826350-1-iscsi neutron-server[102638]: INFO neutron.wsgi [req-560a1284-e2f1-464b-b37f-4f1968c7d4e5 req-adf95810-0859-4660-bfd0-d175c748746b tempest-AttachVolumeNegativeTest-1045091263 tempest-AttachVolumeNegativeTest-1045091263-project] 10.222.0.41 "GET /v2.0/security-groups?id=d2eca1be-d647-406a-a01c-cbcb788e4ff7&fields=id&fields=name HTTP/1.1" status: 200 len: 286 time: 0.0985844
Jan 25 18:39:13.662269 dv-cinder-826350-1-iscsi neutron-server[102638]: DEBUG neutron.wsgi [-] (102638) accepted ('10.222.0.41', 44520) {{(pid=102638) server /usr/local/lib/python3.8/dist-packages/eventlet/wsgi.py:1004}}
Jan 25 18:39:13.676936 dv-cinder-826350-1-iscsi neutron-server[102638]: DEBUG neutron_lib.callbacks.manager [None req-02a2ea84-796a-4850-a9e1-20d729a60848 admin admin] Publish callbacks [] for security_group (None), before_create {{(pid=102638) _notify_loop /usr/local/lib/python3.8/dist-packages/neutron_lib/callbacks/manager.py:176}}
Jan 25 18:39:13.740847 dv-cinder-826350-1-iscsi neutron-server[102639]: DEBUG neutron.plugins.ml2.rpc [None req-15a2a27f-7210-48c0-808c-03b23b0012bd None None] Device f93b96bc-732e-4b8f-9164-841bdf36e617 details requested by agent hyperv_hv-cinder-82635 with host hv-cinder-82635 {{(pid=102639) get_device_details /opt/stack/neutron/neutron/plugins/ml2/rpc.py:102}}
Jan 25 18:39:13.818760 dv-cinder-826350-1-iscsi neutron-server[102638]: DEBUG neutron_lib.callbacks.manager [None req-02a2ea84-796a-4850-a9e1-20d729a60848 admin admin] Publish callbacks [] for security_group (c88685f9-cbb4-44c8-ae93-aea951686203), precommit_create {{(pid=102638) _notify_loop /usr/local/lib/python3.8/dist-packages/neutron_lib/callbacks/manager.py:176}}
Jan 25 18:39:13.824759 dv-cinder-826350-1-iscsi neutron-server[102638]: DEBUG neutron_lib.callbacks.manager [None req-02a2ea84-796a-4850-a9e1-20d729a60848 admin admin] Publish callbacks ['neutron.plugins.ml2.ovo_rpc._ObjectChangeHandler.handle_event-542202'] for security_group (c88685f9-cbb4-44c8-ae93-aea951686203), after_create {{(pid=102638) _notify_loop /usr/local/lib/python3.8/dist-packages/neutron_lib/callbacks/manager.py:176}}
Jan 25 18:39:13.862247 dv-cinder-826350-1-iscsi neutron-server[102639]: DEBUG neutron.plugins.ml2.db [None req-15a2a27f-7210-48c0-808c-03b23b0012bd None None] For port f93b96bc-732e-4b8f-9164-841bdf36e617, host hv-cinder-82635, got binding levels [PortBindingLevel(driver='hyperv',host='hv-cinder-82635',level=0,port_id=f93b96bc-732e-4b8f-9164-841bdf36e617,segment=NetworkSegment(63da4b9e-7aec-4a65-8c20-bb312e592a28),segment_id=63da4b9e-7aec-4a65-8c20-bb312e592a28)] {{(pid=102639) get_binding_level_objs /opt/stack/neutron/neutron/plugins/ml2/db.py:74}}
Jan 25 18:39:13.881257 dv-cinder-826350-1-iscsi neutron-server[102639]: DEBUG neutron.plugins.ml2.rpc [None req-15a2a27f-7210-48c0-808c-03b23b0012bd None None] Returning: {'device': 'f93b96bc-732e-4b8f-9164-841bdf36e617', 'network_id': '97ab6680-7adb-4fea-a3d3-a93c6c42ed71', 'port_id': 'f93b96bc-732e-4b8f-9164-841bdf36e617', 'mac_address': 'fa:16:3e:30:42:f1', 'admin_state_up': True, 'network_type': 'vlan', 'segmentation_id': 329, 'physical_network': 'physnet1', 'mtu': 1500, 'fixed_ips': [{'subnet_id': '6f089d72-d869-450d-ba13-6426ebb7bbcd', 'ip_address': '172.20.0.4'}], 'device_owner': 'compute:nova', 'allowed_address_pairs': [], 'port_security_enabled': True, 'qos_policy_id': None, 'network_qos_policy_id': None, 'profile': {}, 'propagate_uplink_status': False} {{(pid=102639) _get_device_details /opt/stack/neutron/neutron/plugins/ml2/rpc.py:184}}
Jan 25 18:39:13.881385 dv-cinder-826350-1-iscsi neutron-server[102638]: DEBUG neutron.api.rpc.handlers.resources_rpc [None req-02a2ea84-796a-4850-a9e1-20d729a60848 admin admin] Pushing event updated for resources: {'SecurityGroup': ['ID=c88685f9-cbb4-44c8-ae93-aea951686203,revision_number=1']} {{(pid=102638) push /opt/stack/neutron/neutron/api/rpc/handlers/resources_rpc.py:237}}
Jan 25 18:39:13.887494 dv-cinder-826350-1-iscsi neutron-server[102638]: INFO neutron.wsgi [None req-02a2ea84-796a-4850-a9e1-20d729a60848 admin admin] 10.222.0.41 "GET /v2.0/security-groups?tenant_id=03ee02977e40429f86fc6967335eb3e9&name=default HTTP/1.1" status: 200 len: 2996 time: 0.2217951
Jan 25 18:39:13.887860 dv-cinder-826350-1-iscsi neutron-server[102638]: DEBUG neutron.wsgi [-] (102638) accepted ('10.222.0.41', 44528) {{(pid=102638) server /usr/local/lib/python3.8/dist-packages/eventlet/wsgi.py:1004}}
Jan 25 18:39:13.937761 dv-cinder-826350-1-iscsi neutron-server[102639]: DEBUG neutron.plugins.ml2.plugin [None req-15a2a27f-7210-48c0-808c-03b23b0012bd None None] Current status of the port f93b96bc-732e-4b8f-9164-841bdf36e617 is: DOWN; New status is: BUILD {{(pid=102639) _update_individual_port_db_status /opt/stack/neutron/neutron/plugins/ml2/plugin.py:2219}}
Jan 25 18:39:13.938509 dv-cinder-826350-1-iscsi neutron-server[102639]: DEBUG neutron_lib.callbacks.manager [None req-15a2a27f-7210-48c0-808c-03b23b0012bd None None] Publish callbacks ['neutron.plugins.ml2.plugin.SecurityGroupDbMixin._ensure_default_security_group_handler-1464758'] for port (f93b96bc-732e-4b8f-9164-841bdf36e617), before_update {{(pid=102639) _notify_loop /usr/local/lib/python3.8/dist-packages/neutron_lib/callbacks/manager.py:176}}
Jan 25 18:39:13.946984 dv-cinder-826350-1-iscsi neutron-server[102638]: DEBUG neutron_lib.callbacks.manager [None req-df2b7540-5c84-46b2-8425-40bc20f69220 admin admin] Publish callbacks [] for security_group (c88685f9-cbb4-44c8-ae93-aea951686203), before_delete {{(pid=102638) _notify_loop /usr/local/lib/python3.8/dist-packages/neutron_lib/callbacks/manager.py:176}}
Jan 25 18:39:13.956586 dv-cinder-826350-1-iscsi neutron-server[102639]: DEBUG neutron.notifiers.nova [None req-15a2a27f-7210-48c0-808c-03b23b0012bd None None] Ignoring state change previous_port_status: DOWN current_port_status: BUILD port_id f93b96bc-732e-4b8f-9164-841bdf36e617 {{(pid=102639) record_port_status_changed /opt/stack/neutron/neutron/notifiers/nova.py:224}}
Jan 25 18:39:13.975720 dv-cinder-826350-1-iscsi neutron-server[102638]: DEBUG neutron_lib.callbacks.manager [None req-df2b7540-5c84-46b2-8425-40bc20f69220 admin admin] Publish callbacks [] for security_group (c88685f9-cbb4-44c8-ae93-aea951686203), precommit_delete {{(pid=102638) _notify_loop /usr/local/lib/python3.8/dist-packages/neutron_lib/callbacks/manager.py:176}}
Jan 25 18:39:13.984812 dv-cinder-826350-1-iscsi neutron-server[102639]: DEBUG neutron.plugins.ml2.db [None req-15a2a27f-7210-48c0-808c-03b23b0012bd None None] For port f93b96bc-732e-4b8f-9164-841bdf36e617, host hv-cinder-82635, got binding levels [PortBindingLevel(driver='hyperv',host='hv-cinder-82635',level=0,port_id=f93b96bc-732e-4b8f-9164-841bdf36e617,segment=NetworkSegment(63da4b9e-7aec-4a65-8c20-bb312e592a28),segment_id=63da4b9e-7aec-4a65-8c20-bb312e592a28)] {{(pid=102639) get_binding_level_objs /opt/stack/neutron/neutron/plugins/ml2/db.py:74}}
Jan 25 18:39:13.991091 dv-cinder-826350-1-iscsi neutron-server[102639]: DEBUG neutron_lib.callbacks.manager [None req-15a2a27f-7210-48c0-808c-03b23b0012bd None None] Publish callbacks ['neutron.plugins.ml2.plugin.SecurityGroupServerNotifierRpcMixin._notify_sg_on_port_change-1465140', 'neutron.plugins.ml2.ovo_rpc._ObjectChangeHandler.handle_event-78874', 'neutron.api.rpc.agentnotifiers.dhcp_rpc_agent_api.DhcpAgentNotifyAPI._native_event_send_dhcp_notification-559372', 'neutron.db.l3_db.L3RpcNotifierMixin._notify_gateway_port_ip_changed-8748161409208', 'neutron.db.l3_dvrscheduler_db._notify_l3_agent_port_update-8748161007629', 'neutron.db.l3_hascheduler_db._notify_l3_agent_ha_port_update-8748161007647'] for port (f93b96bc-732e-4b8f-9164-841bdf36e617), after_update {{(pid=102639) _notify_loop /usr/local/lib/python3.8/dist-packages/neutron_lib/callbacks/manager.py:176}}
