Jan 24 16:53:11.392942 dv-cinder-826116-1-smb devstack@c-api.service[115903]: /usr/local/lib/python3.8/dist-packages/oslo_context/context.py:105: DeprecationWarning: Policy enforcement is depending on the value of is_admin. This key is deprecated. Please update your policy file to use the standard policy values.
Jan 24 16:53:11.392942 dv-cinder-826116-1-smb devstack@c-api.service[115903]: warnings.warn('Policy enforcement is depending on the value of '
Jan 24 16:53:11.404194 dv-cinder-826116-1-smb devstack@c-api.service[115903]: INFO cinder.volume.api [None req-2140904c-5d08-4e93-a7d8-b0c6d40ff2c7 tempest-DeleteServersTestJSON-1691368638 tempest-DeleteServersTestJSON-1691368638-project] Volume info retrieved successfully.
Jan 24 16:53:11.421661 dv-cinder-826116-1-smb devstack@c-api.service[115903]: INFO cinder.api.openstack.wsgi [None req-2140904c-5d08-4e93-a7d8-b0c6d40ff2c7 tempest-DeleteServersTestJSON-1691368638 tempest-DeleteServersTestJSON-1691368638-project] http://10.222.0.112/volume/v3/d0a08c1e4af94ba8857cbeed227f724d/volumes/8342d23b-e91f-42ae-9fe3-fc768775145e returned with HTTP 200
Jan 24 16:53:11.424012 dv-cinder-826116-1-smb devstack@c-api.service[115903]: [pid: 115903|app: 0|req: 68/139] 10.222.0.112 () {58 vars in 1329 bytes} [Mon Jan 24 16:53:11 2022] GET /volume/v3/d0a08c1e4af94ba8857cbeed227f724d/volumes/8342d23b-e91f-42ae-9fe3-fc768775145e => generated 916 bytes in 82 msecs (HTTP/1.1 200) 7 headers in 285 bytes (1 switches on core 0)
Jan 24 16:53:11.430580 dv-cinder-826116-1-smb devstack@c-api.service[115903]: INFO cinder.api.openstack.wsgi [req-7627bb0a-c732-430d-8a3a-156132099c0c req-ebf654db-b932-4dae-9585-2c6f3f06afef tempest-DeleteServersTestJSON-1691368638 tempest-DeleteServersTestJSON-1691368638-project] POST http://10.222.0.112/volume/v3/d0a08c1e4af94ba8857cbeed227f724d/attachments/b2b7a8bb-f492-4bf6-aef6-cdc8fddc2eef/action
Jan 24 16:53:11.432375 dv-cinder-826116-1-smb devstack@c-api.service[115903]: DEBUG cinder.api.openstack.wsgi [req-7627bb0a-c732-430d-8a3a-156132099c0c req-ebf654db-b932-4dae-9585-2c6f3f06afef tempest-DeleteServersTestJSON-1691368638 tempest-DeleteServersTestJSON-1691368638-project] Action body: b'{"os-complete": null}' {{(pid=115903) get_method /opt/stack/cinder/cinder/api/openstack/wsgi.py:983}}
Jan 24 16:53:11.432710 dv-cinder-826116-1-smb devstack@c-api.service[115903]: DEBUG cinder.api.openstack.wsgi [req-7627bb0a-c732-430d-8a3a-156132099c0c req-ebf654db-b932-4dae-9585-2c6f3f06afef tempest-DeleteServersTestJSON-1691368638 tempest-DeleteServersTestJSON-1691368638-project] Action: 'action', calling method: version_select, body: {"os-complete": null} {{(pid=115903) _process_stack /opt/stack/cinder/cinder/api/openstack/wsgi.py:866}}
Jan 24 16:53:11.434214 dv-cinder-826116-1-smb devstack@c-api.service[115902]: INFO cinder.api.openstack.wsgi [req-83115636-ba42-4ff3-b40b-2ea8e60f8c9a req-58d13f51-0047-493c-a642-f01df531af18 tempest-AttachVolumeNegativeTest-23034933 tempest-AttachVolumeNegativeTest-23034933-project] http://10.222.0.112/volume/v3/f5d0e36d3d9848c7848125b836b69a6c/attachments returned with HTTP 200
Jan 24 16:53:11.435678 dv-cinder-826116-1-smb devstack@c-api.service[115902]: [pid: 115902|app: 0|req: 72/140] 10.222.0.112 () {66 vars in 1579 bytes} [Mon Jan 24 16:53:11 2022] POST /volume/v3/f5d0e36d3d9848c7848125b836b69a6c/attachments => generated 273 bytes in 215 msecs (HTTP/1.1 200) 7 headers in 286 bytes (1 switches on core 0)
Jan 24 16:53:11.475146 dv-cinder-826116-1-smb devstack@c-api.service[115903]: /usr/local/lib/python3.8/dist-packages/oslo_context/context.py:105: DeprecationWarning: Policy enforcement is depending on the value of is_admin. This key is deprecated. Please update your policy file to use the standard policy values.
Jan 24 16:53:11.475146 dv-cinder-826116-1-smb devstack@c-api.service[115903]: warnings.warn('Policy enforcement is depending on the value of '
Jan 24 16:53:11.498921 dv-cinder-826116-1-smb devstack@c-api.service[115903]: INFO cinder.api.openstack.wsgi [req-7627bb0a-c732-430d-8a3a-156132099c0c req-ebf654db-b932-4dae-9585-2c6f3f06afef tempest-DeleteServersTestJSON-1691368638 tempest-DeleteServersTestJSON-1691368638-project] http://10.222.0.112/volume/v3/d0a08c1e4af94ba8857cbeed227f724d/attachments/b2b7a8bb-f492-4bf6-aef6-cdc8fddc2eef/action returned with HTTP 204
Jan 24 16:53:11.500125 dv-cinder-826116-1-smb devstack@c-api.service[115903]: [pid: 115903|app: 0|req: 69/141] 10.222.0.120 () {64 vars in 1503 bytes} [Mon Jan 24 16:53:11 2022] POST /volume/v3/d0a08c1e4af94ba8857cbeed227f724d/attachments/b2b7a8bb-f492-4bf6-aef6-cdc8fddc2eef/action => generated 0 bytes in 75 msecs (HTTP/1.1 204) 7 headers in 292 bytes (1 switches on core 0)
Jan 24 16:53:11.511091 dv-cinder-826116-1-smb devstack@c-api.service[115902]: INFO cinder.api.openstack.wsgi [None req-32568c73-1203-4303-be2f-3336144d02c9 tempest-AttachVolumeNegativeTest-23034933 tempest-AttachVolumeNegativeTest-23034933-project] GET http://10.222.0.112/volume/v3/f5d0e36d3d9848c7848125b836b69a6c/volumes/1c3f07d4-8678-4b79-9eb6-12e116be5660
Jan 24 16:53:11.511616 dv-cinder-826116-1-smb devstack@c-api.service[115902]: DEBUG cinder.api.openstack.wsgi [None req-32568c73-1203-4303-be2f-3336144d02c9 tempest-AttachVolumeNegativeTest-23034933 tempest-AttachVolumeNegativeTest-23034933-project] Empty body provided in request {{(pid=115902) get_body /opt/stack/cinder/cinder/api/openstack/wsgi.py:715}}
Jan 24 16:53:11.518217 dv-cinder-826116-1-smb devstack@c-api.service[115902]: DEBUG cinder.api.openstack.wsgi [None req-32568c73-1203-4303-be2f-3336144d02c9 tempest-AttachVolumeNegativeTest-23034933 tempest-AttachVolumeNegativeTest-23034933-project] Calling method 'show' {{(pid=115902) _process_stack /opt/stack/cinder/cinder/api/openstack/wsgi.py:868}}
Jan 24 16:53:11.554462 dv-cinder-826116-1-smb devstack@c-api.service[115903]: INFO cinder.api.openstack.wsgi [req-7627bb0a-c732-430d-8a3a-156132099c0c req-ebf654db-b932-4dae-9585-2c6f3f06afef tempest-DeleteServersTestJSON-1691368638 tempest-DeleteServersTestJSON-1691368638-project] GET http://10.222.0.112/volume//
Jan 24 16:53:11.554884 dv-cinder-826116-1-smb devstack@c-api.service[115903]: DEBUG cinder.api.openstack.wsgi [req-7627bb0a-c732-430d-8a3a-156132099c0c req-ebf654db-b932-4dae-9585-2c6f3f06afef tempest-DeleteServersTestJSON-1691368638 tempest-DeleteServersTestJSON-1691368638-project] Empty body provided in request {{(pid=115903) get_body /opt/stack/cinder/cinder/api/openstack/wsgi.py:715}}
Jan 24 16:53:11.555383 dv-cinder-826116-1-smb devstack@c-api.service[115903]: DEBUG cinder.api.openstack.wsgi [req-7627bb0a-c732-430d-8a3a-156132099c0c req-ebf654db-b932-4dae-9585-2c6f3f06afef tempest-DeleteServersTestJSON-1691368638 tempest-DeleteServersTestJSON-1691368638-project] Calling method 'all' {{(pid=115903) _process_stack /opt/stack/cinder/cinder/api/openstack/wsgi.py:868}}
Jan 24 16:53:11.556152 dv-cinder-826116-1-smb devstack@c-api.service[115903]: INFO cinder.api.openstack.wsgi [req-7627bb0a-c732-430d-8a3a-156132099c0c req-ebf654db-b932-4dae-9585-2c6f3f06afef tempest-DeleteServersTestJSON-1691368638 tempest-DeleteServersTestJSON-1691368638-project] http://10.222.0.112/volume// returned with HTTP 300
Jan 24 16:53:11.557024 dv-cinder-826116-1-smb devstack@c-api.service[115903]: [pid: 115903|app: 0|req: 70/142] 10.222.0.120 () {56 vars in 1103 bytes} [Mon Jan 24 16:53:11 2022] GET /volume/ => generated 387 bytes in 3 msecs (HTTP/1.1 300) 5 headers in 169 bytes (2 switches on core 0)
Jan 24 16:53:11.585034 dv-cinder-826116-1-smb devstack@c-api.service[115903]: INFO cinder.api.openstack.wsgi [req-83115636-ba42-4ff3-b40b-2ea8e60f8c9a req-9ec4aeb1-ad38-47b4-845c-e284ac1a874f tempest-AttachVolumeNegativeTest-23034933 tempest-AttachVolumeNegativeTest-23034933-project] GET http://10.222.0.112/volume/v3/f5d0e36d3d9848c7848125b836b69a6c/volumes/1c3f07d4-8678-4b79-9eb6-12e116be5660
Jan 24 16:53:11.585775 dv-cinder-826116-1-smb devstack@c-api.service[115903]: DEBUG cinder.api.openstack.wsgi [req-83115636-ba42-4ff3-b40b-2ea8e60f8c9a req-9ec4aeb1-ad38-47b4-845c-e284ac1a874f tempest-AttachVolumeNegativeTest-23034933 tempest-AttachVolumeNegativeTest-23034933-project] Empty body provided in request {{(pid=115903) get_body /opt/stack/cinder/cinder/api/openstack/wsgi.py:715}}
Jan 24 16:53:11.586382 dv-cinder-826116-1-smb devstack@c-api.service[115903]: DEBUG cinder.api.openstack.wsgi [req-83115636-ba42-4ff3-b40b-2ea8e60f8c9a req-9ec4aeb1-ad38-47b4-845c-e284ac1a874f tempest-AttachVolumeNegativeTest-23034933 tempest-AttachVolumeNegativeTest-23034933-project] Calling method 'show' {{(pid=115903) _process_stack /opt/stack/cinder/cinder/api/openstack/wsgi.py:868}}
Jan 24 16:53:11.595005 dv-cinder-826116-1-smb devstack@c-api.service[115902]: /usr/local/lib/python3.8/dist-packages/oslo_context/context.py:105: DeprecationWarning: Policy enforcement is depending on the value of is_admin. This key is deprecated. Please update your policy file to use the standard policy values.
Jan 24 16:53:11.595005 dv-cinder-826116-1-smb devstack@c-api.service[115902]: warnings.warn('Policy enforcement is depending on the value of '
Jan 24 16:53:11.628541 dv-cinder-826116-1-smb devstack@c-api.service[115902]: INFO cinder.volume.api [None req-32568c73-1203-4303-be2f-3336144d02c9 tempest-AttachVolumeNegativeTest-23034933 tempest-AttachVolumeNegativeTest-23034933-project] Volume info retrieved successfully.
Jan 24 16:53:11.635682 dv-cinder-826116-1-smb devstack@c-api.service[115903]: /usr/local/lib/python3.8/dist-packages/oslo_context/context.py:105: DeprecationWarning: Policy enforcement is depending on the value of is_admin. This key is deprecated. Please update your policy file to use the standard policy values.
Jan 24 16:53:11.635682 dv-cinder-826116-1-smb devstack@c-api.service[115903]: warnings.warn('Policy enforcement is depending on the value of '
Jan 24 16:53:11.662424 dv-cinder-826116-1-smb devstack@c-api.service[115903]: INFO cinder.volume.api [req-83115636-ba42-4ff3-b40b-2ea8e60f8c9a req-9ec4aeb1-ad38-47b4-845c-e284ac1a874f tempest-AttachVolumeNegativeTest-23034933 tempest-AttachVolumeNegativeTest-23034933-project] Volume info retrieved successfully.
Jan 24 16:53:11.681250 dv-cinder-826116-1-smb devstack@c-api.service[115902]: INFO cinder.api.openstack.wsgi [None req-32568c73-1203-4303-be2f-3336144d02c9 tempest-AttachVolumeNegativeTest-23034933 tempest-AttachVolumeNegativeTest-23034933-project] http://10.222.0.112/volume/v3/f5d0e36d3d9848c7848125b836b69a6c/volumes/1c3f07d4-8678-4b79-9eb6-12e116be5660 returned with HTTP 200
Jan 24 16:53:11.696746 dv-cinder-826116-1-smb devstack@c-api.service[115902]: [pid: 115902|app: 0|req: 73/143] 10.222.0.112 () {58 vars in 1329 bytes} [Mon Jan 24 16:53:11 2022] GET /volume/v3/f5d0e36d3d9848c7848125b836b69a6c/volumes/1c3f07d4-8678-4b79-9eb6-12e116be5660 => generated 916 bytes in 189 msecs (HTTP/1.1 200) 7 headers in 285 bytes (1 switches on core 0)
Jan 24 16:53:11.708665 dv-cinder-826116-1-smb devstack@c-api.service[115903]: INFO cinder.api.openstack.wsgi [req-83115636-ba42-4ff3-b40b-2ea8e60f8c9a req-9ec4aeb1-ad38-47b4-845c-e284ac1a874f tempest-AttachVolumeNegativeTest-23034933 tempest-AttachVolumeNegativeTest-23034933-project] http://10.222.0.112/volume/v3/f5d0e36d3d9848c7848125b836b69a6c/volumes/1c3f07d4-8678-4b79-9eb6-12e116be5660 returned with HTTP 200
Jan 24 16:53:11.709679 dv-cinder-826116-1-smb devstack@c-api.service[115903]: [pid: 115903|app: 0|req: 71/144] 10.222.0.120 () {60 vars in 1417 bytes} [Mon Jan 24 16:53:11 2022] GET /volume/v3/f5d0e36d3d9848c7848125b836b69a6c/volumes/1c3f07d4-8678-4b79-9eb6-12e116be5660 => generated 1015 bytes in 128 msecs (HTTP/1.1 200) 7 headers in 287 bytes (2 switches on core 0)
Jan 24 16:53:11.726442 dv-cinder-826116-1-smb devstack@c-api.service[115902]: INFO cinder.api.openstack.wsgi [req-83115636-ba42-4ff3-b40b-2ea8e60f8c9a req-2c7c24c2-f693-43f0-bd18-76a184889872 tempest-AttachVolumeNegativeTest-23034933 tempest-AttachVolumeNegativeTest-23034933-project] PUT http://10.222.0.112/volume/v3/f5d0e36d3d9848c7848125b836b69a6c/attachments/4b8fff75-b356-4ac9-9c5a-feb048b2ddd9
Jan 24 16:53:11.727269 dv-cinder-826116-1-smb devstack@c-api.service[115902]: DEBUG cinder.api.openstack.wsgi [req-83115636-ba42-4ff3-b40b-2ea8e60f8c9a req-2c7c24c2-f693-43f0-bd18-76a184889872 tempest-AttachVolumeNegativeTest-23034933 tempest-AttachVolumeNegativeTest-23034933-project] Action: 'update', calling method: version_select, body: {"attachment": {"connector": {"platform": "AMD64", "os_type": "win32", "ip": "10.222.0.120", "host": "hv-cinder-82611", "multipath": false, "initiator": "iqn.1991-05.com.microsoft:hv-cinder-82611", "mountpoint": "/dev/sdb"}}} {{(pid=115902) _process_stack /opt/stack/cinder/cinder/api/openstack/wsgi.py:866}}
Jan 24 16:53:11.757218 dv-cinder-826116-1-smb devstack@c-api.service[115902]: /usr/local/lib/python3.8/dist-packages/tenacity/__init__.py:333: DeprecationWarning: "retry" function must accept single "retry_state" parameter, please update tooz._retry.retry..
Jan 24 16:53:11.757218 dv-cinder-826116-1-smb devstack@c-api.service[115902]: return self(f, *args, **kw)
Jan 24 16:53:11.757869 dv-cinder-826116-1-smb devstack@c-api.service[115902]: DEBUG cinder.coordination [req-83115636-ba42-4ff3-b40b-2ea8e60f8c9a req-2c7c24c2-f693-43f0-bd18-76a184889872 tempest-AttachVolumeNegativeTest-23034933 tempest-AttachVolumeNegativeTest-23034933-project] Lock "b'cinder-attachment_update-1c3f07d4-8678-4b79-9eb6-12e116be5660-hv-cinder-82611'" acquired by "attachment_update" :: waited 0.009s {{(pid=115902) _synchronized /opt/stack/cinder/cinder/coordination.py:186}}
Jan 24 16:53:11.759977 dv-cinder-826116-1-smb devstack@c-api.service[115902]: /usr/local/lib/python3.8/dist-packages/oslo_context/context.py:105: DeprecationWarning: Policy enforcement is depending on the value of is_admin. This key is deprecated. Please update your policy file to use the standard policy values.
Jan 24 16:53:11.759977 dv-cinder-826116-1-smb devstack@c-api.service[115902]: warnings.warn('Policy enforcement is depending on the value of '
Jan 24 16:53:11.947234 dv-cinder-826116-1-smb devstack@c-api.service[115902]: DEBUG cinder.coordination [req-83115636-ba42-4ff3-b40b-2ea8e60f8c9a req-2c7c24c2-f693-43f0-bd18-76a184889872 tempest-AttachVolumeNegativeTest-23034933 tempest-AttachVolumeNegativeTest-23034933-project] Lock "b'cinder-attachment_update-1c3f07d4-8678-4b79-9eb6-12e116be5660-hv-cinder-82611'" released by "attachment_update" :: held 0.189s {{(pid=115902) _synchronized /opt/stack/cinder/cinder/coordination.py:198}}
Jan 24 16:53:11.948013 dv-cinder-826116-1-smb devstack@c-api.service[115902]: INFO cinder.api.openstack.wsgi [req-83115636-ba42-4ff3-b40b-2ea8e60f8c9a req-2c7c24c2-f693-43f0-bd18-76a184889872 tempest-AttachVolumeNegativeTest-23034933 tempest-AttachVolumeNegativeTest-23034933-project] http://10.222.0.112/volume/v3/f5d0e36d3d9848c7848125b836b69a6c/attachments/4b8fff75-b356-4ac9-9c5a-feb048b2ddd9 returned with HTTP 200
Jan 24 16:53:11.949967 dv-cinder-826116-1-smb devstack@c-api.service[115902]: [pid: 115902|app: 0|req: 74/145] 10.222.0.120 () {64 vars in 1482 bytes} [Mon Jan 24 16:53:11 2022] PUT /volume/v3/f5d0e36d3d9848c7848125b836b69a6c/attachments/4b8fff75-b356-4ac9-9c5a-feb048b2ddd9 => generated 652 bytes in 229 msecs (HTTP/1.1 200) 7 headers in 286 bytes (1 switches on core 0)
Jan 24 16:53:11.980663 dv-cinder-826116-1-smb devstack@c-api.service[115903]: INFO cinder.api.openstack.wsgi [None req-baac24aa-06cb-4201-af54-4bc74d94c5db tempest-VolumeQuotasNegativeTestJSON-1740851208 tempest-VolumeQuotasNegativeTestJSON-1740851208-project] GET http://10.222.0.112/volume/v3/0e7d6e83856647b9b88dfe1ab5b52e74/volumes/d676215b-b211-43a4-8fa4-d078f13da7d2
Jan 24 16:53:11.981115 dv-cinder-826116-1-smb devstack@c-api.service[115903]: DEBUG cinder.api.openstack.wsgi [None req-baac24aa-06cb-4201-af54-4bc74d94c5db tempest-VolumeQuotasNegativeTestJSON-1740851208 tempest-VolumeQuotasNegativeTestJSON-1740851208-project] Empty body provided in request {{(pid=115903) get_body /opt/stack/cinder/cinder/api/openstack/wsgi.py:715}}
Jan 24 16:53:11.981571 dv-cinder-826116-1-smb devstack@c-api.service[115903]: DEBUG cinder.api.openstack.wsgi [None req-baac24aa-06cb-4201-af54-4bc74d94c5db tempest-VolumeQuotasNegativeTestJSON-1740851208 tempest-VolumeQuotasNegativeTestJSON-1740851208-project] Calling method 'show' {{(pid=115903) _process_stack /opt/stack/cinder/cinder/api/openstack/wsgi.py:868}}
Jan 24 16:53:12.004061 dv-cinder-826116-1-smb devstack@c-api.service[115903]: /usr/local/lib/python3.8/dist-packages/oslo_context/context.py:105: DeprecationWarning: Policy enforcement is depending on the value of is_admin. This key is deprecated. Please update your policy file to use the standard policy values.
Jan 24 16:53:12.004061 dv-cinder-826116-1-smb devstack@c-api.service[115903]: warnings.warn('Policy enforcement is depending on the value of '
Jan 24 16:53:12.011588 dv-cinder-826116-1-smb devstack@c-api.service[115903]: INFO cinder.volume.api [None req-baac24aa-06cb-4201-af54-4bc74d94c5db tempest-VolumeQuotasNegativeTestJSON-1740851208 tempest-VolumeQuotasNegativeTestJSON-1740851208-project] Volume info retrieved successfully.
Jan 24 16:53:12.021324 dv-cinder-826116-1-smb devstack@c-api.service[115903]: INFO cinder.api.openstack.wsgi [None req-baac24aa-06cb-4201-af54-4bc74d94c5db tempest-VolumeQuotasNegativeTestJSON-1740851208 tempest-VolumeQuotasNegativeTestJSON-1740851208-project] http://10.222.0.112/volume/v3/0e7d6e83856647b9b88dfe1ab5b52e74/volumes/d676215b-b211-43a4-8fa4-d078f13da7d2 returned with HTTP 200
Jan 24 16:53:12.022057 dv-cinder-826116-1-smb devstack@c-api.service[115903]: [pid: 115903|app: 0|req: 72/146] 10.222.0.112 () {58 vars in 1329 bytes} [Mon Jan 24 16:53:11 2022] GET /volume/v3/0e7d6e83856647b9b88dfe1ab5b52e74/volumes/d676215b-b211-43a4-8fa4-d078f13da7d2 => generated 922 bytes in 45 msecs (HTTP/1.1 200) 7 headers in 285 bytes (1 switches on core 0)
Jan 24 16:53:12.040404 dv-cinder-826116-1-smb devstack@c-api.service[115902]: INFO cinder.api.openstack.wsgi [None req-0a86bb9d-19df-41f1-9aba-8391aeeb4ee5 tempest-VolumeQuotasNegativeTestJSON-1508009911 tempest-VolumeQuotasNegativeTestJSON-1508009911-project-admin] PUT http://10.222.0.112/volume/v3/31f8fe4c0a424c278f8ec8177cdfcb97/os-quota-sets/0e7d6e83856647b9b88dfe1ab5b52e74
Jan 24 16:53:12.041146 dv-cinder-826116-1-smb devstack@c-api.service[115902]: DEBUG cinder.api.openstack.wsgi [None req-0a86bb9d-19df-41f1-9aba-8391aeeb4ee5 tempest-VolumeQuotasNegativeTestJSON-1508009911 tempest-VolumeQuotasNegativeTestJSON-1508009911-project-admin] Action: 'update', calling method: update, body: {"quota_set": {"gigabytes": 1, "volumes": -1}} {{(pid=115902) _process_stack /opt/stack/cinder/cinder/api/openstack/wsgi.py:866}}
Jan 24 16:53:12.069026 dv-cinder-826116-1-smb devstack@c-api.service[115902]: /usr/local/lib/python3.8/dist-packages/oslo_context/context.py:105: DeprecationWarning: Policy enforcement is depending on the value of is_admin. This key is deprecated. Please update your policy file to use the standard policy values.
Jan 24 16:53:12.069026 dv-cinder-826116-1-smb devstack@c-api.service[115902]: warnings.warn('Policy enforcement is depending on the value of '
Jan 24 16:53:12.158749 dv-cinder-826116-1-smb devstack@c-api.service[115902]: INFO cinder.api.openstack.wsgi [None req-0a86bb9d-19df-41f1-9aba-8391aeeb4ee5 tempest-VolumeQuotasNegativeTestJSON-1508009911 tempest-VolumeQuotasNegativeTestJSON-1508009911-project-admin] http://10.222.0.112/volume/v3/31f8fe4c0a424c278f8ec8177cdfcb97/os-quota-sets/0e7d6e83856647b9b88dfe1ab5b52e74 returned with HTTP 200
Jan 24 16:53:12.165880 dv-cinder-826116-1-smb devstack@c-api.service[115902]: [pid: 115902|app: 0|req: 75/147] 10.222.0.112 () {60 vars in 1355 bytes} [Mon Jan 24 16:53:12 2022] PUT /volume/v3/31f8fe4c0a424c278f8ec8177cdfcb97/os-quota-sets/0e7d6e83856647b9b88dfe1ab5b52e74 => generated 316 bytes in 131 msecs (HTTP/1.1 200) 7 headers in 285 bytes (2 switches on core 0)
Jan 24 16:53:12.176459 dv-cinder-826116-1-smb devstack@c-api.service[115903]: INFO cinder.api.openstack.wsgi [None req-d2a40d0f-ffc8-49de-a15a-b08e867fe888 tempest-VolumeQuotasNegativeTestJSON-1740851208 tempest-VolumeQuotasNegativeTestJSON-1740851208-project] POST http://10.222.0.112/volume/v3/0e7d6e83856647b9b88dfe1ab5b52e74/volumes
Jan 24 16:53:12.177170 dv-cinder-826116-1-smb devstack@c-api.service[115903]: DEBUG cinder.api.openstack.wsgi [None req-d2a40d0f-ffc8-49de-a15a-b08e867fe888 tempest-VolumeQuotasNegativeTestJSON-1740851208 tempest-VolumeQuotasNegativeTestJSON-1740851208-project] Action: 'create', calling method: create, body: {"volume": {"size": 2}} {{(pid=115903) _process_stack /opt/stack/cinder/cinder/api/openstack/wsgi.py:866}}
Jan 24 16:53:12.178094 dv-cinder-826116-1-smb devstack@c-api.service[115903]: DEBUG cinder.api.v3.volumes [None req-d2a40d0f-ffc8-49de-a15a-b08e867fe888 tempest-VolumeQuotasNegativeTestJSON-1740851208 tempest-VolumeQuotasNegativeTestJSON-1740851208-project] Create volume request body: {'volume': {'size': 2}} {{(pid=115903) create /opt/stack/cinder/cinder/api/v3/volumes.py:298}}
Jan 24 16:53:12.178632 dv-cinder-826116-1-smb devstack@c-api.service[115903]: INFO cinder.api.v3.volumes [None req-d2a40d0f-ffc8-49de-a15a-b08e867fe888 tempest-VolumeQuotasNegativeTestJSON-1740851208 tempest-VolumeQuotasNegativeTestJSON-1740851208-project] Create volume of 2 GB
Jan 24 16:53:12.190022 dv-cinder-826116-1-smb devstack@c-api.service[115903]: INFO cinder.volume.api [None req-d2a40d0f-ffc8-49de-a15a-b08e867fe888 tempest-VolumeQuotasNegativeTestJSON-1740851208 tempest-VolumeQuotasNegativeTestJSON-1740851208-project] Availability Zones retrieved successfully.
Jan 24 16:53:12.214522 dv-cinder-826116-1-smb devstack@c-api.service[115903]: DEBUG cinder.volume.api [None req-d2a40d0f-ffc8-49de-a15a-b08e867fe888 tempest-VolumeQuotasNegativeTestJSON-1740851208 tempest-VolumeQuotasNegativeTestJSON-1740851208-project] Flow 'volume_create_api' (bba9419d-623d-46a5-b9b0-51f8b68371ad) transitioned into state 'RUNNING' from state 'PENDING' {{(pid=115903) _flow_receiver /usr/local/lib/python3.8/dist-packages/taskflow/listeners/logging.py:141}}
Jan 24 16:53:12.217163 dv-cinder-826116-1-smb devstack@c-api.service[115903]: DEBUG cinder.volume.api [None req-d2a40d0f-ffc8-49de-a15a-b08e867fe888 tempest-VolumeQuotasNegativeTestJSON-1740851208 tempest-VolumeQuotasNegativeTestJSON-1740851208-project] Task 'cinder.volume.flows.api.create_volume.ExtractVolumeRequestTask;volume:create' (a6e8bf5d-0fbd-4ca8-b6fb-238bb4f30787) transitioned into state 'RUNNING' from state 'PENDING' {{(pid=115903) _task_receiver /usr/local/lib/python3.8/dist-packages/taskflow/listeners/logging.py:190}}
Jan 24 16:53:12.220671 dv-cinder-826116-1-smb devstack@c-api.service[115903]: DEBUG cinder.volume.flows.api.create_volume [None req-d2a40d0f-ffc8-49de-a15a-b08e867fe888 tempest-VolumeQuotasNegativeTestJSON-1740851208 tempest-VolumeQuotasNegativeTestJSON-1740851208-project] Validating volume size '2' using validate_int {{(pid=115903) _extract_size /opt/stack/cinder/cinder/volume/flows/api/create_volume.py:225}}
Jan 24 16:53:12.233589 dv-cinder-826116-1-smb devstack@c-api.service[115902]: INFO cinder.api.openstack.wsgi [None req-4077c078-c213-46b2-9feb-76079cc0ae94 tempest-VolumesListAdminTestJSON-1148286776 tempest-VolumesListAdminTestJSON-1148286776-project] GET http://10.222.0.112/volume/v3/53c7e9e857364e92a845cbe61cc954fb/volumes/aa4210be-13d4-4ccb-ae5b-ccf95d6bcb35
Jan 24 16:53:12.235494 dv-cinder-826116-1-smb devstack@c-api.service[115902]: DEBUG cinder.api.openstack.wsgi [None req-4077c078-c213-46b2-9feb-76079cc0ae94 tempest-VolumesListAdminTestJSON-1148286776 tempest-VolumesListAdminTestJSON-1148286776-project] Empty body provided in request {{(pid=115902) get_body /opt/stack/cinder/cinder/api/openstack/wsgi.py:715}}
Jan 24 16:53:12.236790 dv-cinder-826116-1-smb devstack@c-api.service[115902]: DEBUG cinder.api.openstack.wsgi [None req-4077c078-c213-46b2-9feb-76079cc0ae94 tempest-VolumesListAdminTestJSON-1148286776 tempest-VolumesListAdminTestJSON-1148286776-project] Calling method 'show' {{(pid=115902) _process_stack /opt/stack/cinder/cinder/api/openstack/wsgi.py:868}}
Jan 24 16:53:12.255722 dv-cinder-826116-1-smb devstack@c-api.service[115902]: INFO cinder.api.openstack.wsgi [None req-4077c078-c213-46b2-9feb-76079cc0ae94 tempest-VolumesListAdminTestJSON-1148286776 tempest-VolumesListAdminTestJSON-1148286776-project] http://10.222.0.112/volume/v3/53c7e9e857364e92a845cbe61cc954fb/volumes/aa4210be-13d4-4ccb-ae5b-ccf95d6bcb35 returned with HTTP 404
Jan 24 16:53:12.258426 dv-cinder-826116-1-smb devstack@c-api.service[115902]: [pid: 115902|app: 0|req: 76/148] 10.222.0.112 () {58 vars in 1329 bytes} [Mon Jan 24 16:53:12 2022] GET /volume/v3/53c7e9e857364e92a845cbe61cc954fb/volumes/aa4210be-13d4-4ccb-ae5b-ccf95d6bcb35 => generated 109 bytes in 38 msecs (HTTP/1.1 404) 7 headers in 292 bytes (2 switches on core 0)
Jan 24 16:53:12.265771 dv-cinder-826116-1-smb devstack@c-api.service[115902]: INFO cinder.api.openstack.wsgi [None req-15f03994-399c-4815-a634-94d729a94ead tempest-VolumesListAdminTestJSON-1148286776 tempest-VolumesListAdminTestJSON-1148286776-project] DELETE http://10.222.0.112/volume/v3/53c7e9e857364e92a845cbe61cc954fb/volumes/96041630-27fe-4ea8-a301-486f569ab8cd
Jan 24 16:53:12.266225 dv-cinder-826116-1-smb devstack@c-api.service[115902]: DEBUG cinder.api.openstack.wsgi [None req-15f03994-399c-4815-a634-94d729a94ead tempest-VolumesListAdminTestJSON-1148286776 tempest-VolumesListAdminTestJSON-1148286776-project] Empty body provided in request {{(pid=115902) get_body /opt/stack/cinder/cinder/api/openstack/wsgi.py:715}}
Jan 24 16:53:12.266841 dv-cinder-826116-1-smb devstack@c-api.service[115902]: DEBUG cinder.api.openstack.wsgi [None req-15f03994-399c-4815-a634-94d729a94ead tempest-VolumesListAdminTestJSON-1148286776 tempest-VolumesListAdminTestJSON-1148286776-project] Calling method 'delete' {{(pid=115902) _process_stack /opt/stack/cinder/cinder/api/openstack/wsgi.py:868}}
Jan 24 16:53:12.267404 dv-cinder-826116-1-smb devstack@c-api.service[115902]: INFO cinder.api.v3.volumes [None req-15f03994-399c-4815-a634-94d729a94ead tempest-VolumesListAdminTestJSON-1148286776 tempest-VolumesListAdminTestJSON-1148286776-project] Delete volume with id: 96041630-27fe-4ea8-a301-486f569ab8cd
Jan 24 16:53:12.275053 dv-cinder-826116-1-smb devstack@c-api.service[115903]: DEBUG cinder.volume.api [None req-d2a40d0f-ffc8-49de-a15a-b08e867fe888 tempest-VolumeQuotasNegativeTestJSON-1740851208 tempest-VolumeQuotasNegativeTestJSON-1740851208-project] Task 'cinder.volume.flows.api.create_volume.ExtractVolumeRequestTask;volume:create' (a6e8bf5d-0fbd-4ca8-b6fb-238bb4f30787) transitioned into state 'SUCCESS' from state 'RUNNING' with result '{'size': 2, 'snapshot_id': None, 'source_volid': None, 'volume_type': VolumeType(created_at=2022-01-24T16:42:12Z,deleted=False,deleted_at=None,description='Default Volume Type',extra_specs={},id=404d742d-ee13-41e1-aca2-24bcd63d6b4b,is_public=True,name='__DEFAULT__',projects=[],qos_specs=,qos_specs_id=None,updated_at=2022-01-24T16:42:12Z), 'volume_type_id': '404d742d-ee13-41e1-aca2-24bcd63d6b4b', 'encryption_key_id': None, 'qos_specs': None, 'consistencygroup_id': None, 'cgsnapshot_id': None, 'group_id': None, 'replication_status': 'disabled', 'refresh_az': False, 'backup_id': None, 'multiattach': False, 'availability_zones': ['nova']}' {{(pid=115903) _task_receiver /usr/local/lib/python3.8/dist-packages/taskflow/listeners/logging.py:178}}
Jan 24 16:53:12.277091 dv-cinder-826116-1-smb devstack@c-api.service[115903]: DEBUG cinder.volume.api [None req-d2a40d0f-ffc8-49de-a15a-b08e867fe888 tempest-VolumeQuotasNegativeTestJSON-1740851208 tempest-VolumeQuotasNegativeTestJSON-1740851208-project] Task 'cinder.volume.flows.api.create_volume.QuotaReserveTask;volume:create' (1f945184-912c-4b62-a9de-42b2d28b45aa) transitioned into state 'RUNNING' from state 'PENDING' {{(pid=115903) _task_receiver /usr/local/lib/python3.8/dist-packages/taskflow/listeners/logging.py:190}}
Jan 24 16:53:12.282301 dv-cinder-826116-1-smb devstack@c-api.service[115902]: /usr/local/lib/python3.8/dist-packages/oslo_context/context.py:105: DeprecationWarning: Policy enforcement is depending on the value of is_admin. This key is deprecated. Please update your policy file to use the standard policy values.
Jan 24 16:53:12.282301 dv-cinder-826116-1-smb devstack@c-api.service[115902]: warnings.warn('Policy enforcement is depending on the value of '
Jan 24 16:53:12.283487 dv-cinder-826116-1-smb devstack@c-api.service[115902]: INFO cinder.volume.api [None req-15f03994-399c-4815-a634-94d729a94ead tempest-VolumesListAdminTestJSON-1148286776 tempest-VolumesListAdminTestJSON-1148286776-project] Volume info retrieved successfully.
Jan 24 16:53:12.321165 dv-cinder-826116-1-smb devstack@c-api.service[115902]: INFO cinder.volume.api [None req-15f03994-399c-4815-a634-94d729a94ead tempest-VolumesListAdminTestJSON-1148286776 tempest-VolumesListAdminTestJSON-1148286776-project] Delete volume request issued successfully.
Jan 24 16:53:12.321627 dv-cinder-826116-1-smb devstack@c-api.service[115902]: INFO cinder.api.openstack.wsgi [None req-15f03994-399c-4815-a634-94d729a94ead tempest-VolumesListAdminTestJSON-1148286776 tempest-VolumesListAdminTestJSON-1148286776-project] http://10.222.0.112/volume/v3/53c7e9e857364e92a845cbe61cc954fb/volumes/96041630-27fe-4ea8-a301-486f569ab8cd returned with HTTP 202
Jan 24 16:53:12.322382 dv-cinder-826116-1-smb devstack@c-api.service[115902]: [pid: 115902|app: 0|req: 77/149] 10.222.0.112 () {58 vars in 1332 bytes} [Mon Jan 24 16:53:12 2022] DELETE /volume/v3/53c7e9e857364e92a845cbe61cc954fb/volumes/96041630-27fe-4ea8-a301-486f569ab8cd => generated 0 bytes in 60 msecs (HTTP/1.1 202) 6 headers in 233 bytes (1 switches on core 0)
Jan 24 16:53:12.330973 dv-cinder-826116-1-smb devstack@c-api.service[115902]: INFO cinder.api.openstack.wsgi [None req-17c88225-8608-4611-bb7c-6b9717f9e68a tempest-VolumesListAdminTestJSON-1148286776 tempest-VolumesListAdminTestJSON-1148286776-project] GET http://10.222.0.112/volume/v3/53c7e9e857364e92a845cbe61cc954fb/volumes/96041630-27fe-4ea8-a301-486f569ab8cd
Jan 24 16:53:12.331411 dv-cinder-826116-1-smb devstack@c-api.service[115902]: DEBUG cinder.api.openstack.wsgi [None req-17c88225-8608-4611-bb7c-6b9717f9e68a tempest-VolumesListAdminTestJSON-1148286776 tempest-VolumesListAdminTestJSON-1148286776-project] Empty body provided in request {{(pid=115902) get_body /opt/stack/cinder/cinder/api/openstack/wsgi.py:715}}
Jan 24 16:53:12.331823 dv-cinder-826116-1-smb devstack@c-api.service[115902]: DEBUG cinder.api.openstack.wsgi [None req-17c88225-8608-4611-bb7c-6b9717f9e68a tempest-VolumesListAdminTestJSON-1148286776 tempest-VolumesListAdminTestJSON-1148286776-project] Calling method 'show' {{(pid=115902) _process_stack /opt/stack/cinder/cinder/api/openstack/wsgi.py:868}}
Jan 24 16:53:12.336540 dv-cinder-826116-1-smb devstack@c-api.service[115903]: WARNING cinder.quota_utils [None req-d2a40d0f-ffc8-49de-a15a-b08e867fe888 tempest-VolumeQuotasNegativeTestJSON-1740851208 tempest-VolumeQuotasNegativeTestJSON-1740851208-project] Quota exceeded for 0e7d6e83856647b9b88dfe1ab5b52e74, tried to create 2G volume (1G of 1G already consumed).: cinder.exception.OverQuota: Quota exceeded for resources: ['gigabytes']
Jan 24 16:53:12.349099 dv-cinder-826116-1-smb devstack@c-api.service[115902]: /usr/local/lib/python3.8/dist-packages/oslo_context/context.py:105: DeprecationWarning: Policy enforcement is depending on the value of is_admin. This key is deprecated. Please update your policy file to use the standard policy values.
Jan 24 16:53:12.349099 dv-cinder-826116-1-smb devstack@c-api.service[115902]: warnings.warn('Policy enforcement is depending on the value of '
Jan 24 16:53:12.365260 dv-cinder-826116-1-smb devstack@c-api.service[115902]: INFO cinder.volume.api [None req-17c88225-8608-4611-bb7c-6b9717f9e68a tempest-VolumesListAdminTestJSON-1148286776 tempest-VolumesListAdminTestJSON-1148286776-project] Volume info retrieved successfully.
Jan 24 16:53:12.374997 dv-cinder-826116-1-smb devstack@c-api.service[115902]: INFO cinder.api.openstack.wsgi [None req-17c88225-8608-4611-bb7c-6b9717f9e68a tempest-VolumesListAdminTestJSON-1148286776 tempest-VolumesListAdminTestJSON-1148286776-project] http://10.222.0.112/volume/v3/53c7e9e857364e92a845cbe61cc954fb/volumes/96041630-27fe-4ea8-a301-486f569ab8cd returned with HTTP 200
Jan 24 16:53:12.376295 dv-cinder-826116-1-smb devstack@c-api.service[115902]: [pid: 115902|app: 0|req: 78/150] 10.222.0.112 () {58 vars in 1329 bytes} [Mon Jan 24 16:53:12 2022] GET /volume/v3/53c7e9e857364e92a845cbe61cc954fb/volumes/96041630-27fe-4ea8-a301-486f569ab8cd => generated 917 bytes in 50 msecs (HTTP/1.1 200) 7 headers in 285 bytes (1 switches on core 0)
Jan 24 16:53:12.393319 dv-cinder-826116-1-smb devstack@c-api.service[115903]: WARNING cinder.volume.api [None req-d2a40d0f-ffc8-49de-a15a-b08e867fe888 tempest-VolumeQuotasNegativeTestJSON-1740851208 tempest-VolumeQuotasNegativeTestJSON-1740851208-project] Task 'cinder.volume.flows.api.create_volume.QuotaReserveTask;volume:create' (1f945184-912c-4b62-a9de-42b2d28b45aa) transitioned into state 'FAILURE' from state 'RUNNING'
Jan 24 16:53:12.393319 dv-cinder-826116-1-smb devstack@c-api.service[115903]: Failure: cinder.exception.VolumeSizeExceedsAvailableQuota: Requested volume or snapshot exceeds allowed gigabytes quota. Requested 2G, quota is 1G and 1G has been consumed.
Jan 24 16:53:12.397985 dv-cinder-826116-1-smb devstack@c-api.service[115903]: DEBUG cinder.volume.api [None req-d2a40d0f-ffc8-49de-a15a-b08e867fe888 tempest-VolumeQuotasNegativeTestJSON-1740851208 tempest-VolumeQuotasNegativeTestJSON-1740851208-project] Task 'cinder.volume.flows.api.create_volume.QuotaReserveTask;volume:create' (1f945184-912c-4b62-a9de-42b2d28b45aa) transitioned into state 'REVERTING' from state 'FAILURE' {{(pid=115903) _task_receiver /usr/local/lib/python3.8/dist-packages/taskflow/listeners/logging.py:190}}
Jan 24 16:53:12.406638 dv-cinder-826116-1-smb devstack@c-api.service[115903]: WARNING cinder.volume.api [None req-d2a40d0f-ffc8-49de-a15a-b08e867fe888 tempest-VolumeQuotasNegativeTestJSON-1740851208 tempest-VolumeQuotasNegativeTestJSON-1740851208-project] Task 'cinder.volume.flows.api.create_volume.QuotaReserveTask;volume:create' (1f945184-912c-4b62-a9de-42b2d28b45aa) transitioned into state 'REVERTED' from state 'REVERTING' with result 'None'
Jan 24 16:53:12.408540 dv-cinder-826116-1-smb devstack@c-api.service[115903]: DEBUG cinder.volume.api [None req-d2a40d0f-ffc8-49de-a15a-b08e867fe888 tempest-VolumeQuotasNegativeTestJSON-1740851208 tempest-VolumeQuotasNegativeTestJSON-1740851208-project] Task 'cinder.volume.flows.api.create_volume.ExtractVolumeRequestTask;volume:create' (a6e8bf5d-0fbd-4ca8-b6fb-238bb4f30787) transitioned into state 'REVERTING' from state 'SUCCESS' {{(pid=115903) _task_receiver /usr/local/lib/python3.8/dist-packages/taskflow/listeners/logging.py:190}}
Jan 24 16:53:12.413318 dv-cinder-826116-1-smb devstack@c-api.service[115903]: WARNING cinder.volume.api [None req-d2a40d0f-ffc8-49de-a15a-b08e867fe888 tempest-VolumeQuotasNegativeTestJSON-1740851208 tempest-VolumeQuotasNegativeTestJSON-1740851208-project] Task 'cinder.volume.flows.api.create_volume.ExtractVolumeRequestTask;volume:create' (a6e8bf5d-0fbd-4ca8-b6fb-238bb4f30787) transitioned into state 'REVERTED' from state 'REVERTING' with result 'None'
Jan 24 16:53:12.418108 dv-cinder-826116-1-smb devstack@c-api.service[115903]: WARNING cinder.volume.api [None req-d2a40d0f-ffc8-49de-a15a-b08e867fe888 tempest-VolumeQuotasNegativeTestJSON-1740851208 tempest-VolumeQuotasNegativeTestJSON-1740851208-project] Flow 'volume_create_api' (bba9419d-623d-46a5-b9b0-51f8b68371ad) transitioned into state 'REVERTED' from state 'RUNNING'
Jan 24 16:53:12.418897 dv-cinder-826116-1-smb devstack@c-api.service[115903]: INFO cinder.api.middleware.fault [None req-d2a40d0f-ffc8-49de-a15a-b08e867fe888 tempest-VolumeQuotasNegativeTestJSON-1740851208 tempest-VolumeQuotasNegativeTestJSON-1740851208-project] http://10.222.0.112/volume/v3/0e7d6e83856647b9b88dfe1ab5b52e74/volumes returned with HTTP 413
Jan 24 16:53:12.420787 dv-cinder-826116-1-smb devstack@c-api.service[115903]: [pid: 115903|app: 0|req: 73/151] 10.222.0.112 () {60 vars in 1239 bytes} [Mon Jan 24 16:53:12 2022] POST /volume/v3/0e7d6e83856647b9b88dfe1ab5b52e74/volumes => generated 208 bytes in 255 msecs (HTTP/1.1 413) 8 headers in 323 bytes (2 switches on core 0)
Jan 24 16:53:12.431106 dv-cinder-826116-1-smb devstack@c-api.service[115902]: INFO cinder.api.openstack.wsgi [None req-94fff4fd-e8ec-491d-8886-4c4addda939b tempest-VolumeQuotasNegativeTestJSON-1508009911 tempest-VolumeQuotasNegativeTestJSON-1508009911-project-admin] PUT http://10.222.0.112/volume/v3/31f8fe4c0a424c278f8ec8177cdfcb97/os-quota-sets/0e7d6e83856647b9b88dfe1ab5b52e74
Jan 24 16:53:12.431869 dv-cinder-826116-1-smb devstack@c-api.service[115902]: DEBUG cinder.api.openstack.wsgi [None req-94fff4fd-e8ec-491d-8886-4c4addda939b tempest-VolumeQuotasNegativeTestJSON-1508009911 tempest-VolumeQuotasNegativeTestJSON-1508009911-project-admin] Action: 'update', calling method: update, body: {"quota_set": {"volumes": 1, "gigabytes": -1}} {{(pid=115902) _process_stack /opt/stack/cinder/cinder/api/openstack/wsgi.py:866}}
Jan 24 16:53:12.443603 dv-cinder-826116-1-smb devstack@c-api.service[115903]: INFO cinder.api.openstack.wsgi [None req-fe0ae70f-49ba-42c8-a047-de2acb31afd1 tempest-DeleteServersTestJSON-1691368638 tempest-DeleteServersTestJSON-1691368638-project] GET http://10.222.0.112/volume/v3/d0a08c1e4af94ba8857cbeed227f724d/volumes/8342d23b-e91f-42ae-9fe3-fc768775145e
Jan 24 16:53:12.444358 dv-cinder-826116-1-smb devstack@c-api.service[115903]: DEBUG cinder.api.openstack.wsgi [None req-fe0ae70f-49ba-42c8-a047-de2acb31afd1 tempest-DeleteServersTestJSON-1691368638 tempest-DeleteServersTestJSON-1691368638-project] Empty body provided in request {{(pid=115903) get_body /opt/stack/cinder/cinder/api/openstack/wsgi.py:715}}
Jan 24 16:53:12.445085 dv-cinder-826116-1-smb devstack@c-api.service[115903]: DEBUG cinder.api.openstack.wsgi [None req-fe0ae70f-49ba-42c8-a047-de2acb31afd1 tempest-DeleteServersTestJSON-1691368638 tempest-DeleteServersTestJSON-1691368638-project] Calling method 'show' {{(pid=115903) _process_stack /opt/stack/cinder/cinder/api/openstack/wsgi.py:868}}
Jan 24 16:53:12.477506 dv-cinder-826116-1-smb devstack@c-api.service[115903]: /usr/local/lib/python3.8/dist-packages/oslo_context/context.py:105: DeprecationWarning: Policy enforcement is depending on the value of is_admin. This key is deprecated. Please update your policy file to use the standard policy values.
Jan 24 16:53:12.477506 dv-cinder-826116-1-smb devstack@c-api.service[115903]: warnings.warn('Policy enforcement is depending on the value of '
Jan 24 16:53:12.493843 dv-cinder-826116-1-smb devstack@c-api.service[115903]: INFO cinder.volume.api [None req-fe0ae70f-49ba-42c8-a047-de2acb31afd1 tempest-DeleteServersTestJSON-1691368638 tempest-DeleteServersTestJSON-1691368638-project] Volume info retrieved successfully.
Jan 24 16:53:12.514339 dv-cinder-826116-1-smb devstack@c-api.service[115903]: INFO cinder.api.openstack.wsgi [None req-fe0ae70f-49ba-42c8-a047-de2acb31afd1 tempest-DeleteServersTestJSON-1691368638 tempest-DeleteServersTestJSON-1691368638-project] http://10.222.0.112/volume/v3/d0a08c1e4af94ba8857cbeed227f724d/volumes/8342d23b-e91f-42ae-9fe3-fc768775145e returned with HTTP 200
Jan 24 16:53:12.517078 dv-cinder-826116-1-smb devstack@c-api.service[115903]: [pid: 115903|app: 0|req: 74/152] 10.222.0.112 () {58 vars in 1329 bytes} [Mon Jan 24 16:53:12 2022] GET /volume/v3/d0a08c1e4af94ba8857cbeed227f724d/volumes/8342d23b-e91f-42ae-9fe3-fc768775145e => generated 1208 bytes in 82 msecs (HTTP/1.1 200) 7 headers in 286 bytes (1 switches on core 0)
Jan 24 16:53:12.536984 dv-cinder-826116-1-smb devstack@c-api.service[115903]: INFO cinder.api.openstack.wsgi [None req-de8f25ba-1031-41d5-86b0-bb2ecda8d12f tempest-DeleteServersTestJSON-1691368638 tempest-DeleteServersTestJSON-1691368638-project] GET http://10.222.0.112/volume/v3/d0a08c1e4af94ba8857cbeed227f724d/volumes/8342d23b-e91f-42ae-9fe3-fc768775145e
Jan 24 16:53:12.537366 dv-cinder-826116-1-smb devstack@c-api.service[115903]: DEBUG cinder.api.openstack.wsgi [None req-de8f25ba-1031-41d5-86b0-bb2ecda8d12f tempest-DeleteServersTestJSON-1691368638 tempest-DeleteServersTestJSON-1691368638-project] Empty body provided in request {{(pid=115903) get_body /opt/stack/cinder/cinder/api/openstack/wsgi.py:715}}
Jan 24 16:53:12.537827 dv-cinder-826116-1-smb devstack@c-api.service[115903]: DEBUG cinder.api.openstack.wsgi [None req-de8f25ba-1031-41d5-86b0-bb2ecda8d12f tempest-DeleteServersTestJSON-1691368638 tempest-DeleteServersTestJSON-1691368638-project] Calling method 'show' {{(pid=115903) _process_stack /opt/stack/cinder/cinder/api/openstack/wsgi.py:868}}
Jan 24 16:53:12.559054 dv-cinder-826116-1-smb devstack@c-api.service[115903]: /usr/local/lib/python3.8/dist-packages/oslo_context/context.py:105: DeprecationWarning: Policy enforcement is depending on the value of is_admin. This key is deprecated. Please update your policy file to use the standard policy values.
Jan 24 16:53:12.559054 dv-cinder-826116-1-smb devstack@c-api.service[115903]: warnings.warn('Policy enforcement is depending on the value of '
Jan 24 16:53:12.570253 dv-cinder-826116-1-smb devstack@c-api.service[115903]: INFO cinder.volume.api [None req-de8f25ba-1031-41d5-86b0-bb2ecda8d12f tempest-DeleteServersTestJSON-1691368638 tempest-DeleteServersTestJSON-1691368638-project] Volume info retrieved successfully.
Jan 24 16:53:12.576406 dv-cinder-826116-1-smb devstack@c-api.service[115902]: INFO cinder.api.openstack.wsgi [None req-94fff4fd-e8ec-491d-8886-4c4addda939b tempest-VolumeQuotasNegativeTestJSON-1508009911 tempest-VolumeQuotasNegativeTestJSON-1508009911-project-admin] http://10.222.0.112/volume/v3/31f8fe4c0a424c278f8ec8177cdfcb97/os-quota-sets/0e7d6e83856647b9b88dfe1ab5b52e74 returned with HTTP 200
Jan 24 16:53:12.577469 dv-cinder-826116-1-smb devstack@c-api.service[115902]: [pid: 115902|app: 0|req: 79/153] 10.222.0.112 () {60 vars in 1355 bytes} [Mon Jan 24 16:53:12 2022] PUT /volume/v3/31f8fe4c0a424c278f8ec8177cdfcb97/os-quota-sets/0e7d6e83856647b9b88dfe1ab5b52e74 => generated 316 bytes in 151 msecs (HTTP/1.1 200) 7 headers in 285 bytes (1 switches on core 0)
Jan 24 16:53:12.582420 dv-cinder-826116-1-smb devstack@c-api.service[115903]: INFO cinder.api.openstack.wsgi [None req-de8f25ba-1031-41d5-86b0-bb2ecda8d12f tempest-DeleteServersTestJSON-1691368638 tempest-DeleteServersTestJSON-1691368638-project] http://10.222.0.112/volume/v3/d0a08c1e4af94ba8857cbeed227f724d/volumes/8342d23b-e91f-42ae-9fe3-fc768775145e returned with HTTP 200
Jan 24 16:53:12.587359 dv-cinder-826116-1-smb devstack@c-api.service[115903]: [pid: 115903|app: 0|req: 75/154] 10.222.0.112 () {58 vars in 1329 bytes} [Mon Jan 24 16:53:12 2022] GET /volume/v3/d0a08c1e4af94ba8857cbeed227f724d/volumes/8342d23b-e91f-42ae-9fe3-fc768775145e => generated 1208 bytes in 57 msecs (HTTP/1.1 200) 7 headers in 286 bytes (1 switches on core 0)
Jan 24 16:53:12.588948 dv-cinder-826116-1-smb devstack@c-api.service[115902]: INFO cinder.api.openstack.wsgi [None req-57140c3c-9f6c-46c3-9ff6-5369a18a6f5b tempest-VolumeQuotasNegativeTestJSON-1740851208 tempest-VolumeQuotasNegativeTestJSON-1740851208-project] POST http://10.222.0.112/volume/v3/0e7d6e83856647b9b88dfe1ab5b52e74/volumes
Jan 24 16:53:12.589794 dv-cinder-826116-1-smb devstack@c-api.service[115902]: DEBUG cinder.api.openstack.wsgi [None req-57140c3c-9f6c-46c3-9ff6-5369a18a6f5b tempest-VolumeQuotasNegativeTestJSON-1740851208 tempest-VolumeQuotasNegativeTestJSON-1740851208-project] Action: 'create', calling method: create, body: {"volume": {"size": 1}} {{(pid=115902) _process_stack /opt/stack/cinder/cinder/api/openstack/wsgi.py:866}}
Jan 24 16:53:12.590964 dv-cinder-826116-1-smb devstack@c-api.service[115902]: DEBUG cinder.api.v3.volumes [None req-57140c3c-9f6c-46c3-9ff6-5369a18a6f5b tempest-VolumeQuotasNegativeTestJSON-1740851208 tempest-VolumeQuotasNegativeTestJSON-1740851208-project] Create volume request body: {'volume': {'size': 1}} {{(pid=115902) create /opt/stack/cinder/cinder/api/v3/volumes.py:298}}
Jan 24 16:53:12.591444 dv-cinder-826116-1-smb devstack@c-api.service[115902]: INFO cinder.api.v3.volumes [None req-57140c3c-9f6c-46c3-9ff6-5369a18a6f5b tempest-VolumeQuotasNegativeTestJSON-1740851208 tempest-VolumeQuotasNegativeTestJSON-1740851208-project] Create volume of 1 GB
Jan 24 16:53:12.599509 dv-cinder-826116-1-smb devstack@c-api.service[115902]: INFO cinder.volume.api [None req-57140c3c-9f6c-46c3-9ff6-5369a18a6f5b tempest-VolumeQuotasNegativeTestJSON-1740851208 tempest-VolumeQuotasNegativeTestJSON-1740851208-project] Availability Zones retrieved successfully.
Jan 24 16:53:12.625626 dv-cinder-826116-1-smb devstack@c-api.service[115902]: DEBUG cinder.volume.api [None req-57140c3c-9f6c-46c3-9ff6-5369a18a6f5b tempest-VolumeQuotasNegativeTestJSON-1740851208 tempest-VolumeQuotasNegativeTestJSON-1740851208-project] Flow 'volume_create_api' (488e4ac8-a5f2-4677-bd5b-d96b62d2f55e) transitioned into state 'RUNNING' from state 'PENDING' {{(pid=115902) _flow_receiver /usr/local/lib/python3.8/dist-packages/taskflow/listeners/logging.py:141}}
Jan 24 16:53:12.628235 dv-cinder-826116-1-smb devstack@c-api.service[115902]: DEBUG cinder.volume.api [None req-57140c3c-9f6c-46c3-9ff6-5369a18a6f5b tempest-VolumeQuotasNegativeTestJSON-1740851208 tempest-VolumeQuotasNegativeTestJSON-1740851208-project] Task 'cinder.volume.flows.api.create_volume.ExtractVolumeRequestTask;volume:create' (7c7f4413-9e5f-4d75-aa7d-11555e5dffba) transitioned into state 'RUNNING' from state 'PENDING' {{(pid=115902) _task_receiver /usr/local/lib/python3.8/dist-packages/taskflow/listeners/logging.py:190}}
Jan 24 16:53:12.631591 dv-cinder-826116-1-smb devstack@c-api.service[115902]: DEBUG cinder.volume.flows.api.create_volume [None req-57140c3c-9f6c-46c3-9ff6-5369a18a6f5b tempest-VolumeQuotasNegativeTestJSON-1740851208 tempest-VolumeQuotasNegativeTestJSON-1740851208-project] Validating volume size '1' using validate_int {{(pid=115902) _extract_size /opt/stack/cinder/cinder/volume/flows/api/create_volume.py:225}}
Jan 24 16:53:12.677622 dv-cinder-826116-1-smb devstack@c-api.service[115902]: DEBUG cinder.volume.api [None req-57140c3c-9f6c-46c3-9ff6-5369a18a6f5b tempest-VolumeQuotasNegativeTestJSON-1740851208 tempest-VolumeQuotasNegativeTestJSON-1740851208-project] Task 'cinder.volume.flows.api.create_volume.ExtractVolumeRequestTask;volume:create' (7c7f4413-9e5f-4d75-aa7d-11555e5dffba) transitioned into state 'SUCCESS' from state 'RUNNING' with result '{'size': 1, 'snapshot_id': None, 'source_volid': None, 'volume_type': VolumeType(created_at=2022-01-24T16:42:12Z,deleted=False,deleted_at=None,description='Default Volume Type',extra_specs={},id=404d742d-ee13-41e1-aca2-24bcd63d6b4b,is_public=True,name='__DEFAULT__',projects=[],qos_specs=,qos_specs_id=None,updated_at=2022-01-24T16:42:12Z), 'volume_type_id': '404d742d-ee13-41e1-aca2-24bcd63d6b4b', 'encryption_key_id': None, 'qos_specs': None, 'consistencygroup_id': None, 'cgsnapshot_id': None, 'group_id': None, 'replication_status': 'disabled', 'refresh_az': False, 'backup_id': None, 'multiattach': False, 'availability_zones': ['nova']}' {{(pid=115902) _task_receiver /usr/local/lib/python3.8/dist-packages/taskflow/listeners/logging.py:178}}
Jan 24 16:53:12.678883 dv-cinder-826116-1-smb devstack@c-api.service[115902]: DEBUG cinder.volume.api [None req-57140c3c-9f6c-46c3-9ff6-5369a18a6f5b tempest-VolumeQuotasNegativeTestJSON-1740851208 tempest-VolumeQuotasNegativeTestJSON-1740851208-project] Task 'cinder.volume.flows.api.create_volume.QuotaReserveTask;volume:create' (a43e00a2-0d8f-46b1-8760-9b10cd12c21d) transitioned into state 'RUNNING' from state 'PENDING' {{(pid=115902) _task_receiver /usr/local/lib/python3.8/dist-packages/taskflow/listeners/logging.py:190}}
Jan 24 16:53:12.705204 dv-cinder-826116-1-smb devstack@c-api.service[115903]: INFO cinder.api.openstack.wsgi [None req-08664f5d-9783-4317-af2b-e37b5187bc6c tempest-AttachVolumeNegativeTest-23034933 tempest-AttachVolumeNegativeTest-23034933-project] GET http://10.222.0.112/volume/v3/f5d0e36d3d9848c7848125b836b69a6c/volumes/1c3f07d4-8678-4b79-9eb6-12e116be5660
Jan 24 16:53:12.706277 dv-cinder-826116-1-smb devstack@c-api.service[115903]: DEBUG cinder.api.openstack.wsgi [None req-08664f5d-9783-4317-af2b-e37b5187bc6c tempest-AttachVolumeNegativeTest-23034933 tempest-AttachVolumeNegativeTest-23034933-project] Empty body provided in request {{(pid=115903) get_body /opt/stack/cinder/cinder/api/openstack/wsgi.py:715}}
Jan 24 16:53:12.706933 dv-cinder-826116-1-smb devstack@c-api.service[115903]: DEBUG cinder.api.openstack.wsgi [None req-08664f5d-9783-4317-af2b-e37b5187bc6c tempest-AttachVolumeNegativeTest-23034933 tempest-AttachVolumeNegativeTest-23034933-project] Calling method 'show' {{(pid=115903) _process_stack /opt/stack/cinder/cinder/api/openstack/wsgi.py:868}}
Jan 24 16:53:12.744364 dv-cinder-826116-1-smb devstack@c-api.service[115902]: WARNING cinder.quota_utils [None req-57140c3c-9f6c-46c3-9ff6-5369a18a6f5b tempest-VolumeQuotasNegativeTestJSON-1740851208 tempest-VolumeQuotasNegativeTestJSON-1740851208-project] Quota exceeded for 0e7d6e83856647b9b88dfe1ab5b52e74, tried to create volume (1 volumes already consumed).: cinder.exception.OverQuota: Quota exceeded for resources: ['volumes']
