Jan 24 10:37:21.128354 dv-cinder-826036-1-smb devstack@c-api.service[109604]: [pid: 109604|app: 0|req: 183/358] 10.222.0.118 () {60 vars in 1280 bytes} [Mon Jan 24 10:37:21 2022] GET /volume/v3/3c301a7707ec4133a2a4a5a2d38c8c0e/volumes/detail => generated 15 bytes in 56 msecs (HTTP/1.1 200) 7 headers in 285 bytes (1 switches on core 0)
Jan 24 10:37:21.137461 dv-cinder-826036-1-smb devstack@c-api.service[109605]: INFO cinder.api.openstack.wsgi [None req-bd0b1e3b-29dd-4c91-8aa0-0d13329c5a81 tempest-VolumesTransfersTest-485759691 tempest-VolumesTransfersTest-485759691-project] http://10.222.0.118/volume/v3/12cfc81de457455cbafce4f61ba8e595/volumes/49931f21-edc0-4e3c-957c-c70699661aa4 returned with HTTP 200
Jan 24 10:37:21.138169 dv-cinder-826036-1-smb devstack@c-api.service[109605]: [pid: 109605|app: 0|req: 176/359] 10.222.0.118 () {58 vars in 1329 bytes} [Mon Jan 24 10:37:21 2022] GET /volume/v3/12cfc81de457455cbafce4f61ba8e595/volumes/49931f21-edc0-4e3c-957c-c70699661aa4 => generated 922 bytes in 41 msecs (HTTP/1.1 200) 7 headers in 285 bytes (2 switches on core 0)
Jan 24 10:37:21.142531 dv-cinder-826036-1-smb devstack@c-api.service[109604]: INFO cinder.api.openstack.wsgi [None req-c21abd2f-2eff-4a59-b7a8-12c9f13ac195 tempest-GroupsV320Test-971229813 tempest-GroupsV320Test-971229813-project] POST http://10.222.0.118/volume/v3/3c301a7707ec4133a2a4a5a2d38c8c0e/groups/6b3d168a-f2cc-4ba6-8d53-ee1e19c3ceb2/action
Jan 24 10:37:21.143288 dv-cinder-826036-1-smb devstack@c-api.service[109604]: DEBUG cinder.api.openstack.wsgi [None req-c21abd2f-2eff-4a59-b7a8-12c9f13ac195 tempest-GroupsV320Test-971229813 tempest-GroupsV320Test-971229813-project] Action body: b'{"delete": {"delete-volumes": true}}' {{(pid=109604) get_method /opt/stack/cinder/cinder/api/openstack/wsgi.py:983}}
Jan 24 10:37:21.143607 dv-cinder-826036-1-smb devstack@c-api.service[109604]: DEBUG cinder.api.openstack.wsgi [None req-c21abd2f-2eff-4a59-b7a8-12c9f13ac195 tempest-GroupsV320Test-971229813 tempest-GroupsV320Test-971229813-project] Action: 'action', calling method: delete_group, body: {"delete": {"delete-volumes": true}} {{(pid=109604) _process_stack /opt/stack/cinder/cinder/api/openstack/wsgi.py:866}}
Jan 24 10:37:21.144396 dv-cinder-826036-1-smb devstack@c-api.service[109604]: DEBUG cinder.api.v3.groups [None req-c21abd2f-2eff-4a59-b7a8-12c9f13ac195 tempest-GroupsV320Test-971229813 tempest-GroupsV320Test-971229813-project] delete called for group 6b3d168a-f2cc-4ba6-8d53-ee1e19c3ceb2 {{(pid=109604) _delete /opt/stack/cinder/cinder/api/v3/groups.py:117}}
Jan 24 10:37:21.144680 dv-cinder-826036-1-smb devstack@c-api.service[109604]: INFO cinder.api.v3.groups [None req-c21abd2f-2eff-4a59-b7a8-12c9f13ac195 tempest-GroupsV320Test-971229813 tempest-GroupsV320Test-971229813-project] Delete group with id: 6b3d168a-f2cc-4ba6-8d53-ee1e19c3ceb2
Jan 24 10:37:21.152790 dv-cinder-826036-1-smb devstack@c-api.service[109604]: /usr/local/lib/python3.8/dist-packages/oslo_context/context.py:105: DeprecationWarning: Policy enforcement is depending on the value of is_admin. This key is deprecated. Please update your policy file to use the standard policy values.
Jan 24 10:37:21.152790 dv-cinder-826036-1-smb devstack@c-api.service[109604]: warnings.warn('Policy enforcement is depending on the value of '
Jan 24 10:37:21.160378 dv-cinder-826036-1-smb devstack@c-api.service[109605]: INFO cinder.api.openstack.wsgi [None req-c5001bc7-1185-45e7-8bba-744ebba2a07d tempest-VolumesTransfersTest-485759691 tempest-VolumesTransfersTest-485759691-project] GET http://10.222.0.118/volume/v3/12cfc81de457455cbafce4f61ba8e595/os-volume-transfer/08ef1b6f-618f-4c93-9b86-1cd416df705a
Jan 24 10:37:21.160781 dv-cinder-826036-1-smb devstack@c-api.service[109605]: DEBUG cinder.api.openstack.wsgi [None req-c5001bc7-1185-45e7-8bba-744ebba2a07d tempest-VolumesTransfersTest-485759691 tempest-VolumesTransfersTest-485759691-project] Empty body provided in request {{(pid=109605) get_body /opt/stack/cinder/cinder/api/openstack/wsgi.py:715}}
Jan 24 10:37:21.161236 dv-cinder-826036-1-smb devstack@c-api.service[109605]: DEBUG cinder.api.openstack.wsgi [None req-c5001bc7-1185-45e7-8bba-744ebba2a07d tempest-VolumesTransfersTest-485759691 tempest-VolumesTransfersTest-485759691-project] Calling method 'show' {{(pid=109605) _process_stack /opt/stack/cinder/cinder/api/openstack/wsgi.py:868}}
Jan 24 10:37:21.175979 dv-cinder-826036-1-smb devstack@c-api.service[109605]: INFO cinder.api.openstack.wsgi [None req-c5001bc7-1185-45e7-8bba-744ebba2a07d tempest-VolumesTransfersTest-485759691 tempest-VolumesTransfersTest-485759691-project] http://10.222.0.118/volume/v3/12cfc81de457455cbafce4f61ba8e595/os-volume-transfer/08ef1b6f-618f-4c93-9b86-1cd416df705a returned with HTTP 200
Jan 24 10:37:21.177068 dv-cinder-826036-1-smb devstack@c-api.service[109605]: [pid: 109605|app: 0|req: 177/360] 10.222.0.118 () {58 vars in 1362 bytes} [Mon Jan 24 10:37:21 2022] GET /volume/v3/12cfc81de457455cbafce4f61ba8e595/os-volume-transfer/08ef1b6f-618f-4c93-9b86-1cd416df705a => generated 477 bytes in 22 msecs (HTTP/1.1 200) 7 headers in 285 bytes (1 switches on core 0)
Jan 24 10:37:21.188795 dv-cinder-826036-1-smb devstack@c-api.service[109605]: INFO cinder.api.openstack.wsgi [None req-6696e889-7962-4a69-affe-cc6ca8538543 tempest-VolumesTransfersTest-485759691 tempest-VolumesTransfersTest-485759691-project] GET http://10.222.0.118/volume/v3/12cfc81de457455cbafce4f61ba8e595/os-volume-transfer
Jan 24 10:37:21.189196 dv-cinder-826036-1-smb devstack@c-api.service[109605]: DEBUG cinder.api.openstack.wsgi [None req-6696e889-7962-4a69-affe-cc6ca8538543 tempest-VolumesTransfersTest-485759691 tempest-VolumesTransfersTest-485759691-project] Empty body provided in request {{(pid=109605) get_body /opt/stack/cinder/cinder/api/openstack/wsgi.py:715}}
Jan 24 10:37:21.189649 dv-cinder-826036-1-smb devstack@c-api.service[109605]: DEBUG cinder.api.openstack.wsgi [None req-6696e889-7962-4a69-affe-cc6ca8538543 tempest-VolumesTransfersTest-485759691 tempest-VolumesTransfersTest-485759691-project] Calling method 'index' {{(pid=109605) _process_stack /opt/stack/cinder/cinder/api/openstack/wsgi.py:868}}
Jan 24 10:37:21.190041 dv-cinder-826036-1-smb devstack@c-api.service[109605]: DEBUG cinder.api.contrib.volume_transfer [None req-6696e889-7962-4a69-affe-cc6ca8538543 tempest-VolumesTransfersTest-485759691 tempest-VolumesTransfersTest-485759691-project] Listing volume transfers {{(pid=109605) _get_transfers /opt/stack/cinder/cinder/api/contrib/volume_transfer.py:63}}
Jan 24 10:37:21.191768 dv-cinder-826036-1-smb devstack@c-api.service[109604]: INFO cinder.api.openstack.wsgi [None req-c21abd2f-2eff-4a59-b7a8-12c9f13ac195 tempest-GroupsV320Test-971229813 tempest-GroupsV320Test-971229813-project] http://10.222.0.118/volume/v3/3c301a7707ec4133a2a4a5a2d38c8c0e/groups/6b3d168a-f2cc-4ba6-8d53-ee1e19c3ceb2/action returned with HTTP 202
Jan 24 10:37:21.192877 dv-cinder-826036-1-smb devstack@c-api.service[109604]: [pid: 109604|app: 0|req: 184/361] 10.222.0.118 () {62 vars in 1409 bytes} [Mon Jan 24 10:37:21 2022] POST /volume/v3/3c301a7707ec4133a2a4a5a2d38c8c0e/groups/6b3d168a-f2cc-4ba6-8d53-ee1e19c3ceb2/action => generated 0 bytes in 54 msecs (HTTP/1.1 202) 6 headers in 234 bytes (1 switches on core 0)
Jan 24 10:37:21.199667 dv-cinder-826036-1-smb devstack@c-api.service[109605]: INFO cinder.api.openstack.wsgi [None req-6696e889-7962-4a69-affe-cc6ca8538543 tempest-VolumesTransfersTest-485759691 tempest-VolumesTransfersTest-485759691-project] http://10.222.0.118/volume/v3/12cfc81de457455cbafce4f61ba8e595/os-volume-transfer returned with HTTP 200
Jan 24 10:37:21.200415 dv-cinder-826036-1-smb devstack@c-api.service[109605]: [pid: 109605|app: 0|req: 178/362] 10.222.0.118 () {58 vars in 1251 bytes} [Mon Jan 24 10:37:21 2022] GET /volume/v3/12cfc81de457455cbafce4f61ba8e595/os-volume-transfer => generated 436 bytes in 17 msecs (HTTP/1.1 200) 7 headers in 285 bytes (1 switches on core 0)
Jan 24 10:37:21.201429 dv-cinder-826036-1-smb devstack@c-api.service[109604]: INFO cinder.api.openstack.wsgi [None req-fa4302c3-5284-4f06-aaf3-1ed33813e0d8 tempest-GroupsV320Test-971229813 tempest-GroupsV320Test-971229813-project] GET http://10.222.0.118/volume/v3/3c301a7707ec4133a2a4a5a2d38c8c0e/groups/6b3d168a-f2cc-4ba6-8d53-ee1e19c3ceb2
Jan 24 10:37:21.201908 dv-cinder-826036-1-smb devstack@c-api.service[109604]: DEBUG cinder.api.openstack.wsgi [None req-fa4302c3-5284-4f06-aaf3-1ed33813e0d8 tempest-GroupsV320Test-971229813 tempest-GroupsV320Test-971229813-project] Empty body provided in request {{(pid=109604) get_body /opt/stack/cinder/cinder/api/openstack/wsgi.py:715}}
Jan 24 10:37:21.202353 dv-cinder-826036-1-smb devstack@c-api.service[109604]: DEBUG cinder.api.openstack.wsgi [None req-fa4302c3-5284-4f06-aaf3-1ed33813e0d8 tempest-GroupsV320Test-971229813 tempest-GroupsV320Test-971229813-project] Calling method 'version_select' {{(pid=109604) _process_stack /opt/stack/cinder/cinder/api/openstack/wsgi.py:868}}
Jan 24 10:37:21.202689 dv-cinder-826036-1-smb devstack@c-api.service[109604]: DEBUG cinder.api.v3.groups [None req-fa4302c3-5284-4f06-aaf3-1ed33813e0d8 tempest-GroupsV320Test-971229813 tempest-GroupsV320Test-971229813-project] show called for member 6b3d168a-f2cc-4ba6-8d53-ee1e19c3ceb2 {{(pid=109604) show /opt/stack/cinder/cinder/api/v3/groups.py:58}}
Jan 24 10:37:21.207984 dv-cinder-826036-1-smb devstack@c-api.service[109604]: /usr/local/lib/python3.8/dist-packages/oslo_context/context.py:105: DeprecationWarning: Policy enforcement is depending on the value of is_admin. This key is deprecated. Please update your policy file to use the standard policy values.
Jan 24 10:37:21.207984 dv-cinder-826036-1-smb devstack@c-api.service[109604]: warnings.warn('Policy enforcement is depending on the value of '
Jan 24 10:37:21.225195 dv-cinder-826036-1-smb devstack@c-api.service[109604]: INFO cinder.api.openstack.wsgi [None req-fa4302c3-5284-4f06-aaf3-1ed33813e0d8 tempest-GroupsV320Test-971229813 tempest-GroupsV320Test-971229813-project] http://10.222.0.118/volume/v3/3c301a7707ec4133a2a4a5a2d38c8c0e/groups/6b3d168a-f2cc-4ba6-8d53-ee1e19c3ceb2 returned with HTTP 200
Jan 24 10:37:21.225935 dv-cinder-826036-1-smb devstack@c-api.service[109604]: [pid: 109604|app: 0|req: 185/363] 10.222.0.118 () {60 vars in 1367 bytes} [Mon Jan 24 10:37:21 2022] GET /volume/v3/3c301a7707ec4133a2a4a5a2d38c8c0e/groups/6b3d168a-f2cc-4ba6-8d53-ee1e19c3ceb2 => generated 386 bytes in 28 msecs (HTTP/1.1 200) 7 headers in 286 bytes (1 switches on core 0)
Jan 24 10:37:21.416431 dv-cinder-826036-1-smb devstack@c-api.service[109605]: INFO cinder.api.openstack.wsgi [None req-c85e2f76-3e8e-431c-9b81-2de4591b8ac6 tempest-VolumesTransfersTest-682783522 tempest-VolumesTransfersTest-682783522-project] POST http://10.222.0.118/volume/v3/6aab5147d1564453b89ad5e5f169e474/os-volume-transfer/08ef1b6f-618f-4c93-9b86-1cd416df705a/accept
Jan 24 10:37:21.417130 dv-cinder-826036-1-smb devstack@c-api.service[109605]: DEBUG cinder.api.openstack.wsgi [None req-c85e2f76-3e8e-431c-9b81-2de4591b8ac6 tempest-VolumesTransfersTest-682783522 tempest-VolumesTransfersTest-682783522-project] Action: 'accept', calling method: accept, body: {"accept": {"auth_key": "1e5f2e495af20776"}} {{(pid=109605) _process_stack /opt/stack/cinder/cinder/api/openstack/wsgi.py:866}}
Jan 24 10:37:21.418390 dv-cinder-826036-1-smb devstack@c-api.service[109605]: DEBUG cinder.api.contrib.volume_transfer [None req-c85e2f76-3e8e-431c-9b81-2de4591b8ac6 tempest-VolumesTransfersTest-682783522 tempest-VolumesTransfersTest-682783522-project] Accepting volume transfer 08ef1b6f-618f-4c93-9b86-1cd416df705a {{(pid=109605) accept /opt/stack/cinder/cinder/api/contrib/volume_transfer.py:115}}
Jan 24 10:37:21.418390 dv-cinder-826036-1-smb devstack@c-api.service[109605]: INFO cinder.api.contrib.volume_transfer [None req-c85e2f76-3e8e-431c-9b81-2de4591b8ac6 tempest-VolumesTransfersTest-682783522 tempest-VolumesTransfersTest-682783522-project] Accepting transfer 08ef1b6f-618f-4c93-9b86-1cd416df705a
Jan 24 10:37:21.536428 dv-cinder-826036-1-smb devstack@c-api.service[109605]: DEBUG cinder.quota [None req-c85e2f76-3e8e-431c-9b81-2de4591b8ac6 tempest-VolumesTransfersTest-682783522 tempest-VolumesTransfersTest-682783522-project] Created reservations ['a7566e2a-1692-45cf-843f-08b2d4034d71', '92b331a9-0178-428f-a90a-2c01066998b2', 'a1b9911d-5a68-455d-ad2d-5b88c72b8e8f', 'daf079cf-6fa5-4308-a90e-c67282e2998e'] {{(pid=109605) reserve /opt/stack/cinder/cinder/quota.py:755}}
Jan 24 10:37:21.581059 dv-cinder-826036-1-smb devstack@c-api.service[109605]: DEBUG cinder.quota [None req-c85e2f76-3e8e-431c-9b81-2de4591b8ac6 tempest-VolumesTransfersTest-682783522 tempest-VolumesTransfersTest-682783522-project] Created reservations ['63bcff7e-ba0d-4a27-92f9-d3972d049190', '164e104e-0340-40f2-ab24-f5ddea43f2c7', '27fceb6a-4e59-4c29-b4b0-095338d2efb5', '17d246a1-cc10-41b3-85de-2b346a496cb5'] {{(pid=109605) reserve /opt/stack/cinder/cinder/quota.py:755}}
Jan 24 10:37:21.639807 dv-cinder-826036-1-smb devstack@c-api.service[109605]: DEBUG cinder.quota [None req-c85e2f76-3e8e-431c-9b81-2de4591b8ac6 tempest-VolumesTransfersTest-682783522 tempest-VolumesTransfersTest-682783522-project] Created reservations ['43f617fc-3640-4000-80b9-c48a262c8683', 'c643e603-eec5-4370-9fe6-b1ba38405c99', '06ca3256-56d6-45b5-9d6f-6ef6564fd8b6', '40baa7e1-6eaa-4d03-837d-ba09dfdc0e3b'] {{(pid=109605) reserve /opt/stack/cinder/cinder/quota.py:755}}
Jan 24 10:37:21.695230 dv-cinder-826036-1-smb devstack@c-api.service[109605]: DEBUG cinder.quota [None req-c85e2f76-3e8e-431c-9b81-2de4591b8ac6 tempest-VolumesTransfersTest-682783522 tempest-VolumesTransfersTest-682783522-project] Created reservations ['fb9d7b9d-1eeb-4b07-b345-4527de36adea', '72176272-cab7-415e-af80-0a984e6b56c3', 'cb50d854-32a5-4064-a5d0-25a55828fb1b', '4fd00453-4794-49c5-a513-23e055e0f882'] {{(pid=109605) reserve /opt/stack/cinder/cinder/quota.py:755}}
Jan 24 10:37:21.724841 dv-cinder-826036-1-smb devstack@c-api.service[109605]: INFO cinder.volume.api [None req-c85e2f76-3e8e-431c-9b81-2de4591b8ac6 tempest-VolumesTransfersTest-682783522 tempest-VolumesTransfersTest-682783522-project] Transfer volume completed successfully.
Jan 24 10:37:21.798774 dv-cinder-826036-1-smb devstack@c-api.service[109604]: INFO cinder.api.openstack.wsgi [None req-f7d37b0b-11b1-4342-a2b5-14dd62041f33 tempest-GroupSnapshotsTest-173090351 tempest-GroupSnapshotsTest-173090351-project] GET http://10.222.0.118/volume/v3/9e80a647d2684b3d93f18d4d547624fd/volumes/d8ca8040-f064-4512-a071-f15d03adf824
Jan 24 10:37:21.799445 dv-cinder-826036-1-smb devstack@c-api.service[109604]: DEBUG cinder.api.openstack.wsgi [None req-f7d37b0b-11b1-4342-a2b5-14dd62041f33 tempest-GroupSnapshotsTest-173090351 tempest-GroupSnapshotsTest-173090351-project] Empty body provided in request {{(pid=109604) get_body /opt/stack/cinder/cinder/api/openstack/wsgi.py:715}}
Jan 24 10:37:21.799911 dv-cinder-826036-1-smb devstack@c-api.service[109604]: DEBUG cinder.api.openstack.wsgi [None req-f7d37b0b-11b1-4342-a2b5-14dd62041f33 tempest-GroupSnapshotsTest-173090351 tempest-GroupSnapshotsTest-173090351-project] Calling method 'show' {{(pid=109604) _process_stack /opt/stack/cinder/cinder/api/openstack/wsgi.py:868}}
Jan 24 10:37:21.816104 dv-cinder-826036-1-smb devstack@c-api.service[109604]: /usr/local/lib/python3.8/dist-packages/oslo_context/context.py:105: DeprecationWarning: Policy enforcement is depending on the value of is_admin. This key is deprecated. Please update your policy file to use the standard policy values.
Jan 24 10:37:21.816104 dv-cinder-826036-1-smb devstack@c-api.service[109604]: warnings.warn('Policy enforcement is depending on the value of '
Jan 24 10:37:21.827389 dv-cinder-826036-1-smb devstack@c-api.service[109604]: INFO cinder.volume.api [None req-f7d37b0b-11b1-4342-a2b5-14dd62041f33 tempest-GroupSnapshotsTest-173090351 tempest-GroupSnapshotsTest-173090351-project] Volume info retrieved successfully.
Jan 24 10:37:21.829756 dv-cinder-826036-1-smb devstack@c-api.service[109604]: WARNING stevedore.named [None req-f7d37b0b-11b1-4342-a2b5-14dd62041f33 tempest-GroupSnapshotsTest-173090351 tempest-GroupSnapshotsTest-173090351-project] Could not load cinder.keymgr.conf_key_mgr.ConfKeyManager
Jan 24 10:37:21.830879 dv-cinder-826036-1-smb devstack@c-api.service[109604]: WARNING castellan.key_manager [None req-f7d37b0b-11b1-4342-a2b5-14dd62041f33 tempest-GroupSnapshotsTest-173090351 tempest-GroupSnapshotsTest-173090351-project] Deprecation Warning : cinder.keymgr.conf_key_mgr.ConfKeyManager is not a stevedore based driver, trying to load it as a class: stevedore.exception.NoMatches: No 'castellan.drivers' driver found, looking for 'cinder.keymgr.conf_key_mgr.ConfKeyManager'
Jan 24 10:37:21.839815 dv-cinder-826036-1-smb devstack@c-api.service[109604]: DEBUG oslo_db.sqlalchemy.engines [None req-f7d37b0b-11b1-4342-a2b5-14dd62041f33 tempest-GroupSnapshotsTest-173090351 tempest-GroupSnapshotsTest-173090351-project] MySQL server mode set to STRICT_TRANS_TABLES,STRICT_ALL_TABLES,NO_ZERO_IN_DATE,NO_ZERO_DATE,ERROR_FOR_DIVISION_BY_ZERO,TRADITIONAL,NO_ENGINE_SUBSTITUTION {{(pid=109604) _check_effective_sql_mode /usr/local/lib/python3.8/dist-packages/oslo_db/sqlalchemy/engines.py:314}}
Jan 24 10:37:21.847224 dv-cinder-826036-1-smb devstack@c-api.service[109604]: /usr/local/lib/python3.8/dist-packages/oslo_context/context.py:105: DeprecationWarning: Policy enforcement is depending on the value of is_admin. This key is deprecated. Please update your policy file to use the standard policy values.
Jan 24 10:37:21.847224 dv-cinder-826036-1-smb devstack@c-api.service[109604]: warnings.warn('Policy enforcement is depending on the value of '
Jan 24 10:37:21.861714 dv-cinder-826036-1-smb devstack@c-api.service[109605]: INFO cinder.transfer.api [None req-c85e2f76-3e8e-431c-9b81-2de4591b8ac6 tempest-VolumesTransfersTest-682783522 tempest-VolumesTransfersTest-682783522-project] Volume 49931f21-edc0-4e3c-957c-c70699661aa4 has been transferred.
Jan 24 10:37:21.865278 dv-cinder-826036-1-smb devstack@c-api.service[109604]: INFO cinder.api.openstack.wsgi [None req-f7d37b0b-11b1-4342-a2b5-14dd62041f33 tempest-GroupSnapshotsTest-173090351 tempest-GroupSnapshotsTest-173090351-project] http://10.222.0.118/volume/v3/9e80a647d2684b3d93f18d4d547624fd/volumes/d8ca8040-f064-4512-a071-f15d03adf824 returned with HTTP 200
Jan 24 10:37:21.866664 dv-cinder-826036-1-smb devstack@c-api.service[109604]: [pid: 109604|app: 0|req: 186/364] 10.222.0.118 () {60 vars in 1370 bytes} [Mon Jan 24 10:37:21 2022] GET /volume/v3/9e80a647d2684b3d93f18d4d547624fd/volumes/d8ca8040-f064-4512-a071-f15d03adf824 => generated 1002 bytes in 72 msecs (HTTP/1.1 200) 7 headers in 287 bytes (1 switches on core 0)
Jan 24 10:37:21.871221 dv-cinder-826036-1-smb devstack@c-api.service[109604]: INFO cinder.api.openstack.wsgi [None req-a08bdd58-642d-4635-8223-3e20cdb92da4 tempest-VolumesActionsTest-868438855 tempest-VolumesActionsTest-868438855-project] GET http://10.222.0.118/volume/v3/7b4a31b4b09e4175b205ff5c4d5a743e/volumes/e966f69e-c872-4fe9-ab7d-31dc40437a36
Jan 24 10:37:21.871670 dv-cinder-826036-1-smb devstack@c-api.service[109604]: DEBUG cinder.api.openstack.wsgi [None req-a08bdd58-642d-4635-8223-3e20cdb92da4 tempest-VolumesActionsTest-868438855 tempest-VolumesActionsTest-868438855-project] Empty body provided in request {{(pid=109604) get_body /opt/stack/cinder/cinder/api/openstack/wsgi.py:715}}
Jan 24 10:37:21.872149 dv-cinder-826036-1-smb devstack@c-api.service[109604]: DEBUG cinder.api.openstack.wsgi [None req-a08bdd58-642d-4635-8223-3e20cdb92da4 tempest-VolumesActionsTest-868438855 tempest-VolumesActionsTest-868438855-project] Calling method 'show' {{(pid=109604) _process_stack /opt/stack/cinder/cinder/api/openstack/wsgi.py:868}}
Jan 24 10:37:21.882213 dv-cinder-826036-1-smb devstack@c-api.service[109605]: INFO cinder.api.openstack.wsgi [None req-c85e2f76-3e8e-431c-9b81-2de4591b8ac6 tempest-VolumesTransfersTest-682783522 tempest-VolumesTransfersTest-682783522-project] http://10.222.0.118/volume/v3/6aab5147d1564453b89ad5e5f169e474/os-volume-transfer/08ef1b6f-618f-4c93-9b86-1cd416df705a/accept returned with HTTP 202
Jan 24 10:37:21.883003 dv-cinder-826036-1-smb devstack@c-api.service[109605]: [pid: 109605|app: 0|req: 179/365] 10.222.0.118 () {60 vars in 1404 bytes} [Mon Jan 24 10:37:21 2022] POST /volume/v3/6aab5147d1564453b89ad5e5f169e474/os-volume-transfer/08ef1b6f-618f-4c93-9b86-1cd416df705a/accept => generated 433 bytes in 677 msecs (HTTP/1.1 202) 7 headers in 291 bytes (2 switches on core 0)
Jan 24 10:37:21.891599 dv-cinder-826036-1-smb devstack@c-api.service[109605]: INFO cinder.api.openstack.wsgi [None req-a92bb8c6-20ad-4ffa-b02d-60152e942ab8 tempest-GroupSnapshotsTest-173090351 tempest-GroupSnapshotsTest-173090351-project] POST http://10.222.0.118/volume/v3/9e80a647d2684b3d93f18d4d547624fd/group_snapshots
Jan 24 10:37:21.892376 dv-cinder-826036-1-smb devstack@c-api.service[109605]: DEBUG cinder.api.openstack.wsgi [None req-a92bb8c6-20ad-4ffa-b02d-60152e942ab8 tempest-GroupSnapshotsTest-173090351 tempest-GroupSnapshotsTest-173090351-project] Action: 'create', calling method: version_select, body: {"group_snapshot": {"group_id": "a8ec179f-ade5-4d95-a719-a3cb83ab17ee", "name": "tempest-group_snapshot-399542368"}} {{(pid=109605) _process_stack /opt/stack/cinder/cinder/api/openstack/wsgi.py:866}}
Jan 24 10:37:21.892795 dv-cinder-826036-1-smb devstack@c-api.service[109604]: /usr/local/lib/python3.8/dist-packages/oslo_context/context.py:105: DeprecationWarning: Policy enforcement is depending on the value of is_admin. This key is deprecated. Please update your policy file to use the standard policy values.
Jan 24 10:37:21.892795 dv-cinder-826036-1-smb devstack@c-api.service[109604]: warnings.warn('Policy enforcement is depending on the value of '
Jan 24 10:37:21.893373 dv-cinder-826036-1-smb devstack@c-api.service[109605]: DEBUG cinder.api.v3.group_snapshots [None req-a92bb8c6-20ad-4ffa-b02d-60152e942ab8 tempest-GroupSnapshotsTest-173090351 tempest-GroupSnapshotsTest-173090351-project] Creating new group_snapshot {'group_snapshot': {'group_id': 'a8ec179f-ade5-4d95-a719-a3cb83ab17ee', 'name': 'tempest-group_snapshot-399542368'}} {{(pid=109605) create /opt/stack/cinder/cinder/api/v3/group_snapshots.py:154}}
Jan 24 10:37:21.899995 dv-cinder-826036-1-smb devstack@c-api.service[109605]: /usr/local/lib/python3.8/dist-packages/oslo_context/context.py:105: DeprecationWarning: Policy enforcement is depending on the value of is_admin. This key is deprecated. Please update your policy file to use the standard policy values.
Jan 24 10:37:21.899995 dv-cinder-826036-1-smb devstack@c-api.service[109605]: warnings.warn('Policy enforcement is depending on the value of '
Jan 24 10:37:21.901432 dv-cinder-826036-1-smb devstack@c-api.service[109604]: INFO cinder.volume.api [None req-a08bdd58-642d-4635-8223-3e20cdb92da4 tempest-VolumesActionsTest-868438855 tempest-VolumesActionsTest-868438855-project] Volume info retrieved successfully.
Jan 24 10:37:21.904790 dv-cinder-826036-1-smb devstack@c-api.service[109605]: INFO cinder.api.v3.group_snapshots [None req-a92bb8c6-20ad-4ffa-b02d-60152e942ab8 tempest-GroupSnapshotsTest-173090351 tempest-GroupSnapshotsTest-173090351-project] Creating group_snapshot tempest-group_snapshot-399542368.
Jan 24 10:37:21.910674 dv-cinder-826036-1-smb devstack@c-api.service[109604]: INFO cinder.api.openstack.wsgi [None req-a08bdd58-642d-4635-8223-3e20cdb92da4 tempest-VolumesActionsTest-868438855 tempest-VolumesActionsTest-868438855-project] http://10.222.0.118/volume/v3/7b4a31b4b09e4175b205ff5c4d5a743e/volumes/e966f69e-c872-4fe9-ab7d-31dc40437a36 returned with HTTP 200
Jan 24 10:37:21.911666 dv-cinder-826036-1-smb devstack@c-api.service[109604]: [pid: 109604|app: 0|req: 187/366] 10.222.0.118 () {58 vars in 1329 bytes} [Mon Jan 24 10:37:21 2022] GET /volume/v3/7b4a31b4b09e4175b205ff5c4d5a743e/volumes/e966f69e-c872-4fe9-ab7d-31dc40437a36 => generated 913 bytes in 44 msecs (HTTP/1.1 200) 7 headers in 285 bytes (1 switches on core 0)
Jan 24 10:37:21.918548 dv-cinder-826036-1-smb devstack@c-api.service[109604]: INFO cinder.api.openstack.wsgi [None req-9489e7e6-f3c0-4c6a-9625-3cbaf1337b83 tempest-VolumesTransfersTest-682783522 tempest-VolumesTransfersTest-682783522-project] GET http://10.222.0.118/volume/v3/6aab5147d1564453b89ad5e5f169e474/volumes/49931f21-edc0-4e3c-957c-c70699661aa4
Jan 24 10:37:21.918930 dv-cinder-826036-1-smb devstack@c-api.service[109604]: DEBUG cinder.api.openstack.wsgi [None req-9489e7e6-f3c0-4c6a-9625-3cbaf1337b83 tempest-VolumesTransfersTest-682783522 tempest-VolumesTransfersTest-682783522-project] Empty body provided in request {{(pid=109604) get_body /opt/stack/cinder/cinder/api/openstack/wsgi.py:715}}
Jan 24 10:37:21.919561 dv-cinder-826036-1-smb devstack@c-api.service[109604]: DEBUG cinder.api.openstack.wsgi [None req-9489e7e6-f3c0-4c6a-9625-3cbaf1337b83 tempest-VolumesTransfersTest-682783522 tempest-VolumesTransfersTest-682783522-project] Calling method 'show' {{(pid=109604) _process_stack /opt/stack/cinder/cinder/api/openstack/wsgi.py:868}}
Jan 24 10:37:21.938897 dv-cinder-826036-1-smb devstack@c-api.service[109605]: /usr/local/lib/python3.8/dist-packages/oslo_context/context.py:105: DeprecationWarning: Policy enforcement is depending on the value of is_admin. This key is deprecated. Please update your policy file to use the standard policy values.
Jan 24 10:37:21.938897 dv-cinder-826036-1-smb devstack@c-api.service[109605]: warnings.warn('Policy enforcement is depending on the value of '
Jan 24 10:37:21.947132 dv-cinder-826036-1-smb devstack@c-api.service[109604]: /usr/local/lib/python3.8/dist-packages/oslo_context/context.py:105: DeprecationWarning: Policy enforcement is depending on the value of is_admin. This key is deprecated. Please update your policy file to use the standard policy values.
Jan 24 10:37:21.947132 dv-cinder-826036-1-smb devstack@c-api.service[109604]: warnings.warn('Policy enforcement is depending on the value of '
Jan 24 10:37:21.954592 dv-cinder-826036-1-smb devstack@c-api.service[109604]: INFO cinder.volume.api [None req-9489e7e6-f3c0-4c6a-9625-3cbaf1337b83 tempest-VolumesTransfersTest-682783522 tempest-VolumesTransfersTest-682783522-project] Volume info retrieved successfully.
Jan 24 10:37:21.962602 dv-cinder-826036-1-smb devstack@c-api.service[109605]: WARNING cinder.quota [None req-a92bb8c6-20ad-4ffa-b02d-60152e942ab8 tempest-GroupSnapshotsTest-173090351 tempest-GroupSnapshotsTest-173090351-project] Deprecated: Default quota for resource: gigabytes_tempest-GroupSnapshotsTest-volume-type-1407720995 is set by the default quota flag: quota_gigabytes_tempest-GroupSnapshotsTest-volume-type-1407720995, it is now deprecated. Please use the default quota class for default quota.
Jan 24 10:37:21.963354 dv-cinder-826036-1-smb devstack@c-api.service[109605]: WARNING cinder.quota [None req-a92bb8c6-20ad-4ffa-b02d-60152e942ab8 tempest-GroupSnapshotsTest-173090351 tempest-GroupSnapshotsTest-173090351-project] Deprecated: Default quota for resource: snapshots_tempest-GroupSnapshotsTest-volume-type-1407720995 is set by the default quota flag: quota_snapshots_tempest-GroupSnapshotsTest-volume-type-1407720995, it is now deprecated. Please use the default quota class for default quota.
Jan 24 10:37:21.964402 dv-cinder-826036-1-smb devstack@c-api.service[109604]: INFO cinder.api.openstack.wsgi [None req-9489e7e6-f3c0-4c6a-9625-3cbaf1337b83 tempest-VolumesTransfersTest-682783522 tempest-VolumesTransfersTest-682783522-project] http://10.222.0.118/volume/v3/6aab5147d1564453b89ad5e5f169e474/volumes/49931f21-edc0-4e3c-957c-c70699661aa4 returned with HTTP 200
Jan 24 10:37:21.965124 dv-cinder-826036-1-smb devstack@c-api.service[109604]: [pid: 109604|app: 0|req: 188/367] 10.222.0.118 () {58 vars in 1329 bytes} [Mon Jan 24 10:37:21 2022] GET /volume/v3/6aab5147d1564453b89ad5e5f169e474/volumes/49931f21-edc0-4e3c-957c-c70699661aa4 => generated 914 bytes in 53 msecs (HTTP/1.1 200) 7 headers in 285 bytes (1 switches on core 0)
Jan 24 10:37:21.968967 dv-cinder-826036-1-smb devstack@c-api.service[109604]: INFO cinder.api.openstack.wsgi [None req-59ae031f-034a-43bd-9987-9e005b89a19b tempest-VolumesActionsTest-868438855 tempest-VolumesActionsTest-868438855-project] POST http://10.222.0.118/volume/v3/7b4a31b4b09e4175b205ff5c4d5a743e/volumes/e966f69e-c872-4fe9-ab7d-31dc40437a36/action
Jan 24 10:37:21.969897 dv-cinder-826036-1-smb devstack@c-api.service[109604]: DEBUG cinder.api.openstack.wsgi [None req-59ae031f-034a-43bd-9987-9e005b89a19b tempest-VolumesActionsTest-868438855 tempest-VolumesActionsTest-868438855-project] Action body: b'{"os-attach": {"instance_uuid": "beb72517-ebb4-4443-a55f-76df4d39e420", "mountpoint": "/dev/sdb"}}' {{(pid=109604) get_method /opt/stack/cinder/cinder/api/openstack/wsgi.py:983}}
Jan 24 10:37:21.970412 dv-cinder-826036-1-smb devstack@c-api.service[109604]: DEBUG cinder.api.openstack.wsgi [None req-59ae031f-034a-43bd-9987-9e005b89a19b tempest-VolumesActionsTest-868438855 tempest-VolumesActionsTest-868438855-project] Action: 'action', calling method: _attach, body: {"os-attach": {"instance_uuid": "beb72517-ebb4-4443-a55f-76df4d39e420", "mountpoint": "/dev/sdb"}} {{(pid=109604) _process_stack /opt/stack/cinder/cinder/api/openstack/wsgi.py:866}}
Jan 24 10:37:21.986605 dv-cinder-826036-1-smb devstack@c-api.service[109604]: /usr/local/lib/python3.8/dist-packages/oslo_context/context.py:105: DeprecationWarning: Policy enforcement is depending on the value of is_admin. This key is deprecated. Please update your policy file to use the standard policy values.
Jan 24 10:37:21.986605 dv-cinder-826036-1-smb devstack@c-api.service[109604]: warnings.warn('Policy enforcement is depending on the value of '
Jan 24 10:37:21.987647 dv-cinder-826036-1-smb devstack@c-api.service[109604]: INFO cinder.volume.api [None req-59ae031f-034a-43bd-9987-9e005b89a19b tempest-VolumesActionsTest-868438855 tempest-VolumesActionsTest-868438855-project] Volume info retrieved successfully.
Jan 24 10:37:22.000040 dv-cinder-826036-1-smb devstack@c-api.service[109605]: DEBUG cinder.quota [None req-a92bb8c6-20ad-4ffa-b02d-60152e942ab8 tempest-GroupSnapshotsTest-173090351 tempest-GroupSnapshotsTest-173090351-project] Created reservations ['8c41abdd-dcb6-49fb-96df-dfba2b10305f', '146b874b-0d7e-4c24-b7ae-7c326afe9a1c', '29167a2c-1d2b-4647-91ee-846f42ac5f75', '6ab7c5b0-568b-4241-a609-e0b0fb4a701d'] {{(pid=109605) reserve /opt/stack/cinder/cinder/quota.py:755}}
Jan 24 10:37:22.021888 dv-cinder-826036-1-smb devstack@c-api.service[109604]: INFO cinder.volume.api [None req-59ae031f-034a-43bd-9987-9e005b89a19b tempest-VolumesActionsTest-868438855 tempest-VolumesActionsTest-868438855-project] Update volume admin metadata completed successfully.
Jan 24 10:37:22.061926 dv-cinder-826036-1-smb devstack@c-api.service[109605]: INFO cinder.api.openstack.wsgi [None req-a92bb8c6-20ad-4ffa-b02d-60152e942ab8 tempest-GroupSnapshotsTest-173090351 tempest-GroupSnapshotsTest-173090351-project] http://10.222.0.118/volume/v3/9e80a647d2684b3d93f18d4d547624fd/group_snapshots returned with HTTP 202
Jan 24 10:37:22.063424 dv-cinder-826036-1-smb devstack@c-api.service[109605]: [pid: 109605|app: 0|req: 180/368] 10.222.0.118 () {62 vars in 1305 bytes} [Mon Jan 24 10:37:21 2022] POST /volume/v3/9e80a647d2684b3d93f18d4d547624fd/group_snapshots => generated 167 bytes in 180 msecs (HTTP/1.1 202) 7 headers in 292 bytes (1 switches on core 0)
Jan 24 10:37:22.072437 dv-cinder-826036-1-smb devstack@c-api.service[109605]: INFO cinder.api.openstack.wsgi [None req-2266653e-372d-4831-ae74-2b35dfde388f tempest-VolumesTransfersTest-682783522 tempest-VolumesTransfersTest-682783522-project] GET http://10.222.0.118/volume/v3/6aab5147d1564453b89ad5e5f169e474/volumes/49931f21-edc0-4e3c-957c-c70699661aa4
Jan 24 10:37:22.072707 dv-cinder-826036-1-smb devstack@c-api.service[109605]: DEBUG cinder.api.openstack.wsgi [None req-2266653e-372d-4831-ae74-2b35dfde388f tempest-VolumesTransfersTest-682783522 tempest-VolumesTransfersTest-682783522-project] Empty body provided in request {{(pid=109605) get_body /opt/stack/cinder/cinder/api/openstack/wsgi.py:715}}
Jan 24 10:37:22.073176 dv-cinder-826036-1-smb devstack@c-api.service[109605]: DEBUG cinder.api.openstack.wsgi [None req-2266653e-372d-4831-ae74-2b35dfde388f tempest-VolumesTransfersTest-682783522 tempest-VolumesTransfersTest-682783522-project] Calling method 'show' {{(pid=109605) _process_stack /opt/stack/cinder/cinder/api/openstack/wsgi.py:868}}
Jan 24 10:37:22.090016 dv-cinder-826036-1-smb devstack@c-api.service[109605]: /usr/local/lib/python3.8/dist-packages/oslo_context/context.py:105: DeprecationWarning: Policy enforcement is depending on the value of is_admin. This key is deprecated. Please update your policy file to use the standard policy values.
Jan 24 10:37:22.090016 dv-cinder-826036-1-smb devstack@c-api.service[109605]: warnings.warn('Policy enforcement is depending on the value of '
Jan 24 10:37:22.099252 dv-cinder-826036-1-smb devstack@c-api.service[109605]: INFO cinder.volume.api [None req-2266653e-372d-4831-ae74-2b35dfde388f tempest-VolumesTransfersTest-682783522 tempest-VolumesTransfersTest-682783522-project] Volume info retrieved successfully.
Jan 24 10:37:22.109050 dv-cinder-826036-1-smb devstack@c-api.service[109605]: INFO cinder.api.openstack.wsgi [None req-2266653e-372d-4831-ae74-2b35dfde388f tempest-VolumesTransfersTest-682783522 tempest-VolumesTransfersTest-682783522-project] http://10.222.0.118/volume/v3/6aab5147d1564453b89ad5e5f169e474/volumes/49931f21-edc0-4e3c-957c-c70699661aa4 returned with HTTP 200
Jan 24 10:37:22.109952 dv-cinder-826036-1-smb devstack@c-api.service[109605]: [pid: 109605|app: 0|req: 181/369] 10.222.0.118 () {58 vars in 1329 bytes} [Mon Jan 24 10:37:22 2022] GET /volume/v3/6aab5147d1564453b89ad5e5f169e474/volumes/49931f21-edc0-4e3c-957c-c70699661aa4 => generated 914 bytes in 46 msecs (HTTP/1.1 200) 7 headers in 285 bytes (1 switches on core 0)
Jan 24 10:37:22.114197 dv-cinder-826036-1-smb devstack@c-api.service[109605]: INFO cinder.api.openstack.wsgi [None req-d1ac614e-67ad-466c-8af0-cc54d5d77383 tempest-GroupSnapshotsTest-173090351 tempest-GroupSnapshotsTest-173090351-project] GET http://10.222.0.118/volume/v3/9e80a647d2684b3d93f18d4d547624fd/group_snapshots/41eea67c-39e0-467d-b312-bf7c55c82773
Jan 24 10:37:22.114683 dv-cinder-826036-1-smb devstack@c-api.service[109605]: DEBUG cinder.api.openstack.wsgi [None req-d1ac614e-67ad-466c-8af0-cc54d5d77383 tempest-GroupSnapshotsTest-173090351 tempest-GroupSnapshotsTest-173090351-project] Empty body provided in request {{(pid=109605) get_body /opt/stack/cinder/cinder/api/openstack/wsgi.py:715}}
Jan 24 10:37:22.115131 dv-cinder-826036-1-smb devstack@c-api.service[109605]: DEBUG cinder.api.openstack.wsgi [None req-d1ac614e-67ad-466c-8af0-cc54d5d77383 tempest-GroupSnapshotsTest-173090351 tempest-GroupSnapshotsTest-173090351-project] Calling method 'version_select' {{(pid=109605) _process_stack /opt/stack/cinder/cinder/api/openstack/wsgi.py:868}}
Jan 24 10:37:22.115464 dv-cinder-826036-1-smb devstack@c-api.service[109605]: DEBUG cinder.api.v3.group_snapshots [None req-d1ac614e-67ad-466c-8af0-cc54d5d77383 tempest-GroupSnapshotsTest-173090351 tempest-GroupSnapshotsTest-173090351-project] show called for member 41eea67c-39e0-467d-b312-bf7c55c82773 {{(pid=109605) show /opt/stack/cinder/cinder/api/v3/group_snapshots.py:58}}
Jan 24 10:37:22.122223 dv-cinder-826036-1-smb devstack@c-api.service[109605]: /usr/local/lib/python3.8/dist-packages/oslo_context/context.py:105: DeprecationWarning: Policy enforcement is depending on the value of is_admin. This key is deprecated. Please update your policy file to use the standard policy values.
Jan 24 10:37:22.122223 dv-cinder-826036-1-smb devstack@c-api.service[109605]: warnings.warn('Policy enforcement is depending on the value of '
Jan 24 10:37:22.127953 dv-cinder-826036-1-smb devstack@c-api.service[109605]: INFO cinder.api.openstack.wsgi [None req-d1ac614e-67ad-466c-8af0-cc54d5d77383 tempest-GroupSnapshotsTest-173090351 tempest-GroupSnapshotsTest-173090351-project] http://10.222.0.118/volume/v3/9e80a647d2684b3d93f18d4d547624fd/group_snapshots/41eea67c-39e0-467d-b312-bf7c55c82773 returned with HTTP 200
Jan 24 10:37:22.129076 dv-cinder-826036-1-smb devstack@c-api.service[109605]: [pid: 109605|app: 0|req: 182/370] 10.222.0.118 () {60 vars in 1394 bytes} [Mon Jan 24 10:37:22 2022] GET /volume/v3/9e80a647d2684b3d93f18d4d547624fd/group_snapshots/41eea67c-39e0-467d-b312-bf7c55c82773 => generated 306 bytes in 19 msecs (HTTP/1.1 200) 7 headers in 286 bytes (1 switches on core 0)
Jan 24 10:37:22.132798 dv-cinder-826036-1-smb devstack@c-api.service[109605]: INFO cinder.api.openstack.wsgi [None req-b488611b-67b3-4399-80d9-11ebb0fe1cd7 tempest-VolumesCloneTest-1578172113 tempest-VolumesCloneTest-1578172113-project] GET http://10.222.0.118/volume/v3/e16a8c508344482f94bb917064d86d16/volumes/375d8810-b31d-40d4-a46b-5e015ed47aa8
Jan 24 10:37:22.133475 dv-cinder-826036-1-smb devstack@c-api.service[109605]: DEBUG cinder.api.openstack.wsgi [None req-b488611b-67b3-4399-80d9-11ebb0fe1cd7 tempest-VolumesCloneTest-1578172113 tempest-VolumesCloneTest-1578172113-project] Empty body provided in request {{(pid=109605) get_body /opt/stack/cinder/cinder/api/openstack/wsgi.py:715}}
Jan 24 10:37:22.134203 dv-cinder-826036-1-smb devstack@c-api.service[109605]: DEBUG cinder.api.openstack.wsgi [None req-b488611b-67b3-4399-80d9-11ebb0fe1cd7 tempest-VolumesCloneTest-1578172113 tempest-VolumesCloneTest-1578172113-project] Calling method 'show' {{(pid=109605) _process_stack /opt/stack/cinder/cinder/api/openstack/wsgi.py:868}}
Jan 24 10:37:22.150234 dv-cinder-826036-1-smb devstack@c-api.service[109605]: /usr/local/lib/python3.8/dist-packages/oslo_context/context.py:105: DeprecationWarning: Policy enforcement is depending on the value of is_admin. This key is deprecated. Please update your policy file to use the standard policy values.
Jan 24 10:37:22.150234 dv-cinder-826036-1-smb devstack@c-api.service[109605]: warnings.warn('Policy enforcement is depending on the value of '
Jan 24 10:37:22.159226 dv-cinder-826036-1-smb devstack@c-api.service[109605]: INFO cinder.volume.api [None req-b488611b-67b3-4399-80d9-11ebb0fe1cd7 tempest-VolumesCloneTest-1578172113 tempest-VolumesCloneTest-1578172113-project] Volume info retrieved successfully.
Jan 24 10:37:22.168337 dv-cinder-826036-1-smb devstack@c-api.service[109605]: INFO cinder.api.openstack.wsgi [None req-b488611b-67b3-4399-80d9-11ebb0fe1cd7 tempest-VolumesCloneTest-1578172113 tempest-VolumesCloneTest-1578172113-project] http://10.222.0.118/volume/v3/e16a8c508344482f94bb917064d86d16/volumes/375d8810-b31d-40d4-a46b-5e015ed47aa8 returned with HTTP 200
Jan 24 10:37:22.169254 dv-cinder-826036-1-smb devstack@c-api.service[109605]: [pid: 109605|app: 0|req: 183/371] 10.222.0.118 () {58 vars in 1329 bytes} [Mon Jan 24 10:37:22 2022] GET /volume/v3/e16a8c508344482f94bb917064d86d16/volumes/375d8810-b31d-40d4-a46b-5e015ed47aa8 => generated 910 bytes in 40 msecs (HTTP/1.1 200) 7 headers in 285 bytes (1 switches on core 0)
Jan 24 10:37:22.174535 dv-cinder-826036-1-smb devstack@c-api.service[109605]: INFO cinder.api.openstack.wsgi [None req-09162310-f2ce-4978-a53a-1005097ee8d6 tempest-VolumesTransfersTest-485759691 tempest-VolumesTransfersTest-485759691-project] DELETE http://10.222.0.118/volume/v3/12cfc81de457455cbafce4f61ba8e595/os-volume-transfer/08ef1b6f-618f-4c93-9b86-1cd416df705a
Jan 24 10:37:22.175094 dv-cinder-826036-1-smb devstack@c-api.service[109605]: DEBUG cinder.api.openstack.wsgi [None req-09162310-f2ce-4978-a53a-1005097ee8d6 tempest-VolumesTransfersTest-485759691 tempest-VolumesTransfersTest-485759691-project] Empty body provided in request {{(pid=109605) get_body /opt/stack/cinder/cinder/api/openstack/wsgi.py:715}}
Jan 24 10:37:22.175549 dv-cinder-826036-1-smb devstack@c-api.service[109605]: DEBUG cinder.api.openstack.wsgi [None req-09162310-f2ce-4978-a53a-1005097ee8d6 tempest-VolumesTransfersTest-485759691 tempest-VolumesTransfersTest-485759691-project] Calling method 'delete' {{(pid=109605) _process_stack /opt/stack/cinder/cinder/api/openstack/wsgi.py:868}}
Jan 24 10:37:22.175862 dv-cinder-826036-1-smb devstack@c-api.service[109605]: INFO cinder.api.contrib.volume_transfer [None req-09162310-f2ce-4978-a53a-1005097ee8d6 tempest-VolumesTransfersTest-485759691 tempest-VolumesTransfersTest-485759691-project] Delete transfer with id: 08ef1b6f-618f-4c93-9b86-1cd416df705a
Jan 24 10:37:22.180959 dv-cinder-826036-1-smb devstack@c-api.service[109605]: INFO cinder.api.openstack.wsgi [None req-09162310-f2ce-4978-a53a-1005097ee8d6 tempest-VolumesTransfersTest-485759691 tempest-VolumesTransfersTest-485759691-project] http://10.222.0.118/volume/v3/12cfc81de457455cbafce4f61ba8e595/os-volume-transfer/08ef1b6f-618f-4c93-9b86-1cd416df705a returned with HTTP 404
Jan 24 10:37:22.181794 dv-cinder-826036-1-smb devstack@c-api.service[109605]: [pid: 109605|app: 0|req: 184/372] 10.222.0.118 () {58 vars in 1365 bytes} [Mon Jan 24 10:37:22 2022] DELETE /volume/v3/12cfc81de457455cbafce4f61ba8e595/os-volume-transfer/08ef1b6f-618f-4c93-9b86-1cd416df705a => generated 111 bytes in 12 msecs (HTTP/1.1 404) 7 headers in 292 bytes (1 switches on core 0)
Jan 24 10:37:22.233701 dv-cinder-826036-1-smb devstack@c-api.service[109604]: INFO cinder.volume.api [None req-59ae031f-034a-43bd-9987-9e005b89a19b tempest-VolumesActionsTest-868438855 tempest-VolumesActionsTest-868438855-project] Attach volume completed successfully.
Jan 24 10:37:22.234964 dv-cinder-826036-1-smb devstack@c-api.service[109604]: INFO cinder.api.openstack.wsgi [None req-59ae031f-034a-43bd-9987-9e005b89a19b tempest-VolumesActionsTest-868438855 tempest-VolumesActionsTest-868438855-project] http://10.222.0.118/volume/v3/7b4a31b4b09e4175b205ff5c4d5a743e/volumes/e966f69e-c872-4fe9-ab7d-31dc40437a36/action returned with HTTP 202
Jan 24 10:37:22.235939 dv-cinder-826036-1-smb devstack@c-api.service[109604]: [pid: 109604|app: 0|req: 189/373] 10.222.0.118 () {60 vars in 1371 bytes} [Mon Jan 24 10:37:21 2022] POST /volume/v3/7b4a31b4b09e4175b205ff5c4d5a743e/volumes/e966f69e-c872-4fe9-ab7d-31dc40437a36/action => generated 0 bytes in 270 msecs (HTTP/1.1 202) 7 headers in 289 bytes (1 switches on core 0)
Jan 24 10:37:22.240849 dv-cinder-826036-1-smb devstack@c-api.service[109604]: INFO cinder.api.openstack.wsgi [None req-e54364bd-9c72-46f4-8857-5ce2182e5459 tempest-GroupsV320Test-971229813 tempest-GroupsV320Test-971229813-project] GET http://10.222.0.118/volume/v3/3c301a7707ec4133a2a4a5a2d38c8c0e/groups/6b3d168a-f2cc-4ba6-8d53-ee1e19c3ceb2
Jan 24 10:37:22.241416 dv-cinder-826036-1-smb devstack@c-api.service[109604]: DEBUG cinder.api.openstack.wsgi [None req-e54364bd-9c72-46f4-8857-5ce2182e5459 tempest-GroupsV320Test-971229813 tempest-GroupsV320Test-971229813-project] Empty body provided in request {{(pid=109604) get_body /opt/stack/cinder/cinder/api/openstack/wsgi.py:715}}
Jan 24 10:37:22.241934 dv-cinder-826036-1-smb devstack@c-api.service[109604]: DEBUG cinder.api.openstack.wsgi [None req-e54364bd-9c72-46f4-8857-5ce2182e5459 tempest-GroupsV320Test-971229813 tempest-GroupsV320Test-971229813-project] Calling method 'version_select' {{(pid=109604) _process_stack /opt/stack/cinder/cinder/api/openstack/wsgi.py:868}}
Jan 24 10:37:22.242914 dv-cinder-826036-1-smb devstack@c-api.service[109604]: DEBUG cinder.api.v3.groups [None req-e54364bd-9c72-46f4-8857-5ce2182e5459 tempest-GroupsV320Test-971229813 tempest-GroupsV320Test-971229813-project] show called for member 6b3d168a-f2cc-4ba6-8d53-ee1e19c3ceb2 {{(pid=109604) show /opt/stack/cinder/cinder/api/v3/groups.py:58}}
Jan 24 10:37:22.248196 dv-cinder-826036-1-smb devstack@c-api.service[109604]: INFO cinder.api.openstack.wsgi [None req-e54364bd-9c72-46f4-8857-5ce2182e5459 tempest-GroupsV320Test-971229813 tempest-GroupsV320Test-971229813-project] http://10.222.0.118/volume/v3/3c301a7707ec4133a2a4a5a2d38c8c0e/groups/6b3d168a-f2cc-4ba6-8d53-ee1e19c3ceb2 returned with HTTP 404
Jan 24 10:37:22.250309 dv-cinder-826036-1-smb devstack@c-api.service[109604]: [pid: 109604|app: 0|req: 190/374] 10.222.0.118 () {60 vars in 1367 bytes} [Mon Jan 24 10:37:22 2022] GET /volume/v3/3c301a7707ec4133a2a4a5a2d38c8c0e/groups/6b3d168a-f2cc-4ba6-8d53-ee1e19c3ceb2 => generated 108 bytes in 14 msecs (HTTP/1.1 404) 7 headers in 293 bytes (1 switches on core 0)
Jan 24 10:37:22.256180 dv-cinder-826036-1-smb devstack@c-api.service[109604]: INFO cinder.api.openstack.wsgi [None req-5d9fca14-02f1-424d-ae53-118ea7fa6c3b tempest-VolumesActionsTest-868438855 tempest-VolumesActionsTest-868438855-project] GET http://10.222.0.118/volume/v3/7b4a31b4b09e4175b205ff5c4d5a743e/volumes/e966f69e-c872-4fe9-ab7d-31dc40437a36
Jan 24 10:37:22.256799 dv-cinder-826036-1-smb devstack@c-api.service[109604]: DEBUG cinder.api.openstack.wsgi [None req-5d9fca14-02f1-424d-ae53-118ea7fa6c3b tempest-VolumesActionsTest-868438855 tempest-VolumesActionsTest-868438855-project] Empty body provided in request {{(pid=109604) get_body /opt/stack/cinder/cinder/api/openstack/wsgi.py:715}}
Jan 24 10:37:22.257288 dv-cinder-826036-1-smb devstack@c-api.service[109604]: DEBUG cinder.api.openstack.wsgi [None req-5d9fca14-02f1-424d-ae53-118ea7fa6c3b tempest-VolumesActionsTest-868438855 tempest-VolumesActionsTest-868438855-project] Calling method 'show' {{(pid=109604) _process_stack /opt/stack/cinder/cinder/api/openstack/wsgi.py:868}}
Jan 24 10:37:22.314912 dv-cinder-826036-1-smb devstack@c-api.service[109604]: /usr/local/lib/python3.8/dist-packages/oslo_context/context.py:105: DeprecationWarning: Policy enforcement is depending on the value of is_admin. This key is deprecated. Please update your policy file to use the standard policy values.
Jan 24 10:37:22.314912 dv-cinder-826036-1-smb devstack@c-api.service[109604]: warnings.warn('Policy enforcement is depending on the value of '
Jan 24 10:37:22.323597 dv-cinder-826036-1-smb devstack@c-api.service[109604]: INFO cinder.volume.api [None req-5d9fca14-02f1-424d-ae53-118ea7fa6c3b tempest-VolumesActionsTest-868438855 tempest-VolumesActionsTest-868438855-project] Volume info retrieved successfully.
Jan 24 10:37:22.333090 dv-cinder-826036-1-smb devstack@c-api.service[109604]: INFO cinder.api.openstack.wsgi [None req-5d9fca14-02f1-424d-ae53-118ea7fa6c3b tempest-VolumesActionsTest-868438855 tempest-VolumesActionsTest-868438855-project] http://10.222.0.118/volume/v3/7b4a31b4b09e4175b205ff5c4d5a743e/volumes/e966f69e-c872-4fe9-ab7d-31dc40437a36 returned with HTTP 200
Jan 24 10:37:22.334084 dv-cinder-826036-1-smb devstack@c-api.service[109604]: [pid: 109604|app: 0|req: 191/375] 10.222.0.118 () {58 vars in 1329 bytes} [Mon Jan 24 10:37:22 2022] GET /volume/v3/7b4a31b4b09e4175b205ff5c4d5a743e/volumes/e966f69e-c872-4fe9-ab7d-31dc40437a36 => generated 1247 bytes in 83 msecs (HTTP/1.1 200) 7 headers in 286 bytes (1 switches on core 0)
Jan 24 10:37:22.339288 dv-cinder-826036-1-smb devstack@c-api.service[109604]: INFO cinder.api.openstack.wsgi [None req-3d0d9174-d10e-4aec-a25e-5c74c9485051 tempest-GroupsV320Test-846775961 tempest-GroupsV320Test-846775961-project-admin] DELETE http://10.222.0.118/volume/v3/c504f4317cbd46d7835e61ce7ce0ca24/group_types/305ba183-b846-4106-b791-7f29c062e4cb
Jan 24 10:37:22.340089 dv-cinder-826036-1-smb devstack@c-api.service[109604]: DEBUG cinder.api.openstack.wsgi [None req-3d0d9174-d10e-4aec-a25e-5c74c9485051 tempest-GroupsV320Test-846775961 tempest-GroupsV320Test-846775961-project-admin] Empty body provided in request {{(pid=109604) get_body /opt/stack/cinder/cinder/api/openstack/wsgi.py:715}}
Jan 24 10:37:22.340748 dv-cinder-826036-1-smb devstack@c-api.service[109604]: DEBUG cinder.api.openstack.wsgi [None req-3d0d9174-d10e-4aec-a25e-5c74c9485051 tempest-GroupsV320Test-846775961 tempest-GroupsV320Test-846775961-project-admin] Calling method 'version_select' {{(pid=109604) _process_stack /opt/stack/cinder/cinder/api/openstack/wsgi.py:868}}
Jan 24 10:37:22.366376 dv-cinder-826036-1-smb devstack@c-api.service[109605]: INFO cinder.api.openstack.wsgi [None req-a498e7cb-d8a0-4768-a807-cb1aa6dc8f5f tempest-VolumesTransfersTest-1418802949 tempest-VolumesTransfersTest-1418802949-project-admin] DELETE http://10.222.0.118/volume/v3/ae54eecbc342437793c05640ff7cb759/volumes/49931f21-edc0-4e3c-957c-c70699661aa4
Jan 24 10:37:22.366843 dv-cinder-826036-1-smb devstack@c-api.service[109605]: DEBUG cinder.api.openstack.wsgi [None req-a498e7cb-d8a0-4768-a807-cb1aa6dc8f5f tempest-VolumesTransfersTest-1418802949 tempest-VolumesTransfersTest-1418802949-project-admin] Empty body provided in request {{(pid=109605) get_body /opt/stack/cinder/cinder/api/openstack/wsgi.py:715}}
Jan 24 10:37:22.367283 dv-cinder-826036-1-smb devstack@c-api.service[109605]: DEBUG cinder.api.openstack.wsgi [None req-a498e7cb-d8a0-4768-a807-cb1aa6dc8f5f tempest-VolumesTransfersTest-1418802949 tempest-VolumesTransfersTest-1418802949-project-admin] Calling method 'delete' {{(pid=109605) _process_stack /opt/stack/cinder/cinder/api/openstack/wsgi.py:868}}
Jan 24 10:37:22.368297 dv-cinder-826036-1-smb devstack@c-api.service[109605]: INFO cinder.api.v3.volumes [None req-a498e7cb-d8a0-4768-a807-cb1aa6dc8f5f tempest-VolumesTransfersTest-1418802949 tempest-VolumesTransfersTest-1418802949-project-admin] Delete volume with id: 49931f21-edc0-4e3c-957c-c70699661aa4
Jan 24 10:37:22.375489 dv-cinder-826036-1-smb devstack@c-api.service[109604]: INFO cinder.api.openstack.wsgi [None req-3d0d9174-d10e-4aec-a25e-5c74c9485051 tempest-GroupsV320Test-846775961 tempest-GroupsV320Test-846775961-project-admin] http://10.222.0.118/volume/v3/c504f4317cbd46d7835e61ce7ce0ca24/group_types/305ba183-b846-4106-b791-7f29c062e4cb returned with HTTP 202
