Jul 26 18:29:45.257275 dv-cinder-825492-31-iscsi neutron-server[104014]: DEBUG neutron.pecan_wsgi.hooks.policy_enforcement [req-9af1681a-5b48-4c3c-aca0-65b72c34960b req-519a13c0-b40e-4a3d-a6db-0614eff4254f tempest-AttachVolumeShelveTestJSON-774638063 tempest-AttachVolumeShelveTestJSON-774638063-project] Attributes excluded by policy engine: ['standard_attr_id', 'binding:profile', 'binding:host_id', 'binding:vif_type', 'binding:vif_details'] {{(pid=104014) _exclude_attributes_by_policy /opt/stack/neutron/neutron/pecan_wsgi/hooks/policy_enforcement.py:259}}
Jul 26 18:29:45.258934 dv-cinder-825492-31-iscsi neutron-server[104014]: INFO neutron.wsgi [req-9af1681a-5b48-4c3c-aca0-65b72c34960b req-519a13c0-b40e-4a3d-a6db-0614eff4254f tempest-AttachVolumeShelveTestJSON-774638063 tempest-AttachVolumeShelveTestJSON-774638063-project] 10.222.0.27 "GET /v2.0/ports?device_id=240d5470-7916-48a4-b90f-910c88d68384 HTTP/1.1" status: 200 len: 943 time: 0.0564008
Jul 26 18:29:45.328077 dv-cinder-825492-31-iscsi neutron-server[104015]: DEBUG neutron.pecan_wsgi.hooks.policy_enforcement [req-bc09d0ce-10a8-4893-aa5e-07441739bb41 req-a500b705-a349-4e8b-818a-e5017ab1ab72 tempest-AttachVolumeNegativeTest-201653783 tempest-AttachVolumeNegativeTest-201653783-project] Attributes excluded by policy engine: ['standard_attr_id', 'binding:profile', 'binding:host_id', 'binding:vif_type', 'binding:vif_details'] {{(pid=104015) _exclude_attributes_by_policy /opt/stack/neutron/neutron/pecan_wsgi/hooks/policy_enforcement.py:259}}
Jul 26 18:29:45.330979 dv-cinder-825492-31-iscsi neutron-server[104015]: INFO neutron.wsgi [req-bc09d0ce-10a8-4893-aa5e-07441739bb41 req-a500b705-a349-4e8b-818a-e5017ab1ab72 tempest-AttachVolumeNegativeTest-201653783 tempest-AttachVolumeNegativeTest-201653783-project] 10.222.0.27 "GET /v2.0/ports?device_id=62ada35c-e092-41a1-a9c4-2177b7e8ae31 HTTP/1.1" status: 200 len: 944 time: 0.0872042
Jul 26 18:29:45.336283 dv-cinder-825492-31-iscsi neutron-server[104014]: INFO neutron.wsgi [req-9af1681a-5b48-4c3c-aca0-65b72c34960b req-fd38ad77-b257-4ac0-8dad-4e2c173c6f83 tempest-AttachVolumeShelveTestJSON-774638063 tempest-AttachVolumeShelveTestJSON-774638063-project] 10.222.0.27 "GET /v2.0/security-groups?id=d11df63c-3b8d-4cc3-abd6-1512011b2c53&fields=id&fields=name HTTP/1.1" status: 200 len: 312 time: 0.0667934
Jul 26 18:29:45.410289 dv-cinder-825492-31-iscsi neutron-server[104015]: INFO neutron.wsgi [req-bc09d0ce-10a8-4893-aa5e-07441739bb41 req-eac536ce-73bd-457c-ae47-379dd797ff0c tempest-AttachVolumeNegativeTest-201653783 tempest-AttachVolumeNegativeTest-201653783-project] 10.222.0.27 "GET /v2.0/security-groups?id=e7cf686b-e76e-484b-9907-d08008ee01f4&fields=id&fields=name HTTP/1.1" status: 200 len: 312 time: 0.0659533
Jul 26 18:29:45.558792 dv-cinder-825492-31-iscsi neutron-server[104014]: DEBUG neutron.pecan_wsgi.hooks.policy_enforcement [req-9c776c4d-285a-42fa-82ad-3d92c72fc801 req-ddcc9bb5-0047-4132-b9ac-c2ed05ac0257 tempest-DeleteServersTestJSON-191695927 tempest-DeleteServersTestJSON-191695927-project] Attributes excluded by policy engine: ['standard_attr_id', 'binding:profile', 'binding:host_id', 'binding:vif_type', 'binding:vif_details'] {{(pid=104014) _exclude_attributes_by_policy /opt/stack/neutron/neutron/pecan_wsgi/hooks/policy_enforcement.py:259}}
Jul 26 18:29:45.560692 dv-cinder-825492-31-iscsi neutron-server[104014]: INFO neutron.wsgi [req-9c776c4d-285a-42fa-82ad-3d92c72fc801 req-ddcc9bb5-0047-4132-b9ac-c2ed05ac0257 tempest-DeleteServersTestJSON-191695927 tempest-DeleteServersTestJSON-191695927-project] 10.222.0.27 "GET /v2.0/ports?device_id=fffb9029-1d38-416c-b4ad-a85f17a1db8a HTTP/1.1" status: 200 len: 946 time: 0.0873847
Jul 26 18:29:45.617173 dv-cinder-825492-31-iscsi neutron-server[104014]: INFO neutron.wsgi [req-9c776c4d-285a-42fa-82ad-3d92c72fc801 req-3a21a1bb-68f2-4650-b133-b0e648a90a93 tempest-DeleteServersTestJSON-191695927 tempest-DeleteServersTestJSON-191695927-project] 10.222.0.27 "GET /v2.0/security-groups?id=c7548619-17b0-483c-9714-eeb851c29558&fields=id&fields=name HTTP/1.1" status: 200 len: 286 time: 0.0503497
Jul 26 18:29:45.804237 dv-cinder-825492-31-iscsi neutron-server[104016]: DEBUG neutron_lib.callbacks.manager [None req-30751d14-f89f-4cf4-94f6-23e418446d12 None None] Publish callbacks ['neutron.services.segments.db._update_segment_host_mapping_for_agent-8755234745016', 'neutron.plugins.ml2.plugin.Ml2Plugin._retry_binding_revived_agents-1269978'] for agent (c1664cc6-c1ba-4eb8-8035-566710fe930c), after_update {{(pid=104016) _notify_loop /usr/local/lib/python3.8/dist-packages/neutron_lib/callbacks/manager.py:176}}
Jul 26 18:29:45.922979 dv-cinder-825492-31-iscsi neutron-server[104016]: DEBUG dbcounter [-] [104016] Writing DB stats neutron:SELECT=94,neutron:UPDATE=5,neutron:DELETE=1 {{(pid=104016) stat_writer /usr/local/lib/python3.8/dist-packages/dbcounter.py:114}}
Jul 26 18:29:45.961982 dv-cinder-825492-31-iscsi neutron-server[104016]: DEBUG neutron_lib.callbacks.manager [None req-9f206a67-f343-4710-94c4-0ae9d996e6ae None None] Publish callbacks ['neutron.services.segments.db._update_segment_host_mapping_for_agent-8755234745016', 'neutron.plugins.ml2.plugin.Ml2Plugin._retry_binding_revived_agents-1269978'] for agent (f2818d6c-7aaa-423c-8f77-d6b69d40ccda), after_update {{(pid=104016) _notify_loop /usr/local/lib/python3.8/dist-packages/neutron_lib/callbacks/manager.py:176}}
Jul 26 18:29:46.032943 dv-cinder-825492-31-iscsi neutron-server[104015]: DEBUG neutron.pecan_wsgi.hooks.policy_enforcement [req-5e09b0d2-fd7f-4e63-9c59-080e9e134272 req-372534a1-d843-454d-b88a-64f932bceda5 tempest-ServerRescueNegativeTestJSON-593014913 tempest-ServerRescueNegativeTestJSON-593014913-project] Attributes excluded by policy engine: ['standard_attr_id', 'binding:profile', 'binding:host_id', 'binding:vif_type', 'binding:vif_details'] {{(pid=104015) _exclude_attributes_by_policy /opt/stack/neutron/neutron/pecan_wsgi/hooks/policy_enforcement.py:259}}
Jul 26 18:29:46.040434 dv-cinder-825492-31-iscsi neutron-server[104015]: INFO neutron.wsgi [req-5e09b0d2-fd7f-4e63-9c59-080e9e134272 req-372534a1-d843-454d-b88a-64f932bceda5 tempest-ServerRescueNegativeTestJSON-593014913 tempest-ServerRescueNegativeTestJSON-593014913-project] 10.222.0.27 "GET /v2.0/ports?device_id=8422a278-bb13-476d-9fed-a2ea1b310a91 HTTP/1.1" status: 200 len: 944 time: 0.0852704
Jul 26 18:29:46.129392 dv-cinder-825492-31-iscsi neutron-server[104014]: DEBUG neutron.pecan_wsgi.hooks.policy_enforcement [req-e4ab1fae-1f6f-49da-9e0f-84ff86029714 req-9dcf9b89-6c03-486f-88c9-7f92991da923 tempest-AttachVolumeTestJSON-8354627 tempest-AttachVolumeTestJSON-8354627-project] Attributes excluded by policy engine: ['standard_attr_id', 'binding:profile', 'binding:host_id', 'binding:vif_type', 'binding:vif_details'] {{(pid=104014) _exclude_attributes_by_policy /opt/stack/neutron/neutron/pecan_wsgi/hooks/policy_enforcement.py:259}}
Jul 26 18:29:46.130648 dv-cinder-825492-31-iscsi neutron-server[104014]: INFO neutron.wsgi [req-e4ab1fae-1f6f-49da-9e0f-84ff86029714 req-9dcf9b89-6c03-486f-88c9-7f92991da923 tempest-AttachVolumeTestJSON-8354627 tempest-AttachVolumeTestJSON-8354627-project] 10.222.0.27 "GET /v2.0/ports?device_id=99df3fd1-46e9-4842-9e60-b69d557d60c2 HTTP/1.1" status: 200 len: 944 time: 0.0654693
Jul 26 18:29:46.134307 dv-cinder-825492-31-iscsi neutron-server[104015]: INFO neutron.wsgi [req-5e09b0d2-fd7f-4e63-9c59-080e9e134272 req-da38e689-114d-49ac-a41f-c719080c7396 tempest-ServerRescueNegativeTestJSON-593014913 tempest-ServerRescueNegativeTestJSON-593014913-project] 10.222.0.27 "GET /v2.0/security-groups?id=8da64f19-bf42-4443-9e11-fa450ef224d0&fields=id&fields=name HTTP/1.1" status: 200 len: 286 time: 0.0914505
Jul 26 18:29:46.203054 dv-cinder-825492-31-iscsi neutron-server[104014]: INFO neutron.wsgi [req-e4ab1fae-1f6f-49da-9e0f-84ff86029714 req-9d912a5f-4acf-4d4c-89b1-59f36f7e520b tempest-AttachVolumeTestJSON-8354627 tempest-AttachVolumeTestJSON-8354627-project] 10.222.0.27 "GET /v2.0/security-groups?id=d7d1430d-9105-4288-bb18-c5a7149c24b3&fields=id&fields=name HTTP/1.1" status: 200 len: 311 time: 0.0588429
Jul 26 18:29:46.497196 dv-cinder-825492-31-iscsi neutron-server[104015]: DEBUG neutron.pecan_wsgi.hooks.policy_enforcement [req-e48290f1-6099-46f3-afe9-ef0cd53d40c0 req-907d8566-5204-49d4-b946-8f27f7697881 tempest-AttachVolumeShelveTestJSON-774638063 tempest-AttachVolumeShelveTestJSON-774638063-project] Attributes excluded by policy engine: ['standard_attr_id', 'binding:profile', 'binding:host_id', 'binding:vif_type', 'binding:vif_details'] {{(pid=104015) _exclude_attributes_by_policy /opt/stack/neutron/neutron/pecan_wsgi/hooks/policy_enforcement.py:259}}
Jul 26 18:29:46.498902 dv-cinder-825492-31-iscsi neutron-server[104015]: INFO neutron.wsgi [req-e48290f1-6099-46f3-afe9-ef0cd53d40c0 req-907d8566-5204-49d4-b946-8f27f7697881 tempest-AttachVolumeShelveTestJSON-774638063 tempest-AttachVolumeShelveTestJSON-774638063-project] 10.222.0.27 "GET /v2.0/ports?device_id=240d5470-7916-48a4-b90f-910c88d68384 HTTP/1.1" status: 200 len: 943 time: 0.0573454
Jul 26 18:29:46.541202 dv-cinder-825492-31-iscsi neutron-server[104014]: DEBUG neutron.pecan_wsgi.hooks.policy_enforcement [req-3f987484-98ac-4d2a-bdca-3435bb21c704 req-42815c99-780f-4f06-b4b3-57cad29e3ff9 tempest-AttachVolumeNegativeTest-201653783 tempest-AttachVolumeNegativeTest-201653783-project] Attributes excluded by policy engine: ['standard_attr_id', 'binding:profile', 'binding:host_id', 'binding:vif_type', 'binding:vif_details'] {{(pid=104014) _exclude_attributes_by_policy /opt/stack/neutron/neutron/pecan_wsgi/hooks/policy_enforcement.py:259}}
Jul 26 18:29:46.551361 dv-cinder-825492-31-iscsi neutron-server[104014]: INFO neutron.wsgi [req-3f987484-98ac-4d2a-bdca-3435bb21c704 req-42815c99-780f-4f06-b4b3-57cad29e3ff9 tempest-AttachVolumeNegativeTest-201653783 tempest-AttachVolumeNegativeTest-201653783-project] 10.222.0.27 "GET /v2.0/ports?device_id=62ada35c-e092-41a1-a9c4-2177b7e8ae31 HTTP/1.1" status: 200 len: 944 time: 0.0721989
Jul 26 18:29:46.564895 dv-cinder-825492-31-iscsi neutron-server[104015]: INFO neutron.wsgi [req-e48290f1-6099-46f3-afe9-ef0cd53d40c0 req-96fe2b78-b380-456c-a6a7-970757929b7b tempest-AttachVolumeShelveTestJSON-774638063 tempest-AttachVolumeShelveTestJSON-774638063-project] 10.222.0.27 "GET /v2.0/security-groups?id=d11df63c-3b8d-4cc3-abd6-1512011b2c53&fields=id&fields=name HTTP/1.1" status: 200 len: 312 time: 0.0596609
Jul 26 18:29:46.604760 dv-cinder-825492-31-iscsi neutron-server[104014]: INFO neutron.wsgi [req-3f987484-98ac-4d2a-bdca-3435bb21c704 req-7a5219ae-b9e0-40c4-ac89-a6b394e2a68f tempest-AttachVolumeNegativeTest-201653783 tempest-AttachVolumeNegativeTest-201653783-project] 10.222.0.27 "GET /v2.0/security-groups?id=e7cf686b-e76e-484b-9907-d08008ee01f4&fields=id&fields=name HTTP/1.1" status: 200 len: 312 time: 0.0526342
Jul 26 18:29:46.746182 dv-cinder-825492-31-iscsi neutron-server[104015]: DEBUG neutron.pecan_wsgi.hooks.policy_enforcement [req-7e7836dc-e915-4e1a-96a0-c0d91302c404 req-e0e78966-084b-4749-b8b5-86ff0966fd7f tempest-DeleteServersTestJSON-191695927 tempest-DeleteServersTestJSON-191695927-project] Attributes excluded by policy engine: ['standard_attr_id', 'binding:profile', 'binding:host_id', 'binding:vif_type', 'binding:vif_details'] {{(pid=104015) _exclude_attributes_by_policy /opt/stack/neutron/neutron/pecan_wsgi/hooks/policy_enforcement.py:259}}
Jul 26 18:29:46.747804 dv-cinder-825492-31-iscsi neutron-server[104015]: INFO neutron.wsgi [req-7e7836dc-e915-4e1a-96a0-c0d91302c404 req-e0e78966-084b-4749-b8b5-86ff0966fd7f tempest-DeleteServersTestJSON-191695927 tempest-DeleteServersTestJSON-191695927-project] 10.222.0.27 "GET /v2.0/ports?device_id=fffb9029-1d38-416c-b4ad-a85f17a1db8a HTTP/1.1" status: 200 len: 946 time: 0.0494010
Jul 26 18:29:46.807050 dv-cinder-825492-31-iscsi neutron-server[104015]: INFO neutron.wsgi [req-7e7836dc-e915-4e1a-96a0-c0d91302c404 req-53afa886-6b05-4654-8700-418ab82fe720 tempest-DeleteServersTestJSON-191695927 tempest-DeleteServersTestJSON-191695927-project] 10.222.0.27 "GET /v2.0/security-groups?id=c7548619-17b0-483c-9714-eeb851c29558&fields=id&fields=name HTTP/1.1" status: 200 len: 286 time: 0.0532095
Jul 26 18:29:47.275000 dv-cinder-825492-31-iscsi neutron-server[104014]: DEBUG neutron.pecan_wsgi.hooks.policy_enforcement [req-31c62f3f-8d9f-4fea-be4f-1485c9fb6968 req-c7fcfda4-98f6-4b2c-906e-b446f5d1c998 tempest-ServerRescueNegativeTestJSON-593014913 tempest-ServerRescueNegativeTestJSON-593014913-project] Attributes excluded by policy engine: ['standard_attr_id', 'binding:profile', 'binding:host_id', 'binding:vif_type', 'binding:vif_details'] {{(pid=104014) _exclude_attributes_by_policy /opt/stack/neutron/neutron/pecan_wsgi/hooks/policy_enforcement.py:259}}
Jul 26 18:29:47.277342 dv-cinder-825492-31-iscsi neutron-server[104014]: INFO neutron.wsgi [req-31c62f3f-8d9f-4fea-be4f-1485c9fb6968 req-c7fcfda4-98f6-4b2c-906e-b446f5d1c998 tempest-ServerRescueNegativeTestJSON-593014913 tempest-ServerRescueNegativeTestJSON-593014913-project] 10.222.0.27 "GET /v2.0/ports?device_id=8422a278-bb13-476d-9fed-a2ea1b310a91 HTTP/1.1" status: 200 len: 944 time: 0.0587618
Jul 26 18:29:47.333434 dv-cinder-825492-31-iscsi neutron-server[104014]: INFO neutron.wsgi [req-31c62f3f-8d9f-4fea-be4f-1485c9fb6968 req-57fb15dc-56db-4c39-9461-eba812b18b58 tempest-ServerRescueNegativeTestJSON-593014913 tempest-ServerRescueNegativeTestJSON-593014913-project] 10.222.0.27 "GET /v2.0/security-groups?id=8da64f19-bf42-4443-9e11-fa450ef224d0&fields=id&fields=name HTTP/1.1" status: 200 len: 286 time: 0.0497119
Jul 26 18:29:47.366084 dv-cinder-825492-31-iscsi neutron-server[104015]: DEBUG neutron.pecan_wsgi.hooks.policy_enforcement [req-2c2b4c62-39c1-4eb1-b708-497cab1f0d25 req-d37a7817-b16a-4d5e-af31-1226c78b792c tempest-AttachVolumeTestJSON-8354627 tempest-AttachVolumeTestJSON-8354627-project] Attributes excluded by policy engine: ['standard_attr_id', 'binding:profile', 'binding:host_id', 'binding:vif_type', 'binding:vif_details'] {{(pid=104015) _exclude_attributes_by_policy /opt/stack/neutron/neutron/pecan_wsgi/hooks/policy_enforcement.py:259}}
Jul 26 18:29:47.367817 dv-cinder-825492-31-iscsi neutron-server[104015]: INFO neutron.wsgi [req-2c2b4c62-39c1-4eb1-b708-497cab1f0d25 req-d37a7817-b16a-4d5e-af31-1226c78b792c tempest-AttachVolumeTestJSON-8354627 tempest-AttachVolumeTestJSON-8354627-project] 10.222.0.27 "GET /v2.0/ports?device_id=99df3fd1-46e9-4842-9e60-b69d557d60c2 HTTP/1.1" status: 200 len: 944 time: 0.0687969
Jul 26 18:29:47.421894 dv-cinder-825492-31-iscsi neutron-server[104015]: INFO neutron.wsgi [req-2c2b4c62-39c1-4eb1-b708-497cab1f0d25 req-3c2147a8-f1ff-4e8e-885a-b7b2b5a085c2 tempest-AttachVolumeTestJSON-8354627 tempest-AttachVolumeTestJSON-8354627-project] 10.222.0.27 "GET /v2.0/security-groups?id=d7d1430d-9105-4288-bb18-c5a7149c24b3&fields=id&fields=name HTTP/1.1" status: 200 len: 311 time: 0.0476685
Jul 26 18:29:47.698862 dv-cinder-825492-31-iscsi neutron-server[104014]: DEBUG neutron.pecan_wsgi.hooks.policy_enforcement [req-dea4b3d7-02db-4e8b-8b51-ffb86c806203 req-8692fa75-f38f-415d-98ff-e8bbfa2aa005 tempest-AttachVolumeShelveTestJSON-774638063 tempest-AttachVolumeShelveTestJSON-774638063-project] Attributes excluded by policy engine: ['standard_attr_id', 'binding:profile', 'binding:host_id', 'binding:vif_type', 'binding:vif_details'] {{(pid=104014) _exclude_attributes_by_policy /opt/stack/neutron/neutron/pecan_wsgi/hooks/policy_enforcement.py:259}}
Jul 26 18:29:47.700823 dv-cinder-825492-31-iscsi neutron-server[104014]: INFO neutron.wsgi [req-dea4b3d7-02db-4e8b-8b51-ffb86c806203 req-8692fa75-f38f-415d-98ff-e8bbfa2aa005 tempest-AttachVolumeShelveTestJSON-774638063 tempest-AttachVolumeShelveTestJSON-774638063-project] 10.222.0.27 "GET /v2.0/ports?device_id=240d5470-7916-48a4-b90f-910c88d68384 HTTP/1.1" status: 200 len: 943 time: 0.0556798
Jul 26 18:29:47.710953 dv-cinder-825492-31-iscsi neutron-server[104016]: DEBUG neutron.plugins.ml2.db [None req-8c881f5a-bd89-40cc-b0e7-17e3eef4854c None None] get_ports_and_sgs() called for port_ids ['53af1993-485e-4c66-b4ad-cc0182bef59d'] {{(pid=104016) get_ports_and_sgs /opt/stack/neutron/neutron/plugins/ml2/db.py:156}}
Jul 26 18:29:47.746249 dv-cinder-825492-31-iscsi neutron-server[104014]: DEBUG dbcounter [-] [104014] Writing DB stats neutron:SELECT=100 {{(pid=104014) stat_writer /usr/local/lib/python3.8/dist-packages/dbcounter.py:114}}
Jul 26 18:29:47.755159 dv-cinder-825492-31-iscsi neutron-server[104016]: DEBUG neutron.plugins.ml2.rpc [None req-8c881f5a-bd89-40cc-b0e7-17e3eef4854c None None] Device 73091f36-aac1-4e25-a6ce-1b43c6c16961 details requested by agent hyperv_hv-cinder-82549 with host hv-cinder-82549 {{(pid=104016) get_device_details /opt/stack/neutron/neutron/plugins/ml2/rpc.py:102}}
Jul 26 18:29:47.773594 dv-cinder-825492-31-iscsi neutron-server[104015]: DEBUG neutron.pecan_wsgi.hooks.policy_enforcement [req-d8cbc799-1da6-4adc-a48d-d6f9a621e3e0 req-6f310cdd-86b4-448b-b70a-833ad529f7d8 tempest-AttachVolumeNegativeTest-201653783 tempest-AttachVolumeNegativeTest-201653783-project] Attributes excluded by policy engine: ['standard_attr_id', 'binding:profile', 'binding:host_id', 'binding:vif_type', 'binding:vif_details'] {{(pid=104015) _exclude_attributes_by_policy /opt/stack/neutron/neutron/pecan_wsgi/hooks/policy_enforcement.py:259}}
Jul 26 18:29:47.774421 dv-cinder-825492-31-iscsi neutron-server[104014]: INFO neutron.wsgi [req-dea4b3d7-02db-4e8b-8b51-ffb86c806203 req-cc5c01f8-c9aa-44d0-9e4f-087b80303a8f tempest-AttachVolumeShelveTestJSON-774638063 tempest-AttachVolumeShelveTestJSON-774638063-project] 10.222.0.27 "GET /v2.0/security-groups?id=d11df63c-3b8d-4cc3-abd6-1512011b2c53&fields=id&fields=name HTTP/1.1" status: 200 len: 312 time: 0.0659313
Jul 26 18:29:47.775204 dv-cinder-825492-31-iscsi neutron-server[104015]: INFO neutron.wsgi [req-d8cbc799-1da6-4adc-a48d-d6f9a621e3e0 req-6f310cdd-86b4-448b-b70a-833ad529f7d8 tempest-AttachVolumeNegativeTest-201653783 tempest-AttachVolumeNegativeTest-201653783-project] 10.222.0.27 "GET /v2.0/ports?device_id=62ada35c-e092-41a1-a9c4-2177b7e8ae31 HTTP/1.1" status: 200 len: 944 time: 0.0785341
Jul 26 18:29:47.834853 dv-cinder-825492-31-iscsi neutron-server[104015]: INFO neutron.wsgi [req-d8cbc799-1da6-4adc-a48d-d6f9a621e3e0 req-7831bb1b-e0b4-4f5e-94b1-3499991c6717 tempest-AttachVolumeNegativeTest-201653783 tempest-AttachVolumeNegativeTest-201653783-project] 10.222.0.27 "GET /v2.0/security-groups?id=e7cf686b-e76e-484b-9907-d08008ee01f4&fields=id&fields=name HTTP/1.1" status: 200 len: 312 time: 0.0477567
Jul 26 18:29:47.936059 dv-cinder-825492-31-iscsi neutron-server[104016]: DEBUG neutron.plugins.ml2.db [None req-8c881f5a-bd89-40cc-b0e7-17e3eef4854c None None] For port 73091f36-aac1-4e25-a6ce-1b43c6c16961, host hv-cinder-82549, got binding levels [PortBindingLevel(driver='hyperv',host='hv-cinder-82549',level=0,port_id=73091f36-aac1-4e25-a6ce-1b43c6c16961,segment=NetworkSegment(8d25db75-c638-4927-96ab-657848ae023c),segment_id=8d25db75-c638-4927-96ab-657848ae023c)] {{(pid=104016) get_binding_level_objs /opt/stack/neutron/neutron/plugins/ml2/db.py:74}}
Jul 26 18:29:47.948353 dv-cinder-825492-31-iscsi neutron-server[104014]: DEBUG neutron.pecan_wsgi.hooks.policy_enforcement [req-a9a18f9c-6d9f-4e2c-8d12-e8201464f3ca req-1e8c3865-29da-4d31-9096-0883dbefda42 tempest-DeleteServersTestJSON-191695927 tempest-DeleteServersTestJSON-191695927-project] Attributes excluded by policy engine: ['standard_attr_id', 'binding:profile', 'binding:host_id', 'binding:vif_type', 'binding:vif_details'] {{(pid=104014) _exclude_attributes_by_policy /opt/stack/neutron/neutron/pecan_wsgi/hooks/policy_enforcement.py:259}}
Jul 26 18:29:47.949947 dv-cinder-825492-31-iscsi neutron-server[104014]: INFO neutron.wsgi [req-a9a18f9c-6d9f-4e2c-8d12-e8201464f3ca req-1e8c3865-29da-4d31-9096-0883dbefda42 tempest-DeleteServersTestJSON-191695927 tempest-DeleteServersTestJSON-191695927-project] 10.222.0.27 "GET /v2.0/ports?device_id=fffb9029-1d38-416c-b4ad-a85f17a1db8a HTTP/1.1" status: 200 len: 946 time: 0.0555291
Jul 26 18:29:47.959467 dv-cinder-825492-31-iscsi neutron-server[104016]: DEBUG neutron.plugins.ml2.rpc [None req-8c881f5a-bd89-40cc-b0e7-17e3eef4854c None None] Returning: {'device': '73091f36-aac1-4e25-a6ce-1b43c6c16961', 'network_id': 'd771ab36-6c53-4bf5-afa1-e8b5cc654d65', 'port_id': '73091f36-aac1-4e25-a6ce-1b43c6c16961', 'mac_address': 'fa:16:3e:f6:3e:68', 'admin_state_up': True, 'network_type': 'vlan', 'segmentation_id': 192, 'physical_network': 'physnet1', 'mtu': 1500, 'fixed_ips': [{'subnet_id': '16263613-8111-44b9-9c80-d8b2c3e32ac0', 'ip_address': '172.20.0.12'}], 'device_owner': 'compute:nova', 'allowed_address_pairs': [], 'port_security_enabled': True, 'qos_policy_id': None, 'qos_network_policy_id': None, 'profile': {}, 'propagate_uplink_status': False} {{(pid=104016) _get_device_details /opt/stack/neutron/neutron/plugins/ml2/rpc.py:184}}
Jul 26 18:29:47.963058 dv-cinder-825492-31-iscsi neutron-server[104014]: DEBUG dbcounter [-] [104014] Writing DB stats neutron:SELECT=100 {{(pid=104014) stat_writer /usr/local/lib/python3.8/dist-packages/dbcounter.py:114}}
Jul 26 18:29:48.002012 dv-cinder-825492-31-iscsi neutron-server[104014]: INFO neutron.wsgi [req-a9a18f9c-6d9f-4e2c-8d12-e8201464f3ca req-a19383d5-baad-4105-b418-d5e11ab5a877 tempest-DeleteServersTestJSON-191695927 tempest-DeleteServersTestJSON-191695927-project] 10.222.0.27 "GET /v2.0/security-groups?id=c7548619-17b0-483c-9714-eeb851c29558&fields=id&fields=name HTTP/1.1" status: 200 len: 286 time: 0.0451279
Jul 26 18:29:48.025166 dv-cinder-825492-31-iscsi neutron-server[104016]: DEBUG neutron.plugins.ml2.plugin [None req-8c881f5a-bd89-40cc-b0e7-17e3eef4854c None None] Current status of the port 73091f36-aac1-4e25-a6ce-1b43c6c16961 is: DOWN; New status is: BUILD {{(pid=104016) _update_individual_port_db_status /opt/stack/neutron/neutron/plugins/ml2/plugin.py:2292}}
Jul 26 18:29:48.025561 dv-cinder-825492-31-iscsi neutron-server[104016]: DEBUG neutron_lib.callbacks.manager [None req-8c881f5a-bd89-40cc-b0e7-17e3eef4854c None None] Publish callbacks ['neutron.plugins.ml2.plugin.SecurityGroupDbMixin._ensure_default_security_group_handler-1849027'] for port (73091f36-aac1-4e25-a6ce-1b43c6c16961), before_update {{(pid=104016) _notify_loop /usr/local/lib/python3.8/dist-packages/neutron_lib/callbacks/manager.py:176}}
Jul 26 18:29:48.044199 dv-cinder-825492-31-iscsi neutron-server[104016]: DEBUG neutron.notifiers.nova [None req-8c881f5a-bd89-40cc-b0e7-17e3eef4854c None None] Ignoring state change previous_port_status: DOWN current_port_status: BUILD port_id 73091f36-aac1-4e25-a6ce-1b43c6c16961 {{(pid=104016) record_port_status_changed /opt/stack/neutron/neutron/notifiers/nova.py:233}}
Jul 26 18:29:48.070421 dv-cinder-825492-31-iscsi neutron-server[104016]: DEBUG neutron.plugins.ml2.db [None req-8c881f5a-bd89-40cc-b0e7-17e3eef4854c None None] For port 73091f36-aac1-4e25-a6ce-1b43c6c16961, host hv-cinder-82549, got binding levels [PortBindingLevel(driver='hyperv',host='hv-cinder-82549',level=0,port_id=73091f36-aac1-4e25-a6ce-1b43c6c16961,segment=NetworkSegment(8d25db75-c638-4927-96ab-657848ae023c),segment_id=8d25db75-c638-4927-96ab-657848ae023c)] {{(pid=104016) get_binding_level_objs /opt/stack/neutron/neutron/plugins/ml2/db.py:74}}
Jul 26 18:29:48.077229 dv-cinder-825492-31-iscsi neutron-server[104016]: DEBUG neutron_lib.callbacks.manager [None req-8c881f5a-bd89-40cc-b0e7-17e3eef4854c None None] Publish callbacks ['neutron.plugins.ml2.plugin.SecurityGroupServerNotifierRpcMixin._notify_sg_on_port_change-1853966', 'neutron.plugins.ml2.ovo_rpc._ObjectChangeHandler.handle_event-981234', 'neutron.api.rpc.agentnotifiers.dhcp_rpc_agent_api.DhcpAgentNotifyAPI._native_event_send_dhcp_notification-524964', 'neutron.db.l3_db.L3RpcNotifierMixin._notify_gateway_port_ip_changed-8755234670556', 'neutron.db.l3_dvrscheduler_db._notify_l3_agent_port_update-8755234274901', 'neutron.db.l3_hascheduler_db._notify_l3_agent_ha_port_update-8755234274919'] for port (73091f36-aac1-4e25-a6ce-1b43c6c16961), after_update {{(pid=104016) _notify_loop /usr/local/lib/python3.8/dist-packages/neutron_lib/callbacks/manager.py:176}}
Jul 26 18:29:48.128681 dv-cinder-825492-31-iscsi neutron-server[104016]: DEBUG neutron.api.rpc.handlers.resources_rpc [None req-8c881f5a-bd89-40cc-b0e7-17e3eef4854c None None] Pushing event updated for resources: {'Port': ['ID=73091f36-aac1-4e25-a6ce-1b43c6c16961,revision_number=4']} {{(pid=104016) push /opt/stack/neutron/neutron/api/rpc/handlers/resources_rpc.py:237}}
Jul 26 18:29:48.173083 dv-cinder-825492-31-iscsi neutron-server[104015]: DEBUG neutron.pecan_wsgi.hooks.policy_enforcement [req-0dd7fc31-a896-46d2-9bb0-da416c0642a7 req-0f30ba0d-f910-47e9-9cdc-51235deaaade service neutron] Attributes excluded by policy engine: ['standard_attr_id'] {{(pid=104015) _exclude_attributes_by_policy /opt/stack/neutron/neutron/pecan_wsgi/hooks/policy_enforcement.py:259}}
Jul 26 18:29:48.174633 dv-cinder-825492-31-iscsi neutron-server[104015]: INFO neutron.wsgi [req-0dd7fc31-a896-46d2-9bb0-da416c0642a7 req-0f30ba0d-f910-47e9-9cdc-51235deaaade service neutron] 10.222.0.20 "GET /v2.0/ports?tenant_id=765e809e332e4a478e09be17e6b3c385&device_id=62ada35c-e092-41a1-a9c4-2177b7e8ae31 HTTP/1.1" status: 200 len: 1128 time: 0.0553577
Jul 26 18:29:48.274135 dv-cinder-825492-31-iscsi neutron-server[104015]: DEBUG neutron.pecan_wsgi.hooks.policy_enforcement [req-bcee61b5-8956-4d75-a978-c0e18176c7cf req-8975d2d9-cb56-429d-a173-44de96440715 service neutron] Attributes excluded by policy engine: ['standard_attr_id', 'vlan_transparent'] {{(pid=104015) _exclude_attributes_by_policy /opt/stack/neutron/neutron/pecan_wsgi/hooks/policy_enforcement.py:259}}
Jul 26 18:29:48.276867 dv-cinder-825492-31-iscsi neutron-server[104015]: INFO neutron.wsgi [req-bcee61b5-8956-4d75-a978-c0e18176c7cf req-8975d2d9-cb56-429d-a173-44de96440715 service neutron] 10.222.0.20 "GET /v2.0/networks?tenant_id=b3955f1bf0e348ea85252259acb1b902&shared=False HTTP/1.1" status: 200 len: 918 time: 0.1175883
Jul 26 18:29:48.491392 dv-cinder-825492-31-iscsi neutron-server[104015]: DEBUG neutron.pecan_wsgi.hooks.policy_enforcement [req-4c1f7850-dcef-4719-aa1d-9349f0546ae0 req-8d36ae3e-452e-4c5d-9bd1-9842b62535b3 tempest-ServerRescueNegativeTestJSON-593014913 tempest-ServerRescueNegativeTestJSON-593014913-project] Attributes excluded by policy engine: ['standard_attr_id', 'binding:profile', 'binding:host_id', 'binding:vif_type', 'binding:vif_details'] {{(pid=104015) _exclude_attributes_by_policy /opt/stack/neutron/neutron/pecan_wsgi/hooks/policy_enforcement.py:259}}
Jul 26 18:29:48.493639 dv-cinder-825492-31-iscsi neutron-server[104015]: INFO neutron.wsgi [req-4c1f7850-dcef-4719-aa1d-9349f0546ae0 req-8d36ae3e-452e-4c5d-9bd1-9842b62535b3 tempest-ServerRescueNegativeTestJSON-593014913 tempest-ServerRescueNegativeTestJSON-593014913-project] 10.222.0.27 "GET /v2.0/ports?device_id=8422a278-bb13-476d-9fed-a2ea1b310a91 HTTP/1.1" status: 200 len: 944 time: 0.0809152
Jul 26 18:29:48.554793 dv-cinder-825492-31-iscsi neutron-server[104015]: INFO neutron.wsgi [req-4c1f7850-dcef-4719-aa1d-9349f0546ae0 req-948a11ca-3b8d-497e-a728-b7ab1f07beb6 tempest-ServerRescueNegativeTestJSON-593014913 tempest-ServerRescueNegativeTestJSON-593014913-project] 10.222.0.27 "GET /v2.0/security-groups?id=8da64f19-bf42-4443-9e11-fa450ef224d0&fields=id&fields=name HTTP/1.1" status: 200 len: 286 time: 0.0538459
Jul 26 18:29:48.585206 dv-cinder-825492-31-iscsi neutron-server[104014]: DEBUG neutron.pecan_wsgi.hooks.policy_enforcement [req-21e5b401-93fc-41b0-aadd-b602bbcca573 req-36305818-eaab-4e5c-a522-2c75673d4bc2 tempest-AttachVolumeTestJSON-8354627 tempest-AttachVolumeTestJSON-8354627-project] Attributes excluded by policy engine: ['standard_attr_id', 'binding:profile', 'binding:host_id', 'binding:vif_type', 'binding:vif_details'] {{(pid=104014) _exclude_attributes_by_policy /opt/stack/neutron/neutron/pecan_wsgi/hooks/policy_enforcement.py:259}}
Jul 26 18:29:48.586822 dv-cinder-825492-31-iscsi neutron-server[104014]: INFO neutron.wsgi [req-21e5b401-93fc-41b0-aadd-b602bbcca573 req-36305818-eaab-4e5c-a522-2c75673d4bc2 tempest-AttachVolumeTestJSON-8354627 tempest-AttachVolumeTestJSON-8354627-project] 10.222.0.27 "GET /v2.0/ports?device_id=99df3fd1-46e9-4842-9e60-b69d557d60c2 HTTP/1.1" status: 200 len: 944 time: 0.0553386
Jul 26 18:29:48.641279 dv-cinder-825492-31-iscsi neutron-server[104014]: INFO neutron.wsgi [req-21e5b401-93fc-41b0-aadd-b602bbcca573 req-82585592-be03-468a-8d43-78abfcfc3423 tempest-AttachVolumeTestJSON-8354627 tempest-AttachVolumeTestJSON-8354627-project] 10.222.0.27 "GET /v2.0/security-groups?id=d7d1430d-9105-4288-bb18-c5a7149c24b3&fields=id&fields=name HTTP/1.1" status: 200 len: 311 time: 0.0485694
Jul 26 18:29:48.983259 dv-cinder-825492-31-iscsi neutron-server[104015]: DEBUG neutron.pecan_wsgi.hooks.policy_enforcement [req-297a3cbf-0c0e-482e-bc7f-a3aaead5c166 req-d9df0d4b-2bd1-4687-8809-9577d067f419 tempest-AttachVolumeShelveTestJSON-774638063 tempest-AttachVolumeShelveTestJSON-774638063-project] Attributes excluded by policy engine: ['standard_attr_id', 'binding:profile', 'binding:host_id', 'binding:vif_type', 'binding:vif_details'] {{(pid=104015) _exclude_attributes_by_policy /opt/stack/neutron/neutron/pecan_wsgi/hooks/policy_enforcement.py:259}}
Jul 26 18:29:48.986039 dv-cinder-825492-31-iscsi neutron-server[104015]: INFO neutron.wsgi [req-297a3cbf-0c0e-482e-bc7f-a3aaead5c166 req-d9df0d4b-2bd1-4687-8809-9577d067f419 tempest-AttachVolumeShelveTestJSON-774638063 tempest-AttachVolumeShelveTestJSON-774638063-project] 10.222.0.27 "GET /v2.0/ports?device_id=240d5470-7916-48a4-b90f-910c88d68384 HTTP/1.1" status: 200 len: 943 time: 0.1065230
Jul 26 18:29:48.997286 dv-cinder-825492-31-iscsi neutron-server[104014]: DEBUG neutron.pecan_wsgi.hooks.policy_enforcement [req-433827b9-8f29-4392-8041-b6af4c934096 req-22f20ef6-71b1-4dda-96d4-e2391dfa10b2 tempest-AttachVolumeNegativeTest-201653783 tempest-AttachVolumeNegativeTest-201653783-project] Attributes excluded by policy engine: ['standard_attr_id', 'binding:profile', 'binding:host_id', 'binding:vif_type', 'binding:vif_details'] {{(pid=104014) _exclude_attributes_by_policy /opt/stack/neutron/neutron/pecan_wsgi/hooks/policy_enforcement.py:259}}
Jul 26 18:29:49.000568 dv-cinder-825492-31-iscsi neutron-server[104014]: INFO neutron.wsgi [req-433827b9-8f29-4392-8041-b6af4c934096 req-22f20ef6-71b1-4dda-96d4-e2391dfa10b2 tempest-AttachVolumeNegativeTest-201653783 tempest-AttachVolumeNegativeTest-201653783-project] 10.222.0.27 "GET /v2.0/ports?device_id=62ada35c-e092-41a1-a9c4-2177b7e8ae31 HTTP/1.1" status: 200 len: 944 time: 0.0769012
Jul 26 18:29:49.084980 dv-cinder-825492-31-iscsi neutron-server[104014]: INFO neutron.wsgi [req-433827b9-8f29-4392-8041-b6af4c934096 req-4eec42b9-70bf-4fcc-a3ef-539ba661f1bb tempest-AttachVolumeNegativeTest-201653783 tempest-AttachVolumeNegativeTest-201653783-project] 10.222.0.27 "GET /v2.0/security-groups?id=e7cf686b-e76e-484b-9907-d08008ee01f4&fields=id&fields=name HTTP/1.1" status: 200 len: 312 time: 0.0773363
Jul 26 18:29:49.090070 dv-cinder-825492-31-iscsi neutron-server[104015]: DEBUG dbcounter [-] [104015] Writing DB stats neutron:SELECT=100 {{(pid=104015) stat_writer /usr/local/lib/python3.8/dist-packages/dbcounter.py:114}}
Jul 26 18:29:49.126086 dv-cinder-825492-31-iscsi neutron-server[104015]: INFO neutron.wsgi [req-297a3cbf-0c0e-482e-bc7f-a3aaead5c166 req-63380a96-ecd7-408f-86ab-79e1d6793852 tempest-AttachVolumeShelveTestJSON-774638063 tempest-AttachVolumeShelveTestJSON-774638063-project] 10.222.0.27 "GET /v2.0/security-groups?id=d11df63c-3b8d-4cc3-abd6-1512011b2c53&fields=id&fields=name HTTP/1.1" status: 200 len: 312 time: 0.1232512
Jul 26 18:29:49.239141 dv-cinder-825492-31-iscsi neutron-server[104014]: DEBUG neutron.pecan_wsgi.hooks.policy_enforcement [req-59799cf2-8013-4283-b726-7d7ca19111b4 req-11b5dde2-1964-47b6-a614-e72bb53301b8 tempest-DeleteServersTestJSON-191695927 tempest-DeleteServersTestJSON-191695927-project] Attributes excluded by policy engine: ['standard_attr_id', 'binding:profile', 'binding:host_id', 'binding:vif_type', 'binding:vif_details'] {{(pid=104014) _exclude_attributes_by_policy /opt/stack/neutron/neutron/pecan_wsgi/hooks/policy_enforcement.py:259}}
Jul 26 18:29:49.240879 dv-cinder-825492-31-iscsi neutron-server[104014]: INFO neutron.wsgi [req-59799cf2-8013-4283-b726-7d7ca19111b4 req-11b5dde2-1964-47b6-a614-e72bb53301b8 tempest-DeleteServersTestJSON-191695927 tempest-DeleteServersTestJSON-191695927-project] 10.222.0.27 "GET /v2.0/ports?device_id=fffb9029-1d38-416c-b4ad-a85f17a1db8a HTTP/1.1" status: 200 len: 946 time: 0.0704606
Jul 26 18:29:49.274475 dv-cinder-825492-31-iscsi neutron-server[104015]: DEBUG neutron.wsgi [-] (104015) accepted ('10.222.0.27', 36856) {{(pid=104015) server /usr/local/lib/python3.8/dist-packages/eventlet/wsgi.py:1004}}
Jul 26 18:29:49.319727 dv-cinder-825492-31-iscsi neutron-server[104014]: INFO neutron.wsgi [req-59799cf2-8013-4283-b726-7d7ca19111b4 req-8bc80b5f-5756-4bee-a8f9-92b1f19d8c8a tempest-DeleteServersTestJSON-191695927 tempest-DeleteServersTestJSON-191695927-project] 10.222.0.27 "GET /v2.0/security-groups?id=c7548619-17b0-483c-9714-eeb851c29558&fields=id&fields=name HTTP/1.1" status: 200 len: 286 time: 0.0711968
Jul 26 18:29:49.431185 dv-cinder-825492-31-iscsi neutron-server[104015]: DEBUG neutron_lib.callbacks.manager [None req-bab103aa-d7a2-4b35-92c2-844208ad561d admin admin] Publish callbacks [] for security_group (None), before_create {{(pid=104015) _notify_loop /usr/local/lib/python3.8/dist-packages/neutron_lib/callbacks/manager.py:176}}
Jul 26 18:29:49.443589 dv-cinder-825492-31-iscsi neutron-server[104015]: DEBUG dbcounter [-] [104015] Writing DB stats neutron:SELECT=100 {{(pid=104015) stat_writer /usr/local/lib/python3.8/dist-packages/dbcounter.py:114}}
Jul 26 18:29:49.540928 dv-cinder-825492-31-iscsi neutron-server[104015]: DEBUG neutron_lib.callbacks.manager [None req-bab103aa-d7a2-4b35-92c2-844208ad561d admin admin] Publish callbacks [] for security_group (212c2943-4017-4326-ba4a-b6b94799eb4d), precommit_create {{(pid=104015) _notify_loop /usr/local/lib/python3.8/dist-packages/neutron_lib/callbacks/manager.py:176}}
Jul 26 18:29:49.547709 dv-cinder-825492-31-iscsi neutron-server[104015]: DEBUG neutron_lib.callbacks.manager [None req-bab103aa-d7a2-4b35-92c2-844208ad561d admin admin] Publish callbacks ['neutron.plugins.ml2.ovo_rpc._ObjectChangeHandler.handle_event-544411'] for security_group (212c2943-4017-4326-ba4a-b6b94799eb4d), after_create {{(pid=104015) _notify_loop /usr/local/lib/python3.8/dist-packages/neutron_lib/callbacks/manager.py:176}}
Jul 26 18:29:49.612070 dv-cinder-825492-31-iscsi neutron-server[104015]: INFO neutron.wsgi [None req-bab103aa-d7a2-4b35-92c2-844208ad561d admin admin] 10.222.0.27 "GET /v2.0/security-groups?tenant_id=95c722599e1844aa884dcd65e0cf8c75&name=default HTTP/1.1" status: 200 len: 2996 time: 0.3360724
Jul 26 18:29:49.613754 dv-cinder-825492-31-iscsi neutron-server[104015]: DEBUG neutron.api.rpc.handlers.resources_rpc [None req-bab103aa-d7a2-4b35-92c2-844208ad561d admin admin] Pushing event updated for resources: {'SecurityGroup': ['ID=212c2943-4017-4326-ba4a-b6b94799eb4d,revision_number=1']} {{(pid=104015) push /opt/stack/neutron/neutron/api/rpc/handlers/resources_rpc.py:237}}
Jul 26 18:29:49.616226 dv-cinder-825492-31-iscsi neutron-server[104014]: DEBUG neutron.wsgi [-] (104014) accepted ('10.222.0.27', 36870) {{(pid=104014) server /usr/local/lib/python3.8/dist-packages/eventlet/wsgi.py:1004}}
Jul 26 18:29:49.628032 dv-cinder-825492-31-iscsi neutron-server[104015]: DEBUG neutron.api.rpc.callbacks.version_manager [None req-bab103aa-d7a2-4b35-92c2-844208ad561d admin admin] Version for resource type AddressGroup changed None to 1.2 on consumer Open vSwitch agent@dv-cinder-825492-31-iscsi {{(pid=104015) _set_version /opt/stack/neutron/neutron/api/rpc/callbacks/version_manager.py:113}}
Jul 26 18:29:49.628356 dv-cinder-825492-31-iscsi neutron-server[104015]: DEBUG neutron.api.rpc.callbacks.version_manager [None req-bab103aa-d7a2-4b35-92c2-844208ad561d admin admin] Version for resource type Agent changed None to 1.1 on consumer Open vSwitch agent@dv-cinder-825492-31-iscsi {{(pid=104015) _set_version /opt/stack/neutron/neutron/api/rpc/callbacks/version_manager.py:113}}
Jul 26 18:29:49.629146 dv-cinder-825492-31-iscsi neutron-server[104015]: DEBUG neutron.api.rpc.callbacks.version_manager [None req-bab103aa-d7a2-4b35-92c2-844208ad561d admin admin] Version for resource type ConntrackHelper changed None to 1.0 on consumer Open vSwitch agent@dv-cinder-825492-31-iscsi {{(pid=104015) _set_version /opt/stack/neutron/neutron/api/rpc/callbacks/version_manager.py:113}}
Jul 26 18:29:49.629956 dv-cinder-825492-31-iscsi neutron-server[104015]: DEBUG neutron.api.rpc.callbacks.version_manager [None req-bab103aa-d7a2-4b35-92c2-844208ad561d admin admin] Version for resource type LocalIPAssociation changed None to 1.0 on consumer Open vSwitch agent@dv-cinder-825492-31-iscsi {{(pid=104015) _set_version /opt/stack/neutron/neutron/api/rpc/callbacks/version_manager.py:113}}
Jul 26 18:29:49.630515 dv-cinder-825492-31-iscsi neutron-server[104015]: DEBUG neutron.api.rpc.callbacks.version_manager [None req-bab103aa-d7a2-4b35-92c2-844208ad561d admin admin] Version for resource type Log changed None to 1.0 on consumer Open vSwitch agent@dv-cinder-825492-31-iscsi {{(pid=104015) _set_version /opt/stack/neutron/neutron/api/rpc/callbacks/version_manager.py:113}}
Jul 26 18:29:49.631100 dv-cinder-825492-31-iscsi neutron-server[104015]: DEBUG neutron.api.rpc.callbacks.version_manager [None req-bab103aa-d7a2-4b35-92c2-844208ad561d admin admin] Version for resource type NDPProxy changed None to 1.0 on consumer Open vSwitch agent@dv-cinder-825492-31-iscsi {{(pid=104015) _set_version /opt/stack/neutron/neutron/api/rpc/callbacks/version_manager.py:113}}
Jul 26 18:29:49.631663 dv-cinder-825492-31-iscsi neutron-server[104015]: DEBUG neutron.api.rpc.callbacks.version_manager [None req-bab103aa-d7a2-4b35-92c2-844208ad561d admin admin] Version for resource type Network changed None to 1.1 on consumer Open vSwitch agent@dv-cinder-825492-31-iscsi {{(pid=104015) _set_version /opt/stack/neutron/neutron/api/rpc/callbacks/version_manager.py:113}}
Jul 26 18:29:49.632208 dv-cinder-825492-31-iscsi neutron-server[104015]: DEBUG neutron.api.rpc.callbacks.version_manager [None req-bab103aa-d7a2-4b35-92c2-844208ad561d admin admin] Version for resource type Port changed None to 1.7 on consumer Open vSwitch agent@dv-cinder-825492-31-iscsi {{(pid=104015) _set_version /opt/stack/neutron/neutron/api/rpc/callbacks/version_manager.py:113}}
Jul 26 18:29:49.632975 dv-cinder-825492-31-iscsi neutron-server[104015]: DEBUG neutron.api.rpc.callbacks.version_manager [None req-bab103aa-d7a2-4b35-92c2-844208ad561d admin admin] Version for resource type PortForwarding changed None to 1.3 on consumer Open vSwitch agent@dv-cinder-825492-31-iscsi {{(pid=104015) _set_version /opt/stack/neutron/neutron/api/rpc/callbacks/version_manager.py:113}}
Jul 26 18:29:49.633727 dv-cinder-825492-31-iscsi neutron-server[104015]: DEBUG neutron.api.rpc.callbacks.version_manager [None req-bab103aa-d7a2-4b35-92c2-844208ad561d admin admin] Version for resource type QosPolicy changed None to 1.10 on consumer Open vSwitch agent@dv-cinder-825492-31-iscsi {{(pid=104015) _set_version /opt/stack/neutron/neutron/api/rpc/callbacks/version_manager.py:113}}
Jul 26 18:29:49.634485 dv-cinder-825492-31-iscsi neutron-server[104015]: DEBUG neutron.api.rpc.callbacks.version_manager [None req-bab103aa-d7a2-4b35-92c2-844208ad561d admin admin] Version for resource type SecurityGroup changed None to 1.5 on consumer Open vSwitch agent@dv-cinder-825492-31-iscsi {{(pid=104015) _set_version /opt/stack/neutron/neutron/api/rpc/callbacks/version_manager.py:113}}
Jul 26 18:29:49.635263 dv-cinder-825492-31-iscsi neutron-server[104015]: DEBUG neutron.api.rpc.callbacks.version_manager [None req-bab103aa-d7a2-4b35-92c2-844208ad561d admin admin] Version for resource type SecurityGroupRule changed None to 1.2 on consumer Open vSwitch agent@dv-cinder-825492-31-iscsi {{(pid=104015) _set_version /opt/stack/neutron/neutron/api/rpc/callbacks/version_manager.py:113}}
Jul 26 18:29:49.635994 dv-cinder-825492-31-iscsi neutron-server[104015]: DEBUG neutron.api.rpc.callbacks.version_manager [None req-bab103aa-d7a2-4b35-92c2-844208ad561d admin admin] Version for resource type SubPort changed None to 1.0 on consumer Open vSwitch agent@dv-cinder-825492-31-iscsi {{(pid=104015) _set_version /opt/stack/neutron/neutron/api/rpc/callbacks/version_manager.py:113}}
Jul 26 18:29:49.636727 dv-cinder-825492-31-iscsi neutron-server[104015]: DEBUG neutron.api.rpc.callbacks.version_manager [None req-bab103aa-d7a2-4b35-92c2-844208ad561d admin admin] Version for resource type Subnet changed None to 1.1 on consumer Open vSwitch agent@dv-cinder-825492-31-iscsi {{(pid=104015) _set_version /opt/stack/neutron/neutron/api/rpc/callbacks/version_manager.py:113}}
Jul 26 18:29:49.637472 dv-cinder-825492-31-iscsi neutron-server[104015]: DEBUG neutron.api.rpc.callbacks.version_manager [None req-bab103aa-d7a2-4b35-92c2-844208ad561d admin admin] Version for resource type Trunk changed None to 1.1 on consumer Open vSwitch agent@dv-cinder-825492-31-iscsi {{(pid=104015) _set_version /opt/stack/neutron/neutron/api/rpc/callbacks/version_manager.py:113}}
Jul 26 18:29:49.724891 dv-cinder-825492-31-iscsi neutron-server[104014]: DEBUG neutron_lib.callbacks.manager [None req-84591b71-b36c-4a69-bd37-8b1381c228b9 admin admin] Publish callbacks [] for security_group (212c2943-4017-4326-ba4a-b6b94799eb4d), before_delete {{(pid=104014) _notify_loop /usr/local/lib/python3.8/dist-packages/neutron_lib/callbacks/manager.py:176}}
Jul 26 18:29:49.733572 dv-cinder-825492-31-iscsi neutron-server[104014]: DEBUG neutron.wsgi [-] (104014) accepted ('10.222.0.27', 36874) {{(pid=104014) server /usr/local/lib/python3.8/dist-packages/eventlet/wsgi.py:1004}}
Jul 26 18:29:49.770025 dv-cinder-825492-31-iscsi neutron-server[104016]: DEBUG neutron.plugins.ml2.db [None req-8c881f5a-bd89-40cc-b0e7-17e3eef4854c None None] get_ports_and_sgs() called for port_ids ['73091f36-aac1-4e25-a6ce-1b43c6c16961'] {{(pid=104016) get_ports_and_sgs /opt/stack/neutron/neutron/plugins/ml2/db.py:156}}
Jul 26 18:29:49.771255 dv-cinder-825492-31-iscsi neutron-server[104014]: DEBUG neutron_lib.callbacks.manager [None req-84591b71-b36c-4a69-bd37-8b1381c228b9 admin admin] Publish callbacks [] for security_group (212c2943-4017-4326-ba4a-b6b94799eb4d), precommit_delete {{(pid=104014) _notify_loop /usr/local/lib/python3.8/dist-packages/neutron_lib/callbacks/manager.py:176}}
Jul 26 18:29:49.811443 dv-cinder-825492-31-iscsi neutron-server[104015]: DEBUG neutron.pecan_wsgi.hooks.policy_enforcement [req-09e64f0f-fd42-4311-b94d-1c11872c5bd1 req-67c5c357-5125-4133-9156-93d170144df5 tempest-ServerRescueNegativeTestJSON-593014913 tempest-ServerRescueNegativeTestJSON-593014913-project] Attributes excluded by policy engine: ['standard_attr_id', 'binding:profile', 'binding:host_id', 'binding:vif_type', 'binding:vif_details'] {{(pid=104015) _exclude_attributes_by_policy /opt/stack/neutron/neutron/pecan_wsgi/hooks/policy_enforcement.py:259}}
Jul 26 18:29:49.815106 dv-cinder-825492-31-iscsi neutron-server[104015]: INFO neutron.wsgi [req-09e64f0f-fd42-4311-b94d-1c11872c5bd1 req-67c5c357-5125-4133-9156-93d170144df5 tempest-ServerRescueNegativeTestJSON-593014913 tempest-ServerRescueNegativeTestJSON-593014913-project] 10.222.0.27 "GET /v2.0/ports?device_id=8422a278-bb13-476d-9fed-a2ea1b310a91 HTTP/1.1" status: 200 len: 944 time: 0.1078403
Jul 26 18:29:49.821457 dv-cinder-825492-31-iscsi neutron-server[104016]: DEBUG neutron.plugins.ml2.rpc [None req-8c881f5a-bd89-40cc-b0e7-17e3eef4854c None None] Device 53af1993-485e-4c66-b4ad-cc0182bef59d up at agent hyperv_hv-cinder-82549 {{(pid=104016) update_device_up /opt/stack/neutron/neutron/plugins/ml2/rpc.py:296}}
Jul 26 18:29:49.884859 dv-cinder-825492-31-iscsi neutron-server[104014]: DEBUG neutron.pecan_wsgi.hooks.policy_enforcement [req-b69e3f70-965e-4bf2-8d8a-e07baa2052b4 req-2a901086-cb72-48c6-b790-f38a48bdbf11 tempest-AttachVolumeTestJSON-8354627 tempest-AttachVolumeTestJSON-8354627-project] Attributes excluded by policy engine: ['standard_attr_id', 'binding:profile', 'binding:host_id', 'binding:vif_type', 'binding:vif_details'] {{(pid=104014) _exclude_attributes_by_policy /opt/stack/neutron/neutron/pecan_wsgi/hooks/policy_enforcement.py:259}}
Jul 26 18:29:49.887806 dv-cinder-825492-31-iscsi neutron-server[104014]: INFO neutron.wsgi [req-b69e3f70-965e-4bf2-8d8a-e07baa2052b4 req-2a901086-cb72-48c6-b790-f38a48bdbf11 tempest-AttachVolumeTestJSON-8354627 tempest-AttachVolumeTestJSON-8354627-project] 10.222.0.27 "GET /v2.0/ports?device_id=99df3fd1-46e9-4842-9e60-b69d557d60c2 HTTP/1.1" status: 200 len: 944 time: 0.1136057
Jul 26 18:29:49.935148 dv-cinder-825492-31-iscsi neutron-server[104016]: DEBUG neutron.db.provisioning_blocks [None req-8c881f5a-bd89-40cc-b0e7-17e3eef4854c None None] Provisioning for port 53af1993-485e-4c66-b4ad-cc0182bef59d completed by entity L2. {{(pid=104016) provisioning_complete /opt/stack/neutron/neutron/db/provisioning_blocks.py:137}}
Jul 26 18:29:49.935686 dv-cinder-825492-31-iscsi neutron-server[104015]: INFO neutron.wsgi [req-09e64f0f-fd42-4311-b94d-1c11872c5bd1 req-bf72798f-7f56-4c29-b0d8-94ffd7059290 tempest-ServerRescueNegativeTestJSON-593014913 tempest-ServerRescueNegativeTestJSON-593014913-project] 10.222.0.27 "GET /v2.0/security-groups?id=8da64f19-bf42-4443-9e11-fa450ef224d0&fields=id&fields=name HTTP/1.1" status: 200 len: 286 time: 0.1114452
Jul 26 18:29:49.952555 dv-cinder-825492-31-iscsi neutron-server[104016]: DEBUG neutron.db.provisioning_blocks [None req-8c881f5a-bd89-40cc-b0e7-17e3eef4854c None None] Provisioning complete for port 53af1993-485e-4c66-b4ad-cc0182bef59d triggered by entity L2. {{(pid=104016) provisioning_complete /opt/stack/neutron/neutron/db/provisioning_blocks.py:145}}
Jul 26 18:29:49.953367 dv-cinder-825492-31-iscsi neutron-server[104014]: DEBUG neutron_lib.callbacks.manager [None req-6737a18f-23b1-4161-b5cb-088323abb221 admin admin] Publish callbacks [] for security_group (None), before_create {{(pid=104014) _notify_loop /usr/local/lib/python3.8/dist-packages/neutron_lib/callbacks/manager.py:176}}
Jul 26 18:29:49.953517 dv-cinder-825492-31-iscsi neutron-server[104016]: DEBUG neutron_lib.callbacks.manager [None req-8c881f5a-bd89-40cc-b0e7-17e3eef4854c None None] Publish callbacks ['neutron.plugins.ml2.plugin.Ml2Plugin._port_provisioned-1269920'] for port (53af1993-485e-4c66-b4ad-cc0182bef59d), provisioning_complete {{(pid=104016) _notify_loop /usr/local/lib/python3.8/dist-packages/neutron_lib/callbacks/manager.py:176}}
Jul 26 18:29:49.966659 dv-cinder-825492-31-iscsi neutron-server[104014]: DEBUG neutron_lib.callbacks.manager [None req-84591b71-b36c-4a69-bd37-8b1381c228b9 admin admin] Publish callbacks ['neutron.plugins.ml2.ovo_rpc._ObjectChangeHandler.handle_event-544411'] for security_group (212c2943-4017-4326-ba4a-b6b94799eb4d), after_delete {{(pid=104014) _notify_loop /usr/local/lib/python3.8/dist-packages/neutron_lib/callbacks/manager.py:176}}
Jul 26 18:29:49.970991 dv-cinder-825492-31-iscsi neutron-server[104014]: DEBUG neutron_lib.callbacks.manager [None req-84591b71-b36c-4a69-bd37-8b1381c228b9 admin admin] Publish callbacks [] for security_group (None), before_response {{(pid=104014) _notify_loop /usr/local/lib/python3.8/dist-packages/neutron_lib/callbacks/manager.py:176}}
Jul 26 18:29:49.972767 dv-cinder-825492-31-iscsi neutron-server[104014]: INFO neutron.wsgi [None req-84591b71-b36c-4a69-bd37-8b1381c228b9 admin admin] 10.222.0.27 "DELETE /v2.0/security-groups/212c2943-4017-4326-ba4a-b6b94799eb4d HTTP/1.1" status: 204 len: 168 time: 0.3536766
Jul 26 18:29:50.011337 dv-cinder-825492-31-iscsi neutron-server[104014]: DEBUG neutron.api.rpc.handlers.resources_rpc [None req-84591b71-b36c-4a69-bd37-8b1381c228b9 admin admin] Pushing event deleted for resources: {'SecurityGroup': ['ID=212c2943-4017-4326-ba4a-b6b94799eb4d,revision_number=None']} {{(pid=104014) push /opt/stack/neutron/neutron/api/rpc/handlers/resources_rpc.py:237}}
Jul 26 18:29:50.056166 dv-cinder-825492-31-iscsi neutron-server[104014]: DEBUG neutron.api.rpc.callbacks.version_manager [None req-84591b71-b36c-4a69-bd37-8b1381c228b9 admin admin] Version for resource type AddressGroup changed None to 1.2 on consumer Open vSwitch agent@dv-cinder-825492-31-iscsi {{(pid=104014) _set_version /opt/stack/neutron/neutron/api/rpc/callbacks/version_manager.py:113}}
Jul 26 18:29:50.056563 dv-cinder-825492-31-iscsi neutron-server[104014]: DEBUG neutron.api.rpc.callbacks.version_manager [None req-84591b71-b36c-4a69-bd37-8b1381c228b9 admin admin] Version for resource type Agent changed None to 1.1 on consumer Open vSwitch agent@dv-cinder-825492-31-iscsi {{(pid=104014) _set_version /opt/stack/neutron/neutron/api/rpc/callbacks/version_manager.py:113}}
Jul 26 18:29:50.056882 dv-cinder-825492-31-iscsi neutron-server[104014]: DEBUG neutron.api.rpc.callbacks.version_manager [None req-84591b71-b36c-4a69-bd37-8b1381c228b9 admin admin] Version for resource type ConntrackHelper changed None to 1.0 on consumer Open vSwitch agent@dv-cinder-825492-31-iscsi {{(pid=104014) _set_version /opt/stack/neutron/neutron/api/rpc/callbacks/version_manager.py:113}}
Jul 26 18:29:50.057403 dv-cinder-825492-31-iscsi neutron-server[104014]: DEBUG neutron.api.rpc.callbacks.version_manager [None req-84591b71-b36c-4a69-bd37-8b1381c228b9 admin admin] Version for resource type LocalIPAssociation changed None to 1.0 on consumer Open vSwitch agent@dv-cinder-825492-31-iscsi {{(pid=104014) _set_version /opt/stack/neutron/neutron/api/rpc/callbacks/version_manager.py:113}}
