Jul 26 13:47:00.071365 dv-cinder-825492-30-iscsi devstack@c-api.service[117547]: INFO cinder.api.v3.groups [None req-1708e7b5-70f8-4e90-a855-a3109e9e9cd3 tempest-GroupSnapshotsTest-46490395 tempest-GroupSnapshotsTest-46490395-project] Updating group f006ca4f-c43c-4657-9c5c-5f8b538aeada with name None description: None add_volumes: c14609c4-bef7-47f8-a4a7-2ab2edaf3072 remove_volumes: None.
Jul 26 13:47:00.080179 dv-cinder-825492-30-iscsi devstack@c-api.service[117547]: /usr/local/lib/python3.8/dist-packages/oslo_context/context.py:100: DeprecationWarning: Policy enforcement is depending on the value of is_admin. This key is deprecated. Please update your policy file to use the standard policy values.
Jul 26 13:47:00.080179 dv-cinder-825492-30-iscsi devstack@c-api.service[117547]: warnings.warn('Policy enforcement is depending on the value of '
Jul 26 13:47:00.151747 dv-cinder-825492-30-iscsi devstack@c-api.service[117547]: INFO cinder.api.openstack.wsgi [None req-1708e7b5-70f8-4e90-a855-a3109e9e9cd3 tempest-GroupSnapshotsTest-46490395 tempest-GroupSnapshotsTest-46490395-project] http://10.222.0.58/volume/v3/8071f81ccad0427db5883efba1c28b0b/groups/f006ca4f-c43c-4657-9c5c-5f8b538aeada returned with HTTP 202
Jul 26 13:47:00.154592 dv-cinder-825492-30-iscsi devstack@c-api.service[117547]: [pid: 117547|app: 0|req: 94/167] 10.222.0.58 () {62 vars in 1383 bytes} [Tue Jul 26 13:47:00 2022] PUT /volume/v3/8071f81ccad0427db5883efba1c28b0b/groups/f006ca4f-c43c-4657-9c5c-5f8b538aeada => generated 0 bytes in 98 msecs (HTTP/1.1 202) 6 headers in 234 bytes (1 switches on core 0)
Jul 26 13:47:00.160211 dv-cinder-825492-30-iscsi devstack@c-api.service[117548]: DEBUG cinder.api.middleware.request_id [None req-42784d23-3b88-4a01-8d18-bb04ac8e07e4 None None] RequestId filter calling following filter/app {{(pid=117548) _context_setter /opt/stack/cinder/cinder/api/middleware/request_id.py:62}}
Jul 26 13:47:00.165659 dv-cinder-825492-30-iscsi devstack@c-api.service[117548]: INFO cinder.api.openstack.wsgi [None req-42784d23-3b88-4a01-8d18-bb04ac8e07e4 tempest-GroupSnapshotsTest-46490395 tempest-GroupSnapshotsTest-46490395-project] GET http://10.222.0.58/volume/v3/8071f81ccad0427db5883efba1c28b0b/groups/f006ca4f-c43c-4657-9c5c-5f8b538aeada
Jul 26 13:47:00.166759 dv-cinder-825492-30-iscsi devstack@c-api.service[117548]: DEBUG cinder.api.openstack.wsgi [None req-42784d23-3b88-4a01-8d18-bb04ac8e07e4 tempest-GroupSnapshotsTest-46490395 tempest-GroupSnapshotsTest-46490395-project] Empty body provided in request {{(pid=117548) get_body /opt/stack/cinder/cinder/api/openstack/wsgi.py:715}}
Jul 26 13:47:00.167498 dv-cinder-825492-30-iscsi devstack@c-api.service[117548]: DEBUG cinder.api.openstack.wsgi [None req-42784d23-3b88-4a01-8d18-bb04ac8e07e4 tempest-GroupSnapshotsTest-46490395 tempest-GroupSnapshotsTest-46490395-project] Calling method 'version_select' {{(pid=117548) _process_stack /opt/stack/cinder/cinder/api/openstack/wsgi.py:868}}
Jul 26 13:47:00.168445 dv-cinder-825492-30-iscsi devstack@c-api.service[117548]: DEBUG cinder.api.v3.groups [None req-42784d23-3b88-4a01-8d18-bb04ac8e07e4 tempest-GroupSnapshotsTest-46490395 tempest-GroupSnapshotsTest-46490395-project] show called for member f006ca4f-c43c-4657-9c5c-5f8b538aeada {{(pid=117548) show /opt/stack/cinder/cinder/api/v3/groups.py:58}}
Jul 26 13:47:00.177413 dv-cinder-825492-30-iscsi devstack@c-api.service[117548]: /usr/local/lib/python3.8/dist-packages/oslo_context/context.py:100: DeprecationWarning: Policy enforcement is depending on the value of is_admin. This key is deprecated. Please update your policy file to use the standard policy values.
Jul 26 13:47:00.177413 dv-cinder-825492-30-iscsi devstack@c-api.service[117548]: warnings.warn('Policy enforcement is depending on the value of '
Jul 26 13:47:00.193664 dv-cinder-825492-30-iscsi devstack@c-api.service[117547]: DEBUG cinder.api.middleware.request_id [None req-752f3a83-9152-430e-a315-f48c0ebb9a06 None None] RequestId filter calling following filter/app {{(pid=117547) _context_setter /opt/stack/cinder/cinder/api/middleware/request_id.py:62}}
Jul 26 13:47:00.199014 dv-cinder-825492-30-iscsi devstack@c-api.service[117547]: INFO cinder.api.openstack.wsgi [None req-752f3a83-9152-430e-a315-f48c0ebb9a06 tempest-VolumeTypesTest-1689840221 tempest-VolumeTypesTest-1689840221-project] GET http://10.222.0.58/volume/v3/f50e691cd38341c5a9e1251871ac4fdb/volumes/d17e8f8b-b637-4981-952b-06e84b9d8839
Jul 26 13:47:00.199792 dv-cinder-825492-30-iscsi devstack@c-api.service[117547]: DEBUG cinder.api.openstack.wsgi [None req-752f3a83-9152-430e-a315-f48c0ebb9a06 tempest-VolumeTypesTest-1689840221 tempest-VolumeTypesTest-1689840221-project] Empty body provided in request {{(pid=117547) get_body /opt/stack/cinder/cinder/api/openstack/wsgi.py:715}}
Jul 26 13:47:00.200474 dv-cinder-825492-30-iscsi devstack@c-api.service[117547]: DEBUG cinder.api.openstack.wsgi [None req-752f3a83-9152-430e-a315-f48c0ebb9a06 tempest-VolumeTypesTest-1689840221 tempest-VolumeTypesTest-1689840221-project] Calling method 'show' {{(pid=117547) _process_stack /opt/stack/cinder/cinder/api/openstack/wsgi.py:868}}
Jul 26 13:47:00.220259 dv-cinder-825492-30-iscsi devstack@c-api.service[117548]: INFO cinder.api.openstack.wsgi [None req-42784d23-3b88-4a01-8d18-bb04ac8e07e4 tempest-GroupSnapshotsTest-46490395 tempest-GroupSnapshotsTest-46490395-project] http://10.222.0.58/volume/v3/8071f81ccad0427db5883efba1c28b0b/groups/f006ca4f-c43c-4657-9c5c-5f8b538aeada returned with HTTP 200
Jul 26 13:47:00.223544 dv-cinder-825492-30-iscsi devstack@c-api.service[117548]: [pid: 117548|app: 0|req: 74/168] 10.222.0.58 () {60 vars in 1363 bytes} [Tue Jul 26 13:47:00 2022] GET /volume/v3/8071f81ccad0427db5883efba1c28b0b/groups/f006ca4f-c43c-4657-9c5c-5f8b538aeada => generated 392 bytes in 65 msecs (HTTP/1.1 200) 7 headers in 286 bytes (1 switches on core 0)
Jul 26 13:47:00.234010 dv-cinder-825492-30-iscsi devstack@c-api.service[117547]: /usr/local/lib/python3.8/dist-packages/oslo_context/context.py:100: DeprecationWarning: Policy enforcement is depending on the value of is_admin. This key is deprecated. Please update your policy file to use the standard policy values.
Jul 26 13:47:00.234010 dv-cinder-825492-30-iscsi devstack@c-api.service[117547]: warnings.warn('Policy enforcement is depending on the value of '
Jul 26 13:47:00.242621 dv-cinder-825492-30-iscsi devstack@c-api.service[117547]: INFO cinder.volume.api [None req-752f3a83-9152-430e-a315-f48c0ebb9a06 tempest-VolumeTypesTest-1689840221 tempest-VolumeTypesTest-1689840221-project] Volume info retrieved successfully.
Jul 26 13:47:00.255102 dv-cinder-825492-30-iscsi devstack@c-api.service[117547]: INFO cinder.api.openstack.wsgi [None req-752f3a83-9152-430e-a315-f48c0ebb9a06 tempest-VolumeTypesTest-1689840221 tempest-VolumeTypesTest-1689840221-project] http://10.222.0.58/volume/v3/f50e691cd38341c5a9e1251871ac4fdb/volumes/d17e8f8b-b637-4981-952b-06e84b9d8839 returned with HTTP 200
Jul 26 13:47:00.256326 dv-cinder-825492-30-iscsi devstack@c-api.service[117547]: [pid: 117547|app: 0|req: 95/169] 10.222.0.58 () {58 vars in 1325 bytes} [Tue Jul 26 13:47:00 2022] GET /volume/v3/f50e691cd38341c5a9e1251871ac4fdb/volumes/d17e8f8b-b637-4981-952b-06e84b9d8839 => generated 941 bytes in 64 msecs (HTTP/1.1 200) 7 headers in 285 bytes (2 switches on core 0)
Jul 26 13:47:00.278961 dv-cinder-825492-30-iscsi devstack@c-api.service[117548]: DEBUG cinder.api.middleware.request_id [None req-bbcf72dc-3759-402d-8f2d-da364d6110db None None] RequestId filter calling following filter/app {{(pid=117548) _context_setter /opt/stack/cinder/cinder/api/middleware/request_id.py:62}}
Jul 26 13:47:00.287589 dv-cinder-825492-30-iscsi devstack@c-api.service[117548]: INFO cinder.api.openstack.wsgi [None req-bbcf72dc-3759-402d-8f2d-da364d6110db tempest-VolumeTypesTest-1689840221 tempest-VolumeTypesTest-1689840221-project] GET http://10.222.0.58/volume/v3/f50e691cd38341c5a9e1251871ac4fdb/volumes/d17e8f8b-b637-4981-952b-06e84b9d8839
Jul 26 13:47:00.288597 dv-cinder-825492-30-iscsi devstack@c-api.service[117548]: DEBUG cinder.api.openstack.wsgi [None req-bbcf72dc-3759-402d-8f2d-da364d6110db tempest-VolumeTypesTest-1689840221 tempest-VolumeTypesTest-1689840221-project] Empty body provided in request {{(pid=117548) get_body /opt/stack/cinder/cinder/api/openstack/wsgi.py:715}}
Jul 26 13:47:00.289418 dv-cinder-825492-30-iscsi devstack@c-api.service[117548]: DEBUG cinder.api.openstack.wsgi [None req-bbcf72dc-3759-402d-8f2d-da364d6110db tempest-VolumeTypesTest-1689840221 tempest-VolumeTypesTest-1689840221-project] Calling method 'show' {{(pid=117548) _process_stack /opt/stack/cinder/cinder/api/openstack/wsgi.py:868}}
Jul 26 13:47:00.316265 dv-cinder-825492-30-iscsi devstack@c-api.service[117548]: /usr/local/lib/python3.8/dist-packages/oslo_context/context.py:100: DeprecationWarning: Policy enforcement is depending on the value of is_admin. This key is deprecated. Please update your policy file to use the standard policy values.
Jul 26 13:47:00.316265 dv-cinder-825492-30-iscsi devstack@c-api.service[117548]: warnings.warn('Policy enforcement is depending on the value of '
Jul 26 13:47:00.326839 dv-cinder-825492-30-iscsi devstack@c-api.service[117548]: INFO cinder.volume.api [None req-bbcf72dc-3759-402d-8f2d-da364d6110db tempest-VolumeTypesTest-1689840221 tempest-VolumeTypesTest-1689840221-project] Volume info retrieved successfully.
Jul 26 13:47:00.343231 dv-cinder-825492-30-iscsi devstack@c-api.service[117548]: INFO cinder.api.openstack.wsgi [None req-bbcf72dc-3759-402d-8f2d-da364d6110db tempest-VolumeTypesTest-1689840221 tempest-VolumeTypesTest-1689840221-project] http://10.222.0.58/volume/v3/f50e691cd38341c5a9e1251871ac4fdb/volumes/d17e8f8b-b637-4981-952b-06e84b9d8839 returned with HTTP 200
Jul 26 13:47:00.353500 dv-cinder-825492-30-iscsi devstack@c-api.service[117548]: [pid: 117548|app: 0|req: 75/170] 10.222.0.58 () {58 vars in 1325 bytes} [Tue Jul 26 13:47:00 2022] GET /volume/v3/f50e691cd38341c5a9e1251871ac4fdb/volumes/d17e8f8b-b637-4981-952b-06e84b9d8839 => generated 941 bytes in 67 msecs (HTTP/1.1 200) 7 headers in 285 bytes (1 switches on core 0)
Jul 26 13:47:00.364853 dv-cinder-825492-30-iscsi devstack@c-api.service[117547]: DEBUG cinder.api.middleware.request_id [None req-27010b73-4492-4f14-a036-b37eec043b35 None None] RequestId filter calling following filter/app {{(pid=117547) _context_setter /opt/stack/cinder/cinder/api/middleware/request_id.py:62}}
Jul 26 13:47:00.370627 dv-cinder-825492-30-iscsi devstack@c-api.service[117547]: INFO cinder.api.openstack.wsgi [None req-27010b73-4492-4f14-a036-b37eec043b35 tempest-VolumeTypesTest-651614634 tempest-VolumeTypesTest-651614634-project-admin] POST http://10.222.0.58/volume/v3/dfd7e70158a140e9a8f257e76670f756/types
Jul 26 13:47:00.371696 dv-cinder-825492-30-iscsi devstack@c-api.service[117547]: DEBUG cinder.api.openstack.wsgi [None req-27010b73-4492-4f14-a036-b37eec043b35 tempest-VolumeTypesTest-651614634 tempest-VolumeTypesTest-651614634-project-admin] Action: 'create', calling method: _create, body: {"volume_type": {"name": "tempest-VolumeTypesTest-volume-type-1216336073", "description": "tempest-volume-type-description-119321641", "extra_specs": {"storage_protocol": "iSCSI", "vendor_name": "Microsoft"}, "os-volume-type-access:is_public": true}} {{(pid=117547) _process_stack /opt/stack/cinder/cinder/api/openstack/wsgi.py:866}}
Jul 26 13:47:00.415776 dv-cinder-825492-30-iscsi devstack@c-api.service[117547]: INFO cinder.api.openstack.wsgi [None req-27010b73-4492-4f14-a036-b37eec043b35 tempest-VolumeTypesTest-651614634 tempest-VolumeTypesTest-651614634-project-admin] http://10.222.0.58/volume/v3/dfd7e70158a140e9a8f257e76670f756/types returned with HTTP 200
Jul 26 13:47:00.426944 dv-cinder-825492-30-iscsi devstack@c-api.service[117547]: [pid: 117547|app: 0|req: 96/171] 10.222.0.58 () {60 vars in 1230 bytes} [Tue Jul 26 13:47:00 2022] POST /volume/v3/dfd7e70158a140e9a8f257e76670f756/types => generated 315 bytes in 63 msecs (HTTP/1.1 200) 7 headers in 285 bytes (2 switches on core 0)
Jul 26 13:47:00.428754 dv-cinder-825492-30-iscsi devstack@c-api.service[117548]: DEBUG cinder.api.middleware.request_id [None req-3436dc20-0b1b-4969-af68-9736ae59b7e4 None None] RequestId filter calling following filter/app {{(pid=117548) _context_setter /opt/stack/cinder/cinder/api/middleware/request_id.py:62}}
Jul 26 13:47:00.434992 dv-cinder-825492-30-iscsi devstack@c-api.service[117548]: INFO cinder.api.openstack.wsgi [None req-3436dc20-0b1b-4969-af68-9736ae59b7e4 tempest-VolumeTypesTest-651614634 tempest-VolumeTypesTest-651614634-project-admin] GET http://10.222.0.58/volume/v3/dfd7e70158a140e9a8f257e76670f756/types/2d4c5f16-eaaf-49e6-bfd7-029e3fb77862
Jul 26 13:47:00.435735 dv-cinder-825492-30-iscsi devstack@c-api.service[117548]: DEBUG cinder.api.openstack.wsgi [None req-3436dc20-0b1b-4969-af68-9736ae59b7e4 tempest-VolumeTypesTest-651614634 tempest-VolumeTypesTest-651614634-project-admin] Empty body provided in request {{(pid=117548) get_body /opt/stack/cinder/cinder/api/openstack/wsgi.py:715}}
Jul 26 13:47:00.438265 dv-cinder-825492-30-iscsi devstack@c-api.service[117548]: DEBUG cinder.api.openstack.wsgi [None req-3436dc20-0b1b-4969-af68-9736ae59b7e4 tempest-VolumeTypesTest-651614634 tempest-VolumeTypesTest-651614634-project-admin] Calling method 'show' {{(pid=117548) _process_stack /opt/stack/cinder/cinder/api/openstack/wsgi.py:868}}
Jul 26 13:47:00.469599 dv-cinder-825492-30-iscsi devstack@c-api.service[117548]: INFO cinder.api.openstack.wsgi [None req-3436dc20-0b1b-4969-af68-9736ae59b7e4 tempest-VolumeTypesTest-651614634 tempest-VolumeTypesTest-651614634-project-admin] http://10.222.0.58/volume/v3/dfd7e70158a140e9a8f257e76670f756/types/2d4c5f16-eaaf-49e6-bfd7-029e3fb77862 returned with HTTP 200
Jul 26 13:47:00.487730 dv-cinder-825492-30-iscsi devstack@c-api.service[117547]: DEBUG cinder.api.middleware.request_id [None req-c31dea8b-70f2-4ee2-8ec2-badbfe687df6 None None] RequestId filter calling following filter/app {{(pid=117547) _context_setter /opt/stack/cinder/cinder/api/middleware/request_id.py:62}}
Jul 26 13:47:00.567121 dv-cinder-825492-30-iscsi devstack@c-api.service[117548]: [pid: 117548|app: 0|req: 76/172] 10.222.0.58 () {58 vars in 1319 bytes} [Tue Jul 26 13:47:00 2022] GET /volume/v3/dfd7e70158a140e9a8f257e76670f756/types/2d4c5f16-eaaf-49e6-bfd7-029e3fb77862 => generated 337 bytes in 140 msecs (HTTP/1.1 200) 7 headers in 285 bytes (1 switches on core 0)
Jul 26 13:47:00.610517 dv-cinder-825492-30-iscsi devstack@c-api.service[117547]: INFO cinder.api.openstack.wsgi [None req-c31dea8b-70f2-4ee2-8ec2-badbfe687df6 tempest-VolumeTypesTest-651614634 tempest-VolumeTypesTest-651614634-project-admin] POST http://10.222.0.58/volume/v3/dfd7e70158a140e9a8f257e76670f756/types
Jul 26 13:47:00.611580 dv-cinder-825492-30-iscsi devstack@c-api.service[117547]: DEBUG cinder.api.openstack.wsgi [None req-c31dea8b-70f2-4ee2-8ec2-badbfe687df6 tempest-VolumeTypesTest-651614634 tempest-VolumeTypesTest-651614634-project-admin] Action: 'create', calling method: _create, body: {"volume_type": {"name": "tempest-VolumeTypesTest-volume-type-1116658419"}} {{(pid=117547) _process_stack /opt/stack/cinder/cinder/api/openstack/wsgi.py:866}}
Jul 26 13:47:00.683654 dv-cinder-825492-30-iscsi devstack@c-api.service[117547]: INFO cinder.api.openstack.wsgi [None req-c31dea8b-70f2-4ee2-8ec2-badbfe687df6 tempest-VolumeTypesTest-651614634 tempest-VolumeTypesTest-651614634-project-admin] http://10.222.0.58/volume/v3/dfd7e70158a140e9a8f257e76670f756/types returned with HTTP 200
Jul 26 13:47:00.693014 dv-cinder-825492-30-iscsi devstack@c-api.service[117547]: [pid: 117547|app: 0|req: 97/173] 10.222.0.58 () {60 vars in 1229 bytes} [Tue Jul 26 13:47:00 2022] POST /volume/v3/dfd7e70158a140e9a8f257e76670f756/types => generated 221 bytes in 211 msecs (HTTP/1.1 200) 7 headers in 285 bytes (1 switches on core 0)
Jul 26 13:47:00.700375 dv-cinder-825492-30-iscsi devstack@c-api.service[117548]: DEBUG cinder.api.middleware.request_id [None req-a8c1e12f-e871-4b10-b040-0eef855ea692 None None] RequestId filter calling following filter/app {{(pid=117548) _context_setter /opt/stack/cinder/cinder/api/middleware/request_id.py:62}}
Jul 26 13:47:00.706199 dv-cinder-825492-30-iscsi devstack@c-api.service[117548]: INFO cinder.api.openstack.wsgi [None req-a8c1e12f-e871-4b10-b040-0eef855ea692 tempest-VolumeTypesTest-651614634 tempest-VolumeTypesTest-651614634-project-admin] POST http://10.222.0.58/volume/v3/dfd7e70158a140e9a8f257e76670f756/types/d972af50-2929-4ca7-a9e7-be916d4df5c8/encryption
Jul 26 13:47:00.707556 dv-cinder-825492-30-iscsi devstack@c-api.service[117548]: DEBUG cinder.api.openstack.wsgi [None req-a8c1e12f-e871-4b10-b040-0eef855ea692 tempest-VolumeTypesTest-651614634 tempest-VolumeTypesTest-651614634-project-admin] Action: 'create', calling method: create, body: {"encryption": {"provider": "LuksEncryptor", "key_size": 256, "cipher": "aes-xts-plain64", "control_location": "front-end"}} {{(pid=117548) _process_stack /opt/stack/cinder/cinder/api/openstack/wsgi.py:866}}
Jul 26 13:47:00.799965 dv-cinder-825492-30-iscsi devstack@c-api.service[117548]: INFO cinder.api.openstack.wsgi [None req-a8c1e12f-e871-4b10-b040-0eef855ea692 tempest-VolumeTypesTest-651614634 tempest-VolumeTypesTest-651614634-project-admin] http://10.222.0.58/volume/v3/dfd7e70158a140e9a8f257e76670f756/types/d972af50-2929-4ca7-a9e7-be916d4df5c8/encryption returned with HTTP 200
Jul 26 13:47:00.800898 dv-cinder-825492-30-iscsi devstack@c-api.service[117548]: [pid: 117548|app: 0|req: 77/174] 10.222.0.58 () {60 vars in 1374 bytes} [Tue Jul 26 13:47:00 2022] POST /volume/v3/dfd7e70158a140e9a8f257e76670f756/types/d972af50-2929-4ca7-a9e7-be916d4df5c8/encryption => generated 239 bytes in 102 msecs (HTTP/1.1 200) 7 headers in 285 bytes (1 switches on core 0)
Jul 26 13:47:00.808553 dv-cinder-825492-30-iscsi devstack@c-api.service[117547]: DEBUG cinder.api.middleware.request_id [None req-bfe36bf4-98ea-4538-a22a-44908cdbab87 None None] RequestId filter calling following filter/app {{(pid=117547) _context_setter /opt/stack/cinder/cinder/api/middleware/request_id.py:62}}
Jul 26 13:47:00.813833 dv-cinder-825492-30-iscsi devstack@c-api.service[117547]: INFO cinder.api.openstack.wsgi [None req-bfe36bf4-98ea-4538-a22a-44908cdbab87 tempest-VolumeTypesTest-651614634 tempest-VolumeTypesTest-651614634-project-admin] GET http://10.222.0.58/volume/v3/dfd7e70158a140e9a8f257e76670f756/types/d972af50-2929-4ca7-a9e7-be916d4df5c8/encryption
Jul 26 13:47:00.814286 dv-cinder-825492-30-iscsi devstack@c-api.service[117547]: DEBUG cinder.api.openstack.wsgi [None req-bfe36bf4-98ea-4538-a22a-44908cdbab87 tempest-VolumeTypesTest-651614634 tempest-VolumeTypesTest-651614634-project-admin] Empty body provided in request {{(pid=117547) get_body /opt/stack/cinder/cinder/api/openstack/wsgi.py:715}}
Jul 26 13:47:00.814776 dv-cinder-825492-30-iscsi devstack@c-api.service[117547]: DEBUG cinder.api.openstack.wsgi [None req-bfe36bf4-98ea-4538-a22a-44908cdbab87 tempest-VolumeTypesTest-651614634 tempest-VolumeTypesTest-651614634-project-admin] Calling method 'index' {{(pid=117547) _process_stack /opt/stack/cinder/cinder/api/openstack/wsgi.py:868}}
Jul 26 13:47:00.848080 dv-cinder-825492-30-iscsi devstack@c-api.service[117548]: DEBUG cinder.api.middleware.request_id [None req-16462ae8-d0b4-4fdb-a8f6-2096237d0ba8 None None] RequestId filter calling following filter/app {{(pid=117548) _context_setter /opt/stack/cinder/cinder/api/middleware/request_id.py:62}}
Jul 26 13:47:00.850703 dv-cinder-825492-30-iscsi devstack@c-api.service[117547]: INFO cinder.api.openstack.wsgi [None req-bfe36bf4-98ea-4538-a22a-44908cdbab87 tempest-VolumeTypesTest-651614634 tempest-VolumeTypesTest-651614634-project-admin] http://10.222.0.58/volume/v3/dfd7e70158a140e9a8f257e76670f756/types/d972af50-2929-4ca7-a9e7-be916d4df5c8/encryption returned with HTTP 200
Jul 26 13:47:00.851690 dv-cinder-825492-30-iscsi devstack@c-api.service[117547]: [pid: 117547|app: 0|req: 98/175] 10.222.0.58 () {58 vars in 1352 bytes} [Tue Jul 26 13:47:00 2022] GET /volume/v3/dfd7e70158a140e9a8f257e76670f756/types/d972af50-2929-4ca7-a9e7-be916d4df5c8/encryption => generated 325 bytes in 44 msecs (HTTP/1.1 200) 7 headers in 285 bytes (1 switches on core 0)
Jul 26 13:47:00.859346 dv-cinder-825492-30-iscsi devstack@c-api.service[117547]: DEBUG cinder.api.middleware.request_id [None req-26c53ef2-4547-4ac0-bd26-e87dfb2371e3 None None] RequestId filter calling following filter/app {{(pid=117547) _context_setter /opt/stack/cinder/cinder/api/middleware/request_id.py:62}}
Jul 26 13:47:00.865118 dv-cinder-825492-30-iscsi devstack@c-api.service[117547]: INFO cinder.api.openstack.wsgi [None req-26c53ef2-4547-4ac0-bd26-e87dfb2371e3 tempest-VolumeTypesTest-651614634 tempest-VolumeTypesTest-651614634-project-admin] PUT http://10.222.0.58/volume/v3/dfd7e70158a140e9a8f257e76670f756/types/d972af50-2929-4ca7-a9e7-be916d4df5c8/encryption/provider
Jul 26 13:47:00.866100 dv-cinder-825492-30-iscsi devstack@c-api.service[117547]: DEBUG cinder.api.openstack.wsgi [None req-26c53ef2-4547-4ac0-bd26-e87dfb2371e3 tempest-VolumeTypesTest-651614634 tempest-VolumeTypesTest-651614634-project-admin] Action: 'update', calling method: update, body: {"encryption": {"key_size": 128, "provider": "SomeProvider", "cipher": "aes-xts-plain64", "control_location": "back-end"}} {{(pid=117547) _process_stack /opt/stack/cinder/cinder/api/openstack/wsgi.py:866}}
Jul 26 13:47:00.927535 dv-cinder-825492-30-iscsi devstack@c-api.service[117547]: INFO cinder.api.openstack.wsgi [None req-26c53ef2-4547-4ac0-bd26-e87dfb2371e3 tempest-VolumeTypesTest-651614634 tempest-VolumeTypesTest-651614634-project-admin] http://10.222.0.58/volume/v3/dfd7e70158a140e9a8f257e76670f756/types/d972af50-2929-4ca7-a9e7-be916d4df5c8/encryption/provider returned with HTTP 200
Jul 26 13:47:00.928987 dv-cinder-825492-30-iscsi devstack@c-api.service[117547]: [pid: 117547|app: 0|req: 99/176] 10.222.0.58 () {60 vars in 1400 bytes} [Tue Jul 26 13:47:00 2022] PUT /volume/v3/dfd7e70158a140e9a8f257e76670f756/types/d972af50-2929-4ca7-a9e7-be916d4df5c8/encryption/provider => generated 122 bytes in 71 msecs (HTTP/1.1 200) 7 headers in 285 bytes (1 switches on core 0)
Jul 26 13:47:00.935247 dv-cinder-825492-30-iscsi devstack@c-api.service[117547]: DEBUG cinder.api.middleware.request_id [None req-59d9d13a-7e2e-458a-b73a-90f26e765988 None None] RequestId filter calling following filter/app {{(pid=117547) _context_setter /opt/stack/cinder/cinder/api/middleware/request_id.py:62}}
Jul 26 13:47:00.941548 dv-cinder-825492-30-iscsi devstack@c-api.service[117547]: INFO cinder.api.openstack.wsgi [None req-59d9d13a-7e2e-458a-b73a-90f26e765988 tempest-VolumeTypesTest-651614634 tempest-VolumeTypesTest-651614634-project-admin] GET http://10.222.0.58/volume/v3/dfd7e70158a140e9a8f257e76670f756/types/d972af50-2929-4ca7-a9e7-be916d4df5c8/encryption
Jul 26 13:47:00.942129 dv-cinder-825492-30-iscsi devstack@c-api.service[117547]: DEBUG cinder.api.openstack.wsgi [None req-59d9d13a-7e2e-458a-b73a-90f26e765988 tempest-VolumeTypesTest-651614634 tempest-VolumeTypesTest-651614634-project-admin] Empty body provided in request {{(pid=117547) get_body /opt/stack/cinder/cinder/api/openstack/wsgi.py:715}}
Jul 26 13:47:00.943008 dv-cinder-825492-30-iscsi devstack@c-api.service[117547]: DEBUG cinder.api.openstack.wsgi [None req-59d9d13a-7e2e-458a-b73a-90f26e765988 tempest-VolumeTypesTest-651614634 tempest-VolumeTypesTest-651614634-project-admin] Calling method 'index' {{(pid=117547) _process_stack /opt/stack/cinder/cinder/api/openstack/wsgi.py:868}}
Jul 26 13:47:00.956562 dv-cinder-825492-30-iscsi devstack@c-api.service[117547]: INFO cinder.api.openstack.wsgi [None req-59d9d13a-7e2e-458a-b73a-90f26e765988 tempest-VolumeTypesTest-651614634 tempest-VolumeTypesTest-651614634-project-admin] http://10.222.0.58/volume/v3/dfd7e70158a140e9a8f257e76670f756/types/d972af50-2929-4ca7-a9e7-be916d4df5c8/encryption returned with HTTP 200
Jul 26 13:47:00.961523 dv-cinder-825492-30-iscsi devstack@c-api.service[117547]: [pid: 117547|app: 0|req: 100/177] 10.222.0.58 () {58 vars in 1352 bytes} [Tue Jul 26 13:47:00 2022] GET /volume/v3/dfd7e70158a140e9a8f257e76670f756/types/d972af50-2929-4ca7-a9e7-be916d4df5c8/encryption => generated 347 bytes in 23 msecs (HTTP/1.1 200) 7 headers in 285 bytes (2 switches on core 0)
Jul 26 13:47:00.965837 dv-cinder-825492-30-iscsi devstack@c-api.service[117547]: DEBUG cinder.api.middleware.request_id [None req-617e093f-c66a-4950-a4dd-3b8940747736 None None] RequestId filter calling following filter/app {{(pid=117547) _context_setter /opt/stack/cinder/cinder/api/middleware/request_id.py:62}}
Jul 26 13:47:00.972501 dv-cinder-825492-30-iscsi devstack@c-api.service[117547]: INFO cinder.api.openstack.wsgi [None req-617e093f-c66a-4950-a4dd-3b8940747736 tempest-VolumeTypesTest-651614634 tempest-VolumeTypesTest-651614634-project-admin] GET http://10.222.0.58/volume/v3/dfd7e70158a140e9a8f257e76670f756/types/d972af50-2929-4ca7-a9e7-be916d4df5c8/encryption/cipher
Jul 26 13:47:00.972936 dv-cinder-825492-30-iscsi devstack@c-api.service[117547]: DEBUG cinder.api.openstack.wsgi [None req-617e093f-c66a-4950-a4dd-3b8940747736 tempest-VolumeTypesTest-651614634 tempest-VolumeTypesTest-651614634-project-admin] Empty body provided in request {{(pid=117547) get_body /opt/stack/cinder/cinder/api/openstack/wsgi.py:715}}
Jul 26 13:47:00.973515 dv-cinder-825492-30-iscsi devstack@c-api.service[117547]: DEBUG cinder.api.openstack.wsgi [None req-617e093f-c66a-4950-a4dd-3b8940747736 tempest-VolumeTypesTest-651614634 tempest-VolumeTypesTest-651614634-project-admin] Calling method 'show' {{(pid=117547) _process_stack /opt/stack/cinder/cinder/api/openstack/wsgi.py:868}}
Jul 26 13:47:00.986086 dv-cinder-825492-30-iscsi devstack@c-api.service[117547]: INFO cinder.api.openstack.wsgi [None req-617e093f-c66a-4950-a4dd-3b8940747736 tempest-VolumeTypesTest-651614634 tempest-VolumeTypesTest-651614634-project-admin] http://10.222.0.58/volume/v3/dfd7e70158a140e9a8f257e76670f756/types/d972af50-2929-4ca7-a9e7-be916d4df5c8/encryption/cipher returned with HTTP 200
Jul 26 13:47:00.987020 dv-cinder-825492-30-iscsi devstack@c-api.service[117547]: [pid: 117547|app: 0|req: 101/178] 10.222.0.58 () {58 vars in 1373 bytes} [Tue Jul 26 13:47:00 2022] GET /volume/v3/dfd7e70158a140e9a8f257e76670f756/types/d972af50-2929-4ca7-a9e7-be916d4df5c8/encryption/cipher => generated 29 bytes in 23 msecs (HTTP/1.1 200) 7 headers in 284 bytes (1 switches on core 0)
Jul 26 13:47:00.992447 dv-cinder-825492-30-iscsi devstack@c-api.service[117547]: DEBUG cinder.api.middleware.request_id [None req-7df2832b-1c2c-48a5-a779-3ca6008f1c1f None None] RequestId filter calling following filter/app {{(pid=117547) _context_setter /opt/stack/cinder/cinder/api/middleware/request_id.py:62}}
Jul 26 13:47:00.997641 dv-cinder-825492-30-iscsi devstack@c-api.service[117547]: INFO cinder.api.openstack.wsgi [None req-7df2832b-1c2c-48a5-a779-3ca6008f1c1f tempest-VolumeTypesTest-651614634 tempest-VolumeTypesTest-651614634-project-admin] DELETE http://10.222.0.58/volume/v3/dfd7e70158a140e9a8f257e76670f756/types/d972af50-2929-4ca7-a9e7-be916d4df5c8/encryption/provider
Jul 26 13:47:00.998118 dv-cinder-825492-30-iscsi devstack@c-api.service[117547]: DEBUG cinder.api.openstack.wsgi [None req-7df2832b-1c2c-48a5-a779-3ca6008f1c1f tempest-VolumeTypesTest-651614634 tempest-VolumeTypesTest-651614634-project-admin] Empty body provided in request {{(pid=117547) get_body /opt/stack/cinder/cinder/api/openstack/wsgi.py:715}}
Jul 26 13:47:00.998821 dv-cinder-825492-30-iscsi devstack@c-api.service[117547]: DEBUG cinder.api.openstack.wsgi [None req-7df2832b-1c2c-48a5-a779-3ca6008f1c1f tempest-VolumeTypesTest-651614634 tempest-VolumeTypesTest-651614634-project-admin] Calling method 'delete' {{(pid=117547) _process_stack /opt/stack/cinder/cinder/api/openstack/wsgi.py:868}}
Jul 26 13:47:01.023448 dv-cinder-825492-30-iscsi devstack@c-api.service[117547]: INFO cinder.api.openstack.wsgi [None req-7df2832b-1c2c-48a5-a779-3ca6008f1c1f tempest-VolumeTypesTest-651614634 tempest-VolumeTypesTest-651614634-project-admin] http://10.222.0.58/volume/v3/dfd7e70158a140e9a8f257e76670f756/types/d972af50-2929-4ca7-a9e7-be916d4df5c8/encryption/provider returned with HTTP 202
Jul 26 13:47:01.024830 dv-cinder-825492-30-iscsi devstack@c-api.service[117547]: [pid: 117547|app: 0|req: 102/179] 10.222.0.58 () {58 vars in 1382 bytes} [Tue Jul 26 13:47:00 2022] DELETE /volume/v3/dfd7e70158a140e9a8f257e76670f756/types/d972af50-2929-4ca7-a9e7-be916d4df5c8/encryption/provider => generated 0 bytes in 33 msecs (HTTP/1.1 202) 6 headers in 233 bytes (2 switches on core 0)
Jul 26 13:47:01.032257 dv-cinder-825492-30-iscsi devstack@c-api.service[117547]: DEBUG cinder.api.middleware.request_id [None req-7f3530cf-f4ae-47d8-a8f6-9d1fd5794829 None None] RequestId filter calling following filter/app {{(pid=117547) _context_setter /opt/stack/cinder/cinder/api/middleware/request_id.py:62}}
Jul 26 13:47:01.041104 dv-cinder-825492-30-iscsi devstack@c-api.service[117547]: INFO cinder.api.openstack.wsgi [None req-7f3530cf-f4ae-47d8-a8f6-9d1fd5794829 tempest-VolumeTypesTest-651614634 tempest-VolumeTypesTest-651614634-project-admin] GET http://10.222.0.58/volume/v3/dfd7e70158a140e9a8f257e76670f756/types/d972af50-2929-4ca7-a9e7-be916d4df5c8/encryption
Jul 26 13:47:01.041758 dv-cinder-825492-30-iscsi devstack@c-api.service[117547]: DEBUG cinder.api.openstack.wsgi [None req-7f3530cf-f4ae-47d8-a8f6-9d1fd5794829 tempest-VolumeTypesTest-651614634 tempest-VolumeTypesTest-651614634-project-admin] Empty body provided in request {{(pid=117547) get_body /opt/stack/cinder/cinder/api/openstack/wsgi.py:715}}
Jul 26 13:47:01.042356 dv-cinder-825492-30-iscsi devstack@c-api.service[117547]: DEBUG cinder.api.openstack.wsgi [None req-7f3530cf-f4ae-47d8-a8f6-9d1fd5794829 tempest-VolumeTypesTest-651614634 tempest-VolumeTypesTest-651614634-project-admin] Calling method 'index' {{(pid=117547) _process_stack /opt/stack/cinder/cinder/api/openstack/wsgi.py:868}}
Jul 26 13:47:01.055960 dv-cinder-825492-30-iscsi devstack@c-api.service[117547]: INFO cinder.api.openstack.wsgi [None req-7f3530cf-f4ae-47d8-a8f6-9d1fd5794829 tempest-VolumeTypesTest-651614634 tempest-VolumeTypesTest-651614634-project-admin] http://10.222.0.58/volume/v3/dfd7e70158a140e9a8f257e76670f756/types/d972af50-2929-4ca7-a9e7-be916d4df5c8/encryption returned with HTTP 200
Jul 26 13:47:01.056946 dv-cinder-825492-30-iscsi devstack@c-api.service[117547]: [pid: 117547|app: 0|req: 103/180] 10.222.0.58 () {58 vars in 1352 bytes} [Tue Jul 26 13:47:01 2022] GET /volume/v3/dfd7e70158a140e9a8f257e76670f756/types/d972af50-2929-4ca7-a9e7-be916d4df5c8/encryption => generated 2 bytes in 29 msecs (HTTP/1.1 200) 7 headers in 283 bytes (1 switches on core 0)
Jul 26 13:47:01.063851 dv-cinder-825492-30-iscsi devstack@c-api.service[117547]: DEBUG cinder.api.middleware.request_id [None req-1e638a85-8537-4df7-a632-e56454aa5f90 None None] RequestId filter calling following filter/app {{(pid=117547) _context_setter /opt/stack/cinder/cinder/api/middleware/request_id.py:62}}
Jul 26 13:47:01.069517 dv-cinder-825492-30-iscsi devstack@c-api.service[117547]: INFO cinder.api.openstack.wsgi [None req-1e638a85-8537-4df7-a632-e56454aa5f90 tempest-VolumeTypesTest-651614634 tempest-VolumeTypesTest-651614634-project-admin] GET http://10.222.0.58/volume/v3/dfd7e70158a140e9a8f257e76670f756/types/d972af50-2929-4ca7-a9e7-be916d4df5c8/encryption
Jul 26 13:47:01.070700 dv-cinder-825492-30-iscsi devstack@c-api.service[117547]: DEBUG cinder.api.openstack.wsgi [None req-1e638a85-8537-4df7-a632-e56454aa5f90 tempest-VolumeTypesTest-651614634 tempest-VolumeTypesTest-651614634-project-admin] Empty body provided in request {{(pid=117547) get_body /opt/stack/cinder/cinder/api/openstack/wsgi.py:715}}
Jul 26 13:47:01.071243 dv-cinder-825492-30-iscsi devstack@c-api.service[117547]: DEBUG cinder.api.openstack.wsgi [None req-1e638a85-8537-4df7-a632-e56454aa5f90 tempest-VolumeTypesTest-651614634 tempest-VolumeTypesTest-651614634-project-admin] Calling method 'index' {{(pid=117547) _process_stack /opt/stack/cinder/cinder/api/openstack/wsgi.py:868}}
Jul 26 13:47:01.074288 dv-cinder-825492-30-iscsi devstack@c-api.service[117548]: INFO cinder.api.openstack.wsgi [None req-16462ae8-d0b4-4fdb-a8f6-2096237d0ba8 tempest-VolumeTypesExtraSpecsTest-441855948 tempest-VolumeTypesExtraSpecsTest-441855948-project-admin] POST http://10.222.0.58/volume/v3/0431e54a61d44cf3bfeaa6681788c337/types
Jul 26 13:47:01.075033 dv-cinder-825492-30-iscsi devstack@c-api.service[117548]: DEBUG cinder.api.openstack.wsgi [None req-16462ae8-d0b4-4fdb-a8f6-2096237d0ba8 tempest-VolumeTypesExtraSpecsTest-441855948 tempest-VolumeTypesExtraSpecsTest-441855948-project-admin] Action: 'create', calling method: _create, body: {"volume_type": {"name": "tempest-VolumeTypesExtraSpecsTest-volume-type-21625439"}} {{(pid=117548) _process_stack /opt/stack/cinder/cinder/api/openstack/wsgi.py:866}}
Jul 26 13:47:01.082870 dv-cinder-825492-30-iscsi devstack@c-api.service[117547]: INFO cinder.api.openstack.wsgi [None req-1e638a85-8537-4df7-a632-e56454aa5f90 tempest-VolumeTypesTest-651614634 tempest-VolumeTypesTest-651614634-project-admin] http://10.222.0.58/volume/v3/dfd7e70158a140e9a8f257e76670f756/types/d972af50-2929-4ca7-a9e7-be916d4df5c8/encryption returned with HTTP 200
Jul 26 13:47:01.083896 dv-cinder-825492-30-iscsi devstack@c-api.service[117547]: [pid: 117547|app: 0|req: 104/181] 10.222.0.58 () {58 vars in 1352 bytes} [Tue Jul 26 13:47:01 2022] GET /volume/v3/dfd7e70158a140e9a8f257e76670f756/types/d972af50-2929-4ca7-a9e7-be916d4df5c8/encryption => generated 2 bytes in 21 msecs (HTTP/1.1 200) 7 headers in 283 bytes (2 switches on core 0)
Jul 26 13:47:01.092491 dv-cinder-825492-30-iscsi devstack@c-api.service[117547]: DEBUG cinder.api.middleware.request_id [None req-d01e7eb7-84f4-4427-b546-95df4d2e6d9b None None] RequestId filter calling following filter/app {{(pid=117547) _context_setter /opt/stack/cinder/cinder/api/middleware/request_id.py:62}}
Jul 26 13:47:01.096985 dv-cinder-825492-30-iscsi devstack@c-api.service[117547]: INFO cinder.api.openstack.wsgi [None req-d01e7eb7-84f4-4427-b546-95df4d2e6d9b tempest-VolumeTypesTest-651614634 tempest-VolumeTypesTest-651614634-project-admin] GET http://10.222.0.58/volume/v3/dfd7e70158a140e9a8f257e76670f756/types
Jul 26 13:47:01.098178 dv-cinder-825492-30-iscsi devstack@c-api.service[117547]: DEBUG cinder.api.openstack.wsgi [None req-d01e7eb7-84f4-4427-b546-95df4d2e6d9b tempest-VolumeTypesTest-651614634 tempest-VolumeTypesTest-651614634-project-admin] Empty body provided in request {{(pid=117547) get_body /opt/stack/cinder/cinder/api/openstack/wsgi.py:715}}
Jul 26 13:47:01.098178 dv-cinder-825492-30-iscsi devstack@c-api.service[117547]: DEBUG cinder.api.openstack.wsgi [None req-d01e7eb7-84f4-4427-b546-95df4d2e6d9b tempest-VolumeTypesTest-651614634 tempest-VolumeTypesTest-651614634-project-admin] Calling method 'index' {{(pid=117547) _process_stack /opt/stack/cinder/cinder/api/openstack/wsgi.py:868}}
Jul 26 13:47:01.102537 dv-cinder-825492-30-iscsi devstack@c-api.service[117548]: INFO cinder.api.openstack.wsgi [None req-16462ae8-d0b4-4fdb-a8f6-2096237d0ba8 tempest-VolumeTypesExtraSpecsTest-441855948 tempest-VolumeTypesExtraSpecsTest-441855948-project-admin] http://10.222.0.58/volume/v3/0431e54a61d44cf3bfeaa6681788c337/types returned with HTTP 200
Jul 26 13:47:01.103514 dv-cinder-825492-30-iscsi devstack@c-api.service[117548]: [pid: 117548|app: 0|req: 78/182] 10.222.0.58 () {60 vars in 1229 bytes} [Tue Jul 26 13:47:00 2022] POST /volume/v3/0431e54a61d44cf3bfeaa6681788c337/types => generated 229 bytes in 256 msecs (HTTP/1.1 200) 7 headers in 285 bytes (2 switches on core 0)
Jul 26 13:47:01.113969 dv-cinder-825492-30-iscsi devstack@c-api.service[117548]: DEBUG cinder.api.middleware.request_id [None req-829fc608-556a-416f-ad43-ab7e833406ea None None] RequestId filter calling following filter/app {{(pid=117548) _context_setter /opt/stack/cinder/cinder/api/middleware/request_id.py:62}}
Jul 26 13:47:01.119134 dv-cinder-825492-30-iscsi devstack@c-api.service[117548]: INFO cinder.api.openstack.wsgi [None req-829fc608-556a-416f-ad43-ab7e833406ea tempest-VolumeTypesExtraSpecsTest-441855948 tempest-VolumeTypesExtraSpecsTest-441855948-project-admin] POST http://10.222.0.58/volume/v3/0431e54a61d44cf3bfeaa6681788c337/types/6a072e6b-fdf5-4928-9e36-45c19fdffe58/extra_specs
Jul 26 13:47:01.119952 dv-cinder-825492-30-iscsi devstack@c-api.service[117548]: DEBUG cinder.api.openstack.wsgi [None req-829fc608-556a-416f-ad43-ab7e833406ea tempest-VolumeTypesExtraSpecsTest-441855948 tempest-VolumeTypesExtraSpecsTest-441855948-project-admin] Action: 'create', calling method: create, body: {"extra_specs": {"spec3": "val1"}} {{(pid=117548) _process_stack /opt/stack/cinder/cinder/api/openstack/wsgi.py:866}}
Jul 26 13:47:01.140398 dv-cinder-825492-30-iscsi devstack@c-api.service[117547]: INFO cinder.api.openstack.wsgi [None req-d01e7eb7-84f4-4427-b546-95df4d2e6d9b tempest-VolumeTypesTest-651614634 tempest-VolumeTypesTest-651614634-project-admin] http://10.222.0.58/volume/v3/dfd7e70158a140e9a8f257e76670f756/types returned with HTTP 200
Jul 26 13:47:01.141161 dv-cinder-825492-30-iscsi devstack@c-api.service[117547]: [pid: 117547|app: 0|req: 105/183] 10.222.0.58 () {58 vars in 1208 bytes} [Tue Jul 26 13:47:01 2022] GET /volume/v3/dfd7e70158a140e9a8f257e76670f756/types => generated 2270 bytes in 50 msecs (HTTP/1.1 200) 7 headers in 286 bytes (2 switches on core 0)
Jul 26 13:47:01.151965 dv-cinder-825492-30-iscsi devstack@c-api.service[117547]: DEBUG cinder.api.middleware.request_id [None req-15e06251-fe69-4ad3-be7f-17cf6bdecb3a None None] RequestId filter calling following filter/app {{(pid=117547) _context_setter /opt/stack/cinder/cinder/api/middleware/request_id.py:62}}
Jul 26 13:47:01.156446 dv-cinder-825492-30-iscsi devstack@c-api.service[117547]: INFO cinder.api.openstack.wsgi [None req-15e06251-fe69-4ad3-be7f-17cf6bdecb3a tempest-VolumeTypesTest-651614634 tempest-VolumeTypesTest-651614634-project-admin] POST http://10.222.0.58/volume/v3/dfd7e70158a140e9a8f257e76670f756/types
Jul 26 13:47:01.157187 dv-cinder-825492-30-iscsi devstack@c-api.service[117547]: DEBUG cinder.api.openstack.wsgi [None req-15e06251-fe69-4ad3-be7f-17cf6bdecb3a tempest-VolumeTypesTest-651614634 tempest-VolumeTypesTest-651614634-project-admin] Action: 'create', calling method: _create, body: {"volume_type": {"name": "tempest-VolumeTypesTest-volume-type-1559793301"}} {{(pid=117547) _process_stack /opt/stack/cinder/cinder/api/openstack/wsgi.py:866}}
Jul 26 13:47:01.169930 dv-cinder-825492-30-iscsi devstack@c-api.service[117548]: INFO cinder.api.openstack.wsgi [None req-829fc608-556a-416f-ad43-ab7e833406ea tempest-VolumeTypesExtraSpecsTest-441855948 tempest-VolumeTypesExtraSpecsTest-441855948-project-admin] http://10.222.0.58/volume/v3/0431e54a61d44cf3bfeaa6681788c337/types/6a072e6b-fdf5-4928-9e36-45c19fdffe58/extra_specs returned with HTTP 200
Jul 26 13:47:01.170947 dv-cinder-825492-30-iscsi devstack@c-api.service[117548]: [pid: 117548|app: 0|req: 79/184] 10.222.0.58 () {60 vars in 1376 bytes} [Tue Jul 26 13:47:01 2022] POST /volume/v3/0431e54a61d44cf3bfeaa6681788c337/types/6a072e6b-fdf5-4928-9e36-45c19fdffe58/extra_specs => generated 34 bytes in 60 msecs (HTTP/1.1 200) 7 headers in 284 bytes (2 switches on core 0)
Jul 26 13:47:01.177985 dv-cinder-825492-30-iscsi devstack@c-api.service[117548]: DEBUG cinder.api.middleware.request_id [None req-7246f1cd-85f8-4f08-b4b2-2afe4def8180 None None] RequestId filter calling following filter/app {{(pid=117548) _context_setter /opt/stack/cinder/cinder/api/middleware/request_id.py:62}}
Jul 26 13:47:01.183568 dv-cinder-825492-30-iscsi devstack@c-api.service[117548]: INFO cinder.api.openstack.wsgi [None req-7246f1cd-85f8-4f08-b4b2-2afe4def8180 tempest-VolumeTypesExtraSpecsTest-441855948 tempest-VolumeTypesExtraSpecsTest-441855948-project-admin] GET http://10.222.0.58/volume/v3/0431e54a61d44cf3bfeaa6681788c337/types/6a072e6b-fdf5-4928-9e36-45c19fdffe58/extra_specs/spec3
Jul 26 13:47:01.184219 dv-cinder-825492-30-iscsi devstack@c-api.service[117548]: DEBUG cinder.api.openstack.wsgi [None req-7246f1cd-85f8-4f08-b4b2-2afe4def8180 tempest-VolumeTypesExtraSpecsTest-441855948 tempest-VolumeTypesExtraSpecsTest-441855948-project-admin] Empty body provided in request {{(pid=117548) get_body /opt/stack/cinder/cinder/api/openstack/wsgi.py:715}}
Jul 26 13:47:01.184857 dv-cinder-825492-30-iscsi devstack@c-api.service[117548]: DEBUG cinder.api.openstack.wsgi [None req-7246f1cd-85f8-4f08-b4b2-2afe4def8180 tempest-VolumeTypesExtraSpecsTest-441855948 tempest-VolumeTypesExtraSpecsTest-441855948-project-admin] Calling method 'show' {{(pid=117548) _process_stack /opt/stack/cinder/cinder/api/openstack/wsgi.py:868}}
Jul 26 13:47:01.186926 dv-cinder-825492-30-iscsi devstack@c-api.service[117547]: INFO cinder.api.openstack.wsgi [None req-15e06251-fe69-4ad3-be7f-17cf6bdecb3a tempest-VolumeTypesTest-651614634 tempest-VolumeTypesTest-651614634-project-admin] http://10.222.0.58/volume/v3/dfd7e70158a140e9a8f257e76670f756/types returned with HTTP 200
Jul 26 13:47:01.187864 dv-cinder-825492-30-iscsi devstack@c-api.service[117547]: [pid: 117547|app: 0|req: 106/185] 10.222.0.58 () {60 vars in 1229 bytes} [Tue Jul 26 13:47:01 2022] POST /volume/v3/dfd7e70158a140e9a8f257e76670f756/types => generated 221 bytes in 37 msecs (HTTP/1.1 200) 7 headers in 285 bytes (2 switches on core 0)
Jul 26 13:47:01.194865 dv-cinder-825492-30-iscsi devstack@c-api.service[117547]: DEBUG cinder.api.middleware.request_id [None req-002dd47b-996f-4cbf-84d0-606c61922b4b None None] RequestId filter calling following filter/app {{(pid=117547) _context_setter /opt/stack/cinder/cinder/api/middleware/request_id.py:62}}
Jul 26 13:47:01.199600 dv-cinder-825492-30-iscsi devstack@c-api.service[117547]: INFO cinder.api.openstack.wsgi [None req-002dd47b-996f-4cbf-84d0-606c61922b4b tempest-VolumeTypesTest-651614634 tempest-VolumeTypesTest-651614634-project-admin] PUT http://10.222.0.58/volume/v3/dfd7e70158a140e9a8f257e76670f756/types/c66fb8dc-6eee-4146-bba8-9a7f8493d754
Jul 26 13:47:01.200365 dv-cinder-825492-30-iscsi devstack@c-api.service[117547]: DEBUG cinder.api.openstack.wsgi [None req-002dd47b-996f-4cbf-84d0-606c61922b4b tempest-VolumeTypesTest-651614634 tempest-VolumeTypesTest-651614634-project-admin] Action: 'update', calling method: _update, body: {"volume_type": {"name": "tempest-volume-type-250718707", "description": "tempest-volume-type-description-2140365654", "is_public": false}} {{(pid=117547) _process_stack /opt/stack/cinder/cinder/api/openstack/wsgi.py:866}}
Jul 26 13:47:01.203948 dv-cinder-825492-30-iscsi devstack@c-api.service[117548]: INFO cinder.api.openstack.wsgi [None req-7246f1cd-85f8-4f08-b4b2-2afe4def8180 tempest-VolumeTypesExtraSpecsTest-441855948 tempest-VolumeTypesExtraSpecsTest-441855948-project-admin] http://10.222.0.58/volume/v3/0431e54a61d44cf3bfeaa6681788c337/types/6a072e6b-fdf5-4928-9e36-45c19fdffe58/extra_specs/spec3 returned with HTTP 200
Jul 26 13:47:01.204899 dv-cinder-825492-30-iscsi devstack@c-api.service[117548]: [pid: 117548|app: 0|req: 80/186] 10.222.0.58 () {58 vars in 1373 bytes} [Tue Jul 26 13:47:01 2022] GET /volume/v3/0431e54a61d44cf3bfeaa6681788c337/types/6a072e6b-fdf5-4928-9e36-45c19fdffe58/extra_specs/spec3 => generated 17 bytes in 28 msecs (HTTP/1.1 200) 7 headers in 284 bytes (2 switches on core 0)
Jul 26 13:47:01.210624 dv-cinder-825492-30-iscsi devstack@c-api.service[117548]: DEBUG cinder.api.middleware.request_id [None req-570dc4ff-5863-4255-8310-22d5fed813f6 None None] RequestId filter calling following filter/app {{(pid=117548) _context_setter /opt/stack/cinder/cinder/api/middleware/request_id.py:62}}
Jul 26 13:47:01.215331 dv-cinder-825492-30-iscsi devstack@c-api.service[117548]: INFO cinder.api.openstack.wsgi [None req-570dc4ff-5863-4255-8310-22d5fed813f6 tempest-VolumeTypesExtraSpecsTest-441855948 tempest-VolumeTypesExtraSpecsTest-441855948-project-admin] DELETE http://10.222.0.58/volume/v3/0431e54a61d44cf3bfeaa6681788c337/types/6a072e6b-fdf5-4928-9e36-45c19fdffe58/extra_specs/spec3
Jul 26 13:47:01.215770 dv-cinder-825492-30-iscsi devstack@c-api.service[117548]: DEBUG cinder.api.openstack.wsgi [None req-570dc4ff-5863-4255-8310-22d5fed813f6 tempest-VolumeTypesExtraSpecsTest-441855948 tempest-VolumeTypesExtraSpecsTest-441855948-project-admin] Empty body provided in request {{(pid=117548) get_body /opt/stack/cinder/cinder/api/openstack/wsgi.py:715}}
Jul 26 13:47:01.216221 dv-cinder-825492-30-iscsi devstack@c-api.service[117548]: DEBUG cinder.api.openstack.wsgi [None req-570dc4ff-5863-4255-8310-22d5fed813f6 tempest-VolumeTypesExtraSpecsTest-441855948 tempest-VolumeTypesExtraSpecsTest-441855948-project-admin] Calling method 'delete' {{(pid=117548) _process_stack /opt/stack/cinder/cinder/api/openstack/wsgi.py:868}}
Jul 26 13:47:01.240946 dv-cinder-825492-30-iscsi devstack@c-api.service[117547]: DEBUG dbcounter [-] [117547] Writing DB stats cinder:SELECT=90,cinder:UPDATE=5,cinder:INSERT=5 {{(pid=117547) stat_writer /usr/local/lib/python3.8/dist-packages/dbcounter.py:114}}
Jul 26 13:47:01.252209 dv-cinder-825492-30-iscsi devstack@c-api.service[117548]: INFO cinder.api.openstack.wsgi [None req-570dc4ff-5863-4255-8310-22d5fed813f6 tempest-VolumeTypesExtraSpecsTest-441855948 tempest-VolumeTypesExtraSpecsTest-441855948-project-admin] http://10.222.0.58/volume/v3/0431e54a61d44cf3bfeaa6681788c337/types/6a072e6b-fdf5-4928-9e36-45c19fdffe58/extra_specs/spec3 returned with HTTP 202
Jul 26 13:47:01.252978 dv-cinder-825492-30-iscsi devstack@c-api.service[117548]: [pid: 117548|app: 0|req: 81/187] 10.222.0.58 () {58 vars in 1376 bytes} [Tue Jul 26 13:47:01 2022] DELETE /volume/v3/0431e54a61d44cf3bfeaa6681788c337/types/6a072e6b-fdf5-4928-9e36-45c19fdffe58/extra_specs/spec3 => generated 0 bytes in 43 msecs (HTTP/1.1 202) 7 headers in 289 bytes (1 switches on core 0)
Jul 26 13:47:01.255050 dv-cinder-825492-30-iscsi devstack@c-api.service[117548]: DEBUG cinder.api.middleware.request_id [None req-91fe3e13-3743-42b7-9753-ea8003815f76 None None] RequestId filter calling following filter/app {{(pid=117548) _context_setter /opt/stack/cinder/cinder/api/middleware/request_id.py:62}}
Jul 26 13:47:01.259220 dv-cinder-825492-30-iscsi devstack@c-api.service[117548]: INFO cinder.api.openstack.wsgi [None req-91fe3e13-3743-42b7-9753-ea8003815f76 tempest-GroupSnapshotsTest-46490395 tempest-GroupSnapshotsTest-46490395-project] GET http://10.222.0.58/volume/v3/8071f81ccad0427db5883efba1c28b0b/groups/f006ca4f-c43c-4657-9c5c-5f8b538aeada
Jul 26 13:47:01.259841 dv-cinder-825492-30-iscsi devstack@c-api.service[117548]: DEBUG cinder.api.openstack.wsgi [None req-91fe3e13-3743-42b7-9753-ea8003815f76 tempest-GroupSnapshotsTest-46490395 tempest-GroupSnapshotsTest-46490395-project] Empty body provided in request {{(pid=117548) get_body /opt/stack/cinder/cinder/api/openstack/wsgi.py:715}}
Jul 26 13:47:01.260287 dv-cinder-825492-30-iscsi devstack@c-api.service[117548]: DEBUG cinder.api.openstack.wsgi [None req-91fe3e13-3743-42b7-9753-ea8003815f76 tempest-GroupSnapshotsTest-46490395 tempest-GroupSnapshotsTest-46490395-project] Calling method 'version_select' {{(pid=117548) _process_stack /opt/stack/cinder/cinder/api/openstack/wsgi.py:868}}
Jul 26 13:47:01.260778 dv-cinder-825492-30-iscsi devstack@c-api.service[117548]: DEBUG cinder.api.v3.groups [None req-91fe3e13-3743-42b7-9753-ea8003815f76 tempest-GroupSnapshotsTest-46490395 tempest-GroupSnapshotsTest-46490395-project] show called for member f006ca4f-c43c-4657-9c5c-5f8b538aeada {{(pid=117548) show /opt/stack/cinder/cinder/api/v3/groups.py:58}}
Jul 26 13:47:01.268451 dv-cinder-825492-30-iscsi devstack@c-api.service[117548]: /usr/local/lib/python3.8/dist-packages/oslo_context/context.py:100: DeprecationWarning: Policy enforcement is depending on the value of is_admin. This key is deprecated. Please update your policy file to use the standard policy values.
Jul 26 13:47:01.268451 dv-cinder-825492-30-iscsi devstack@c-api.service[117548]: warnings.warn('Policy enforcement is depending on the value of '
Jul 26 13:47:01.286918 dv-cinder-825492-30-iscsi devstack@c-api.service[117548]: INFO cinder.api.openstack.wsgi [None req-91fe3e13-3743-42b7-9753-ea8003815f76 tempest-GroupSnapshotsTest-46490395 tempest-GroupSnapshotsTest-46490395-project] http://10.222.0.58/volume/v3/8071f81ccad0427db5883efba1c28b0b/groups/f006ca4f-c43c-4657-9c5c-5f8b538aeada returned with HTTP 200
Jul 26 13:47:01.287737 dv-cinder-825492-30-iscsi devstack@c-api.service[117548]: [pid: 117548|app: 0|req: 82/188] 10.222.0.58 () {60 vars in 1363 bytes} [Tue Jul 26 13:47:01 2022] GET /volume/v3/8071f81ccad0427db5883efba1c28b0b/groups/f006ca4f-c43c-4657-9c5c-5f8b538aeada => generated 393 bytes in 33 msecs (HTTP/1.1 200) 7 headers in 286 bytes (1 switches on core 0)
Jul 26 13:47:01.288915 dv-cinder-825492-30-iscsi devstack@c-api.service[117548]: DEBUG cinder.api.middleware.request_id [None req-c85caa4b-22b3-4537-b3e7-c610950be89b None None] RequestId filter calling following filter/app {{(pid=117548) _context_setter /opt/stack/cinder/cinder/api/middleware/request_id.py:62}}
Jul 26 13:47:01.293934 dv-cinder-825492-30-iscsi devstack@c-api.service[117548]: INFO cinder.api.openstack.wsgi [None req-c85caa4b-22b3-4537-b3e7-c610950be89b tempest-VolumeTypesExtraSpecsTest-441855948 tempest-VolumeTypesExtraSpecsTest-441855948-project-admin] GET http://10.222.0.58/volume/v3/0431e54a61d44cf3bfeaa6681788c337/types/6a072e6b-fdf5-4928-9e36-45c19fdffe58/extra_specs/spec3
