Jul 25 12:40:07.783492 dv-cinder-825492-28-iscsi devstack@c-api.service[112562]: INFO cinder.api.openstack.wsgi [None req-c8d5bf36-3613-46ed-b33c-c46a9fbbd146 tempest-UserMessagesTest-926745528 tempest-UserMessagesTest-926745528-project] http://10.222.0.60/volume/v3/e00decd887e94aecbd4fdfd7203aa56e/volumes/7a23c8eb-8b7f-4ee6-91e5-3c227ed9e4d2 returned with HTTP 404
Jul 25 12:40:07.784273 dv-cinder-825492-28-iscsi devstack@c-api.service[112562]: [pid: 112562|app: 0|req: 129/228] 10.222.0.60 () {60 vars in 1365 bytes} [Mon Jul 25 12:40:07 2022] GET /volume/v3/e00decd887e94aecbd4fdfd7203aa56e/volumes/7a23c8eb-8b7f-4ee6-91e5-3c227ed9e4d2 => generated 109 bytes in 17 msecs (HTTP/1.1 404) 7 headers in 292 bytes (1 switches on core 0)
Jul 25 12:40:07.788680 dv-cinder-825492-28-iscsi devstack@c-api.service[112563]: DEBUG cinder.api.middleware.request_id [None req-0379384d-cec6-444e-aa1b-49c6a775ae7a None None] RequestId filter calling following filter/app {{(pid=112563) _context_setter /opt/stack/cinder/cinder/api/middleware/request_id.py:62}}
Jul 25 12:40:07.792574 dv-cinder-825492-28-iscsi devstack@c-api.service[112563]: INFO cinder.api.openstack.wsgi [None req-0379384d-cec6-444e-aa1b-49c6a775ae7a tempest-UserMessagesTest-2058778895 tempest-UserMessagesTest-2058778895-project-admin] DELETE http://10.222.0.60/volume/v3/4b75343619e54573942614c826f04600/types/e1938e54-a68a-4ef6-8eb7-7ccbb916734f
Jul 25 12:40:07.793014 dv-cinder-825492-28-iscsi devstack@c-api.service[112563]: DEBUG cinder.api.openstack.wsgi [None req-0379384d-cec6-444e-aa1b-49c6a775ae7a tempest-UserMessagesTest-2058778895 tempest-UserMessagesTest-2058778895-project-admin] Empty body provided in request {{(pid=112563) get_body /opt/stack/cinder/cinder/api/openstack/wsgi.py:715}}
Jul 25 12:40:07.793484 dv-cinder-825492-28-iscsi devstack@c-api.service[112563]: DEBUG cinder.api.openstack.wsgi [None req-0379384d-cec6-444e-aa1b-49c6a775ae7a tempest-UserMessagesTest-2058778895 tempest-UserMessagesTest-2058778895-project-admin] Calling method '_delete' {{(pid=112563) _process_stack /opt/stack/cinder/cinder/api/openstack/wsgi.py:868}}
Jul 25 12:40:07.834793 dv-cinder-825492-28-iscsi devstack@c-api.service[112563]: INFO cinder.api.openstack.wsgi [None req-0379384d-cec6-444e-aa1b-49c6a775ae7a tempest-UserMessagesTest-2058778895 tempest-UserMessagesTest-2058778895-project-admin] http://10.222.0.60/volume/v3/4b75343619e54573942614c826f04600/types/e1938e54-a68a-4ef6-8eb7-7ccbb916734f returned with HTTP 202
Jul 25 12:40:07.835577 dv-cinder-825492-28-iscsi devstack@c-api.service[112563]: [pid: 112563|app: 0|req: 100/229] 10.222.0.60 () {58 vars in 1322 bytes} [Mon Jul 25 12:40:07 2022] DELETE /volume/v3/4b75343619e54573942614c826f04600/types/e1938e54-a68a-4ef6-8eb7-7ccbb916734f => generated 0 bytes in 48 msecs (HTTP/1.1 202) 6 headers in 233 bytes (1 switches on core 0)
Jul 25 12:40:07.839870 dv-cinder-825492-28-iscsi devstack@c-api.service[112562]: DEBUG cinder.api.middleware.request_id [None req-9b96e038-fdaa-4fe4-8a8f-6e8ad203ebda None None] RequestId filter calling following filter/app {{(pid=112562) _context_setter /opt/stack/cinder/cinder/api/middleware/request_id.py:62}}
Jul 25 12:40:07.843523 dv-cinder-825492-28-iscsi devstack@c-api.service[112562]: INFO cinder.api.openstack.wsgi [None req-9b96e038-fdaa-4fe4-8a8f-6e8ad203ebda tempest-UserMessagesTest-2058778895 tempest-UserMessagesTest-2058778895-project-admin] GET http://10.222.0.60/volume/v3/4b75343619e54573942614c826f04600/types/e1938e54-a68a-4ef6-8eb7-7ccbb916734f
Jul 25 12:40:07.843959 dv-cinder-825492-28-iscsi devstack@c-api.service[112562]: DEBUG cinder.api.openstack.wsgi [None req-9b96e038-fdaa-4fe4-8a8f-6e8ad203ebda tempest-UserMessagesTest-2058778895 tempest-UserMessagesTest-2058778895-project-admin] Empty body provided in request {{(pid=112562) get_body /opt/stack/cinder/cinder/api/openstack/wsgi.py:715}}
Jul 25 12:40:07.844408 dv-cinder-825492-28-iscsi devstack@c-api.service[112562]: DEBUG cinder.api.openstack.wsgi [None req-9b96e038-fdaa-4fe4-8a8f-6e8ad203ebda tempest-UserMessagesTest-2058778895 tempest-UserMessagesTest-2058778895-project-admin] Calling method 'show' {{(pid=112562) _process_stack /opt/stack/cinder/cinder/api/openstack/wsgi.py:868}}
Jul 25 12:40:07.849647 dv-cinder-825492-28-iscsi devstack@c-api.service[112562]: INFO cinder.api.openstack.wsgi [None req-9b96e038-fdaa-4fe4-8a8f-6e8ad203ebda tempest-UserMessagesTest-2058778895 tempest-UserMessagesTest-2058778895-project-admin] http://10.222.0.60/volume/v3/4b75343619e54573942614c826f04600/types/e1938e54-a68a-4ef6-8eb7-7ccbb916734f returned with HTTP 404
Jul 25 12:40:07.850505 dv-cinder-825492-28-iscsi devstack@c-api.service[112562]: [pid: 112562|app: 0|req: 130/230] 10.222.0.60 () {58 vars in 1319 bytes} [Mon Jul 25 12:40:07 2022] GET /volume/v3/4b75343619e54573942614c826f04600/types/e1938e54-a68a-4ef6-8eb7-7ccbb916734f => generated 114 bytes in 12 msecs (HTTP/1.1 404) 7 headers in 292 bytes (1 switches on core 0)
Jul 25 12:40:08.247422 dv-cinder-825492-28-iscsi devstack@c-api.service[112563]: DEBUG cinder.api.middleware.request_id [None req-ab9efee5-aa01-4838-81f4-bf5d23754c9b None None] RequestId filter calling following filter/app {{(pid=112563) _context_setter /opt/stack/cinder/cinder/api/middleware/request_id.py:62}}
Jul 25 12:40:08.252828 dv-cinder-825492-28-iscsi devstack@c-api.service[112563]: INFO cinder.api.openstack.wsgi [None req-ab9efee5-aa01-4838-81f4-bf5d23754c9b tempest-GroupsV314Test-1703008985 tempest-GroupsV314Test-1703008985-project] GET http://10.222.0.60/volume/v3/2a4bed0a77f34ddaa655b9c17f29825f/groups/465245dc-32ba-4b52-86ff-6b98b7604846
Jul 25 12:40:08.253323 dv-cinder-825492-28-iscsi devstack@c-api.service[112563]: DEBUG cinder.api.openstack.wsgi [None req-ab9efee5-aa01-4838-81f4-bf5d23754c9b tempest-GroupsV314Test-1703008985 tempest-GroupsV314Test-1703008985-project] Empty body provided in request {{(pid=112563) get_body /opt/stack/cinder/cinder/api/openstack/wsgi.py:715}}
Jul 25 12:40:08.253776 dv-cinder-825492-28-iscsi devstack@c-api.service[112563]: DEBUG cinder.api.openstack.wsgi [None req-ab9efee5-aa01-4838-81f4-bf5d23754c9b tempest-GroupsV314Test-1703008985 tempest-GroupsV314Test-1703008985-project] Calling method 'version_select' {{(pid=112563) _process_stack /opt/stack/cinder/cinder/api/openstack/wsgi.py:868}}
Jul 25 12:40:08.254389 dv-cinder-825492-28-iscsi devstack@c-api.service[112563]: DEBUG cinder.api.v3.groups [None req-ab9efee5-aa01-4838-81f4-bf5d23754c9b tempest-GroupsV314Test-1703008985 tempest-GroupsV314Test-1703008985-project] show called for member 465245dc-32ba-4b52-86ff-6b98b7604846 {{(pid=112563) show /opt/stack/cinder/cinder/api/v3/groups.py:58}}
Jul 25 12:40:08.261219 dv-cinder-825492-28-iscsi devstack@c-api.service[112563]: /usr/local/lib/python3.8/dist-packages/oslo_context/context.py:100: DeprecationWarning: Policy enforcement is depending on the value of is_admin. This key is deprecated. Please update your policy file to use the standard policy values.
Jul 25 12:40:08.261219 dv-cinder-825492-28-iscsi devstack@c-api.service[112563]: warnings.warn('Policy enforcement is depending on the value of '
Jul 25 12:40:08.276408 dv-cinder-825492-28-iscsi devstack@c-api.service[112563]: INFO cinder.api.openstack.wsgi [None req-ab9efee5-aa01-4838-81f4-bf5d23754c9b tempest-GroupsV314Test-1703008985 tempest-GroupsV314Test-1703008985-project] http://10.222.0.60/volume/v3/2a4bed0a77f34ddaa655b9c17f29825f/groups/465245dc-32ba-4b52-86ff-6b98b7604846 returned with HTTP 200
Jul 25 12:40:08.277470 dv-cinder-825492-28-iscsi devstack@c-api.service[112563]: [pid: 112563|app: 0|req: 101/231] 10.222.0.60 () {60 vars in 1363 bytes} [Mon Jul 25 12:40:08 2022] GET /volume/v3/2a4bed0a77f34ddaa655b9c17f29825f/groups/465245dc-32ba-4b52-86ff-6b98b7604846 => generated 388 bytes in 31 msecs (HTTP/1.1 200) 7 headers in 286 bytes (1 switches on core 0)
Jul 25 12:40:08.581280 dv-cinder-825492-28-iscsi devstack@c-api.service[112562]: DEBUG cinder.api.middleware.request_id [None req-02381924-d88f-4f4a-8919-97fbeda04754 None None] RequestId filter calling following filter/app {{(pid=112562) _context_setter /opt/stack/cinder/cinder/api/middleware/request_id.py:62}}
Jul 25 12:40:08.585397 dv-cinder-825492-28-iscsi devstack@c-api.service[112562]: INFO cinder.api.openstack.wsgi [None req-02381924-d88f-4f4a-8919-97fbeda04754 tempest-VolumeRetypeWithoutMigrationTest-672585081 tempest-VolumeRetypeWithoutMigrationTest-672585081-project] GET http://10.222.0.60/volume/v3/9e0c8d7c32674536907ba51031b5e05e/volumes/8897a60b-46bf-4b58-9f63-1b8a385a1e12
Jul 25 12:40:08.586053 dv-cinder-825492-28-iscsi devstack@c-api.service[112562]: DEBUG cinder.api.openstack.wsgi [None req-02381924-d88f-4f4a-8919-97fbeda04754 tempest-VolumeRetypeWithoutMigrationTest-672585081 tempest-VolumeRetypeWithoutMigrationTest-672585081-project] Empty body provided in request {{(pid=112562) get_body /opt/stack/cinder/cinder/api/openstack/wsgi.py:715}}
Jul 25 12:40:08.586505 dv-cinder-825492-28-iscsi devstack@c-api.service[112562]: DEBUG cinder.api.openstack.wsgi [None req-02381924-d88f-4f4a-8919-97fbeda04754 tempest-VolumeRetypeWithoutMigrationTest-672585081 tempest-VolumeRetypeWithoutMigrationTest-672585081-project] Calling method 'show' {{(pid=112562) _process_stack /opt/stack/cinder/cinder/api/openstack/wsgi.py:868}}
Jul 25 12:40:08.619689 dv-cinder-825492-28-iscsi devstack@c-api.service[112562]: /usr/local/lib/python3.8/dist-packages/oslo_context/context.py:100: DeprecationWarning: Policy enforcement is depending on the value of is_admin. This key is deprecated. Please update your policy file to use the standard policy values.
Jul 25 12:40:08.619689 dv-cinder-825492-28-iscsi devstack@c-api.service[112562]: warnings.warn('Policy enforcement is depending on the value of '
Jul 25 12:40:08.651554 dv-cinder-825492-28-iscsi devstack@c-api.service[112562]: INFO cinder.volume.api [None req-02381924-d88f-4f4a-8919-97fbeda04754 tempest-VolumeRetypeWithoutMigrationTest-672585081 tempest-VolumeRetypeWithoutMigrationTest-672585081-project] Volume info retrieved successfully.
Jul 25 12:40:08.665648 dv-cinder-825492-28-iscsi devstack@c-api.service[112562]: INFO cinder.api.openstack.wsgi [None req-02381924-d88f-4f4a-8919-97fbeda04754 tempest-VolumeRetypeWithoutMigrationTest-672585081 tempest-VolumeRetypeWithoutMigrationTest-672585081-project] http://10.222.0.60/volume/v3/9e0c8d7c32674536907ba51031b5e05e/volumes/8897a60b-46bf-4b58-9f63-1b8a385a1e12 returned with HTTP 200
Jul 25 12:40:08.666519 dv-cinder-825492-28-iscsi devstack@c-api.service[112562]: [pid: 112562|app: 0|req: 131/232] 10.222.0.60 () {58 vars in 1325 bytes} [Mon Jul 25 12:40:08 2022] GET /volume/v3/9e0c8d7c32674536907ba51031b5e05e/volumes/8897a60b-46bf-4b58-9f63-1b8a385a1e12 => generated 926 bytes in 86 msecs (HTTP/1.1 200) 7 headers in 285 bytes (1 switches on core 0)
Jul 25 12:40:08.687874 dv-cinder-825492-28-iscsi devstack@c-api.service[112563]: DEBUG cinder.api.middleware.request_id [None req-e1e6bf5e-15c6-468d-b5cf-c8d6f1e1de9a None None] RequestId filter calling following filter/app {{(pid=112563) _context_setter /opt/stack/cinder/cinder/api/middleware/request_id.py:62}}
Jul 25 12:40:08.692562 dv-cinder-825492-28-iscsi devstack@c-api.service[112563]: INFO cinder.api.openstack.wsgi [None req-e1e6bf5e-15c6-468d-b5cf-c8d6f1e1de9a tempest-SnapshotsActionsTest-103362196 tempest-SnapshotsActionsTest-103362196-project] GET http://10.222.0.60/volume/v3/3f20ce7126484948b2ebd2c0a4985ec6/snapshots/52e602fa-6aef-43df-bf27-16562bfcef75
Jul 25 12:40:08.693047 dv-cinder-825492-28-iscsi devstack@c-api.service[112563]: DEBUG cinder.api.openstack.wsgi [None req-e1e6bf5e-15c6-468d-b5cf-c8d6f1e1de9a tempest-SnapshotsActionsTest-103362196 tempest-SnapshotsActionsTest-103362196-project] Empty body provided in request {{(pid=112563) get_body /opt/stack/cinder/cinder/api/openstack/wsgi.py:715}}
Jul 25 12:40:08.693501 dv-cinder-825492-28-iscsi devstack@c-api.service[112563]: DEBUG cinder.api.openstack.wsgi [None req-e1e6bf5e-15c6-468d-b5cf-c8d6f1e1de9a tempest-SnapshotsActionsTest-103362196 tempest-SnapshotsActionsTest-103362196-project] Calling method 'show' {{(pid=112563) _process_stack /opt/stack/cinder/cinder/api/openstack/wsgi.py:868}}
Jul 25 12:40:08.706651 dv-cinder-825492-28-iscsi devstack@c-api.service[112563]: /usr/local/lib/python3.8/dist-packages/oslo_context/context.py:100: DeprecationWarning: Policy enforcement is depending on the value of is_admin. This key is deprecated. Please update your policy file to use the standard policy values.
Jul 25 12:40:08.706651 dv-cinder-825492-28-iscsi devstack@c-api.service[112563]: warnings.warn('Policy enforcement is depending on the value of '
Jul 25 12:40:08.708012 dv-cinder-825492-28-iscsi devstack@c-api.service[112563]: INFO cinder.volume.api [None req-e1e6bf5e-15c6-468d-b5cf-c8d6f1e1de9a tempest-SnapshotsActionsTest-103362196 tempest-SnapshotsActionsTest-103362196-project] Snapshot retrieved successfully.
Jul 25 12:40:08.710149 dv-cinder-825492-28-iscsi devstack@c-api.service[112563]: INFO cinder.api.openstack.wsgi [None req-e1e6bf5e-15c6-468d-b5cf-c8d6f1e1de9a tempest-SnapshotsActionsTest-103362196 tempest-SnapshotsActionsTest-103362196-project] http://10.222.0.60/volume/v3/3f20ce7126484948b2ebd2c0a4985ec6/snapshots/52e602fa-6aef-43df-bf27-16562bfcef75 returned with HTTP 200
Jul 25 12:40:08.711680 dv-cinder-825492-28-iscsi devstack@c-api.service[112563]: [pid: 112563|app: 0|req: 102/233] 10.222.0.60 () {58 vars in 1331 bytes} [Mon Jul 25 12:40:08 2022] GET /volume/v3/3f20ce7126484948b2ebd2c0a4985ec6/snapshots/52e602fa-6aef-43df-bf27-16562bfcef75 => generated 439 bytes in 24 msecs (HTTP/1.1 200) 7 headers in 285 bytes (1 switches on core 0)
Jul 25 12:40:09.286993 dv-cinder-825492-28-iscsi devstack@c-api.service[112562]: DEBUG cinder.api.middleware.request_id [None req-c4c892d6-017d-4845-ad88-fe6d3e6ac337 None None] RequestId filter calling following filter/app {{(pid=112562) _context_setter /opt/stack/cinder/cinder/api/middleware/request_id.py:62}}
Jul 25 12:40:09.290956 dv-cinder-825492-28-iscsi devstack@c-api.service[112562]: INFO cinder.api.openstack.wsgi [None req-c4c892d6-017d-4845-ad88-fe6d3e6ac337 tempest-GroupsV314Test-1703008985 tempest-GroupsV314Test-1703008985-project] GET http://10.222.0.60/volume/v3/2a4bed0a77f34ddaa655b9c17f29825f/groups/465245dc-32ba-4b52-86ff-6b98b7604846
Jul 25 12:40:09.291450 dv-cinder-825492-28-iscsi devstack@c-api.service[112562]: DEBUG cinder.api.openstack.wsgi [None req-c4c892d6-017d-4845-ad88-fe6d3e6ac337 tempest-GroupsV314Test-1703008985 tempest-GroupsV314Test-1703008985-project] Empty body provided in request {{(pid=112562) get_body /opt/stack/cinder/cinder/api/openstack/wsgi.py:715}}
Jul 25 12:40:09.291926 dv-cinder-825492-28-iscsi devstack@c-api.service[112562]: DEBUG cinder.api.openstack.wsgi [None req-c4c892d6-017d-4845-ad88-fe6d3e6ac337 tempest-GroupsV314Test-1703008985 tempest-GroupsV314Test-1703008985-project] Calling method 'version_select' {{(pid=112562) _process_stack /opt/stack/cinder/cinder/api/openstack/wsgi.py:868}}
Jul 25 12:40:09.292272 dv-cinder-825492-28-iscsi devstack@c-api.service[112562]: DEBUG cinder.api.v3.groups [None req-c4c892d6-017d-4845-ad88-fe6d3e6ac337 tempest-GroupsV314Test-1703008985 tempest-GroupsV314Test-1703008985-project] show called for member 465245dc-32ba-4b52-86ff-6b98b7604846 {{(pid=112562) show /opt/stack/cinder/cinder/api/v3/groups.py:58}}
Jul 25 12:40:09.299152 dv-cinder-825492-28-iscsi devstack@c-api.service[112562]: /usr/local/lib/python3.8/dist-packages/oslo_context/context.py:100: DeprecationWarning: Policy enforcement is depending on the value of is_admin. This key is deprecated. Please update your policy file to use the standard policy values.
Jul 25 12:40:09.299152 dv-cinder-825492-28-iscsi devstack@c-api.service[112562]: warnings.warn('Policy enforcement is depending on the value of '
Jul 25 12:40:09.315189 dv-cinder-825492-28-iscsi devstack@c-api.service[112562]: INFO cinder.api.openstack.wsgi [None req-c4c892d6-017d-4845-ad88-fe6d3e6ac337 tempest-GroupsV314Test-1703008985 tempest-GroupsV314Test-1703008985-project] http://10.222.0.60/volume/v3/2a4bed0a77f34ddaa655b9c17f29825f/groups/465245dc-32ba-4b52-86ff-6b98b7604846 returned with HTTP 200
Jul 25 12:40:09.322914 dv-cinder-825492-28-iscsi devstack@c-api.service[112562]: [pid: 112562|app: 0|req: 132/234] 10.222.0.60 () {60 vars in 1363 bytes} [Mon Jul 25 12:40:09 2022] GET /volume/v3/2a4bed0a77f34ddaa655b9c17f29825f/groups/465245dc-32ba-4b52-86ff-6b98b7604846 => generated 389 bytes in 30 msecs (HTTP/1.1 200) 7 headers in 286 bytes (1 switches on core 0)
Jul 25 12:40:09.324526 dv-cinder-825492-28-iscsi devstack@c-api.service[112563]: DEBUG cinder.api.middleware.request_id [None req-832879fa-b635-42e0-9590-80b094ced128 None None] RequestId filter calling following filter/app {{(pid=112563) _context_setter /opt/stack/cinder/cinder/api/middleware/request_id.py:62}}
Jul 25 12:40:09.328199 dv-cinder-825492-28-iscsi devstack@c-api.service[112563]: INFO cinder.api.openstack.wsgi [None req-832879fa-b635-42e0-9590-80b094ced128 tempest-GroupsV314Test-1703008985 tempest-GroupsV314Test-1703008985-project] POST http://10.222.0.60/volume/v3/2a4bed0a77f34ddaa655b9c17f29825f/volumes
Jul 25 12:40:09.329105 dv-cinder-825492-28-iscsi devstack@c-api.service[112563]: DEBUG cinder.api.openstack.wsgi [None req-832879fa-b635-42e0-9590-80b094ced128 tempest-GroupsV314Test-1703008985 tempest-GroupsV314Test-1703008985-project] Action: 'create', calling method: create, body: {"volume": {"volume_type": "b417dd55-ec59-42cb-a76f-452790b4d6d3", "group_id": "465245dc-32ba-4b52-86ff-6b98b7604846", "size": 1, "name": "tempest-GroupsV314Test-Volume-547628886"}} {{(pid=112563) _process_stack /opt/stack/cinder/cinder/api/openstack/wsgi.py:866}}
Jul 25 12:40:09.331538 dv-cinder-825492-28-iscsi devstack@c-api.service[112563]: DEBUG cinder.api.v3.volumes [None req-832879fa-b635-42e0-9590-80b094ced128 tempest-GroupsV314Test-1703008985 tempest-GroupsV314Test-1703008985-project] Create volume request body: {'volume': {'volume_type': 'b417dd55-ec59-42cb-a76f-452790b4d6d3', 'group_id': '465245dc-32ba-4b52-86ff-6b98b7604846', 'size': 1, 'name': 'tempest-GroupsV314Test-Volume-547628886'}} {{(pid=112563) create /opt/stack/cinder/cinder/api/v3/volumes.py:298}}
Jul 25 12:40:09.345284 dv-cinder-825492-28-iscsi devstack@c-api.service[112563]: /usr/local/lib/python3.8/dist-packages/oslo_context/context.py:100: DeprecationWarning: Policy enforcement is depending on the value of is_admin. This key is deprecated. Please update your policy file to use the standard policy values.
Jul 25 12:40:09.345284 dv-cinder-825492-28-iscsi devstack@c-api.service[112563]: warnings.warn('Policy enforcement is depending on the value of '
Jul 25 12:40:09.346664 dv-cinder-825492-28-iscsi devstack@c-api.service[112563]: INFO cinder.api.v3.volumes [None req-832879fa-b635-42e0-9590-80b094ced128 tempest-GroupsV314Test-1703008985 tempest-GroupsV314Test-1703008985-project] Create volume of 1 GB
Jul 25 12:40:09.359223 dv-cinder-825492-28-iscsi devstack@c-api.service[112563]: INFO cinder.volume.api [None req-832879fa-b635-42e0-9590-80b094ced128 tempest-GroupsV314Test-1703008985 tempest-GroupsV314Test-1703008985-project] Availability Zones retrieved successfully.
Jul 25 12:40:09.377513 dv-cinder-825492-28-iscsi devstack@c-api.service[112563]: DEBUG cinder.volume.api [None req-832879fa-b635-42e0-9590-80b094ced128 tempest-GroupsV314Test-1703008985 tempest-GroupsV314Test-1703008985-project] Flow 'volume_create_api' (4b358703-ba85-421e-b579-25401464525c) transitioned into state 'RUNNING' from state 'PENDING' {{(pid=112563) _flow_receiver /usr/local/lib/python3.8/dist-packages/taskflow/listeners/logging.py:141}}
Jul 25 12:40:09.381025 dv-cinder-825492-28-iscsi devstack@c-api.service[112563]: DEBUG cinder.volume.api [None req-832879fa-b635-42e0-9590-80b094ced128 tempest-GroupsV314Test-1703008985 tempest-GroupsV314Test-1703008985-project] Task 'cinder.volume.flows.api.create_volume.ExtractVolumeRequestTask;volume:create' (23506c8c-11e7-40cc-994c-7cb505cbcfba) transitioned into state 'RUNNING' from state 'PENDING' {{(pid=112563) _task_receiver /usr/local/lib/python3.8/dist-packages/taskflow/listeners/logging.py:190}}
Jul 25 12:40:09.382775 dv-cinder-825492-28-iscsi devstack@c-api.service[112563]: /usr/local/lib/python3.8/dist-packages/oslo_context/context.py:100: DeprecationWarning: Policy enforcement is depending on the value of is_admin. This key is deprecated. Please update your policy file to use the standard policy values.
Jul 25 12:40:09.382775 dv-cinder-825492-28-iscsi devstack@c-api.service[112563]: warnings.warn('Policy enforcement is depending on the value of '
Jul 25 12:40:09.383944 dv-cinder-825492-28-iscsi devstack@c-api.service[112563]: DEBUG cinder.volume.flows.api.create_volume [None req-832879fa-b635-42e0-9590-80b094ced128 tempest-GroupsV314Test-1703008985 tempest-GroupsV314Test-1703008985-project] Validating volume size '1' using validate_int {{(pid=112563) _extract_size /opt/stack/cinder/cinder/volume/flows/api/create_volume.py:228}}
Jul 25 12:40:09.410092 dv-cinder-825492-28-iscsi devstack@c-api.service[112563]: DEBUG cinder.volume.api [None req-832879fa-b635-42e0-9590-80b094ced128 tempest-GroupsV314Test-1703008985 tempest-GroupsV314Test-1703008985-project] Task 'cinder.volume.flows.api.create_volume.ExtractVolumeRequestTask;volume:create' (23506c8c-11e7-40cc-994c-7cb505cbcfba) transitioned into state 'SUCCESS' from state 'RUNNING' with result '{'size': 1, 'snapshot_id': None, 'source_volid': None, 'volume_type': VolumeType(created_at=2022-07-25T12:40:07Z,deleted=False,deleted_at=None,description=None,extra_specs={},id=b417dd55-ec59-42cb-a76f-452790b4d6d3,is_public=True,name='tempest-GroupsV314Test-volume-type-1583178532',projects=[],qos_specs=,qos_specs_id=None,updated_at=None), 'volume_type_id': 'b417dd55-ec59-42cb-a76f-452790b4d6d3', 'encryption_key_id': None, 'qos_specs': None, 'consistencygroup_id': None, 'cgsnapshot_id': None, 'group_id': '465245dc-32ba-4b52-86ff-6b98b7604846', 'replication_status': 'disabled', 'refresh_az': False, 'backup_id': None, 'multiattach': False, 'availability_zones': ['nova']}' {{(pid=112563) _task_receiver /usr/local/lib/python3.8/dist-packages/taskflow/listeners/logging.py:178}}
Jul 25 12:40:09.412179 dv-cinder-825492-28-iscsi devstack@c-api.service[112563]: DEBUG cinder.volume.api [None req-832879fa-b635-42e0-9590-80b094ced128 tempest-GroupsV314Test-1703008985 tempest-GroupsV314Test-1703008985-project] Task 'cinder.volume.flows.api.create_volume.QuotaReserveTask;volume:create' (322bde51-aedc-43df-9912-03299caad00d) transitioned into state 'RUNNING' from state 'PENDING' {{(pid=112563) _task_receiver /usr/local/lib/python3.8/dist-packages/taskflow/listeners/logging.py:190}}
Jul 25 12:40:09.451423 dv-cinder-825492-28-iscsi devstack@c-api.service[112563]: WARNING cinder.quota [None req-832879fa-b635-42e0-9590-80b094ced128 tempest-GroupsV314Test-1703008985 tempest-GroupsV314Test-1703008985-project] Deprecated: Default quota for resource: volumes_tempest-GroupsV314Test-volume-type-1583178532 is set by the default quota flag: quota_volumes_tempest-GroupsV314Test-volume-type-1583178532, it is now deprecated. Please use the default quota class for default quota.
Jul 25 12:40:09.452768 dv-cinder-825492-28-iscsi devstack@c-api.service[112563]: WARNING cinder.quota [None req-832879fa-b635-42e0-9590-80b094ced128 tempest-GroupsV314Test-1703008985 tempest-GroupsV314Test-1703008985-project] Deprecated: Default quota for resource: gigabytes_tempest-GroupsV314Test-volume-type-1583178532 is set by the default quota flag: quota_gigabytes_tempest-GroupsV314Test-volume-type-1583178532, it is now deprecated. Please use the default quota class for default quota.
Jul 25 12:40:09.505080 dv-cinder-825492-28-iscsi devstack@c-api.service[112563]: DEBUG dbcounter [-] [112563] Writing DB stats cinder:SELECT=68,cinder:INSERT=11,cinder:UPDATE=21 {{(pid=112563) stat_writer /usr/local/lib/python3.8/dist-packages/dbcounter.py:114}}
Jul 25 12:40:09.515237 dv-cinder-825492-28-iscsi devstack@c-api.service[112563]: DEBUG cinder.quota [None req-832879fa-b635-42e0-9590-80b094ced128 tempest-GroupsV314Test-1703008985 tempest-GroupsV314Test-1703008985-project] Created reservations ['0e033fb2-54a1-45f1-a751-de1280e9cc6e', '0db382b6-90a6-4ea3-96c2-a7283187430c', 'b687a6c1-5e93-4eba-8c89-0a7f2b1fd6f8', 'ca1cc71a-b549-49c3-8975-19e610e1c378'] {{(pid=112563) reserve /opt/stack/cinder/cinder/quota.py:755}}
Jul 25 12:40:09.517588 dv-cinder-825492-28-iscsi devstack@c-api.service[112563]: DEBUG cinder.volume.api [None req-832879fa-b635-42e0-9590-80b094ced128 tempest-GroupsV314Test-1703008985 tempest-GroupsV314Test-1703008985-project] Task 'cinder.volume.flows.api.create_volume.QuotaReserveTask;volume:create' (322bde51-aedc-43df-9912-03299caad00d) transitioned into state 'SUCCESS' from state 'RUNNING' with result '{'reservations': ['0e033fb2-54a1-45f1-a751-de1280e9cc6e', '0db382b6-90a6-4ea3-96c2-a7283187430c', 'b687a6c1-5e93-4eba-8c89-0a7f2b1fd6f8', 'ca1cc71a-b549-49c3-8975-19e610e1c378']}' {{(pid=112563) _task_receiver /usr/local/lib/python3.8/dist-packages/taskflow/listeners/logging.py:178}}
Jul 25 12:40:09.519693 dv-cinder-825492-28-iscsi devstack@c-api.service[112563]: DEBUG cinder.volume.api [None req-832879fa-b635-42e0-9590-80b094ced128 tempest-GroupsV314Test-1703008985 tempest-GroupsV314Test-1703008985-project] Task 'cinder.volume.flows.api.create_volume.EntryCreateTask;volume:create' (d6017999-2b53-436b-8bc4-5add537942c4) transitioned into state 'RUNNING' from state 'PENDING' {{(pid=112563) _task_receiver /usr/local/lib/python3.8/dist-packages/taskflow/listeners/logging.py:190}}
Jul 25 12:40:09.546757 dv-cinder-825492-28-iscsi devstack@c-api.service[112563]: DEBUG cinder.volume.api [None req-832879fa-b635-42e0-9590-80b094ced128 tempest-GroupsV314Test-1703008985 tempest-GroupsV314Test-1703008985-project] Task 'cinder.volume.flows.api.create_volume.EntryCreateTask;volume:create' (d6017999-2b53-436b-8bc4-5add537942c4) transitioned into state 'SUCCESS' from state 'RUNNING' with result '{'volume_id': 'ef086b84-0a63-4280-88b8-9e15d3679706', 'volume_properties': VolumeProperties(attach_status='detached',availability_zone='nova',cgsnapshot_id=None,consistencygroup_id=None,display_description=None,display_name='tempest-GroupsV314Test-Volume-547628886',encryption_key_id=None,group_id=465245dc-32ba-4b52-86ff-6b98b7604846,group_type_id=,metadata={},multiattach=False,project_id='2a4bed0a77f34ddaa655b9c17f29825f',qos_specs=None,replication_status=,reservations=['0e033fb2-54a1-45f1-a751-de1280e9cc6e','0db382b6-90a6-4ea3-96c2-a7283187430c','b687a6c1-5e93-4eba-8c89-0a7f2b1fd6f8','ca1cc71a-b549-49c3-8975-19e610e1c378'],size=1,snapshot_id=None,source_replicaid=,source_volid=None,status='creating',user_id='cb0b87ea736144f0b41c020a6c0a0eef',volume_type_id=b417dd55-ec59-42cb-a76f-452790b4d6d3), 'volume': Volume(_name_id=None,admin_metadata=,attach_status='detached',availability_zone='nova',bootable=False,cluster=,cluster_name=None,consistencygroup=,consistencygroup_id=None,created_at=2022-07-25T12:40:09Z,deleted=False,deleted_at=None,display_description=None,display_name='tempest-GroupsV314Test-Volume-547628886',ec2_id=None,encryption_key_id=None,glance_metadata=,group=,group_id=465245dc-32ba-4b52-86ff-6b98b7604846,host=None,id=ef086b84-0a63-4280-88b8-9e15d3679706,launched_at=None,metadata={},migration_status=None,multiattach=False,previous_status=None,project_id='2a4bed0a77f34ddaa655b9c17f29825f',provider_auth=None,provider_geometry=None,provider_id=None,provider_location=None,replication_driver_data=None,replication_extended_status=None,replication_status=None,scheduled_at=None,service_uuid=None,shared_targets=True,size=1,snapshot_id=None,snapshots=,source_volid=None,status='creating',terminated_at=None,updated_at=None,use_quota=True,user_id='cb0b87ea736144f0b41c020a6c0a0eef',volume_attachment=VolumeAttachmentList,volume_type=VolumeType(b417dd55-ec59-42cb-a76f-452790b4d6d3),volume_type_id=b417dd55-ec59-42cb-a76f-452790b4d6d3)}' {{(pid=112563) _task_receiver /usr/local/lib/python3.8/dist-packages/taskflow/listeners/logging.py:178}}
Jul 25 12:40:09.548678 dv-cinder-825492-28-iscsi devstack@c-api.service[112563]: DEBUG cinder.volume.api [None req-832879fa-b635-42e0-9590-80b094ced128 tempest-GroupsV314Test-1703008985 tempest-GroupsV314Test-1703008985-project] Task 'cinder.volume.flows.api.create_volume.QuotaCommitTask;volume:create' (aea4274c-1dc8-4459-af9a-3e598f74589a) transitioned into state 'RUNNING' from state 'PENDING' {{(pid=112563) _task_receiver /usr/local/lib/python3.8/dist-packages/taskflow/listeners/logging.py:190}}
Jul 25 12:40:09.580632 dv-cinder-825492-28-iscsi devstack@c-api.service[112563]: DEBUG cinder.volume.api [None req-832879fa-b635-42e0-9590-80b094ced128 tempest-GroupsV314Test-1703008985 tempest-GroupsV314Test-1703008985-project] Task 'cinder.volume.flows.api.create_volume.QuotaCommitTask;volume:create' (aea4274c-1dc8-4459-af9a-3e598f74589a) transitioned into state 'SUCCESS' from state 'RUNNING' with result '{'volume_properties': VolumeProperties(attach_status='detached',availability_zone='nova',cgsnapshot_id=None,consistencygroup_id=None,display_description=None,display_name='tempest-GroupsV314Test-Volume-547628886',encryption_key_id=None,group_id=465245dc-32ba-4b52-86ff-6b98b7604846,group_type_id=,metadata={},multiattach=False,project_id='2a4bed0a77f34ddaa655b9c17f29825f',qos_specs=None,replication_status=,reservations=['0e033fb2-54a1-45f1-a751-de1280e9cc6e','0db382b6-90a6-4ea3-96c2-a7283187430c','b687a6c1-5e93-4eba-8c89-0a7f2b1fd6f8','ca1cc71a-b549-49c3-8975-19e610e1c378'],size=1,snapshot_id=None,source_replicaid=,source_volid=None,status='creating',user_id='cb0b87ea736144f0b41c020a6c0a0eef',volume_type_id=b417dd55-ec59-42cb-a76f-452790b4d6d3)}' {{(pid=112563) _task_receiver /usr/local/lib/python3.8/dist-packages/taskflow/listeners/logging.py:178}}
Jul 25 12:40:09.582794 dv-cinder-825492-28-iscsi devstack@c-api.service[112563]: DEBUG cinder.volume.api [None req-832879fa-b635-42e0-9590-80b094ced128 tempest-GroupsV314Test-1703008985 tempest-GroupsV314Test-1703008985-project] Task 'cinder.volume.flows.api.create_volume.VolumeCastTask;volume:create' (71dca61c-81e2-435d-b679-27d8050cd5b8) transitioned into state 'RUNNING' from state 'PENDING' {{(pid=112563) _task_receiver /usr/local/lib/python3.8/dist-packages/taskflow/listeners/logging.py:190}}
Jul 25 12:40:09.611425 dv-cinder-825492-28-iscsi devstack@c-api.service[112563]: DEBUG cinder.volume.api [None req-832879fa-b635-42e0-9590-80b094ced128 tempest-GroupsV314Test-1703008985 tempest-GroupsV314Test-1703008985-project] Task 'cinder.volume.flows.api.create_volume.VolumeCastTask;volume:create' (71dca61c-81e2-435d-b679-27d8050cd5b8) transitioned into state 'SUCCESS' from state 'RUNNING' with result 'None' {{(pid=112563) _task_receiver /usr/local/lib/python3.8/dist-packages/taskflow/listeners/logging.py:178}}
Jul 25 12:40:09.611425 dv-cinder-825492-28-iscsi devstack@c-api.service[112563]: DEBUG cinder.volume.api [None req-832879fa-b635-42e0-9590-80b094ced128 tempest-GroupsV314Test-1703008985 tempest-GroupsV314Test-1703008985-project] Flow 'volume_create_api' (4b358703-ba85-421e-b579-25401464525c) transitioned into state 'SUCCESS' from state 'RUNNING' {{(pid=112563) _flow_receiver /usr/local/lib/python3.8/dist-packages/taskflow/listeners/logging.py:141}}
Jul 25 12:40:09.611425 dv-cinder-825492-28-iscsi devstack@c-api.service[112563]: INFO cinder.volume.api [None req-832879fa-b635-42e0-9590-80b094ced128 tempest-GroupsV314Test-1703008985 tempest-GroupsV314Test-1703008985-project] Create volume request issued successfully.
Jul 25 12:40:09.616317 dv-cinder-825492-28-iscsi devstack@c-api.service[112563]: WARNING stevedore.named [None req-832879fa-b635-42e0-9590-80b094ced128 tempest-GroupsV314Test-1703008985 tempest-GroupsV314Test-1703008985-project] Could not load cinder.keymgr.conf_key_mgr.ConfKeyManager
Jul 25 12:40:09.616962 dv-cinder-825492-28-iscsi devstack@c-api.service[112563]: WARNING castellan.key_manager [None req-832879fa-b635-42e0-9590-80b094ced128 tempest-GroupsV314Test-1703008985 tempest-GroupsV314Test-1703008985-project] Deprecation Warning : cinder.keymgr.conf_key_mgr.ConfKeyManager is not a stevedore based driver, trying to load it as a class: stevedore.exception.NoMatches: No 'castellan.drivers' driver found, looking for 'cinder.keymgr.conf_key_mgr.ConfKeyManager'
Jul 25 12:40:09.625359 dv-cinder-825492-28-iscsi devstack@c-api.service[112563]: DEBUG oslo_db.sqlalchemy.engines [None req-832879fa-b635-42e0-9590-80b094ced128 tempest-GroupsV314Test-1703008985 tempest-GroupsV314Test-1703008985-project] MySQL server mode set to STRICT_TRANS_TABLES,STRICT_ALL_TABLES,NO_ZERO_IN_DATE,NO_ZERO_DATE,ERROR_FOR_DIVISION_BY_ZERO,TRADITIONAL,NO_ENGINE_SUBSTITUTION {{(pid=112563) _check_effective_sql_mode /usr/local/lib/python3.8/dist-packages/oslo_db/sqlalchemy/engines.py:314}}
Jul 25 12:40:09.632384 dv-cinder-825492-28-iscsi devstack@c-api.service[112563]: /usr/local/lib/python3.8/dist-packages/oslo_context/context.py:100: DeprecationWarning: Policy enforcement is depending on the value of is_admin. This key is deprecated. Please update your policy file to use the standard policy values.
Jul 25 12:40:09.632384 dv-cinder-825492-28-iscsi devstack@c-api.service[112563]: warnings.warn('Policy enforcement is depending on the value of '
Jul 25 12:40:09.639530 dv-cinder-825492-28-iscsi devstack@c-api.service[112563]: INFO cinder.api.openstack.wsgi [None req-832879fa-b635-42e0-9590-80b094ced128 tempest-GroupsV314Test-1703008985 tempest-GroupsV314Test-1703008985-project] http://10.222.0.60/volume/v3/2a4bed0a77f34ddaa655b9c17f29825f/volumes returned with HTTP 202
Jul 25 12:40:09.641964 dv-cinder-825492-28-iscsi devstack@c-api.service[112563]: [pid: 112563|app: 0|req: 103/235] 10.222.0.60 () {62 vars in 1277 bytes} [Mon Jul 25 12:40:09 2022] POST /volume/v3/2a4bed0a77f34ddaa655b9c17f29825f/volumes => generated 899 bytes in 317 msecs (HTTP/1.1 202) 7 headers in 292 bytes (1 switches on core 0)
Jul 25 12:40:09.655435 dv-cinder-825492-28-iscsi devstack@c-api.service[112562]: DEBUG cinder.api.middleware.request_id [None req-2cef4349-2fb0-4129-a93a-e605c174df3c None None] RequestId filter calling following filter/app {{(pid=112562) _context_setter /opt/stack/cinder/cinder/api/middleware/request_id.py:62}}
Jul 25 12:40:09.659098 dv-cinder-825492-28-iscsi devstack@c-api.service[112562]: INFO cinder.api.openstack.wsgi [None req-2cef4349-2fb0-4129-a93a-e605c174df3c tempest-GroupsV314Test-1703008985 tempest-GroupsV314Test-1703008985-project] GET http://10.222.0.60/volume/v3/2a4bed0a77f34ddaa655b9c17f29825f/volumes/ef086b84-0a63-4280-88b8-9e15d3679706
Jul 25 12:40:09.659573 dv-cinder-825492-28-iscsi devstack@c-api.service[112562]: DEBUG cinder.api.openstack.wsgi [None req-2cef4349-2fb0-4129-a93a-e605c174df3c tempest-GroupsV314Test-1703008985 tempest-GroupsV314Test-1703008985-project] Empty body provided in request {{(pid=112562) get_body /opt/stack/cinder/cinder/api/openstack/wsgi.py:715}}
Jul 25 12:40:09.660024 dv-cinder-825492-28-iscsi devstack@c-api.service[112562]: DEBUG cinder.api.openstack.wsgi [None req-2cef4349-2fb0-4129-a93a-e605c174df3c tempest-GroupsV314Test-1703008985 tempest-GroupsV314Test-1703008985-project] Calling method 'show' {{(pid=112562) _process_stack /opt/stack/cinder/cinder/api/openstack/wsgi.py:868}}
Jul 25 12:40:09.684959 dv-cinder-825492-28-iscsi devstack@c-api.service[112563]: DEBUG cinder.api.middleware.request_id [None req-b01fdaa7-4e4a-4959-b8cd-e2b44ab432d4 None None] RequestId filter calling following filter/app {{(pid=112563) _context_setter /opt/stack/cinder/cinder/api/middleware/request_id.py:62}}
Jul 25 12:40:09.687556 dv-cinder-825492-28-iscsi devstack@c-api.service[112562]: /usr/local/lib/python3.8/dist-packages/oslo_context/context.py:100: DeprecationWarning: Policy enforcement is depending on the value of is_admin. This key is deprecated. Please update your policy file to use the standard policy values.
Jul 25 12:40:09.687556 dv-cinder-825492-28-iscsi devstack@c-api.service[112562]: warnings.warn('Policy enforcement is depending on the value of '
Jul 25 12:40:09.688920 dv-cinder-825492-28-iscsi devstack@c-api.service[112563]: INFO cinder.api.openstack.wsgi [None req-b01fdaa7-4e4a-4959-b8cd-e2b44ab432d4 tempest-VolumeRetypeWithoutMigrationTest-672585081 tempest-VolumeRetypeWithoutMigrationTest-672585081-project] GET http://10.222.0.60/volume/v3/9e0c8d7c32674536907ba51031b5e05e/volumes/8897a60b-46bf-4b58-9f63-1b8a385a1e12
Jul 25 12:40:09.689621 dv-cinder-825492-28-iscsi devstack@c-api.service[112563]: DEBUG cinder.api.openstack.wsgi [None req-b01fdaa7-4e4a-4959-b8cd-e2b44ab432d4 tempest-VolumeRetypeWithoutMigrationTest-672585081 tempest-VolumeRetypeWithoutMigrationTest-672585081-project] Empty body provided in request {{(pid=112563) get_body /opt/stack/cinder/cinder/api/openstack/wsgi.py:715}}
Jul 25 12:40:09.689937 dv-cinder-825492-28-iscsi devstack@c-api.service[112563]: DEBUG cinder.api.openstack.wsgi [None req-b01fdaa7-4e4a-4959-b8cd-e2b44ab432d4 tempest-VolumeRetypeWithoutMigrationTest-672585081 tempest-VolumeRetypeWithoutMigrationTest-672585081-project] Calling method 'show' {{(pid=112563) _process_stack /opt/stack/cinder/cinder/api/openstack/wsgi.py:868}}
Jul 25 12:40:09.702948 dv-cinder-825492-28-iscsi devstack@c-api.service[112563]: INFO cinder.api.openstack.wsgi [None req-b01fdaa7-4e4a-4959-b8cd-e2b44ab432d4 tempest-VolumeRetypeWithoutMigrationTest-672585081 tempest-VolumeRetypeWithoutMigrationTest-672585081-project] http://10.222.0.60/volume/v3/9e0c8d7c32674536907ba51031b5e05e/volumes/8897a60b-46bf-4b58-9f63-1b8a385a1e12 returned with HTTP 404
Jul 25 12:40:09.707342 dv-cinder-825492-28-iscsi devstack@c-api.service[112563]: [pid: 112563|app: 0|req: 104/236] 10.222.0.60 () {58 vars in 1325 bytes} [Mon Jul 25 12:40:09 2022] GET /volume/v3/9e0c8d7c32674536907ba51031b5e05e/volumes/8897a60b-46bf-4b58-9f63-1b8a385a1e12 => generated 109 bytes in 23 msecs (HTTP/1.1 404) 7 headers in 292 bytes (1 switches on core 0)
Jul 25 12:40:09.708965 dv-cinder-825492-28-iscsi devstack@c-api.service[112563]: DEBUG cinder.api.middleware.request_id [None req-09cee4b1-3b6e-42ef-adf8-b0b387cb7292 None None] RequestId filter calling following filter/app {{(pid=112563) _context_setter /opt/stack/cinder/cinder/api/middleware/request_id.py:62}}
Jul 25 12:40:09.709772 dv-cinder-825492-28-iscsi devstack@c-api.service[112562]: INFO cinder.volume.api [None req-2cef4349-2fb0-4129-a93a-e605c174df3c tempest-GroupsV314Test-1703008985 tempest-GroupsV314Test-1703008985-project] Volume info retrieved successfully.
Jul 25 12:40:09.712587 dv-cinder-825492-28-iscsi devstack@c-api.service[112563]: INFO cinder.api.openstack.wsgi [None req-09cee4b1-3b6e-42ef-adf8-b0b387cb7292 tempest-VolumeRetypeWithoutMigrationTest-2074530469 tempest-VolumeRetypeWithoutMigrationTest-2074530469-project-admin] DELETE http://10.222.0.60/volume/v3/7f0d8bbf9e704c1ba97b69c6529f43f7/types/1d4b7db9-bf54-4b41-9e5c-b3bba6af0251
Jul 25 12:40:09.712867 dv-cinder-825492-28-iscsi devstack@c-api.service[112562]: WARNING stevedore.named [None req-2cef4349-2fb0-4129-a93a-e605c174df3c tempest-GroupsV314Test-1703008985 tempest-GroupsV314Test-1703008985-project] Could not load cinder.keymgr.conf_key_mgr.ConfKeyManager
Jul 25 12:40:09.713031 dv-cinder-825492-28-iscsi devstack@c-api.service[112563]: DEBUG cinder.api.openstack.wsgi [None req-09cee4b1-3b6e-42ef-adf8-b0b387cb7292 tempest-VolumeRetypeWithoutMigrationTest-2074530469 tempest-VolumeRetypeWithoutMigrationTest-2074530469-project-admin] Empty body provided in request {{(pid=112563) get_body /opt/stack/cinder/cinder/api/openstack/wsgi.py:715}}
Jul 25 12:40:09.713508 dv-cinder-825492-28-iscsi devstack@c-api.service[112563]: DEBUG cinder.api.openstack.wsgi [None req-09cee4b1-3b6e-42ef-adf8-b0b387cb7292 tempest-VolumeRetypeWithoutMigrationTest-2074530469 tempest-VolumeRetypeWithoutMigrationTest-2074530469-project-admin] Calling method '_delete' {{(pid=112563) _process_stack /opt/stack/cinder/cinder/api/openstack/wsgi.py:868}}
Jul 25 12:40:09.713619 dv-cinder-825492-28-iscsi devstack@c-api.service[112562]: WARNING castellan.key_manager [None req-2cef4349-2fb0-4129-a93a-e605c174df3c tempest-GroupsV314Test-1703008985 tempest-GroupsV314Test-1703008985-project] Deprecation Warning : cinder.keymgr.conf_key_mgr.ConfKeyManager is not a stevedore based driver, trying to load it as a class: stevedore.exception.NoMatches: No 'castellan.drivers' driver found, looking for 'cinder.keymgr.conf_key_mgr.ConfKeyManager'
Jul 25 12:40:09.730185 dv-cinder-825492-28-iscsi devstack@c-api.service[112562]: DEBUG oslo_db.sqlalchemy.engines [None req-2cef4349-2fb0-4129-a93a-e605c174df3c tempest-GroupsV314Test-1703008985 tempest-GroupsV314Test-1703008985-project] MySQL server mode set to STRICT_TRANS_TABLES,STRICT_ALL_TABLES,NO_ZERO_IN_DATE,NO_ZERO_DATE,ERROR_FOR_DIVISION_BY_ZERO,TRADITIONAL,NO_ENGINE_SUBSTITUTION {{(pid=112562) _check_effective_sql_mode /usr/local/lib/python3.8/dist-packages/oslo_db/sqlalchemy/engines.py:314}}
Jul 25 12:40:09.739639 dv-cinder-825492-28-iscsi devstack@c-api.service[112562]: /usr/local/lib/python3.8/dist-packages/oslo_context/context.py:100: DeprecationWarning: Policy enforcement is depending on the value of is_admin. This key is deprecated. Please update your policy file to use the standard policy values.
Jul 25 12:40:09.739639 dv-cinder-825492-28-iscsi devstack@c-api.service[112562]: warnings.warn('Policy enforcement is depending on the value of '
Jul 25 12:40:09.770964 dv-cinder-825492-28-iscsi devstack@c-api.service[112562]: INFO cinder.api.openstack.wsgi [None req-2cef4349-2fb0-4129-a93a-e605c174df3c tempest-GroupsV314Test-1703008985 tempest-GroupsV314Test-1703008985-project] http://10.222.0.60/volume/v3/2a4bed0a77f34ddaa655b9c17f29825f/volumes/ef086b84-0a63-4280-88b8-9e15d3679706 returned with HTTP 200
Jul 25 12:40:09.778366 dv-cinder-825492-28-iscsi devstack@c-api.service[112563]: INFO cinder.api.openstack.wsgi [None req-09cee4b1-3b6e-42ef-adf8-b0b387cb7292 tempest-VolumeRetypeWithoutMigrationTest-2074530469 tempest-VolumeRetypeWithoutMigrationTest-2074530469-project-admin] http://10.222.0.60/volume/v3/7f0d8bbf9e704c1ba97b69c6529f43f7/types/1d4b7db9-bf54-4b41-9e5c-b3bba6af0251 returned with HTTP 202
Jul 25 12:40:09.779116 dv-cinder-825492-28-iscsi devstack@c-api.service[112563]: [pid: 112563|app: 0|req: 105/237] 10.222.0.60 () {58 vars in 1322 bytes} [Mon Jul 25 12:40:09 2022] DELETE /volume/v3/7f0d8bbf9e704c1ba97b69c6529f43f7/types/1d4b7db9-bf54-4b41-9e5c-b3bba6af0251 => generated 0 bytes in 71 msecs (HTTP/1.1 202) 6 headers in 233 bytes (1 switches on core 0)
Jul 25 12:40:09.782641 dv-cinder-825492-28-iscsi devstack@c-api.service[112562]: [pid: 112562|app: 0|req: 133/238] 10.222.0.60 () {60 vars in 1366 bytes} [Mon Jul 25 12:40:09 2022] GET /volume/v3/2a4bed0a77f34ddaa655b9c17f29825f/volumes/ef086b84-0a63-4280-88b8-9e15d3679706 => generated 967 bytes in 128 msecs (HTTP/1.1 200) 7 headers in 286 bytes (1 switches on core 0)
Jul 25 12:40:09.784225 dv-cinder-825492-28-iscsi devstack@c-api.service[112563]: DEBUG cinder.api.middleware.request_id [None req-feccb144-f26e-4dee-8636-6384d7886f9d None None] RequestId filter calling following filter/app {{(pid=112563) _context_setter /opt/stack/cinder/cinder/api/middleware/request_id.py:62}}
Jul 25 12:40:09.784620 dv-cinder-825492-28-iscsi devstack@c-api.service[112562]: DEBUG cinder.api.middleware.request_id [None req-518a3c6c-f1ec-49e3-81c5-6f520ccb987c None None] RequestId filter calling following filter/app {{(pid=112562) _context_setter /opt/stack/cinder/cinder/api/middleware/request_id.py:62}}
Jul 25 12:40:09.788858 dv-cinder-825492-28-iscsi devstack@c-api.service[112563]: INFO cinder.api.openstack.wsgi [None req-feccb144-f26e-4dee-8636-6384d7886f9d tempest-SnapshotsActionsTest-103362196 tempest-SnapshotsActionsTest-103362196-project] GET http://10.222.0.60/volume/v3/3f20ce7126484948b2ebd2c0a4985ec6/snapshots/52e602fa-6aef-43df-bf27-16562bfcef75
Jul 25 12:40:09.789306 dv-cinder-825492-28-iscsi devstack@c-api.service[112563]: DEBUG cinder.api.openstack.wsgi [None req-feccb144-f26e-4dee-8636-6384d7886f9d tempest-SnapshotsActionsTest-103362196 tempest-SnapshotsActionsTest-103362196-project] Empty body provided in request {{(pid=112563) get_body /opt/stack/cinder/cinder/api/openstack/wsgi.py:715}}
Jul 25 12:40:09.789878 dv-cinder-825492-28-iscsi devstack@c-api.service[112563]: DEBUG cinder.api.openstack.wsgi [None req-feccb144-f26e-4dee-8636-6384d7886f9d tempest-SnapshotsActionsTest-103362196 tempest-SnapshotsActionsTest-103362196-project] Calling method 'show' {{(pid=112563) _process_stack /opt/stack/cinder/cinder/api/openstack/wsgi.py:868}}
Jul 25 12:40:09.791544 dv-cinder-825492-28-iscsi devstack@c-api.service[112562]: INFO cinder.api.openstack.wsgi [None req-518a3c6c-f1ec-49e3-81c5-6f520ccb987c tempest-VolumeRetypeWithoutMigrationTest-2074530469 tempest-VolumeRetypeWithoutMigrationTest-2074530469-project-admin] GET http://10.222.0.60/volume/v3/7f0d8bbf9e704c1ba97b69c6529f43f7/types/1d4b7db9-bf54-4b41-9e5c-b3bba6af0251
Jul 25 12:40:09.792393 dv-cinder-825492-28-iscsi devstack@c-api.service[112562]: DEBUG cinder.api.openstack.wsgi [None req-518a3c6c-f1ec-49e3-81c5-6f520ccb987c tempest-VolumeRetypeWithoutMigrationTest-2074530469 tempest-VolumeRetypeWithoutMigrationTest-2074530469-project-admin] Empty body provided in request {{(pid=112562) get_body /opt/stack/cinder/cinder/api/openstack/wsgi.py:715}}
Jul 25 12:40:09.793040 dv-cinder-825492-28-iscsi devstack@c-api.service[112562]: DEBUG cinder.api.openstack.wsgi [None req-518a3c6c-f1ec-49e3-81c5-6f520ccb987c tempest-VolumeRetypeWithoutMigrationTest-2074530469 tempest-VolumeRetypeWithoutMigrationTest-2074530469-project-admin] Calling method 'show' {{(pid=112562) _process_stack /opt/stack/cinder/cinder/api/openstack/wsgi.py:868}}
Jul 25 12:40:09.799696 dv-cinder-825492-28-iscsi devstack@c-api.service[112562]: INFO cinder.api.openstack.wsgi [None req-518a3c6c-f1ec-49e3-81c5-6f520ccb987c tempest-VolumeRetypeWithoutMigrationTest-2074530469 tempest-VolumeRetypeWithoutMigrationTest-2074530469-project-admin] http://10.222.0.60/volume/v3/7f0d8bbf9e704c1ba97b69c6529f43f7/types/1d4b7db9-bf54-4b41-9e5c-b3bba6af0251 returned with HTTP 404
Jul 25 12:40:09.801126 dv-cinder-825492-28-iscsi devstack@c-api.service[112562]: [pid: 112562|app: 0|req: 134/239] 10.222.0.60 () {58 vars in 1319 bytes} [Mon Jul 25 12:40:09 2022] GET /volume/v3/7f0d8bbf9e704c1ba97b69c6529f43f7/types/1d4b7db9-bf54-4b41-9e5c-b3bba6af0251 => generated 114 bytes in 18 msecs (HTTP/1.1 404) 7 headers in 292 bytes (1 switches on core 0)
Jul 25 12:40:09.805325 dv-cinder-825492-28-iscsi devstack@c-api.service[112562]: DEBUG cinder.api.middleware.request_id [None req-f36ecf1d-1e89-4210-ab7a-686b9a502c03 None None] RequestId filter calling following filter/app {{(pid=112562) _context_setter /opt/stack/cinder/cinder/api/middleware/request_id.py:62}}
Jul 25 12:40:09.807886 dv-cinder-825492-28-iscsi devstack@c-api.service[112563]: /usr/local/lib/python3.8/dist-packages/oslo_context/context.py:100: DeprecationWarning: Policy enforcement is depending on the value of is_admin. This key is deprecated. Please update your policy file to use the standard policy values.
Jul 25 12:40:09.807886 dv-cinder-825492-28-iscsi devstack@c-api.service[112563]: warnings.warn('Policy enforcement is depending on the value of '
Jul 25 12:40:09.808904 dv-cinder-825492-28-iscsi devstack@c-api.service[112563]: INFO cinder.volume.api [None req-feccb144-f26e-4dee-8636-6384d7886f9d tempest-SnapshotsActionsTest-103362196 tempest-SnapshotsActionsTest-103362196-project] Snapshot retrieved successfully.
Jul 25 12:40:09.810874 dv-cinder-825492-28-iscsi devstack@c-api.service[112563]: INFO cinder.api.openstack.wsgi [None req-feccb144-f26e-4dee-8636-6384d7886f9d tempest-SnapshotsActionsTest-103362196 tempest-SnapshotsActionsTest-103362196-project] http://10.222.0.60/volume/v3/3f20ce7126484948b2ebd2c0a4985ec6/snapshots/52e602fa-6aef-43df-bf27-16562bfcef75 returned with HTTP 200
Jul 25 12:40:09.813997 dv-cinder-825492-28-iscsi devstack@c-api.service[112563]: [pid: 112563|app: 0|req: 106/240] 10.222.0.60 () {58 vars in 1331 bytes} [Mon Jul 25 12:40:09 2022] GET /volume/v3/3f20ce7126484948b2ebd2c0a4985ec6/snapshots/52e602fa-6aef-43df-bf27-16562bfcef75 => generated 466 bytes in 29 msecs (HTTP/1.1 200) 7 headers in 285 bytes (1 switches on core 0)
Jul 25 12:40:09.814130 dv-cinder-825492-28-iscsi devstack@c-api.service[112562]: INFO cinder.api.openstack.wsgi [None req-f36ecf1d-1e89-4210-ab7a-686b9a502c03 tempest-VolumeRetypeWithoutMigrationTest-2074530469 tempest-VolumeRetypeWithoutMigrationTest-2074530469-project-admin] DELETE http://10.222.0.60/volume/v3/7f0d8bbf9e704c1ba97b69c6529f43f7/types/6df82898-e5b3-46d8-a06c-340c68e1b506
Jul 25 12:40:09.814130 dv-cinder-825492-28-iscsi devstack@c-api.service[112562]: DEBUG cinder.api.openstack.wsgi [None req-f36ecf1d-1e89-4210-ab7a-686b9a502c03 tempest-VolumeRetypeWithoutMigrationTest-2074530469 tempest-VolumeRetypeWithoutMigrationTest-2074530469-project-admin] Empty body provided in request {{(pid=112562) get_body /opt/stack/cinder/cinder/api/openstack/wsgi.py:715}}
Jul 25 12:40:09.814441 dv-cinder-825492-28-iscsi devstack@c-api.service[112562]: DEBUG cinder.api.openstack.wsgi [None req-f36ecf1d-1e89-4210-ab7a-686b9a502c03 tempest-VolumeRetypeWithoutMigrationTest-2074530469 tempest-VolumeRetypeWithoutMigrationTest-2074530469-project-admin] Calling method '_delete' {{(pid=112562) _process_stack /opt/stack/cinder/cinder/api/openstack/wsgi.py:868}}
