Jul 25 12:39:28.980697 dv-cinder-825492-28-iscsi devstack@c-api.service[112562]: DEBUG cinder.api.middleware.request_id [None req-98b181ee-fbf7-49be-8e02-4b9984c42f72 None None] RequestId filter calling following filter/app {{(pid=112562) _context_setter /opt/stack/cinder/cinder/api/middleware/request_id.py:62}}
Jul 25 12:39:28.995188 dv-cinder-825492-28-iscsi devstack@c-api.service[112562]: INFO cinder.api.openstack.wsgi [None req-98b181ee-fbf7-49be-8e02-4b9984c42f72 tempest-GroupTypeSpecsTest-1975321235 tempest-GroupTypeSpecsTest-1975321235-project-admin] POST http://10.222.0.60/volume/v3/34e1aebbb34e477d9877bd465e7d246b/group_types/c3c0b5f0-ce14-4517-9b66-08080566527d/group_specs
Jul 25 12:39:28.996539 dv-cinder-825492-28-iscsi devstack@c-api.service[112562]: DEBUG cinder.api.openstack.wsgi [None req-98b181ee-fbf7-49be-8e02-4b9984c42f72 tempest-GroupTypeSpecsTest-1975321235 tempest-GroupTypeSpecsTest-1975321235-project-admin] Action: 'create', calling method: version_select, body: {"group_specs": {"key2": "value2-updated", "key3": "value3"}} {{(pid=112562) _process_stack /opt/stack/cinder/cinder/api/openstack/wsgi.py:866}}
Jul 25 12:39:29.047375 dv-cinder-825492-28-iscsi devstack@c-api.service[112562]: INFO cinder.api.openstack.wsgi [None req-98b181ee-fbf7-49be-8e02-4b9984c42f72 tempest-GroupTypeSpecsTest-1975321235 tempest-GroupTypeSpecsTest-1975321235-project-admin] http://10.222.0.60/volume/v3/34e1aebbb34e477d9877bd465e7d246b/group_types/c3c0b5f0-ce14-4517-9b66-08080566527d/group_specs returned with HTTP 202
Jul 25 12:39:29.049423 dv-cinder-825492-28-iscsi devstack@c-api.service[112562]: [pid: 112562|app: 0|req: 10/17] 10.222.0.60 () {62 vars in 1435 bytes} [Mon Jul 25 12:39:28 2022] POST /volume/v3/34e1aebbb34e477d9877bd465e7d246b/group_types/c3c0b5f0-ce14-4517-9b66-08080566527d/group_specs => generated 61 bytes in 73 msecs (HTTP/1.1 202) 7 headers in 291 bytes (1 switches on core 0)
Jul 25 12:39:29.056275 dv-cinder-825492-28-iscsi devstack@c-api.service[112562]: DEBUG cinder.api.middleware.request_id [None req-87fae670-885d-4b9b-9178-46f6fef6d6e1 None None] RequestId filter calling following filter/app {{(pid=112562) _context_setter /opt/stack/cinder/cinder/api/middleware/request_id.py:62}}
Jul 25 12:39:29.061276 dv-cinder-825492-28-iscsi devstack@c-api.service[112562]: INFO cinder.api.openstack.wsgi [None req-87fae670-885d-4b9b-9178-46f6fef6d6e1 tempest-GroupTypeSpecsTest-1975321235 tempest-GroupTypeSpecsTest-1975321235-project-admin] GET http://10.222.0.60/volume/v3/34e1aebbb34e477d9877bd465e7d246b/group_types/c3c0b5f0-ce14-4517-9b66-08080566527d/group_specs/key2
Jul 25 12:39:29.062979 dv-cinder-825492-28-iscsi devstack@c-api.service[112562]: DEBUG cinder.api.openstack.wsgi [None req-87fae670-885d-4b9b-9178-46f6fef6d6e1 tempest-GroupTypeSpecsTest-1975321235 tempest-GroupTypeSpecsTest-1975321235-project-admin] Empty body provided in request {{(pid=112562) get_body /opt/stack/cinder/cinder/api/openstack/wsgi.py:715}}
Jul 25 12:39:29.063678 dv-cinder-825492-28-iscsi devstack@c-api.service[112562]: DEBUG cinder.api.openstack.wsgi [None req-87fae670-885d-4b9b-9178-46f6fef6d6e1 tempest-GroupTypeSpecsTest-1975321235 tempest-GroupTypeSpecsTest-1975321235-project-admin] Calling method 'version_select' {{(pid=112562) _process_stack /opt/stack/cinder/cinder/api/openstack/wsgi.py:868}}
Jul 25 12:39:29.101386 dv-cinder-825492-28-iscsi devstack@c-api.service[112562]: INFO cinder.api.openstack.wsgi [None req-87fae670-885d-4b9b-9178-46f6fef6d6e1 tempest-GroupTypeSpecsTest-1975321235 tempest-GroupTypeSpecsTest-1975321235-project-admin] http://10.222.0.60/volume/v3/34e1aebbb34e477d9877bd465e7d246b/group_types/c3c0b5f0-ce14-4517-9b66-08080566527d/group_specs/key2 returned with HTTP 200
Jul 25 12:39:29.102701 dv-cinder-825492-28-iscsi devstack@c-api.service[112562]: [pid: 112562|app: 0|req: 11/18] 10.222.0.60 () {60 vars in 1429 bytes} [Mon Jul 25 12:39:29 2022] GET /volume/v3/34e1aebbb34e477d9877bd465e7d246b/group_types/c3c0b5f0-ce14-4517-9b66-08080566527d/group_specs/key2 => generated 26 bytes in 47 msecs (HTTP/1.1 200) 7 headers in 285 bytes (1 switches on core 0)
Jul 25 12:39:29.107893 dv-cinder-825492-28-iscsi devstack@c-api.service[112562]: DEBUG cinder.api.middleware.request_id [None req-7d2e782f-624a-4902-bd5d-a0d8b82a05aa None None] RequestId filter calling following filter/app {{(pid=112562) _context_setter /opt/stack/cinder/cinder/api/middleware/request_id.py:62}}
Jul 25 12:39:29.120062 dv-cinder-825492-28-iscsi devstack@c-api.service[112562]: INFO cinder.api.openstack.wsgi [None req-7d2e782f-624a-4902-bd5d-a0d8b82a05aa tempest-GroupTypeSpecsTest-1975321235 tempest-GroupTypeSpecsTest-1975321235-project-admin] GET http://10.222.0.60/volume/v3/34e1aebbb34e477d9877bd465e7d246b/group_types/c3c0b5f0-ce14-4517-9b66-08080566527d/group_specs/key3
Jul 25 12:39:29.121017 dv-cinder-825492-28-iscsi devstack@c-api.service[112562]: DEBUG cinder.api.openstack.wsgi [None req-7d2e782f-624a-4902-bd5d-a0d8b82a05aa tempest-GroupTypeSpecsTest-1975321235 tempest-GroupTypeSpecsTest-1975321235-project-admin] Empty body provided in request {{(pid=112562) get_body /opt/stack/cinder/cinder/api/openstack/wsgi.py:715}}
Jul 25 12:39:29.125615 dv-cinder-825492-28-iscsi devstack@c-api.service[112562]: DEBUG cinder.api.openstack.wsgi [None req-7d2e782f-624a-4902-bd5d-a0d8b82a05aa tempest-GroupTypeSpecsTest-1975321235 tempest-GroupTypeSpecsTest-1975321235-project-admin] Calling method 'version_select' {{(pid=112562) _process_stack /opt/stack/cinder/cinder/api/openstack/wsgi.py:868}}
Jul 25 12:39:29.156514 dv-cinder-825492-28-iscsi devstack@c-api.service[112562]: INFO cinder.api.openstack.wsgi [None req-7d2e782f-624a-4902-bd5d-a0d8b82a05aa tempest-GroupTypeSpecsTest-1975321235 tempest-GroupTypeSpecsTest-1975321235-project-admin] http://10.222.0.60/volume/v3/34e1aebbb34e477d9877bd465e7d246b/group_types/c3c0b5f0-ce14-4517-9b66-08080566527d/group_specs/key3 returned with HTTP 200
Jul 25 12:39:29.159008 dv-cinder-825492-28-iscsi devstack@c-api.service[112562]: [pid: 112562|app: 0|req: 12/19] 10.222.0.60 () {60 vars in 1429 bytes} [Mon Jul 25 12:39:29 2022] GET /volume/v3/34e1aebbb34e477d9877bd465e7d246b/group_types/c3c0b5f0-ce14-4517-9b66-08080566527d/group_specs/key3 => generated 18 bytes in 52 msecs (HTTP/1.1 200) 7 headers in 285 bytes (1 switches on core 0)
Jul 25 12:39:29.165188 dv-cinder-825492-28-iscsi devstack@c-api.service[112562]: DEBUG cinder.api.middleware.request_id [None req-d551c5ac-abfb-4dfd-ba7d-dbd0b7b56094 None None] RequestId filter calling following filter/app {{(pid=112562) _context_setter /opt/stack/cinder/cinder/api/middleware/request_id.py:62}}
Jul 25 12:39:29.177137 dv-cinder-825492-28-iscsi devstack@c-api.service[112562]: INFO cinder.api.openstack.wsgi [None req-d551c5ac-abfb-4dfd-ba7d-dbd0b7b56094 tempest-GroupTypeSpecsTest-1975321235 tempest-GroupTypeSpecsTest-1975321235-project-admin] PUT http://10.222.0.60/volume/v3/34e1aebbb34e477d9877bd465e7d246b/group_types/c3c0b5f0-ce14-4517-9b66-08080566527d/group_specs/key3
Jul 25 12:39:29.180250 dv-cinder-825492-28-iscsi devstack@c-api.service[112562]: DEBUG cinder.api.openstack.wsgi [None req-d551c5ac-abfb-4dfd-ba7d-dbd0b7b56094 tempest-GroupTypeSpecsTest-1975321235 tempest-GroupTypeSpecsTest-1975321235-project-admin] Action: 'update', calling method: version_select, body: {"key3": "value3-updated"} {{(pid=112562) _process_stack /opt/stack/cinder/cinder/api/openstack/wsgi.py:866}}
Jul 25 12:39:29.224017 dv-cinder-825492-28-iscsi devstack@c-api.service[112563]: INFO cinder.api.openstack.wsgi [None req-326ac660-ff68-446f-aed4-cf387b6b4653 tempest-GroupSnapshotsV319Test-293567202 tempest-GroupSnapshotsV319Test-293567202-project] POST http://10.222.0.60/volume/v3/cb082229375f42198cba0b84485bd7f5/groups
Jul 25 12:39:29.224753 dv-cinder-825492-28-iscsi devstack@c-api.service[112563]: DEBUG cinder.api.openstack.wsgi [None req-326ac660-ff68-446f-aed4-cf387b6b4653 tempest-GroupSnapshotsV319Test-293567202 tempest-GroupSnapshotsV319Test-293567202-project] Action: 'create', calling method: version_select, body: {"group": {"group_type": "0e40b193-2734-49ea-9090-882a0f58f091", "volume_types": ["dd7ecc0e-2e5e-49c0-81ca-2c5b3a3486b8"], "name": "tempest-GroupSnapshotsV319Test-Group-1918068404"}} {{(pid=112563) _process_stack /opt/stack/cinder/cinder/api/openstack/wsgi.py:866}}
Jul 25 12:39:29.227317 dv-cinder-825492-28-iscsi devstack@c-api.service[112563]: DEBUG cinder.api.v3.groups [None req-326ac660-ff68-446f-aed4-cf387b6b4653 tempest-GroupSnapshotsV319Test-293567202 tempest-GroupSnapshotsV319Test-293567202-project] Creating new group {'group': {'group_type': '0e40b193-2734-49ea-9090-882a0f58f091', 'volume_types': ['dd7ecc0e-2e5e-49c0-81ca-2c5b3a3486b8'], 'name': 'tempest-GroupSnapshotsV319Test-Group-1918068404'}} {{(pid=112563) create /opt/stack/cinder/cinder/api/v3/groups.py:190}}
Jul 25 12:39:29.229496 dv-cinder-825492-28-iscsi devstack@c-api.service[112562]: INFO cinder.api.openstack.wsgi [None req-d551c5ac-abfb-4dfd-ba7d-dbd0b7b56094 tempest-GroupTypeSpecsTest-1975321235 tempest-GroupTypeSpecsTest-1975321235-project-admin] http://10.222.0.60/volume/v3/34e1aebbb34e477d9877bd465e7d246b/group_types/c3c0b5f0-ce14-4517-9b66-08080566527d/group_specs/key3 returned with HTTP 200
Jul 25 12:39:29.230798 dv-cinder-825492-28-iscsi devstack@c-api.service[112562]: [pid: 112562|app: 0|req: 13/20] 10.222.0.60 () {62 vars in 1449 bytes} [Mon Jul 25 12:39:29 2022] PUT /volume/v3/34e1aebbb34e477d9877bd465e7d246b/group_types/c3c0b5f0-ce14-4517-9b66-08080566527d/group_specs/key3 => generated 26 bytes in 67 msecs (HTTP/1.1 200) 7 headers in 285 bytes (1 switches on core 0)
Jul 25 12:39:29.244378 dv-cinder-825492-28-iscsi devstack@c-api.service[112562]: DEBUG cinder.api.middleware.request_id [None req-65be005f-9416-4a6f-a871-f43ab561c610 None None] RequestId filter calling following filter/app {{(pid=112562) _context_setter /opt/stack/cinder/cinder/api/middleware/request_id.py:62}}
Jul 25 12:39:29.248519 dv-cinder-825492-28-iscsi devstack@c-api.service[112562]: INFO cinder.api.openstack.wsgi [None req-65be005f-9416-4a6f-a871-f43ab561c610 tempest-GroupTypeSpecsTest-1975321235 tempest-GroupTypeSpecsTest-1975321235-project-admin] GET http://10.222.0.60/volume/v3/34e1aebbb34e477d9877bd465e7d246b/group_types/c3c0b5f0-ce14-4517-9b66-08080566527d/group_specs
Jul 25 12:39:29.249559 dv-cinder-825492-28-iscsi devstack@c-api.service[112562]: DEBUG cinder.api.openstack.wsgi [None req-65be005f-9416-4a6f-a871-f43ab561c610 tempest-GroupTypeSpecsTest-1975321235 tempest-GroupTypeSpecsTest-1975321235-project-admin] Empty body provided in request {{(pid=112562) get_body /opt/stack/cinder/cinder/api/openstack/wsgi.py:715}}
Jul 25 12:39:29.254385 dv-cinder-825492-28-iscsi devstack@c-api.service[112562]: DEBUG cinder.api.openstack.wsgi [None req-65be005f-9416-4a6f-a871-f43ab561c610 tempest-GroupTypeSpecsTest-1975321235 tempest-GroupTypeSpecsTest-1975321235-project-admin] Calling method 'version_select' {{(pid=112562) _process_stack /opt/stack/cinder/cinder/api/openstack/wsgi.py:868}}
Jul 25 12:39:29.271763 dv-cinder-825492-28-iscsi devstack@c-api.service[112563]: INFO cinder.api.v3.groups [None req-326ac660-ff68-446f-aed4-cf387b6b4653 tempest-GroupSnapshotsV319Test-293567202 tempest-GroupSnapshotsV319Test-293567202-project] Creating group tempest-GroupSnapshotsV319Test-Group-1918068404.
Jul 25 12:39:29.296214 dv-cinder-825492-28-iscsi devstack@c-api.service[112562]: INFO cinder.api.openstack.wsgi [None req-65be005f-9416-4a6f-a871-f43ab561c610 tempest-GroupTypeSpecsTest-1975321235 tempest-GroupTypeSpecsTest-1975321235-project-admin] http://10.222.0.60/volume/v3/34e1aebbb34e477d9877bd465e7d246b/group_types/c3c0b5f0-ce14-4517-9b66-08080566527d/group_specs returned with HTTP 200
Jul 25 12:39:29.302282 dv-cinder-825492-28-iscsi devstack@c-api.service[112562]: [pid: 112562|app: 0|req: 14/21] 10.222.0.60 () {60 vars in 1414 bytes} [Mon Jul 25 12:39:29 2022] GET /volume/v3/34e1aebbb34e477d9877bd465e7d246b/group_types/c3c0b5f0-ce14-4517-9b66-08080566527d/group_specs => generated 87 bytes in 65 msecs (HTTP/1.1 200) 7 headers in 285 bytes (1 switches on core 0)
Jul 25 12:39:29.303730 dv-cinder-825492-28-iscsi devstack@c-api.service[112562]: DEBUG cinder.api.middleware.request_id [None req-d1fa023e-fb75-4b40-90e3-ab951a2aec46 None None] RequestId filter calling following filter/app {{(pid=112562) _context_setter /opt/stack/cinder/cinder/api/middleware/request_id.py:62}}
Jul 25 12:39:29.313935 dv-cinder-825492-28-iscsi devstack@c-api.service[112562]: INFO cinder.api.openstack.wsgi [None req-d1fa023e-fb75-4b40-90e3-ab951a2aec46 tempest-GroupTypeSpecsTest-1975321235 tempest-GroupTypeSpecsTest-1975321235-project-admin] DELETE http://10.222.0.60/volume/v3/34e1aebbb34e477d9877bd465e7d246b/group_types/c3c0b5f0-ce14-4517-9b66-08080566527d/group_specs/key1
Jul 25 12:39:29.314456 dv-cinder-825492-28-iscsi devstack@c-api.service[112562]: DEBUG cinder.api.openstack.wsgi [None req-d1fa023e-fb75-4b40-90e3-ab951a2aec46 tempest-GroupTypeSpecsTest-1975321235 tempest-GroupTypeSpecsTest-1975321235-project-admin] Empty body provided in request {{(pid=112562) get_body /opt/stack/cinder/cinder/api/openstack/wsgi.py:715}}
Jul 25 12:39:29.320578 dv-cinder-825492-28-iscsi devstack@c-api.service[112562]: DEBUG cinder.api.openstack.wsgi [None req-d1fa023e-fb75-4b40-90e3-ab951a2aec46 tempest-GroupTypeSpecsTest-1975321235 tempest-GroupTypeSpecsTest-1975321235-project-admin] Calling method 'version_select' {{(pid=112562) _process_stack /opt/stack/cinder/cinder/api/openstack/wsgi.py:868}}
Jul 25 12:39:29.346192 dv-cinder-825492-28-iscsi devstack@c-api.service[112563]: DEBUG cinder.volume.api [None req-326ac660-ff68-446f-aed4-cf387b6b4653 tempest-GroupSnapshotsV319Test-293567202 tempest-GroupSnapshotsV319Test-293567202-project] Availability zone cache updated, next update will occur around 2022-07-25 13:39:29.345259. {{(pid=112563) list_availability_zones /opt/stack/cinder/cinder/volume/api.py:153}}
Jul 25 12:39:29.347541 dv-cinder-825492-28-iscsi devstack@c-api.service[112563]: INFO cinder.volume.api [None req-326ac660-ff68-446f-aed4-cf387b6b4653 tempest-GroupSnapshotsV319Test-293567202 tempest-GroupSnapshotsV319Test-293567202-project] Availability Zones retrieved successfully.
Jul 25 12:39:29.371312 dv-cinder-825492-28-iscsi devstack@c-api.service[112562]: INFO cinder.api.openstack.wsgi [None req-d1fa023e-fb75-4b40-90e3-ab951a2aec46 tempest-GroupTypeSpecsTest-1975321235 tempest-GroupTypeSpecsTest-1975321235-project-admin] http://10.222.0.60/volume/v3/34e1aebbb34e477d9877bd465e7d246b/group_types/c3c0b5f0-ce14-4517-9b66-08080566527d/group_specs/key1 returned with HTTP 202
Jul 25 12:39:29.376003 dv-cinder-825492-28-iscsi devstack@c-api.service[112562]: [pid: 112562|app: 0|req: 15/22] 10.222.0.60 () {60 vars in 1432 bytes} [Mon Jul 25 12:39:29 2022] DELETE /volume/v3/34e1aebbb34e477d9877bd465e7d246b/group_types/c3c0b5f0-ce14-4517-9b66-08080566527d/group_specs/key1 => generated 0 bytes in 73 msecs (HTTP/1.1 202) 6 headers in 234 bytes (1 switches on core 0)
Jul 25 12:39:29.377048 dv-cinder-825492-28-iscsi devstack@c-api.service[112563]: DEBUG dbcounter [-] [112563] Writing DB stats cinder:SELECT=76,cinder:INSERT=12,cinder:UPDATE=12 {{(pid=112563) stat_writer /usr/local/lib/python3.8/dist-packages/dbcounter.py:114}}
Jul 25 12:39:29.377785 dv-cinder-825492-28-iscsi devstack@c-api.service[112562]: DEBUG cinder.api.middleware.request_id [None req-18bdb63e-137b-4020-a94d-069f915fb817 None None] RequestId filter calling following filter/app {{(pid=112562) _context_setter /opt/stack/cinder/cinder/api/middleware/request_id.py:62}}
Jul 25 12:39:29.382744 dv-cinder-825492-28-iscsi devstack@c-api.service[112562]: INFO cinder.api.openstack.wsgi [None req-18bdb63e-137b-4020-a94d-069f915fb817 tempest-GroupTypeSpecsTest-1975321235 tempest-GroupTypeSpecsTest-1975321235-project-admin] GET http://10.222.0.60/volume/v3/34e1aebbb34e477d9877bd465e7d246b/group_types/c3c0b5f0-ce14-4517-9b66-08080566527d/group_specs/key1
Jul 25 12:39:29.383436 dv-cinder-825492-28-iscsi devstack@c-api.service[112562]: DEBUG cinder.api.openstack.wsgi [None req-18bdb63e-137b-4020-a94d-069f915fb817 tempest-GroupTypeSpecsTest-1975321235 tempest-GroupTypeSpecsTest-1975321235-project-admin] Empty body provided in request {{(pid=112562) get_body /opt/stack/cinder/cinder/api/openstack/wsgi.py:715}}
Jul 25 12:39:29.384061 dv-cinder-825492-28-iscsi devstack@c-api.service[112562]: DEBUG cinder.api.openstack.wsgi [None req-18bdb63e-137b-4020-a94d-069f915fb817 tempest-GroupTypeSpecsTest-1975321235 tempest-GroupTypeSpecsTest-1975321235-project-admin] Calling method 'version_select' {{(pid=112562) _process_stack /opt/stack/cinder/cinder/api/openstack/wsgi.py:868}}
Jul 25 12:39:29.412388 dv-cinder-825492-28-iscsi devstack@c-api.service[112562]: INFO cinder.api.openstack.wsgi [None req-18bdb63e-137b-4020-a94d-069f915fb817 tempest-GroupTypeSpecsTest-1975321235 tempest-GroupTypeSpecsTest-1975321235-project-admin] HTTP exception thrown: Group Type c3c0b5f0-ce14-4517-9b66-08080566527d has no extra spec with key key1.
Jul 25 12:39:29.413044 dv-cinder-825492-28-iscsi devstack@c-api.service[112562]: INFO cinder.api.openstack.wsgi [None req-18bdb63e-137b-4020-a94d-069f915fb817 tempest-GroupTypeSpecsTest-1975321235 tempest-GroupTypeSpecsTest-1975321235-project-admin] http://10.222.0.60/volume/v3/34e1aebbb34e477d9877bd465e7d246b/group_types/c3c0b5f0-ce14-4517-9b66-08080566527d/group_specs/key1 returned with HTTP 404
Jul 25 12:39:29.414363 dv-cinder-825492-28-iscsi devstack@c-api.service[112562]: [pid: 112562|app: 0|req: 16/23] 10.222.0.60 () {60 vars in 1429 bytes} [Mon Jul 25 12:39:29 2022] GET /volume/v3/34e1aebbb34e477d9877bd465e7d246b/group_types/c3c0b5f0-ce14-4517-9b66-08080566527d/group_specs/key1 => generated 126 bytes in 38 msecs (HTTP/1.1 404) 7 headers in 293 bytes (1 switches on core 0)
Jul 25 12:39:29.418799 dv-cinder-825492-28-iscsi devstack@c-api.service[112563]: DEBUG cinder.quota [None req-326ac660-ff68-446f-aed4-cf387b6b4653 tempest-GroupSnapshotsV319Test-293567202 tempest-GroupSnapshotsV319Test-293567202-project] Created reservations ['0c5d48d6-85c7-4034-9a9a-c27bf6d4c456'] {{(pid=112563) reserve /opt/stack/cinder/cinder/quota.py:755}}
Jul 25 12:39:29.420264 dv-cinder-825492-28-iscsi devstack@c-api.service[112562]: DEBUG cinder.api.middleware.request_id [None req-0ddcb27d-d265-4e2f-a17f-9da00d87a773 None None] RequestId filter calling following filter/app {{(pid=112562) _context_setter /opt/stack/cinder/cinder/api/middleware/request_id.py:62}}
Jul 25 12:39:29.425712 dv-cinder-825492-28-iscsi devstack@c-api.service[112562]: INFO cinder.api.openstack.wsgi [None req-0ddcb27d-d265-4e2f-a17f-9da00d87a773 tempest-GroupTypeSpecsTest-1975321235 tempest-GroupTypeSpecsTest-1975321235-project-admin] DELETE http://10.222.0.60/volume/v3/34e1aebbb34e477d9877bd465e7d246b/group_types/c3c0b5f0-ce14-4517-9b66-08080566527d/group_specs/key2
Jul 25 12:39:29.426411 dv-cinder-825492-28-iscsi devstack@c-api.service[112562]: DEBUG cinder.api.openstack.wsgi [None req-0ddcb27d-d265-4e2f-a17f-9da00d87a773 tempest-GroupTypeSpecsTest-1975321235 tempest-GroupTypeSpecsTest-1975321235-project-admin] Empty body provided in request {{(pid=112562) get_body /opt/stack/cinder/cinder/api/openstack/wsgi.py:715}}
Jul 25 12:39:29.428495 dv-cinder-825492-28-iscsi devstack@c-api.service[112562]: DEBUG cinder.api.openstack.wsgi [None req-0ddcb27d-d265-4e2f-a17f-9da00d87a773 tempest-GroupTypeSpecsTest-1975321235 tempest-GroupTypeSpecsTest-1975321235-project-admin] Calling method 'version_select' {{(pid=112562) _process_stack /opt/stack/cinder/cinder/api/openstack/wsgi.py:868}}
Jul 25 12:39:29.469623 dv-cinder-825492-28-iscsi devstack@c-api.service[112562]: INFO cinder.api.openstack.wsgi [None req-0ddcb27d-d265-4e2f-a17f-9da00d87a773 tempest-GroupTypeSpecsTest-1975321235 tempest-GroupTypeSpecsTest-1975321235-project-admin] http://10.222.0.60/volume/v3/34e1aebbb34e477d9877bd465e7d246b/group_types/c3c0b5f0-ce14-4517-9b66-08080566527d/group_specs/key2 returned with HTTP 202
Jul 25 12:39:29.471433 dv-cinder-825492-28-iscsi devstack@c-api.service[112562]: [pid: 112562|app: 0|req: 17/24] 10.222.0.60 () {60 vars in 1432 bytes} [Mon Jul 25 12:39:29 2022] DELETE /volume/v3/34e1aebbb34e477d9877bd465e7d246b/group_types/c3c0b5f0-ce14-4517-9b66-08080566527d/group_specs/key2 => generated 0 bytes in 52 msecs (HTTP/1.1 202) 6 headers in 234 bytes (1 switches on core 0)
Jul 25 12:39:29.478369 dv-cinder-825492-28-iscsi devstack@c-api.service[112562]: DEBUG cinder.api.middleware.request_id [None req-8dfde2fc-1d36-43e2-89ea-cb20b7e64e66 None None] RequestId filter calling following filter/app {{(pid=112562) _context_setter /opt/stack/cinder/cinder/api/middleware/request_id.py:62}}
Jul 25 12:39:29.482185 dv-cinder-825492-28-iscsi devstack@c-api.service[112562]: INFO cinder.api.openstack.wsgi [None req-8dfde2fc-1d36-43e2-89ea-cb20b7e64e66 tempest-GroupTypeSpecsTest-1975321235 tempest-GroupTypeSpecsTest-1975321235-project-admin] GET http://10.222.0.60/volume/v3/34e1aebbb34e477d9877bd465e7d246b/group_types/c3c0b5f0-ce14-4517-9b66-08080566527d/group_specs/key2
Jul 25 12:39:29.482849 dv-cinder-825492-28-iscsi devstack@c-api.service[112562]: DEBUG cinder.api.openstack.wsgi [None req-8dfde2fc-1d36-43e2-89ea-cb20b7e64e66 tempest-GroupTypeSpecsTest-1975321235 tempest-GroupTypeSpecsTest-1975321235-project-admin] Empty body provided in request {{(pid=112562) get_body /opt/stack/cinder/cinder/api/openstack/wsgi.py:715}}
Jul 25 12:39:29.484134 dv-cinder-825492-28-iscsi devstack@c-api.service[112562]: DEBUG cinder.api.openstack.wsgi [None req-8dfde2fc-1d36-43e2-89ea-cb20b7e64e66 tempest-GroupTypeSpecsTest-1975321235 tempest-GroupTypeSpecsTest-1975321235-project-admin] Calling method 'version_select' {{(pid=112562) _process_stack /opt/stack/cinder/cinder/api/openstack/wsgi.py:868}}
Jul 25 12:39:29.518939 dv-cinder-825492-28-iscsi devstack@c-api.service[112562]: INFO cinder.api.openstack.wsgi [None req-8dfde2fc-1d36-43e2-89ea-cb20b7e64e66 tempest-GroupTypeSpecsTest-1975321235 tempest-GroupTypeSpecsTest-1975321235-project-admin] HTTP exception thrown: Group Type c3c0b5f0-ce14-4517-9b66-08080566527d has no extra spec with key key2.
Jul 25 12:39:29.519565 dv-cinder-825492-28-iscsi devstack@c-api.service[112562]: INFO cinder.api.openstack.wsgi [None req-8dfde2fc-1d36-43e2-89ea-cb20b7e64e66 tempest-GroupTypeSpecsTest-1975321235 tempest-GroupTypeSpecsTest-1975321235-project-admin] http://10.222.0.60/volume/v3/34e1aebbb34e477d9877bd465e7d246b/group_types/c3c0b5f0-ce14-4517-9b66-08080566527d/group_specs/key2 returned with HTTP 404
Jul 25 12:39:29.521100 dv-cinder-825492-28-iscsi devstack@c-api.service[112562]: [pid: 112562|app: 0|req: 18/25] 10.222.0.60 () {60 vars in 1429 bytes} [Mon Jul 25 12:39:29 2022] GET /volume/v3/34e1aebbb34e477d9877bd465e7d246b/group_types/c3c0b5f0-ce14-4517-9b66-08080566527d/group_specs/key2 => generated 126 bytes in 44 msecs (HTTP/1.1 404) 7 headers in 293 bytes (1 switches on core 0)
Jul 25 12:39:29.525654 dv-cinder-825492-28-iscsi devstack@c-api.service[112562]: DEBUG cinder.api.middleware.request_id [None req-29be5e71-9fc6-4cfd-8b20-cde2fb9bf823 None None] RequestId filter calling following filter/app {{(pid=112562) _context_setter /opt/stack/cinder/cinder/api/middleware/request_id.py:62}}
Jul 25 12:39:29.534834 dv-cinder-825492-28-iscsi devstack@c-api.service[112562]: INFO cinder.api.openstack.wsgi [None req-29be5e71-9fc6-4cfd-8b20-cde2fb9bf823 tempest-GroupTypeSpecsTest-1975321235 tempest-GroupTypeSpecsTest-1975321235-project-admin] DELETE http://10.222.0.60/volume/v3/34e1aebbb34e477d9877bd465e7d246b/group_types/c3c0b5f0-ce14-4517-9b66-08080566527d/group_specs/key3
Jul 25 12:39:29.537760 dv-cinder-825492-28-iscsi devstack@c-api.service[112562]: DEBUG cinder.api.openstack.wsgi [None req-29be5e71-9fc6-4cfd-8b20-cde2fb9bf823 tempest-GroupTypeSpecsTest-1975321235 tempest-GroupTypeSpecsTest-1975321235-project-admin] Empty body provided in request {{(pid=112562) get_body /opt/stack/cinder/cinder/api/openstack/wsgi.py:715}}
Jul 25 12:39:29.538840 dv-cinder-825492-28-iscsi devstack@c-api.service[112562]: DEBUG cinder.api.openstack.wsgi [None req-29be5e71-9fc6-4cfd-8b20-cde2fb9bf823 tempest-GroupTypeSpecsTest-1975321235 tempest-GroupTypeSpecsTest-1975321235-project-admin] Calling method 'version_select' {{(pid=112562) _process_stack /opt/stack/cinder/cinder/api/openstack/wsgi.py:868}}
Jul 25 12:39:29.543817 dv-cinder-825492-28-iscsi devstack@c-api.service[112563]: INFO cinder.api.openstack.wsgi [None req-326ac660-ff68-446f-aed4-cf387b6b4653 tempest-GroupSnapshotsV319Test-293567202 tempest-GroupSnapshotsV319Test-293567202-project] http://10.222.0.60/volume/v3/cb082229375f42198cba0b84485bd7f5/groups returned with HTTP 202
Jul 25 12:39:29.548522 dv-cinder-825492-28-iscsi devstack@c-api.service[112563]: [pid: 112563|app: 0|req: 8/26] 10.222.0.60 () {62 vars in 1274 bytes} [Mon Jul 25 12:39:28 2022] POST /volume/v3/cb082229375f42198cba0b84485bd7f5/groups => generated 116 bytes in 609 msecs (HTTP/1.1 202) 7 headers in 292 bytes (2 switches on core 0)
Jul 25 12:39:29.556687 dv-cinder-825492-28-iscsi devstack@c-api.service[112563]: DEBUG cinder.api.middleware.request_id [None req-1a4ae9ff-ae4e-4d20-9095-4dfdf5260bc5 None None] RequestId filter calling following filter/app {{(pid=112563) _context_setter /opt/stack/cinder/cinder/api/middleware/request_id.py:62}}
Jul 25 12:39:29.569294 dv-cinder-825492-28-iscsi devstack@c-api.service[112563]: INFO cinder.api.openstack.wsgi [None req-1a4ae9ff-ae4e-4d20-9095-4dfdf5260bc5 tempest-GroupSnapshotsV319Test-293567202 tempest-GroupSnapshotsV319Test-293567202-project] GET http://10.222.0.60/volume/v3/cb082229375f42198cba0b84485bd7f5/groups/bf5a2bde-6e9a-4bba-8ba4-892336a48cb7
Jul 25 12:39:29.571653 dv-cinder-825492-28-iscsi devstack@c-api.service[112563]: DEBUG cinder.api.openstack.wsgi [None req-1a4ae9ff-ae4e-4d20-9095-4dfdf5260bc5 tempest-GroupSnapshotsV319Test-293567202 tempest-GroupSnapshotsV319Test-293567202-project] Empty body provided in request {{(pid=112563) get_body /opt/stack/cinder/cinder/api/openstack/wsgi.py:715}}
Jul 25 12:39:29.573281 dv-cinder-825492-28-iscsi devstack@c-api.service[112563]: DEBUG cinder.api.openstack.wsgi [None req-1a4ae9ff-ae4e-4d20-9095-4dfdf5260bc5 tempest-GroupSnapshotsV319Test-293567202 tempest-GroupSnapshotsV319Test-293567202-project] Calling method 'version_select' {{(pid=112563) _process_stack /opt/stack/cinder/cinder/api/openstack/wsgi.py:868}}
Jul 25 12:39:29.573652 dv-cinder-825492-28-iscsi devstack@c-api.service[112563]: DEBUG cinder.api.v3.groups [None req-1a4ae9ff-ae4e-4d20-9095-4dfdf5260bc5 tempest-GroupSnapshotsV319Test-293567202 tempest-GroupSnapshotsV319Test-293567202-project] show called for member bf5a2bde-6e9a-4bba-8ba4-892336a48cb7 {{(pid=112563) show /opt/stack/cinder/cinder/api/v3/groups.py:58}}
Jul 25 12:39:29.589481 dv-cinder-825492-28-iscsi devstack@c-api.service[112563]: /usr/local/lib/python3.8/dist-packages/oslo_context/context.py:100: DeprecationWarning: Policy enforcement is depending on the value of is_admin. This key is deprecated. Please update your policy file to use the standard policy values.
Jul 25 12:39:29.589481 dv-cinder-825492-28-iscsi devstack@c-api.service[112563]: warnings.warn('Policy enforcement is depending on the value of '
Jul 25 12:39:29.612409 dv-cinder-825492-28-iscsi devstack@c-api.service[112562]: INFO cinder.api.openstack.wsgi [None req-29be5e71-9fc6-4cfd-8b20-cde2fb9bf823 tempest-GroupTypeSpecsTest-1975321235 tempest-GroupTypeSpecsTest-1975321235-project-admin] http://10.222.0.60/volume/v3/34e1aebbb34e477d9877bd465e7d246b/group_types/c3c0b5f0-ce14-4517-9b66-08080566527d/group_specs/key3 returned with HTTP 202
Jul 25 12:39:29.613329 dv-cinder-825492-28-iscsi devstack@c-api.service[112562]: [pid: 112562|app: 0|req: 19/27] 10.222.0.60 () {60 vars in 1432 bytes} [Mon Jul 25 12:39:29 2022] DELETE /volume/v3/34e1aebbb34e477d9877bd465e7d246b/group_types/c3c0b5f0-ce14-4517-9b66-08080566527d/group_specs/key3 => generated 0 bytes in 89 msecs (HTTP/1.1 202) 6 headers in 234 bytes (2 switches on core 0)
Jul 25 12:39:29.618087 dv-cinder-825492-28-iscsi devstack@c-api.service[112562]: DEBUG cinder.api.middleware.request_id [None req-4ba86702-1c97-41e7-88e7-c25c9b0c572c None None] RequestId filter calling following filter/app {{(pid=112562) _context_setter /opt/stack/cinder/cinder/api/middleware/request_id.py:62}}
Jul 25 12:39:29.622638 dv-cinder-825492-28-iscsi devstack@c-api.service[112562]: INFO cinder.api.openstack.wsgi [None req-4ba86702-1c97-41e7-88e7-c25c9b0c572c tempest-GroupTypeSpecsTest-1975321235 tempest-GroupTypeSpecsTest-1975321235-project-admin] GET http://10.222.0.60/volume/v3/34e1aebbb34e477d9877bd465e7d246b/group_types/c3c0b5f0-ce14-4517-9b66-08080566527d/group_specs/key3
Jul 25 12:39:29.623278 dv-cinder-825492-28-iscsi devstack@c-api.service[112562]: DEBUG cinder.api.openstack.wsgi [None req-4ba86702-1c97-41e7-88e7-c25c9b0c572c tempest-GroupTypeSpecsTest-1975321235 tempest-GroupTypeSpecsTest-1975321235-project-admin] Empty body provided in request {{(pid=112562) get_body /opt/stack/cinder/cinder/api/openstack/wsgi.py:715}}
Jul 25 12:39:29.624198 dv-cinder-825492-28-iscsi devstack@c-api.service[112562]: DEBUG cinder.api.openstack.wsgi [None req-4ba86702-1c97-41e7-88e7-c25c9b0c572c tempest-GroupTypeSpecsTest-1975321235 tempest-GroupTypeSpecsTest-1975321235-project-admin] Calling method 'version_select' {{(pid=112562) _process_stack /opt/stack/cinder/cinder/api/openstack/wsgi.py:868}}
Jul 25 12:39:29.673104 dv-cinder-825492-28-iscsi devstack@c-api.service[112562]: INFO cinder.api.openstack.wsgi [None req-4ba86702-1c97-41e7-88e7-c25c9b0c572c tempest-GroupTypeSpecsTest-1975321235 tempest-GroupTypeSpecsTest-1975321235-project-admin] HTTP exception thrown: Group Type c3c0b5f0-ce14-4517-9b66-08080566527d has no extra spec with key key3.
Jul 25 12:39:29.674035 dv-cinder-825492-28-iscsi devstack@c-api.service[112562]: INFO cinder.api.openstack.wsgi [None req-4ba86702-1c97-41e7-88e7-c25c9b0c572c tempest-GroupTypeSpecsTest-1975321235 tempest-GroupTypeSpecsTest-1975321235-project-admin] http://10.222.0.60/volume/v3/34e1aebbb34e477d9877bd465e7d246b/group_types/c3c0b5f0-ce14-4517-9b66-08080566527d/group_specs/key3 returned with HTTP 404
Jul 25 12:39:29.678247 dv-cinder-825492-28-iscsi devstack@c-api.service[112562]: [pid: 112562|app: 0|req: 20/28] 10.222.0.60 () {60 vars in 1429 bytes} [Mon Jul 25 12:39:29 2022] GET /volume/v3/34e1aebbb34e477d9877bd465e7d246b/group_types/c3c0b5f0-ce14-4517-9b66-08080566527d/group_specs/key3 => generated 126 bytes in 61 msecs (HTTP/1.1 404) 7 headers in 293 bytes (1 switches on core 0)
Jul 25 12:39:29.683808 dv-cinder-825492-28-iscsi devstack@c-api.service[112562]: DEBUG cinder.api.middleware.request_id [None req-48094111-e36a-4d8e-9191-4440b5e8b9f2 None None] RequestId filter calling following filter/app {{(pid=112562) _context_setter /opt/stack/cinder/cinder/api/middleware/request_id.py:62}}
Jul 25 12:39:29.686817 dv-cinder-825492-28-iscsi devstack@c-api.service[112563]: INFO cinder.api.openstack.wsgi [None req-1a4ae9ff-ae4e-4d20-9095-4dfdf5260bc5 tempest-GroupSnapshotsV319Test-293567202 tempest-GroupSnapshotsV319Test-293567202-project] http://10.222.0.60/volume/v3/cb082229375f42198cba0b84485bd7f5/groups/bf5a2bde-6e9a-4bba-8ba4-892336a48cb7 returned with HTTP 200
Jul 25 12:39:29.689969 dv-cinder-825492-28-iscsi devstack@c-api.service[112562]: INFO cinder.api.openstack.wsgi [None req-48094111-e36a-4d8e-9191-4440b5e8b9f2 tempest-GroupTypeSpecsTest-1975321235 tempest-GroupTypeSpecsTest-1975321235-project-admin] DELETE http://10.222.0.60/volume/v3/34e1aebbb34e477d9877bd465e7d246b/group_types/c3c0b5f0-ce14-4517-9b66-08080566527d
Jul 25 12:39:29.700033 dv-cinder-825492-28-iscsi devstack@c-api.service[112563]: [pid: 112563|app: 0|req: 9/29] 10.222.0.60 () {60 vars in 1363 bytes} [Mon Jul 25 12:39:29 2022] GET /volume/v3/cb082229375f42198cba0b84485bd7f5/groups/bf5a2bde-6e9a-4bba-8ba4-892336a48cb7 => generated 396 bytes in 144 msecs (HTTP/1.1 200) 7 headers in 286 bytes (1 switches on core 0)
Jul 25 12:39:29.700392 dv-cinder-825492-28-iscsi devstack@c-api.service[112562]: DEBUG cinder.api.openstack.wsgi [None req-48094111-e36a-4d8e-9191-4440b5e8b9f2 tempest-GroupTypeSpecsTest-1975321235 tempest-GroupTypeSpecsTest-1975321235-project-admin] Empty body provided in request {{(pid=112562) get_body /opt/stack/cinder/cinder/api/openstack/wsgi.py:715}}
Jul 25 12:39:29.700894 dv-cinder-825492-28-iscsi devstack@c-api.service[112562]: DEBUG cinder.api.openstack.wsgi [None req-48094111-e36a-4d8e-9191-4440b5e8b9f2 tempest-GroupTypeSpecsTest-1975321235 tempest-GroupTypeSpecsTest-1975321235-project-admin] Calling method 'version_select' {{(pid=112562) _process_stack /opt/stack/cinder/cinder/api/openstack/wsgi.py:868}}
Jul 25 12:39:29.786389 dv-cinder-825492-28-iscsi devstack@c-api.service[112562]: INFO cinder.api.openstack.wsgi [None req-48094111-e36a-4d8e-9191-4440b5e8b9f2 tempest-GroupTypeSpecsTest-1975321235 tempest-GroupTypeSpecsTest-1975321235-project-admin] http://10.222.0.60/volume/v3/34e1aebbb34e477d9877bd465e7d246b/group_types/c3c0b5f0-ce14-4517-9b66-08080566527d returned with HTTP 202
Jul 25 12:39:29.787485 dv-cinder-825492-28-iscsi devstack@c-api.service[112562]: [pid: 112562|app: 0|req: 21/30] 10.222.0.60 () {60 vars in 1381 bytes} [Mon Jul 25 12:39:29 2022] DELETE /volume/v3/34e1aebbb34e477d9877bd465e7d246b/group_types/c3c0b5f0-ce14-4517-9b66-08080566527d => generated 0 bytes in 105 msecs (HTTP/1.1 202) 6 headers in 234 bytes (1 switches on core 0)
Jul 25 12:39:30.301444 dv-cinder-825492-28-iscsi devstack@c-api.service[112563]: DEBUG cinder.api.middleware.request_id [req-10e4af44-4622-4a75-a751-9eefc3a0bb6e req-eb40973e-af3a-41f1-8412-bb5c8b885742 None None] RequestId filter calling following filter/app {{(pid=112563) _context_setter /opt/stack/cinder/cinder/api/middleware/request_id.py:62}}
Jul 25 12:39:30.510389 dv-cinder-825492-28-iscsi devstack@c-api.service[112563]: WARNING keystonemiddleware.auth_token [req-10e4af44-4622-4a75-a751-9eefc3a0bb6e req-eb40973e-af3a-41f1-8412-bb5c8b885742 None None] A valid token was submitted as a service token, but it was not a valid service token. This is incorrect but backwards compatible behaviour. This will be removed in future releases.
Jul 25 12:39:30.513961 dv-cinder-825492-28-iscsi devstack@c-api.service[112563]: INFO cinder.api.openstack.wsgi [req-10e4af44-4622-4a75-a751-9eefc3a0bb6e req-eb40973e-af3a-41f1-8412-bb5c8b885742 tempest-VolumesTestJSON-428153814 tempest-VolumesTestJSON-428153814-project] GET http://10.222.0.60/volume/v3/2bcc5a12b5ef476d944b824008f03014/volumes/0488f71c-9232-4ca3-bf23-16bd600a7ebb
Jul 25 12:39:30.513961 dv-cinder-825492-28-iscsi devstack@c-api.service[112563]: DEBUG cinder.api.openstack.wsgi [req-10e4af44-4622-4a75-a751-9eefc3a0bb6e req-eb40973e-af3a-41f1-8412-bb5c8b885742 tempest-VolumesTestJSON-428153814 tempest-VolumesTestJSON-428153814-project] Empty body provided in request {{(pid=112563) get_body /opt/stack/cinder/cinder/api/openstack/wsgi.py:715}}
Jul 25 12:39:30.514497 dv-cinder-825492-28-iscsi devstack@c-api.service[112563]: DEBUG cinder.api.openstack.wsgi [req-10e4af44-4622-4a75-a751-9eefc3a0bb6e req-eb40973e-af3a-41f1-8412-bb5c8b885742 tempest-VolumesTestJSON-428153814 tempest-VolumesTestJSON-428153814-project] Calling method 'show' {{(pid=112563) _process_stack /opt/stack/cinder/cinder/api/openstack/wsgi.py:868}}
Jul 25 12:39:30.545612 dv-cinder-825492-28-iscsi devstack@c-api.service[112563]: /usr/local/lib/python3.8/dist-packages/oslo_context/context.py:100: DeprecationWarning: Policy enforcement is depending on the value of is_admin. This key is deprecated. Please update your policy file to use the standard policy values.
Jul 25 12:39:30.545612 dv-cinder-825492-28-iscsi devstack@c-api.service[112563]: warnings.warn('Policy enforcement is depending on the value of '
Jul 25 12:39:30.579060 dv-cinder-825492-28-iscsi devstack@c-api.service[112563]: INFO cinder.volume.api [req-10e4af44-4622-4a75-a751-9eefc3a0bb6e req-eb40973e-af3a-41f1-8412-bb5c8b885742 tempest-VolumesTestJSON-428153814 tempest-VolumesTestJSON-428153814-project] Volume info retrieved successfully.
Jul 25 12:39:30.599461 dv-cinder-825492-28-iscsi devstack@c-api.service[112563]: INFO cinder.api.openstack.wsgi [req-10e4af44-4622-4a75-a751-9eefc3a0bb6e req-eb40973e-af3a-41f1-8412-bb5c8b885742 tempest-VolumesTestJSON-428153814 tempest-VolumesTestJSON-428153814-project] http://10.222.0.60/volume/v3/2bcc5a12b5ef476d944b824008f03014/volumes/0488f71c-9232-4ca3-bf23-16bd600a7ebb returned with HTTP 200
Jul 25 12:39:30.600138 dv-cinder-825492-28-iscsi devstack@c-api.service[112563]: [pid: 112563|app: 0|req: 10/31] 10.222.0.60 () {60 vars in 1578 bytes} [Mon Jul 25 12:39:30 2022] GET /volume/v3/2bcc5a12b5ef476d944b824008f03014/volumes/0488f71c-9232-4ca3-bf23-16bd600a7ebb => generated 921 bytes in 300 msecs (HTTP/1.1 200) 7 headers in 285 bytes (1 switches on core 0)
Jul 25 12:39:30.613823 dv-cinder-825492-28-iscsi devstack@c-api.service[112562]: DEBUG cinder.api.middleware.request_id [None req-e9d70328-782a-44b4-a200-03bc8dd35a57 None None] RequestId filter calling following filter/app {{(pid=112562) _context_setter /opt/stack/cinder/cinder/api/middleware/request_id.py:62}}
Jul 25 12:39:30.620314 dv-cinder-825492-28-iscsi devstack@c-api.service[112562]: INFO cinder.api.openstack.wsgi [None req-e9d70328-782a-44b4-a200-03bc8dd35a57 tempest-VolumesTestJSON-428153814 tempest-VolumesTestJSON-428153814-project] POST http://10.222.0.60/volume/v3/2bcc5a12b5ef476d944b824008f03014/volumes
Jul 25 12:39:30.621869 dv-cinder-825492-28-iscsi devstack@c-api.service[112562]: DEBUG cinder.api.openstack.wsgi [None req-e9d70328-782a-44b4-a200-03bc8dd35a57 tempest-VolumesTestJSON-428153814 tempest-VolumesTestJSON-428153814-project] Action: 'create', calling method: create, body: {"volume": {"metadata": {"Type": "work"}, "size": 1, "display_name": "tempest-VolumesTestJSON-volume-1520796160"}} {{(pid=112562) _process_stack /opt/stack/cinder/cinder/api/openstack/wsgi.py:866}}
Jul 25 12:39:30.625825 dv-cinder-825492-28-iscsi devstack@c-api.service[112562]: DEBUG cinder.api.v3.volumes [None req-e9d70328-782a-44b4-a200-03bc8dd35a57 tempest-VolumesTestJSON-428153814 tempest-VolumesTestJSON-428153814-project] Create volume request body: {'volume': {'metadata': {'Type': 'work'}, 'size': 1, 'display_name': 'tempest-VolumesTestJSON-volume-1520796160'}} {{(pid=112562) create /opt/stack/cinder/cinder/api/v3/volumes.py:298}}
Jul 25 12:39:30.627291 dv-cinder-825492-28-iscsi devstack@c-api.service[112562]: INFO cinder.api.v3.volumes [None req-e9d70328-782a-44b4-a200-03bc8dd35a57 tempest-VolumesTestJSON-428153814 tempest-VolumesTestJSON-428153814-project] Create volume of 1 GB
Jul 25 12:39:30.665193 dv-cinder-825492-28-iscsi devstack@c-api.service[112562]: DEBUG cinder.volume.api [None req-e9d70328-782a-44b4-a200-03bc8dd35a57 tempest-VolumesTestJSON-428153814 tempest-VolumesTestJSON-428153814-project] Availability zone cache updated, next update will occur around 2022-07-25 13:39:30.663623. {{(pid=112562) list_availability_zones /opt/stack/cinder/cinder/volume/api.py:153}}
Jul 25 12:39:30.665667 dv-cinder-825492-28-iscsi devstack@c-api.service[112562]: INFO cinder.volume.api [None req-e9d70328-782a-44b4-a200-03bc8dd35a57 tempest-VolumesTestJSON-428153814 tempest-VolumesTestJSON-428153814-project] Availability Zones retrieved successfully.
Jul 25 12:39:30.701330 dv-cinder-825492-28-iscsi devstack@c-api.service[112563]: DEBUG cinder.api.middleware.request_id [None req-077548fe-0cd2-4421-95ee-b07297e3bff8 None None] RequestId filter calling following filter/app {{(pid=112563) _context_setter /opt/stack/cinder/cinder/api/middleware/request_id.py:62}}
Jul 25 12:39:30.714848 dv-cinder-825492-28-iscsi devstack@c-api.service[112563]: INFO cinder.api.openstack.wsgi [None req-077548fe-0cd2-4421-95ee-b07297e3bff8 tempest-GroupSnapshotsV319Test-293567202 tempest-GroupSnapshotsV319Test-293567202-project] GET http://10.222.0.60/volume/v3/cb082229375f42198cba0b84485bd7f5/groups/bf5a2bde-6e9a-4bba-8ba4-892336a48cb7
Jul 25 12:39:30.715530 dv-cinder-825492-28-iscsi devstack@c-api.service[112563]: DEBUG cinder.api.openstack.wsgi [None req-077548fe-0cd2-4421-95ee-b07297e3bff8 tempest-GroupSnapshotsV319Test-293567202 tempest-GroupSnapshotsV319Test-293567202-project] Empty body provided in request {{(pid=112563) get_body /opt/stack/cinder/cinder/api/openstack/wsgi.py:715}}
Jul 25 12:39:30.716129 dv-cinder-825492-28-iscsi devstack@c-api.service[112563]: DEBUG cinder.api.openstack.wsgi [None req-077548fe-0cd2-4421-95ee-b07297e3bff8 tempest-GroupSnapshotsV319Test-293567202 tempest-GroupSnapshotsV319Test-293567202-project] Calling method 'version_select' {{(pid=112563) _process_stack /opt/stack/cinder/cinder/api/openstack/wsgi.py:868}}
Jul 25 12:39:30.716704 dv-cinder-825492-28-iscsi devstack@c-api.service[112563]: DEBUG cinder.api.v3.groups [None req-077548fe-0cd2-4421-95ee-b07297e3bff8 tempest-GroupSnapshotsV319Test-293567202 tempest-GroupSnapshotsV319Test-293567202-project] show called for member bf5a2bde-6e9a-4bba-8ba4-892336a48cb7 {{(pid=112563) show /opt/stack/cinder/cinder/api/v3/groups.py:58}}
Jul 25 12:39:30.730825 dv-cinder-825492-28-iscsi devstack@c-api.service[112563]: /usr/local/lib/python3.8/dist-packages/oslo_context/context.py:100: DeprecationWarning: Policy enforcement is depending on the value of is_admin. This key is deprecated. Please update your policy file to use the standard policy values.
Jul 25 12:39:30.730825 dv-cinder-825492-28-iscsi devstack@c-api.service[112563]: warnings.warn('Policy enforcement is depending on the value of '
Jul 25 12:39:30.759586 dv-cinder-825492-28-iscsi devstack@c-api.service[112563]: INFO cinder.api.openstack.wsgi [None req-077548fe-0cd2-4421-95ee-b07297e3bff8 tempest-GroupSnapshotsV319Test-293567202 tempest-GroupSnapshotsV319Test-293567202-project] http://10.222.0.60/volume/v3/cb082229375f42198cba0b84485bd7f5/groups/bf5a2bde-6e9a-4bba-8ba4-892336a48cb7 returned with HTTP 200
Jul 25 12:39:30.772535 dv-cinder-825492-28-iscsi devstack@c-api.service[112563]: [pid: 112563|app: 0|req: 11/32] 10.222.0.60 () {60 vars in 1363 bytes} [Mon Jul 25 12:39:30 2022] GET /volume/v3/cb082229375f42198cba0b84485bd7f5/groups/bf5a2bde-6e9a-4bba-8ba4-892336a48cb7 => generated 397 bytes in 72 msecs (HTTP/1.1 200) 7 headers in 286 bytes (1 switches on core 0)
Jul 25 12:39:30.775648 dv-cinder-825492-28-iscsi devstack@c-api.service[112563]: DEBUG cinder.api.middleware.request_id [None req-a05c3216-3bba-4ca7-a6ff-023f1d8176db None None] RequestId filter calling following filter/app {{(pid=112563) _context_setter /opt/stack/cinder/cinder/api/middleware/request_id.py:62}}
Jul 25 12:39:30.781647 dv-cinder-825492-28-iscsi devstack@c-api.service[112563]: INFO cinder.api.openstack.wsgi [None req-a05c3216-3bba-4ca7-a6ff-023f1d8176db tempest-GroupSnapshotsV319Test-293567202 tempest-GroupSnapshotsV319Test-293567202-project] POST http://10.222.0.60/volume/v3/cb082229375f42198cba0b84485bd7f5/volumes
Jul 25 12:39:30.782638 dv-cinder-825492-28-iscsi devstack@c-api.service[112563]: DEBUG cinder.api.openstack.wsgi [None req-a05c3216-3bba-4ca7-a6ff-023f1d8176db tempest-GroupSnapshotsV319Test-293567202 tempest-GroupSnapshotsV319Test-293567202-project] Action: 'create', calling method: create, body: {"volume": {"volume_type": "dd7ecc0e-2e5e-49c0-81ca-2c5b3a3486b8", "group_id": "bf5a2bde-6e9a-4bba-8ba4-892336a48cb7", "size": 1, "name": "tempest-GroupSnapshotsV319Test-Volume-945626567"}} {{(pid=112563) _process_stack /opt/stack/cinder/cinder/api/openstack/wsgi.py:866}}
Jul 25 12:39:30.784525 dv-cinder-825492-28-iscsi devstack@c-api.service[112562]: DEBUG cinder.volume.api [None req-e9d70328-782a-44b4-a200-03bc8dd35a57 tempest-VolumesTestJSON-428153814 tempest-VolumesTestJSON-428153814-project] Flow 'volume_create_api' (28afc485-64a1-49c9-8f4e-665cd3485292) transitioned into state 'RUNNING' from state 'PENDING' {{(pid=112562) _flow_receiver /usr/local/lib/python3.8/dist-packages/taskflow/listeners/logging.py:141}}
Jul 25 12:39:30.785080 dv-cinder-825492-28-iscsi devstack@c-api.service[112563]: DEBUG cinder.api.v3.volumes [None req-a05c3216-3bba-4ca7-a6ff-023f1d8176db tempest-GroupSnapshotsV319Test-293567202 tempest-GroupSnapshotsV319Test-293567202-project] Create volume request body: {'volume': {'volume_type': 'dd7ecc0e-2e5e-49c0-81ca-2c5b3a3486b8', 'group_id': 'bf5a2bde-6e9a-4bba-8ba4-892336a48cb7', 'size': 1, 'name': 'tempest-GroupSnapshotsV319Test-Volume-945626567'}} {{(pid=112563) create /opt/stack/cinder/cinder/api/v3/volumes.py:298}}
Jul 25 12:39:30.788278 dv-cinder-825492-28-iscsi devstack@c-api.service[112562]: DEBUG cinder.volume.api [None req-e9d70328-782a-44b4-a200-03bc8dd35a57 tempest-VolumesTestJSON-428153814 tempest-VolumesTestJSON-428153814-project] Task 'cinder.volume.flows.api.create_volume.ExtractVolumeRequestTask;volume:create' (e2a07d39-4b54-402a-be7a-f542acebebe3) transitioned into state 'RUNNING' from state 'PENDING' {{(pid=112562) _task_receiver /usr/local/lib/python3.8/dist-packages/taskflow/listeners/logging.py:190}}
Jul 25 12:39:30.791600 dv-cinder-825492-28-iscsi devstack@c-api.service[112562]: DEBUG cinder.volume.flows.api.create_volume [None req-e9d70328-782a-44b4-a200-03bc8dd35a57 tempest-VolumesTestJSON-428153814 tempest-VolumesTestJSON-428153814-project] Validating volume size '1' using validate_int {{(pid=112562) _extract_size /opt/stack/cinder/cinder/volume/flows/api/create_volume.py:228}}
Jul 25 12:39:30.807800 dv-cinder-825492-28-iscsi devstack@c-api.service[112563]: /usr/local/lib/python3.8/dist-packages/oslo_context/context.py:100: DeprecationWarning: Policy enforcement is depending on the value of is_admin. This key is deprecated. Please update your policy file to use the standard policy values.
Jul 25 12:39:30.807800 dv-cinder-825492-28-iscsi devstack@c-api.service[112563]: warnings.warn('Policy enforcement is depending on the value of '
Jul 25 12:39:30.808857 dv-cinder-825492-28-iscsi devstack@c-api.service[112563]: INFO cinder.api.v3.volumes [None req-a05c3216-3bba-4ca7-a6ff-023f1d8176db tempest-GroupSnapshotsV319Test-293567202 tempest-GroupSnapshotsV319Test-293567202-project] Create volume of 1 GB
Jul 25 12:39:30.816359 dv-cinder-825492-28-iscsi devstack@c-api.service[112562]: DEBUG dbcounter [-] [112562] Writing DB stats cinder:SELECT=88,cinder:INSERT=5,cinder:UPDATE=7 {{(pid=112562) stat_writer /usr/local/lib/python3.8/dist-packages/dbcounter.py:114}}
Jul 25 12:39:30.821635 dv-cinder-825492-28-iscsi devstack@c-api.service[112563]: INFO cinder.volume.api [None req-a05c3216-3bba-4ca7-a6ff-023f1d8176db tempest-GroupSnapshotsV319Test-293567202 tempest-GroupSnapshotsV319Test-293567202-project] Availability Zones retrieved successfully.
Jul 25 12:39:30.844266 dv-cinder-825492-28-iscsi devstack@c-api.service[112563]: DEBUG cinder.volume.api [None req-a05c3216-3bba-4ca7-a6ff-023f1d8176db tempest-GroupSnapshotsV319Test-293567202 tempest-GroupSnapshotsV319Test-293567202-project] Flow 'volume_create_api' (5d351afe-089c-4e01-89c9-1df10e09457b) transitioned into state 'RUNNING' from state 'PENDING' {{(pid=112563) _flow_receiver /usr/local/lib/python3.8/dist-packages/taskflow/listeners/logging.py:141}}
Jul 25 12:39:30.849123 dv-cinder-825492-28-iscsi devstack@c-api.service[112563]: DEBUG cinder.volume.api [None req-a05c3216-3bba-4ca7-a6ff-023f1d8176db tempest-GroupSnapshotsV319Test-293567202 tempest-GroupSnapshotsV319Test-293567202-project] Task 'cinder.volume.flows.api.create_volume.ExtractVolumeRequestTask;volume:create' (a8857b94-2826-4173-9f42-876efeee89e2) transitioned into state 'RUNNING' from state 'PENDING' {{(pid=112563) _task_receiver /usr/local/lib/python3.8/dist-packages/taskflow/listeners/logging.py:190}}
Jul 25 12:39:30.851334 dv-cinder-825492-28-iscsi devstack@c-api.service[112563]: /usr/local/lib/python3.8/dist-packages/oslo_context/context.py:100: DeprecationWarning: Policy enforcement is depending on the value of is_admin. This key is deprecated. Please update your policy file to use the standard policy values.
Jul 25 12:39:30.851334 dv-cinder-825492-28-iscsi devstack@c-api.service[112563]: warnings.warn('Policy enforcement is depending on the value of '
Jul 25 12:39:30.852666 dv-cinder-825492-28-iscsi devstack@c-api.service[112563]: DEBUG cinder.volume.flows.api.create_volume [None req-a05c3216-3bba-4ca7-a6ff-023f1d8176db tempest-GroupSnapshotsV319Test-293567202 tempest-GroupSnapshotsV319Test-293567202-project] Validating volume size '1' using validate_int {{(pid=112563) _extract_size /opt/stack/cinder/cinder/volume/flows/api/create_volume.py:228}}
