Jul 21 17:46:35.472920 dv-cinder-825492-27-smb neutron-server[111043]: INFO neutron.wsgi [req-d5127d34-6bd2-4ab3-888f-ad685193ba28 req-55ef67c1-1348-455d-925c-8e2763ad4499 tempest-AttachVolumeShelveTestJSON-223367528 tempest-AttachVolumeShelveTestJSON-223367528-project] 10.222.0.48 "GET /v2.0/ports?device_id=ee8c153b-f837-4559-8555-679477a490b9 HTTP/1.1" status: 200 len: 943 time: 0.0674493
Jul 21 17:46:35.476476 dv-cinder-825492-27-smb neutron-server[111043]: INFO neutron.wsgi [req-6763cd6f-9859-4d85-a1e5-a82060ca4773 req-c7a7feb6-5107-48d4-baaf-5cc7049a2ced tempest-AttachVolumeNegativeTest-569123713 tempest-AttachVolumeNegativeTest-569123713-project] 10.222.0.48 "GET /v2.0/security-groups?id=e62ccddc-ac97-40fe-8b26-69ea6d9ac89c&fields=id&fields=name HTTP/1.1" status: 200 len: 312 time: 0.0923233
Jul 21 17:46:35.523061 dv-cinder-825492-27-smb neutron-server[111043]: INFO neutron.wsgi [req-d5127d34-6bd2-4ab3-888f-ad685193ba28 req-2ea14680-8ad6-4701-85de-0d96025cd432 tempest-AttachVolumeShelveTestJSON-223367528 tempest-AttachVolumeShelveTestJSON-223367528-project] 10.222.0.48 "GET /v2.0/security-groups?id=238d845b-08f7-46eb-a91a-834b4d7f5bf9&fields=id&fields=name HTTP/1.1" status: 200 len: 312 time: 0.0436933
Jul 21 17:46:35.557298 dv-cinder-825492-27-smb neutron-server[111043]: DEBUG neutron.scheduler.base_scheduler [None req-4015df0f-e0d1-43dd-9f64-8e78effebda5 admin admin] Resources bound (agent type, host, resource id): (DHCP agent, dv-cinder-825492-27-smb, 4e9da2a5-d0a2-4792-bf14-7cc4b0de9498) {{(pid=111043) schedule /opt/stack/neutron/neutron/scheduler/base_scheduler.py:57}}
Jul 21 17:46:35.566621 dv-cinder-825492-27-smb neutron-server[111044]: DEBUG neutron.api.rpc.handlers.dhcp_rpc [None req-017692b2-64a3-4c7f-b31a-407df74a8e27 None None] Network 4e9da2a5-d0a2-4792-bf14-7cc4b0de9498 requested from dv-cinder-825492-27-smb {{(pid=111044) get_network_info /opt/stack/neutron/neutron/api/rpc/handlers/dhcp_rpc.py:191}}
Jul 21 17:46:35.577255 dv-cinder-825492-27-smb neutron-server[111043]: DEBUG neutron.pecan_wsgi.hooks.policy_enforcement [None req-4015df0f-e0d1-43dd-9f64-8e78effebda5 admin admin] Attributes excluded by policy engine: ['standard_attr_id', 'shared', 'segment_id', 'network'] {{(pid=111043) _exclude_attributes_by_policy /opt/stack/neutron/neutron/pecan_wsgi/hooks/policy_enforcement.py:259}}
Jul 21 17:46:35.577851 dv-cinder-825492-27-smb neutron-server[111043]: DEBUG neutron_lib.callbacks.manager [None req-4015df0f-e0d1-43dd-9f64-8e78effebda5 admin admin] Publish callbacks [] for subnet (None), before_response {{(pid=111043) _notify_loop /usr/local/lib/python3.8/dist-packages/neutron_lib/callbacks/manager.py:176}}
Jul 21 17:46:35.643297 dv-cinder-825492-27-smb neutron-server[111042]: DEBUG neutron.pecan_wsgi.hooks.policy_enforcement [req-664adcc6-7a8c-482f-87bf-8e1c8e55f09c req-a9ffde24-c015-42ad-beaf-f1613af874b8 service neutron] Attributes excluded by policy engine: ['standard_attr_id'] {{(pid=111042) _exclude_attributes_by_policy /opt/stack/neutron/neutron/pecan_wsgi/hooks/policy_enforcement.py:259}}
Jul 21 17:46:35.644899 dv-cinder-825492-27-smb neutron-server[111042]: INFO neutron.wsgi [req-664adcc6-7a8c-482f-87bf-8e1c8e55f09c req-a9ffde24-c015-42ad-beaf-f1613af874b8 service neutron] 10.222.0.46 "GET /v2.0/ports?tenant_id=7dd7e0d0361146e09d1da2044267a772&device_id=0b3a8472-0822-400f-8f54-41cc6495f93f HTTP/1.1" status: 200 len: 1127 time: 0.0882561
Jul 21 17:46:35.646021 dv-cinder-825492-27-smb neutron-server[111042]: DEBUG neutron.pecan_wsgi.hooks.policy_enforcement [req-88281200-ac2e-41dc-86e2-89d45eff4787 req-c3d05b61-cbd4-49ee-b4dc-97af67ed7cc5 service neutron] Attributes excluded by policy engine: ['standard_attr_id'] {{(pid=111042) _exclude_attributes_by_policy /opt/stack/neutron/neutron/pecan_wsgi/hooks/policy_enforcement.py:259}}
Jul 21 17:46:35.648055 dv-cinder-825492-27-smb neutron-server[111042]: INFO neutron.wsgi [req-88281200-ac2e-41dc-86e2-89d45eff4787 req-c3d05b61-cbd4-49ee-b4dc-97af67ed7cc5 service neutron] 10.222.0.46 "GET /v2.0/ports?tenant_id=89eff85d782a472ba03f4266388c86fd&device_id=ee8c153b-f837-4559-8555-679477a490b9 HTTP/1.1" status: 200 len: 1127 time: 0.0770359
Jul 21 17:46:35.692853 dv-cinder-825492-27-smb neutron-server[111043]: INFO neutron.wsgi [req-958a4025-528b-4d86-8967-da389ba5f129 req-f407a7a2-534d-4abc-83f4-13b03e642f7a service neutron] 10.222.0.46 "GET /v2.0/networks/ce94a1de-013d-4722-926d-ee3c5fb18788?fields=segments HTTP/1.1" status: 200 len: 212 time: 0.1533136
Jul 21 17:46:35.726190 dv-cinder-825492-27-smb neutron-server[111044]: DEBUG neutron.api.rpc.handlers.dhcp_rpc [None req-0aa008f2-54b6-481b-9ebb-8b8d9385fa91 None None] Network 4e9da2a5-d0a2-4792-bf14-7cc4b0de9498 requested from dv-cinder-825492-27-smb {{(pid=111044) get_network_info /opt/stack/neutron/neutron/api/rpc/handlers/dhcp_rpc.py:191}}
Jul 21 17:46:35.767307 dv-cinder-825492-27-smb neutron-server[111043]: INFO neutron.wsgi [req-0b0cc339-d895-4bd5-9aa9-ab9fdbaa171c req-24bd0410-5d3c-4017-822c-5800cb9659b3 service neutron] 10.222.0.46 "GET /v2.0/networks/9a9ca751-65b2-4bcd-811b-ca0ee8c49169?fields=provider%3Aphysical_network&fields=provider%3Anetwork_type HTTP/1.1" status: 200 len: 281 time: 0.2364058
Jul 21 17:46:35.826784 dv-cinder-825492-27-smb neutron-server[111043]: INFO neutron.wsgi [None req-4015df0f-e0d1-43dd-9f64-8e78effebda5 admin admin] 10.222.0.48 "POST /v2.0/subnets HTTP/1.1" status: 201 len: 846 time: 1.2659340
Jul 21 17:46:35.894773 dv-cinder-825492-27-smb neutron-server[111042]: DEBUG neutron.pecan_wsgi.hooks.policy_enforcement [req-88281200-ac2e-41dc-86e2-89d45eff4787 req-168d7d9e-463a-4b1b-a700-2211b3104db2 service neutron] Attributes excluded by policy engine: ['standard_attr_id', 'vlan_transparent'] {{(pid=111042) _exclude_attributes_by_policy /opt/stack/neutron/neutron/pecan_wsgi/hooks/policy_enforcement.py:259}}
Jul 21 17:46:35.896079 dv-cinder-825492-27-smb neutron-server[111043]: INFO neutron.wsgi [req-958a4025-528b-4d86-8967-da389ba5f129 req-964060b1-b7df-48b7-8272-390c21e6a652 service neutron] 10.222.0.46 "GET /v2.0/networks/ce94a1de-013d-4722-926d-ee3c5fb18788?fields=provider%3Aphysical_network&fields=provider%3Anetwork_type HTTP/1.1" status: 200 len: 281 time: 0.1967101
Jul 21 17:46:35.896206 dv-cinder-825492-27-smb neutron-server[111042]: INFO neutron.wsgi [req-88281200-ac2e-41dc-86e2-89d45eff4787 req-168d7d9e-463a-4b1b-a700-2211b3104db2 service neutron] 10.222.0.46 "GET /v2.0/networks?id=020bfc5d-4ad3-4bdb-8a31-8e01d8632108 HTTP/1.1" status: 200 len: 918 time: 0.2223272
Jul 21 17:46:35.905236 dv-cinder-825492-27-smb neutron-server[111042]: DEBUG neutron.pecan_wsgi.hooks.policy_enforcement [req-664adcc6-7a8c-482f-87bf-8e1c8e55f09c req-adc9496a-a1fc-4613-ad52-ddc2ea42dba0 service neutron] Attributes excluded by policy engine: ['standard_attr_id', 'vlan_transparent'] {{(pid=111042) _exclude_attributes_by_policy /opt/stack/neutron/neutron/pecan_wsgi/hooks/policy_enforcement.py:259}}
Jul 21 17:46:35.906517 dv-cinder-825492-27-smb neutron-server[111042]: INFO neutron.wsgi [req-664adcc6-7a8c-482f-87bf-8e1c8e55f09c req-adc9496a-a1fc-4613-ad52-ddc2ea42dba0 service neutron] 10.222.0.46 "GET /v2.0/networks?id=ce94a1de-013d-4722-926d-ee3c5fb18788 HTTP/1.1" status: 200 len: 920 time: 0.2510779
Jul 21 17:46:36.000546 dv-cinder-825492-27-smb neutron-server[111042]: INFO neutron.wsgi [req-88281200-ac2e-41dc-86e2-89d45eff4787 req-bb2e646e-1987-4e8b-bf27-fe6ba2370da4 service neutron] 10.222.0.46 "GET /v2.0/floatingips?fixed_ip_address=172.20.0.4&port_id=dda82e72-6f46-4716-bd97-92a859c394c7 HTTP/1.1" status: 200 len: 217 time: 0.0818141
Jul 21 17:46:36.001853 dv-cinder-825492-27-smb neutron-server[111042]: INFO neutron.wsgi [req-664adcc6-7a8c-482f-87bf-8e1c8e55f09c req-61d62152-9fc0-435e-bf67-0f7496604e6c service neutron] 10.222.0.46 "GET /v2.0/floatingips?fixed_ip_address=172.20.0.7&port_id=42ad43ce-db59-44b7-a7c0-a680308b4702 HTTP/1.1" status: 200 len: 217 time: 0.0764868
Jul 21 17:46:36.094251 dv-cinder-825492-27-smb neutron-server[111042]: DEBUG neutron.pecan_wsgi.hooks.policy_enforcement [req-664adcc6-7a8c-482f-87bf-8e1c8e55f09c req-da956eac-c831-432d-96e0-c88449b6b2e6 service neutron] Attributes excluded by policy engine: ['standard_attr_id', 'shared', 'segment_id'] {{(pid=111042) _exclude_attributes_by_policy /opt/stack/neutron/neutron/pecan_wsgi/hooks/policy_enforcement.py:259}}
Jul 21 17:46:36.095988 dv-cinder-825492-27-smb neutron-server[111042]: INFO neutron.wsgi [req-664adcc6-7a8c-482f-87bf-8e1c8e55f09c req-da956eac-c831-432d-96e0-c88449b6b2e6 service neutron] 10.222.0.46 "GET /v2.0/subnets?id=8ea48278-1bbd-4136-885a-8741ad0a08ef HTTP/1.1" status: 200 len: 858 time: 0.0853238
Jul 21 17:46:36.097304 dv-cinder-825492-27-smb neutron-server[111042]: DEBUG neutron.pecan_wsgi.hooks.policy_enforcement [req-88281200-ac2e-41dc-86e2-89d45eff4787 req-f29ff0a5-acc4-452c-a6a4-dffd4aac09dc service neutron] Attributes excluded by policy engine: ['standard_attr_id', 'shared', 'segment_id'] {{(pid=111042) _exclude_attributes_by_policy /opt/stack/neutron/neutron/pecan_wsgi/hooks/policy_enforcement.py:259}}
Jul 21 17:46:36.098618 dv-cinder-825492-27-smb neutron-server[111042]: INFO neutron.wsgi [req-88281200-ac2e-41dc-86e2-89d45eff4787 req-f29ff0a5-acc4-452c-a6a4-dffd4aac09dc service neutron] 10.222.0.46 "GET /v2.0/subnets?id=df6319e4-f81e-4d2e-a85c-72cbe8fb5ed7 HTTP/1.1" status: 200 len: 856 time: 0.0868461
Jul 21 17:46:36.119294 dv-cinder-825492-27-smb neutron-server[111044]: DEBUG neutron.plugins.ml2.rpc [None req-94416552-dfb0-4389-9642-77e0242d3038 None None] Device b9955daa-9ec2-4a96-a5c7-92aa9dd9b9cd up at agent hyperv_hv-cinder-82549 {{(pid=111044) update_device_up /opt/stack/neutron/neutron/plugins/ml2/rpc.py:296}}
Jul 21 17:46:36.167387 dv-cinder-825492-27-smb neutron-server[111044]: DEBUG neutron.db.provisioning_blocks [None req-94416552-dfb0-4389-9642-77e0242d3038 None None] Provisioning for port b9955daa-9ec2-4a96-a5c7-92aa9dd9b9cd completed by entity L2. {{(pid=111044) provisioning_complete /opt/stack/neutron/neutron/db/provisioning_blocks.py:137}}
Jul 21 17:46:36.173587 dv-cinder-825492-27-smb neutron-server[111042]: DEBUG neutron.pecan_wsgi.hooks.policy_enforcement [req-664adcc6-7a8c-482f-87bf-8e1c8e55f09c req-093a51bf-703e-495d-a1a0-eb8ad9afbdec service neutron] Attributes excluded by policy engine: ['standard_attr_id'] {{(pid=111042) _exclude_attributes_by_policy /opt/stack/neutron/neutron/pecan_wsgi/hooks/policy_enforcement.py:259}}
Jul 21 17:46:36.175133 dv-cinder-825492-27-smb neutron-server[111042]: INFO neutron.wsgi [req-664adcc6-7a8c-482f-87bf-8e1c8e55f09c req-093a51bf-703e-495d-a1a0-eb8ad9afbdec service neutron] 10.222.0.46 "GET /v2.0/ports?network_id=ce94a1de-013d-4722-926d-ee3c5fb18788&device_owner=network%3Adhcp HTTP/1.1" status: 200 len: 1211 time: 0.0688295
Jul 21 17:46:36.180091 dv-cinder-825492-27-smb neutron-server[111042]: DEBUG neutron.pecan_wsgi.hooks.policy_enforcement [req-88281200-ac2e-41dc-86e2-89d45eff4787 req-6f4cbb7b-70a2-4410-bf14-09769ff18592 service neutron] Attributes excluded by policy engine: ['standard_attr_id'] {{(pid=111042) _exclude_attributes_by_policy /opt/stack/neutron/neutron/pecan_wsgi/hooks/policy_enforcement.py:259}}
Jul 21 17:46:36.181453 dv-cinder-825492-27-smb neutron-server[111042]: INFO neutron.wsgi [req-88281200-ac2e-41dc-86e2-89d45eff4787 req-6f4cbb7b-70a2-4410-bf14-09769ff18592 service neutron] 10.222.0.46 "GET /v2.0/ports?network_id=020bfc5d-4ad3-4bdb-8a31-8e01d8632108&device_owner=network%3Adhcp HTTP/1.1" status: 200 len: 1211 time: 0.0678291
Jul 21 17:46:36.332299 dv-cinder-825492-27-smb neutron-server[111043]: DEBUG neutron.pecan_wsgi.hooks.policy_enforcement [req-b5ad3d45-8a6d-4c27-a98a-f548f78fec73 req-df0b9db4-0ede-42f8-89b6-9b43dd48ad7c tempest-ServerRescueNegativeTestJSON-1871077732 tempest-ServerRescueNegativeTestJSON-1871077732-project] Attributes excluded by policy engine: ['standard_attr_id', 'binding:profile', 'binding:host_id', 'binding:vif_type', 'binding:vif_details'] {{(pid=111043) _exclude_attributes_by_policy /opt/stack/neutron/neutron/pecan_wsgi/hooks/policy_enforcement.py:259}}
Jul 21 17:46:36.337301 dv-cinder-825492-27-smb neutron-server[111043]: INFO neutron.wsgi [req-b5ad3d45-8a6d-4c27-a98a-f548f78fec73 req-df0b9db4-0ede-42f8-89b6-9b43dd48ad7c tempest-ServerRescueNegativeTestJSON-1871077732 tempest-ServerRescueNegativeTestJSON-1871077732-project] 10.222.0.48 "GET /v2.0/ports?device_id=06bed64f-1ae7-45ff-86b7-f3a1541e8d41 HTTP/1.1" status: 200 len: 944 time: 0.0546677
Jul 21 17:46:36.371581 dv-cinder-825492-27-smb neutron-server[111042]: INFO neutron.wsgi [req-88281200-ac2e-41dc-86e2-89d45eff4787 req-58a6f9b6-668d-4cb9-97dd-c32888df4302 service neutron] 10.222.0.46 "GET /v2.0/networks/020bfc5d-4ad3-4bdb-8a31-8e01d8632108?fields=segments HTTP/1.1" status: 200 len: 212 time: 0.1815407
Jul 21 17:46:36.376575 dv-cinder-825492-27-smb neutron-server[111042]: INFO neutron.wsgi [req-664adcc6-7a8c-482f-87bf-8e1c8e55f09c req-b53fce1a-7f3f-4b25-a5a4-cd9b0f4267e4 service neutron] 10.222.0.46 "GET /v2.0/networks/ce94a1de-013d-4722-926d-ee3c5fb18788?fields=segments HTTP/1.1" status: 200 len: 212 time: 0.1942251
Jul 21 17:46:36.425839 dv-cinder-825492-27-smb neutron-server[111043]: DEBUG neutron.pecan_wsgi.hooks.policy_enforcement [req-1a06e7a9-9899-4be9-bc81-b15b99e7d6e6 req-7ae6d281-2683-4e08-8db1-98e92ee1ae42 tempest-DeleteServersTestJSON-387091486 tempest-DeleteServersTestJSON-387091486-project] Attributes excluded by policy engine: ['standard_attr_id', 'binding:profile', 'binding:host_id', 'binding:vif_type', 'binding:vif_details'] {{(pid=111043) _exclude_attributes_by_policy /opt/stack/neutron/neutron/pecan_wsgi/hooks/policy_enforcement.py:259}}
Jul 21 17:46:36.427340 dv-cinder-825492-27-smb neutron-server[111043]: INFO neutron.wsgi [req-1a06e7a9-9899-4be9-bc81-b15b99e7d6e6 req-7ae6d281-2683-4e08-8db1-98e92ee1ae42 tempest-DeleteServersTestJSON-387091486 tempest-DeleteServersTestJSON-387091486-project] 10.222.0.48 "GET /v2.0/ports?device_id=c2b3c953-4351-4337-ac64-2902c803a1ec HTTP/1.1" status: 200 len: 944 time: 0.0694897
Jul 21 17:46:36.435240 dv-cinder-825492-27-smb neutron-server[111043]: INFO neutron.wsgi [req-b5ad3d45-8a6d-4c27-a98a-f548f78fec73 req-88a918d5-f9ed-43d3-a9c9-b9861d132fb3 tempest-ServerRescueNegativeTestJSON-1871077732 tempest-ServerRescueNegativeTestJSON-1871077732-project] 10.222.0.48 "GET /v2.0/security-groups?id=bc182d91-e7bd-43fc-8d54-a1283a16a871&fields=id&fields=name HTTP/1.1" status: 200 len: 286 time: 0.0937622
Jul 21 17:46:36.481056 dv-cinder-825492-27-smb neutron-server[111043]: INFO neutron.wsgi [req-1a06e7a9-9899-4be9-bc81-b15b99e7d6e6 req-8f42c6f8-2cff-43ab-ba32-e763af863b2a tempest-DeleteServersTestJSON-387091486 tempest-DeleteServersTestJSON-387091486-project] 10.222.0.48 "GET /v2.0/security-groups?id=fcd5e46e-e82e-4197-b871-41baefdd058a&fields=id&fields=name HTTP/1.1" status: 200 len: 286 time: 0.0448675
Jul 21 17:46:36.589498 dv-cinder-825492-27-smb neutron-server[111043]: DEBUG neutron.pecan_wsgi.hooks.policy_enforcement [req-4f1f0f47-40c9-4fd2-a6a5-c2cec2981d32 req-b79c9586-a532-46f3-b7e7-bccef23de228 tempest-AttachVolumeNegativeTest-569123713 tempest-AttachVolumeNegativeTest-569123713-project] Attributes excluded by policy engine: ['standard_attr_id', 'binding:profile', 'binding:host_id', 'binding:vif_type', 'binding:vif_details'] {{(pid=111043) _exclude_attributes_by_policy /opt/stack/neutron/neutron/pecan_wsgi/hooks/policy_enforcement.py:259}}
Jul 21 17:46:36.591099 dv-cinder-825492-27-smb neutron-server[111043]: INFO neutron.wsgi [req-4f1f0f47-40c9-4fd2-a6a5-c2cec2981d32 req-b79c9586-a532-46f3-b7e7-bccef23de228 tempest-AttachVolumeNegativeTest-569123713 tempest-AttachVolumeNegativeTest-569123713-project] 10.222.0.48 "GET /v2.0/ports?device_id=d9d49b62-d4b6-4633-8cf4-ffac87c66486 HTTP/1.1" status: 200 len: 943 time: 0.0467887
Jul 21 17:46:36.656345 dv-cinder-825492-27-smb neutron-server[111043]: DEBUG neutron.pecan_wsgi.hooks.policy_enforcement [req-1a15edb8-a672-4e60-9519-9e5d9f0c9e0e req-d670f30b-d10a-442a-b8e1-71b424da3b18 tempest-AttachVolumeShelveTestJSON-223367528 tempest-AttachVolumeShelveTestJSON-223367528-project] Attributes excluded by policy engine: ['standard_attr_id', 'binding:profile', 'binding:host_id', 'binding:vif_type', 'binding:vif_details'] {{(pid=111043) _exclude_attributes_by_policy /opt/stack/neutron/neutron/pecan_wsgi/hooks/policy_enforcement.py:259}}
Jul 21 17:46:36.657794 dv-cinder-825492-27-smb neutron-server[111043]: INFO neutron.wsgi [req-1a15edb8-a672-4e60-9519-9e5d9f0c9e0e req-d670f30b-d10a-442a-b8e1-71b424da3b18 tempest-AttachVolumeShelveTestJSON-223367528 tempest-AttachVolumeShelveTestJSON-223367528-project] 10.222.0.48 "GET /v2.0/ports?device_id=ee8c153b-f837-4559-8555-679477a490b9 HTTP/1.1" status: 200 len: 943 time: 0.0623398
Jul 21 17:46:36.699391 dv-cinder-825492-27-smb neutron-server[111043]: INFO neutron.wsgi [req-4f1f0f47-40c9-4fd2-a6a5-c2cec2981d32 req-ca79123e-9347-4695-8b38-212723c58663 tempest-AttachVolumeNegativeTest-569123713 tempest-AttachVolumeNegativeTest-569123713-project] 10.222.0.48 "GET /v2.0/security-groups?id=e62ccddc-ac97-40fe-8b26-69ea6d9ac89c&fields=id&fields=name HTTP/1.1" status: 200 len: 312 time: 0.0941067
Jul 21 17:46:36.722293 dv-cinder-825492-27-smb neutron-server[111043]: INFO neutron.wsgi [req-1a15edb8-a672-4e60-9519-9e5d9f0c9e0e req-e156f175-1bae-4f0a-bf87-d2b7502c6b10 tempest-AttachVolumeShelveTestJSON-223367528 tempest-AttachVolumeShelveTestJSON-223367528-project] 10.222.0.48 "GET /v2.0/security-groups?id=238d845b-08f7-46eb-a91a-834b4d7f5bf9&fields=id&fields=name HTTP/1.1" status: 200 len: 312 time: 0.0588424
Jul 21 17:46:36.820818 dv-cinder-825492-27-smb neutron-server[111044]: DEBUG neutron.db.provisioning_blocks [None req-94416552-dfb0-4389-9642-77e0242d3038 None None] Provisioning complete for port b9955daa-9ec2-4a96-a5c7-92aa9dd9b9cd triggered by entity L2. {{(pid=111044) provisioning_complete /opt/stack/neutron/neutron/db/provisioning_blocks.py:145}}
Jul 21 17:46:36.829211 dv-cinder-825492-27-smb neutron-server[111044]: DEBUG neutron_lib.callbacks.manager [None req-94416552-dfb0-4389-9642-77e0242d3038 None None] Publish callbacks ['neutron.plugins.ml2.plugin.Ml2Plugin._port_provisioned-971044'] for port (b9955daa-9ec2-4a96-a5c7-92aa9dd9b9cd), provisioning_complete {{(pid=111044) _notify_loop /usr/local/lib/python3.8/dist-packages/neutron_lib/callbacks/manager.py:176}}
Jul 21 17:46:36.971094 dv-cinder-825492-27-smb neutron-server[111044]: DEBUG neutron_lib.callbacks.manager [None req-af28dab7-9fcc-4222-982a-a3014b9ce468 None None] Publish callbacks ['neutron.services.segments.db._update_segment_host_mapping_for_agent-8729424792634', 'neutron.plugins.ml2.plugin.Ml2Plugin._retry_binding_revived_agents-971130'] for agent (e87ffc9a-7983-4789-9396-3b3a0f93dbdd), after_update {{(pid=111044) _notify_loop /usr/local/lib/python3.8/dist-packages/neutron_lib/callbacks/manager.py:176}}
Jul 21 17:46:37.022139 dv-cinder-825492-27-smb neutron-server[111044]: DEBUG neutron.plugins.ml2.plugin [None req-94416552-dfb0-4389-9642-77e0242d3038 None None] Current status of the port b9955daa-9ec2-4a96-a5c7-92aa9dd9b9cd is: BUILD; New status is: ACTIVE {{(pid=111044) _update_individual_port_db_status /opt/stack/neutron/neutron/plugins/ml2/plugin.py:2292}}
Jul 21 17:46:37.022798 dv-cinder-825492-27-smb neutron-server[111044]: DEBUG neutron_lib.callbacks.manager [None req-94416552-dfb0-4389-9642-77e0242d3038 None None] Publish callbacks ['neutron.plugins.ml2.plugin.SecurityGroupDbMixin._ensure_default_security_group_handler-931593'] for port (b9955daa-9ec2-4a96-a5c7-92aa9dd9b9cd), before_update {{(pid=111044) _notify_loop /usr/local/lib/python3.8/dist-packages/neutron_lib/callbacks/manager.py:176}}
Jul 21 17:46:37.047238 dv-cinder-825492-27-smb neutron-server[111044]: DEBUG neutron.notifiers.nova [-] Sending events: [{'server_uuid': 'c2b3c953-4351-4337-ac64-2902c803a1ec', 'name': 'network-vif-plugged', 'status': 'completed', 'tag': 'b9955daa-9ec2-4a96-a5c7-92aa9dd9b9cd'}] {{(pid=111044) send_events /opt/stack/neutron/neutron/notifiers/nova.py:271}}
Jul 21 17:46:37.120716 dv-cinder-825492-27-smb neutron-server[111044]: DEBUG neutron.plugins.ml2.db [None req-94416552-dfb0-4389-9642-77e0242d3038 None None] For port b9955daa-9ec2-4a96-a5c7-92aa9dd9b9cd, host hv-cinder-82549, got binding levels [PortBindingLevel(driver='hyperv',host='hv-cinder-82549',level=0,port_id=b9955daa-9ec2-4a96-a5c7-92aa9dd9b9cd,segment=NetworkSegment(1cb88a65-8fec-4e0a-8e68-d738f01a81da),segment_id=1cb88a65-8fec-4e0a-8e68-d738f01a81da)] {{(pid=111044) get_binding_level_objs /opt/stack/neutron/neutron/plugins/ml2/db.py:74}}
Jul 21 17:46:37.212268 dv-cinder-825492-27-smb neutron-server[111044]: DEBUG neutron_lib.callbacks.manager [None req-94416552-dfb0-4389-9642-77e0242d3038 None None] Publish callbacks ['neutron.plugins.ml2.plugin.SecurityGroupServerNotifierRpcMixin._notify_sg_on_port_change-931656', 'neutron.plugins.ml2.ovo_rpc._ObjectChangeHandler.handle_event-144727', 'neutron.api.rpc.agentnotifiers.dhcp_rpc_agent_api.DhcpAgentNotifyAPI._native_event_send_dhcp_notification-7937251', 'neutron.db.l3_db.L3RpcNotifierMixin._notify_gateway_port_ip_changed-8729424703178', 'neutron.db.l3_dvrscheduler_db._notify_l3_agent_port_update-8729424341526', 'neutron.db.l3_hascheduler_db._notify_l3_agent_ha_port_update-8729424341544'] for port (b9955daa-9ec2-4a96-a5c7-92aa9dd9b9cd), after_update {{(pid=111044) _notify_loop /usr/local/lib/python3.8/dist-packages/neutron_lib/callbacks/manager.py:176}}
Jul 21 17:46:37.260996 dv-cinder-825492-27-smb neutron-server[111044]: DEBUG neutron.api.rpc.handlers.resources_rpc [None req-94416552-dfb0-4389-9642-77e0242d3038 None None] Pushing event updated for resources: {'Port': ['ID=b9955daa-9ec2-4a96-a5c7-92aa9dd9b9cd,revision_number=5']} {{(pid=111044) push /opt/stack/neutron/neutron/api/rpc/handlers/resources_rpc.py:237}}
Jul 21 17:46:37.279946 dv-cinder-825492-27-smb neutron-server[111042]: INFO neutron.wsgi [req-88281200-ac2e-41dc-86e2-89d45eff4787 req-12f443c1-31ee-4108-92c6-63d8b8f227aa service neutron] 10.222.0.46 "GET /v2.0/networks/020bfc5d-4ad3-4bdb-8a31-8e01d8632108?fields=provider%3Aphysical_network&fields=provider%3Anetwork_type HTTP/1.1" status: 200 len: 281 time: 0.0973885
Jul 21 17:46:37.552036 dv-cinder-825492-27-smb neutron-server[111043]: DEBUG neutron.pecan_wsgi.hooks.policy_enforcement [req-9876112c-cab6-4ea4-b8b7-57f4dfc03f77 req-a706a92d-dd1d-411d-bddb-2c5aa29027ce tempest-ServerRescueNegativeTestJSON-1871077732 tempest-ServerRescueNegativeTestJSON-1871077732-project] Attributes excluded by policy engine: ['standard_attr_id', 'binding:profile', 'binding:host_id', 'binding:vif_type', 'binding:vif_details'] {{(pid=111043) _exclude_attributes_by_policy /opt/stack/neutron/neutron/pecan_wsgi/hooks/policy_enforcement.py:259}}
Jul 21 17:46:37.554329 dv-cinder-825492-27-smb neutron-server[111043]: INFO neutron.wsgi [req-9876112c-cab6-4ea4-b8b7-57f4dfc03f77 req-a706a92d-dd1d-411d-bddb-2c5aa29027ce tempest-ServerRescueNegativeTestJSON-1871077732 tempest-ServerRescueNegativeTestJSON-1871077732-project] 10.222.0.48 "GET /v2.0/ports?device_id=06bed64f-1ae7-45ff-86b7-f3a1541e8d41 HTTP/1.1" status: 200 len: 944 time: 0.0498278
Jul 21 17:46:37.614535 dv-cinder-825492-27-smb neutron-server[111044]: DEBUG novaclient.v2.client [-] REQ: curl -g -i --cacert "/opt/stack/data/ca-bundle.pem" -X POST http://10.222.0.48/compute/v2.1/os-server-external-events -H "Accept: application/json" -H "Content-Type: application/json" -H "User-Agent: python-novaclient" -H "X-Auth-Token: {SHA256}58a0c1870a61590fc7242254852106595ff5e9a4c8864e03f2982b4e7756834f" -H "X-OpenStack-Nova-API-Version: 2.1" -H "X-OpenStack-Request-ID: req-a1b60006-2893-439a-b9a6-6990e7f246da" -d '{"events": [{"server_uuid": "c2b3c953-4351-4337-ac64-2902c803a1ec", "name": "network-vif-plugged", "status": "completed", "tag": "b9955daa-9ec2-4a96-a5c7-92aa9dd9b9cd"}]}' {{(pid=111044) _http_log_request /usr/local/lib/python3.8/dist-packages/keystoneauth1/session.py:519}}
Jul 21 17:46:37.628195 dv-cinder-825492-27-smb neutron-server[111043]: DEBUG neutron.pecan_wsgi.hooks.policy_enforcement [req-14c28864-b2bb-4eeb-9b23-f725f6415b6b req-95ad0080-4c36-45db-903b-fba10d48f2e6 tempest-DeleteServersTestJSON-387091486 tempest-DeleteServersTestJSON-387091486-project] Attributes excluded by policy engine: ['standard_attr_id', 'binding:profile', 'binding:host_id', 'binding:vif_type', 'binding:vif_details'] {{(pid=111043) _exclude_attributes_by_policy /opt/stack/neutron/neutron/pecan_wsgi/hooks/policy_enforcement.py:259}}
Jul 21 17:46:37.629700 dv-cinder-825492-27-smb neutron-server[111043]: INFO neutron.wsgi [req-14c28864-b2bb-4eeb-9b23-f725f6415b6b req-95ad0080-4c36-45db-903b-fba10d48f2e6 tempest-DeleteServersTestJSON-387091486 tempest-DeleteServersTestJSON-387091486-project] 10.222.0.48 "GET /v2.0/ports?device_id=c2b3c953-4351-4337-ac64-2902c803a1ec HTTP/1.1" status: 200 len: 945 time: 0.0743940
Jul 21 17:46:37.660291 dv-cinder-825492-27-smb neutron-server[111043]: INFO neutron.wsgi [req-9876112c-cab6-4ea4-b8b7-57f4dfc03f77 req-8c2bf47a-b26e-4fb1-b8e3-5ceadb01883f tempest-ServerRescueNegativeTestJSON-1871077732 tempest-ServerRescueNegativeTestJSON-1871077732-project] 10.222.0.48 "GET /v2.0/security-groups?id=bc182d91-e7bd-43fc-8d54-a1283a16a871&fields=id&fields=name HTTP/1.1" status: 200 len: 286 time: 0.0952284
Jul 21 17:46:37.696037 dv-cinder-825492-27-smb neutron-server[111043]: INFO neutron.wsgi [req-14c28864-b2bb-4eeb-9b23-f725f6415b6b req-7b6e1ce2-2d0d-4969-9cb3-9674cfea3cd9 tempest-DeleteServersTestJSON-387091486 tempest-DeleteServersTestJSON-387091486-project] 10.222.0.48 "GET /v2.0/security-groups?id=fcd5e46e-e82e-4197-b871-41baefdd058a&fields=id&fields=name HTTP/1.1" status: 200 len: 286 time: 0.0598176
Jul 21 17:46:37.721444 dv-cinder-825492-27-smb neutron-server[111043]: DEBUG neutron.wsgi [-] (111043) accepted ('10.222.0.48', 46304) {{(pid=111043) server /usr/local/lib/python3.8/dist-packages/eventlet/wsgi.py:1004}}
Jul 21 17:46:37.821725 dv-cinder-825492-27-smb neutron-server[111043]: DEBUG neutron.pecan_wsgi.hooks.policy_enforcement [req-ca5a78a5-880a-4b22-a606-7f60e9452c87 req-ab9d66c4-caa3-47ff-b5a8-541c8f43b011 tempest-AttachVolumeNegativeTest-569123713 tempest-AttachVolumeNegativeTest-569123713-project] Attributes excluded by policy engine: ['standard_attr_id', 'binding:profile', 'binding:host_id', 'binding:vif_type', 'binding:vif_details'] {{(pid=111043) _exclude_attributes_by_policy /opt/stack/neutron/neutron/pecan_wsgi/hooks/policy_enforcement.py:259}}
Jul 21 17:46:37.823369 dv-cinder-825492-27-smb neutron-server[111043]: INFO neutron.wsgi [req-ca5a78a5-880a-4b22-a606-7f60e9452c87 req-ab9d66c4-caa3-47ff-b5a8-541c8f43b011 tempest-AttachVolumeNegativeTest-569123713 tempest-AttachVolumeNegativeTest-569123713-project] 10.222.0.48 "GET /v2.0/ports?device_id=d9d49b62-d4b6-4633-8cf4-ffac87c66486 HTTP/1.1" status: 200 len: 943 time: 0.0531852
Jul 21 17:46:37.836888 dv-cinder-825492-27-smb neutron-server[111042]: DEBUG neutron.wsgi [-] (111042) accepted ('10.222.0.48', 46314) {{(pid=111042) server /usr/local/lib/python3.8/dist-packages/eventlet/wsgi.py:1004}}
Jul 21 17:46:37.841816 dv-cinder-825492-27-smb neutron-server[111042]: DEBUG neutron.api.v2.base [None req-91f9d3db-77e2-4a2b-aa4d-0b03eda9ecee admin admin] Request body: {'network': {'name': 'tempest-VolumesActionsTest-718912291-network', 'tenant_id': 'b42949494f9340f9b39f7ab459d1246a'}} {{(pid=111042) prepare_request_body /opt/stack/neutron/neutron/api/v2/base.py:730}}
Jul 21 17:46:37.891266 dv-cinder-825492-27-smb neutron-server[111043]: INFO neutron.wsgi [req-ca5a78a5-880a-4b22-a606-7f60e9452c87 req-497c86c1-dba5-44fc-8820-9cdb8ca605a0 tempest-AttachVolumeNegativeTest-569123713 tempest-AttachVolumeNegativeTest-569123713-project] 10.222.0.48 "GET /v2.0/security-groups?id=e62ccddc-ac97-40fe-8b26-69ea6d9ac89c&fields=id&fields=name HTTP/1.1" status: 200 len: 312 time: 0.0620825
Jul 21 17:46:37.892188 dv-cinder-825492-27-smb neutron-server[111044]: DEBUG novaclient.v2.client [-] RESP: [200] Connection: close Content-Length: 183 Content-Type: application/json Date: Thu, 21 Jul 2022 17:46:37 GMT OpenStack-API-Version: compute 2.1 Server: Apache/2.4.41 (Ubuntu) Vary: OpenStack-API-Version,X-OpenStack-Nova-API-Version X-OpenStack-Nova-API-Version: 2.1 x-compute-request-id: req-cb16cace-ac29-4bd2-a4dc-1f3567a445d5 x-openstack-request-id: req-cb16cace-ac29-4bd2-a4dc-1f3567a445d5 {{(pid=111044) _http_log_response /usr/local/lib/python3.8/dist-packages/keystoneauth1/session.py:550}}
Jul 21 17:46:37.892655 dv-cinder-825492-27-smb neutron-server[111044]: DEBUG novaclient.v2.client [-] RESP BODY: {"events": [{"server_uuid": "c2b3c953-4351-4337-ac64-2902c803a1ec", "name": "network-vif-plugged", "status": "completed", "tag": "b9955daa-9ec2-4a96-a5c7-92aa9dd9b9cd", "code": 200}]} {{(pid=111044) _http_log_response /usr/local/lib/python3.8/dist-packages/keystoneauth1/session.py:582}}
Jul 21 17:46:37.892834 dv-cinder-825492-27-smb neutron-server[111044]: DEBUG novaclient.v2.client [-] POST call to compute for http://10.222.0.48/compute/v2.1/os-server-external-events used request id req-cb16cace-ac29-4bd2-a4dc-1f3567a445d5 {{(pid=111044) request /usr/local/lib/python3.8/dist-packages/keystoneauth1/session.py:954}}
Jul 21 17:46:37.893238 dv-cinder-825492-27-smb neutron-server[111044]: INFO neutron.notifiers.nova [-] Nova event matching ['req-cb16cace-ac29-4bd2-a4dc-1f3567a445d5'] response: {'server_uuid': 'c2b3c953-4351-4337-ac64-2902c803a1ec', 'name': 'network-vif-plugged', 'status': 'completed', 'tag': 'b9955daa-9ec2-4a96-a5c7-92aa9dd9b9cd', 'code': 200}
Jul 21 17:46:37.915214 dv-cinder-825492-27-smb neutron-server[111045]: DEBUG neutron.db.agents_db [None req-8bee1c5f-7d3a-42ee-82a7-9bfb96bd6f19 None None] Agent healthcheck: found 6 active agents {{(pid=111045) agent_health_check /opt/stack/neutron/neutron/db/agents_db.py:317}}
Jul 21 17:46:37.954704 dv-cinder-825492-27-smb neutron-server[111042]: DEBUG neutron.pecan_wsgi.hooks.quota_enforcement [None req-91f9d3db-77e2-4a2b-aa4d-0b03eda9ecee admin admin] Made reservation on behalf of b42949494f9340f9b39f7ab459d1246a for: {'network': 1} {{(pid=111042) before /opt/stack/neutron/neutron/pecan_wsgi/hooks/quota_enforcement.py:53}}
Jul 21 17:46:37.955303 dv-cinder-825492-27-smb neutron-server[111042]: DEBUG neutron_lib.callbacks.manager [None req-91f9d3db-77e2-4a2b-aa4d-0b03eda9ecee admin admin] Publish callbacks ['neutron.plugins.ml2.plugin.SecurityGroupDbMixin._ensure_default_security_group_handler-931593'] for network (None), before_create {{(pid=111042) _notify_loop /usr/local/lib/python3.8/dist-packages/neutron_lib/callbacks/manager.py:176}}
Jul 21 17:46:37.983187 dv-cinder-825492-27-smb neutron-server[111042]: DEBUG neutron_lib.callbacks.manager [None req-91f9d3db-77e2-4a2b-aa4d-0b03eda9ecee admin admin] Publish callbacks [] for security_group (None), before_create {{(pid=111042) _notify_loop /usr/local/lib/python3.8/dist-packages/neutron_lib/callbacks/manager.py:176}}
Jul 21 17:46:38.012334 dv-cinder-825492-27-smb neutron-server[111043]: DEBUG neutron.pecan_wsgi.hooks.policy_enforcement [req-c1b20da0-8b89-434e-99bc-7601b62ee2d9 req-6d6bbbff-b2d0-408e-a20f-0708f0fb8ad4 tempest-AttachVolumeShelveTestJSON-223367528 tempest-AttachVolumeShelveTestJSON-223367528-project] Attributes excluded by policy engine: ['standard_attr_id', 'binding:profile', 'binding:host_id', 'binding:vif_type', 'binding:vif_details'] {{(pid=111043) _exclude_attributes_by_policy /opt/stack/neutron/neutron/pecan_wsgi/hooks/policy_enforcement.py:259}}
Jul 21 17:46:38.013920 dv-cinder-825492-27-smb neutron-server[111043]: INFO neutron.wsgi [req-c1b20da0-8b89-434e-99bc-7601b62ee2d9 req-6d6bbbff-b2d0-408e-a20f-0708f0fb8ad4 tempest-AttachVolumeShelveTestJSON-223367528 tempest-AttachVolumeShelveTestJSON-223367528-project] 10.222.0.48 "GET /v2.0/ports?device_id=ee8c153b-f837-4559-8555-679477a490b9 HTTP/1.1" status: 200 len: 943 time: 0.0640798
Jul 21 17:46:38.085738 dv-cinder-825492-27-smb neutron-server[111043]: INFO neutron.wsgi [req-c1b20da0-8b89-434e-99bc-7601b62ee2d9 req-2cb5bdb9-e4ee-4ea2-893f-2da0004810fb tempest-AttachVolumeShelveTestJSON-223367528 tempest-AttachVolumeShelveTestJSON-223367528-project] 10.222.0.48 "GET /v2.0/security-groups?id=238d845b-08f7-46eb-a91a-834b4d7f5bf9&fields=id&fields=name HTTP/1.1" status: 200 len: 312 time: 0.0652318
Jul 21 17:46:38.090314 dv-cinder-825492-27-smb neutron-server[111044]: DEBUG neutron_lib.callbacks.manager [None req-52c1a557-7f4b-44e7-8222-c5e2cc7b385e None None] Publish callbacks ['neutron.services.segments.db._update_segment_host_mapping_for_agent-8729424792634', 'neutron.plugins.ml2.plugin.Ml2Plugin._retry_binding_revived_agents-971130'] for agent (63361b94-7173-4604-8192-7a014cb24fdf), after_update {{(pid=111044) _notify_loop /usr/local/lib/python3.8/dist-packages/neutron_lib/callbacks/manager.py:176}}
Jul 21 17:46:38.107567 dv-cinder-825492-27-smb neutron-server[111042]: DEBUG neutron_lib.callbacks.manager [None req-91f9d3db-77e2-4a2b-aa4d-0b03eda9ecee admin admin] Publish callbacks [] for security_group (be161de1-4e8e-4a20-b0ed-0abcf5659b58), precommit_create {{(pid=111042) _notify_loop /usr/local/lib/python3.8/dist-packages/neutron_lib/callbacks/manager.py:176}}
Jul 21 17:46:38.120928 dv-cinder-825492-27-smb neutron-server[111044]: DEBUG neutron.plugins.ml2.rpc [None req-94416552-dfb0-4389-9642-77e0242d3038 None None] Device dda82e72-6f46-4716-bd97-92a859c394c7 details requested by agent hyperv_hv-cinder-82549 with host hv-cinder-82549 {{(pid=111044) get_device_details /opt/stack/neutron/neutron/plugins/ml2/rpc.py:102}}
Jul 21 17:46:38.245219 dv-cinder-825492-27-smb neutron-server[111043]: DEBUG neutron_lib.callbacks.manager [None req-2c0fd483-f8db-42b9-8bf5-f05ae0a200da admin admin] Publish callbacks [] for security_group (None), before_create {{(pid=111043) _notify_loop /usr/local/lib/python3.8/dist-packages/neutron_lib/callbacks/manager.py:176}}
Jul 21 17:46:38.284486 dv-cinder-825492-27-smb neutron-server[111043]: DEBUG neutron.pecan_wsgi.hooks.policy_enforcement [req-d8dbfbe0-d52f-435d-b029-fc83548ab116 req-9ddf57e8-2e48-4751-8d54-39d853030317 service neutron] Attributes excluded by policy engine: ['standard_attr_id'] {{(pid=111043) _exclude_attributes_by_policy /opt/stack/neutron/neutron/pecan_wsgi/hooks/policy_enforcement.py:259}}
Jul 21 17:46:38.286190 dv-cinder-825492-27-smb neutron-server[111043]: INFO neutron.wsgi [req-d8dbfbe0-d52f-435d-b029-fc83548ab116 req-9ddf57e8-2e48-4751-8d54-39d853030317 service neutron] 10.222.0.46 "GET /v2.0/ports?tenant_id=7dd7e0d0361146e09d1da2044267a772&device_id=06bed64f-1ae7-45ff-86b7-f3a1541e8d41 HTTP/1.1" status: 200 len: 1128 time: 0.1309268
Jul 21 17:46:38.296399 dv-cinder-825492-27-smb neutron-server[111044]: DEBUG neutron.plugins.ml2.db [None req-94416552-dfb0-4389-9642-77e0242d3038 None None] For port dda82e72-6f46-4716-bd97-92a859c394c7, host hv-cinder-82549, got binding levels [PortBindingLevel(driver='hyperv',host='hv-cinder-82549',level=0,port_id=dda82e72-6f46-4716-bd97-92a859c394c7,segment=NetworkSegment(a9ed32bf-34b4-45a8-a2ae-17e5f8ef3958),segment_id=a9ed32bf-34b4-45a8-a2ae-17e5f8ef3958)] {{(pid=111044) get_binding_level_objs /opt/stack/neutron/neutron/plugins/ml2/db.py:74}}
Jul 21 17:46:38.308436 dv-cinder-825492-27-smb neutron-server[111044]: DEBUG dbcounter [-] [111044] Writing DB stats neutron:SELECT=99,neutron:UPDATE=1 {{(pid=111044) stat_writer /usr/local/lib/python3.8/dist-packages/dbcounter.py:114}}
Jul 21 17:46:38.314172 dv-cinder-825492-27-smb neutron-server[111044]: DEBUG neutron.plugins.ml2.rpc [None req-94416552-dfb0-4389-9642-77e0242d3038 None None] Returning: {'device': 'dda82e72-6f46-4716-bd97-92a859c394c7', 'network_id': '020bfc5d-4ad3-4bdb-8a31-8e01d8632108', 'port_id': 'dda82e72-6f46-4716-bd97-92a859c394c7', 'mac_address': 'fa:16:3e:79:44:33', 'admin_state_up': True, 'network_type': 'vlan', 'segmentation_id': 233, 'physical_network': 'physnet1', 'mtu': 1500, 'fixed_ips': [{'subnet_id': 'df6319e4-f81e-4d2e-a85c-72cbe8fb5ed7', 'ip_address': '172.20.0.4'}], 'device_owner': 'compute:nova', 'allowed_address_pairs': [], 'port_security_enabled': True, 'qos_policy_id': None, 'qos_network_policy_id': None, 'profile': {}, 'propagate_uplink_status': False} {{(pid=111044) _get_device_details /opt/stack/neutron/neutron/plugins/ml2/rpc.py:184}}
Jul 21 17:46:38.361486 dv-cinder-825492-27-smb neutron-server[111044]: DEBUG neutron.plugins.ml2.plugin [None req-94416552-dfb0-4389-9642-77e0242d3038 None None] Current status of the port dda82e72-6f46-4716-bd97-92a859c394c7 is: DOWN; New status is: BUILD {{(pid=111044) _update_individual_port_db_status /opt/stack/neutron/neutron/plugins/ml2/plugin.py:2292}}
Jul 21 17:46:38.361879 dv-cinder-825492-27-smb neutron-server[111044]: DEBUG neutron_lib.callbacks.manager [None req-94416552-dfb0-4389-9642-77e0242d3038 None None] Publish callbacks ['neutron.plugins.ml2.plugin.SecurityGroupDbMixin._ensure_default_security_group_handler-931593'] for port (dda82e72-6f46-4716-bd97-92a859c394c7), before_update {{(pid=111044) _notify_loop /usr/local/lib/python3.8/dist-packages/neutron_lib/callbacks/manager.py:176}}
Jul 21 17:46:38.382735 dv-cinder-825492-27-smb neutron-server[111044]: DEBUG neutron.notifiers.nova [None req-94416552-dfb0-4389-9642-77e0242d3038 None None] Ignoring state change previous_port_status: DOWN current_port_status: BUILD port_id dda82e72-6f46-4716-bd97-92a859c394c7 {{(pid=111044) record_port_status_changed /opt/stack/neutron/neutron/notifiers/nova.py:233}}
Jul 21 17:46:38.397877 dv-cinder-825492-27-smb neutron-server[111042]: DEBUG neutron_lib.callbacks.manager [None req-91f9d3db-77e2-4a2b-aa4d-0b03eda9ecee admin admin] Publish callbacks ['neutron.plugins.ml2.ovo_rpc._ObjectChangeHandler.handle_event-8315443'] for security_group (be161de1-4e8e-4a20-b0ed-0abcf5659b58), after_create {{(pid=111042) _notify_loop /usr/local/lib/python3.8/dist-packages/neutron_lib/callbacks/manager.py:176}}
Jul 21 17:46:38.417897 dv-cinder-825492-27-smb neutron-server[111042]: DEBUG neutron.plugins.ml2.drivers.helpers [None req-91f9d3db-77e2-4a2b-aa4d-0b03eda9ecee admin admin] vlan segment allocate from pool success with {'physical_network': 'physnet1', 'vlan_id': 211} {{(pid=111042) allocate_partially_specified_segment /opt/stack/neutron/neutron/plugins/ml2/drivers/helpers.py:153}}
Jul 21 17:46:38.424922 dv-cinder-825492-27-smb neutron-server[111044]: DEBUG neutron.plugins.ml2.db [None req-94416552-dfb0-4389-9642-77e0242d3038 None None] For port dda82e72-6f46-4716-bd97-92a859c394c7, host hv-cinder-82549, got binding levels [PortBindingLevel(driver='hyperv',host='hv-cinder-82549',level=0,port_id=dda82e72-6f46-4716-bd97-92a859c394c7,segment=NetworkSegment(a9ed32bf-34b4-45a8-a2ae-17e5f8ef3958),segment_id=a9ed32bf-34b4-45a8-a2ae-17e5f8ef3958)] {{(pid=111044) get_binding_level_objs /opt/stack/neutron/neutron/plugins/ml2/db.py:74}}
Jul 21 17:46:38.432988 dv-cinder-825492-27-smb neutron-server[111042]: DEBUG dbcounter [-] [111042] Writing DB stats neutron:SELECT=88,neutron:INSERT=7,neutron:UPDATE=3,neutron:DELETE=2 {{(pid=111042) stat_writer /usr/local/lib/python3.8/dist-packages/dbcounter.py:114}}
Jul 21 17:46:38.451699 dv-cinder-825492-27-smb neutron-server[111042]: DEBUG neutron_lib.callbacks.manager [None req-91f9d3db-77e2-4a2b-aa4d-0b03eda9ecee admin admin] Publish callbacks ['neutron.plugins.ml2.plugin.Ml2Plugin._handle_segment_change-1034483'] for segment (813daba5-fccd-46a9-9a6c-e89e2a663a35), precommit_create {{(pid=111042) _notify_loop /usr/local/lib/python3.8/dist-packages/neutron_lib/callbacks/manager.py:176}}
Jul 21 17:46:38.451827 dv-cinder-825492-27-smb neutron-server[111042]: INFO neutron.db.segments_db [None req-91f9d3db-77e2-4a2b-aa4d-0b03eda9ecee admin admin] Added segment 813daba5-fccd-46a9-9a6c-e89e2a663a35 of type vlan for network 02cb2f61-1e17-46cd-a045-a6b63f6c6fc8
Jul 21 17:46:38.488836 dv-cinder-825492-27-smb neutron-server[111042]: DEBUG neutron.pecan_wsgi.hooks.policy_enforcement [req-88281200-ac2e-41dc-86e2-89d45eff4787 req-a80344b2-06ac-4f39-96db-3d2cd6c9e058 service neutron] Attributes excluded by policy engine: ['standard_attr_id'] {{(pid=111042) _exclude_attributes_by_policy /opt/stack/neutron/neutron/pecan_wsgi/hooks/policy_enforcement.py:259}}
Jul 21 17:46:38.490701 dv-cinder-825492-27-smb neutron-server[111042]: INFO neutron.wsgi [req-88281200-ac2e-41dc-86e2-89d45eff4787 req-a80344b2-06ac-4f39-96db-3d2cd6c9e058 service neutron] 10.222.0.46 "GET /v2.0/ports?tenant_id=b8a0d2e4b18c469a940821e298158f8b&device_id=d9d49b62-d4b6-4633-8cf4-ffac87c66486 HTTP/1.1" status: 200 len: 1127 time: 0.3189356
Jul 21 17:46:38.501793 dv-cinder-825492-27-smb neutron-server[111043]: DEBUG neutron.pecan_wsgi.hooks.policy_enforcement [req-d8dbfbe0-d52f-435d-b029-fc83548ab116 req-dc6dedac-0f7d-409c-b979-6352486702da service neutron] Attributes excluded by policy engine: ['standard_attr_id', 'vlan_transparent'] {{(pid=111043) _exclude_attributes_by_policy /opt/stack/neutron/neutron/pecan_wsgi/hooks/policy_enforcement.py:259}}
Jul 21 17:46:38.503281 dv-cinder-825492-27-smb neutron-server[111043]: INFO neutron.wsgi [req-d8dbfbe0-d52f-435d-b029-fc83548ab116 req-dc6dedac-0f7d-409c-b979-6352486702da service neutron] 10.222.0.46 "GET /v2.0/networks?id=ce94a1de-013d-4722-926d-ee3c5fb18788 HTTP/1.1" status: 200 len: 920 time: 0.2087543
Jul 21 17:46:38.514120 dv-cinder-825492-27-smb neutron-server[111042]: DEBUG neutron.api.rpc.handlers.resources_rpc [None req-91f9d3db-77e2-4a2b-aa4d-0b03eda9ecee admin admin] Pushing event updated for resources: {'SecurityGroup': ['ID=be161de1-4e8e-4a20-b0ed-0abcf5659b58,revision_number=1']} {{(pid=111042) push /opt/stack/neutron/neutron/api/rpc/handlers/resources_rpc.py:237}}
Jul 21 17:46:38.527304 dv-cinder-825492-27-smb neutron-server[111042]: INFO neutron.wsgi [req-664adcc6-7a8c-482f-87bf-8e1c8e55f09c req-465842ae-6744-440b-b314-0c301b8a0809 service neutron] 10.222.0.46 "GET /v2.0/networks/ce94a1de-013d-4722-926d-ee3c5fb18788?fields=provider%3Aphysical_network&fields=provider%3Anetwork_type HTTP/1.1" status: 200 len: 281 time: 0.4623742
Jul 21 17:46:38.545586 dv-cinder-825492-27-smb neutron-server[111042]: DEBUG neutron_lib.callbacks.manager [None req-91f9d3db-77e2-4a2b-aa4d-0b03eda9ecee admin admin] Publish callbacks ['neutron.services.auto_allocate.db._ensure_external_network_default_value_callback-8729424358970'] for network (02cb2f61-1e17-46cd-a045-a6b63f6c6fc8), precommit_create {{(pid=111042) _notify_loop /usr/local/lib/python3.8/dist-packages/neutron_lib/callbacks/manager.py:176}}
Jul 21 17:46:38.552545 dv-cinder-825492-27-smb neutron-server[111043]: DEBUG neutron_lib.callbacks.manager [None req-2c0fd483-f8db-42b9-8bf5-f05ae0a200da admin admin] Publish callbacks [] for security_group (9ecf73f2-fae6-4c38-8a5f-059201f84b98), precommit_create {{(pid=111043) _notify_loop /usr/local/lib/python3.8/dist-packages/neutron_lib/callbacks/manager.py:176}}
Jul 21 17:46:38.556632 dv-cinder-825492-27-smb neutron-server[111043]: INFO neutron.wsgi [req-d8dbfbe0-d52f-435d-b029-fc83548ab116 req-c9f1010b-3865-45e9-9817-69ffff43a9fc service neutron] 10.222.0.46 "GET /v2.0/floatingips?fixed_ip_address=172.20.0.13&port_id=b20db980-372f-42c6-87ea-e0d240d52692 HTTP/1.1" status: 200 len: 217 time: 0.0471385
Jul 21 17:46:38.610278 dv-cinder-825492-27-smb neutron-server[111043]: DEBUG neutron.pecan_wsgi.hooks.policy_enforcement [req-d8dbfbe0-d52f-435d-b029-fc83548ab116 req-7317d291-1ed4-409c-a3e0-fcfcccbfcd64 service neutron] Attributes excluded by policy engine: ['standard_attr_id', 'shared', 'segment_id'] {{(pid=111043) _exclude_attributes_by_policy /opt/stack/neutron/neutron/pecan_wsgi/hooks/policy_enforcement.py:259}}
Jul 21 17:46:38.611743 dv-cinder-825492-27-smb neutron-server[111043]: INFO neutron.wsgi [req-d8dbfbe0-d52f-435d-b029-fc83548ab116 req-7317d291-1ed4-409c-a3e0-fcfcccbfcd64 service neutron] 10.222.0.46 "GET /v2.0/subnets?id=8ea48278-1bbd-4136-885a-8741ad0a08ef HTTP/1.1" status: 200 len: 858 time: 0.0479376
Jul 21 17:46:38.614581 dv-cinder-825492-27-smb neutron-server[111044]: DEBUG neutron_lib.callbacks.manager [None req-94416552-dfb0-4389-9642-77e0242d3038 None None] Publish callbacks ['neutron.plugins.ml2.plugin.SecurityGroupServerNotifierRpcMixin._notify_sg_on_port_change-931656', 'neutron.plugins.ml2.ovo_rpc._ObjectChangeHandler.handle_event-144727', 'neutron.api.rpc.agentnotifiers.dhcp_rpc_agent_api.DhcpAgentNotifyAPI._native_event_send_dhcp_notification-7937251', 'neutron.db.l3_db.L3RpcNotifierMixin._notify_gateway_port_ip_changed-8729424703178', 'neutron.db.l3_dvrscheduler_db._notify_l3_agent_port_update-8729424341526', 'neutron.db.l3_hascheduler_db._notify_l3_agent_ha_port_update-8729424341544'] for port (dda82e72-6f46-4716-bd97-92a859c394c7), after_update {{(pid=111044) _notify_loop /usr/local/lib/python3.8/dist-packages/neutron_lib/callbacks/manager.py:176}}
Jul 21 17:46:38.617912 dv-cinder-825492-27-smb neutron-server[111044]: DEBUG neutron.plugins.ml2.rpc [None req-94416552-dfb0-4389-9642-77e0242d3038 None None] Device 42ad43ce-db59-44b7-a7c0-a680308b4702 details requested by agent hyperv_hv-cinder-82549 with host hv-cinder-82549 {{(pid=111044) get_device_details /opt/stack/neutron/neutron/plugins/ml2/rpc.py:102}}
Jul 21 17:46:38.657140 dv-cinder-825492-27-smb neutron-server[111042]: DEBUG neutron.pecan_wsgi.hooks.policy_enforcement [req-88281200-ac2e-41dc-86e2-89d45eff4787 req-b5fd3214-855f-4c6e-a65b-b9c36875435d service neutron] Attributes excluded by policy engine: ['standard_attr_id', 'vlan_transparent'] {{(pid=111042) _exclude_attributes_by_policy /opt/stack/neutron/neutron/pecan_wsgi/hooks/policy_enforcement.py:259}}
Jul 21 17:46:38.657629 dv-cinder-825492-27-smb neutron-server[111043]: DEBUG neutron.pecan_wsgi.hooks.policy_enforcement [req-d8dbfbe0-d52f-435d-b029-fc83548ab116 req-4afdf6f4-72d2-4de4-b3fd-9112d567050d service neutron] Attributes excluded by policy engine: ['standard_attr_id'] {{(pid=111043) _exclude_attributes_by_policy /opt/stack/neutron/neutron/pecan_wsgi/hooks/policy_enforcement.py:259}}
Jul 21 17:46:38.658604 dv-cinder-825492-27-smb neutron-server[111042]: INFO neutron.wsgi [req-88281200-ac2e-41dc-86e2-89d45eff4787 req-b5fd3214-855f-4c6e-a65b-b9c36875435d service neutron] 10.222.0.46 "GET /v2.0/networks?id=9a9ca751-65b2-4bcd-811b-ca0ee8c49169 HTTP/1.1" status: 200 len: 915 time: 0.1475041
Jul 21 17:46:38.659162 dv-cinder-825492-27-smb neutron-server[111043]: INFO neutron.wsgi [req-d8dbfbe0-d52f-435d-b029-fc83548ab116 req-4afdf6f4-72d2-4de4-b3fd-9112d567050d service neutron] 10.222.0.46 "GET /v2.0/ports?network_id=ce94a1de-013d-4722-926d-ee3c5fb18788&device_owner=network%3Adhcp HTTP/1.1" status: 200 len: 1211 time: 0.0410416
Jul 21 17:46:38.694464 dv-cinder-825492-27-smb neutron-server[111044]: DEBUG neutron.api.rpc.handlers.resources_rpc [None req-94416552-dfb0-4389-9642-77e0242d3038 None None] Pushing event updated for resources: {'Port': ['ID=dda82e72-6f46-4716-bd97-92a859c394c7,revision_number=4']} {{(pid=111044) push /opt/stack/neutron/neutron/api/rpc/handlers/resources_rpc.py:237}}
Jul 21 17:46:38.696882 dv-cinder-825492-27-smb neutron-server[111043]: DEBUG neutron_lib.callbacks.manager [None req-2c0fd483-f8db-42b9-8bf5-f05ae0a200da admin admin] Publish callbacks ['neutron.plugins.ml2.ovo_rpc._ObjectChangeHandler.handle_event-8315443'] for security_group (9ecf73f2-fae6-4c38-8a5f-059201f84b98), after_create {{(pid=111043) _notify_loop /usr/local/lib/python3.8/dist-packages/neutron_lib/callbacks/manager.py:176}}
Jul 21 17:46:38.737676 dv-cinder-825492-27-smb neutron-server[111043]: INFO neutron.wsgi [None req-2c0fd483-f8db-42b9-8bf5-f05ae0a200da admin admin] 10.222.0.48 "GET /v2.0/security-groups?tenant_id=e85e8f6bfa8e40ef97924dbe20446b41&name=default HTTP/1.1" status: 200 len: 2996 time: 1.0143309
Jul 21 17:46:38.746741 dv-cinder-825492-27-smb neutron-server[111043]: DEBUG neutron.wsgi [-] (111043) accepted ('10.222.0.48', 46334) {{(pid=111043) server /usr/local/lib/python3.8/dist-packages/eventlet/wsgi.py:1004}}
Jul 21 17:46:38.770076 dv-cinder-825492-27-smb neutron-server[111044]: DEBUG neutron.plugins.ml2.db [None req-94416552-dfb0-4389-9642-77e0242d3038 None None] For port 42ad43ce-db59-44b7-a7c0-a680308b4702, host hv-cinder-82549, got binding levels [PortBindingLevel(driver='hyperv',host='hv-cinder-82549',level=0,port_id=42ad43ce-db59-44b7-a7c0-a680308b4702,segment=NetworkSegment(6d75afba-e1ba-4ee0-bd92-52424e74027f),segment_id=6d75afba-e1ba-4ee0-bd92-52424e74027f)] {{(pid=111044) get_binding_level_objs /opt/stack/neutron/neutron/plugins/ml2/db.py:74}}
Jul 21 17:46:38.786285 dv-cinder-825492-27-smb neutron-server[111044]: DEBUG neutron.plugins.ml2.rpc [None req-94416552-dfb0-4389-9642-77e0242d3038 None None] Returning: {'device': '42ad43ce-db59-44b7-a7c0-a680308b4702', 'network_id': 'ce94a1de-013d-4722-926d-ee3c5fb18788', 'port_id': '42ad43ce-db59-44b7-a7c0-a680308b4702', 'mac_address': 'fa:16:3e:6a:99:78', 'admin_state_up': True, 'network_type': 'vlan', 'segmentation_id': 214, 'physical_network': 'physnet1', 'mtu': 1500, 'fixed_ips': [{'subnet_id': '8ea48278-1bbd-4136-885a-8741ad0a08ef', 'ip_address': '172.20.0.7'}], 'device_owner': 'compute:nova', 'allowed_address_pairs': [], 'port_security_enabled': True, 'qos_policy_id': None, 'qos_network_policy_id': None, 'profile': {}, 'propagate_uplink_status': False} {{(pid=111044) _get_device_details /opt/stack/neutron/neutron/plugins/ml2/rpc.py:184}}
