Jul 14 09:50:15.424489 dv-cinder-825492-26-smb neutron-server[110931]: DEBUG neutron.pecan_wsgi.hooks.policy_enforcement [req-af790e3d-822c-4d4c-9320-da9d2cbcb351 req-9855a179-e18b-4e12-ab13-a26a769ab6cf tempest-AttachVolumeShelveTestJSON-187993612 tempest-AttachVolumeShelveTestJSON-187993612-project] Attributes excluded by policy engine: ['standard_attr_id', 'binding:profile', 'binding:host_id', 'binding:vif_type', 'binding:vif_details'] {{(pid=110931) _exclude_attributes_by_policy /opt/stack/neutron/neutron/pecan_wsgi/hooks/policy_enforcement.py:259}}
Jul 14 09:50:15.431452 dv-cinder-825492-26-smb neutron-server[110931]: INFO neutron.wsgi [req-af790e3d-822c-4d4c-9320-da9d2cbcb351 req-9855a179-e18b-4e12-ab13-a26a769ab6cf tempest-AttachVolumeShelveTestJSON-187993612 tempest-AttachVolumeShelveTestJSON-187993612-project] 10.222.0.50 "GET /v2.0/ports?device_id=133a5209-f699-4f76-839e-58a5fac9c32d HTTP/1.1" status: 200 len: 931 time: 0.2362676
Jul 14 09:50:15.473702 dv-cinder-825492-26-smb neutron-server[110931]: DEBUG neutron_lib.callbacks.manager [None req-0b79aaa0-fdf6-47a8-9cc7-ecd1fea45103 admin admin] Publish callbacks ['neutron.plugins.ml2.ovo_rpc._ObjectChangeHandler.handle_event-1979972'] for security_group (77ce7f31-b217-415f-b06f-02c175d655ee), after_create {{(pid=110931) _notify_loop /usr/local/lib/python3.8/dist-packages/neutron_lib/callbacks/manager.py:176}}
Jul 14 09:50:15.483247 dv-cinder-825492-26-smb neutron-server[110932]: INFO neutron.wsgi [req-40d5d013-b802-42e7-8b0f-e8329978cd45 req-e07b246e-4f64-4c2a-ac75-e0595c5c775d service neutron] 10.222.0.59 "GET /v2.0/floatingips?fixed_ip_address=172.20.0.9&port_id=cbc362a4-e5cd-4ed6-afaa-dbcfa7b708ef HTTP/1.1" status: 200 len: 217 time: 0.0797842
Jul 14 09:50:15.489953 dv-cinder-825492-26-smb neutron-server[110932]: DEBUG neutron.api.rpc.handlers.resources_rpc [None req-c0cc2a12-5d31-4d9e-b382-3bbae9475e3b service neutron] Pushing event updated for resources: {'Port': ['ID=e643fc45-2459-4f83-926f-079af834341f,revision_number=2']} {{(pid=110932) push /opt/stack/neutron/neutron/api/rpc/handlers/resources_rpc.py:237}}
Jul 14 09:50:15.507066 dv-cinder-825492-26-smb neutron-server[110933]: DEBUG neutron.db.provisioning_blocks [None req-24fb0a52-ff50-470b-9065-ef66701040bf None None] Provisioning complete for port f6d54bc1-436e-41a2-8e61-aa27f36e0bd6 triggered by entity DHCP. {{(pid=110933) provisioning_complete /opt/stack/neutron/neutron/db/provisioning_blocks.py:145}}
Jul 14 09:50:15.507687 dv-cinder-825492-26-smb neutron-server[110933]: DEBUG neutron_lib.callbacks.manager [None req-24fb0a52-ff50-470b-9065-ef66701040bf None None] Publish callbacks ['neutron.plugins.ml2.plugin.Ml2Plugin._port_provisioned-915374'] for port (f6d54bc1-436e-41a2-8e61-aa27f36e0bd6), provisioning_complete {{(pid=110933) _notify_loop /usr/local/lib/python3.8/dist-packages/neutron_lib/callbacks/manager.py:176}}
Jul 14 09:50:15.511193 dv-cinder-825492-26-smb neutron-server[110931]: DEBUG neutron.pecan_wsgi.hooks.policy_enforcement [req-2ffbb7df-184d-4551-88c0-167dd6346a99 req-bc2880d1-215f-407d-8528-8514be718fc5 service neutron] Attributes excluded by policy engine: ['standard_attr_id'] {{(pid=110931) _exclude_attributes_by_policy /opt/stack/neutron/neutron/pecan_wsgi/hooks/policy_enforcement.py:259}}
Jul 14 09:50:15.517557 dv-cinder-825492-26-smb neutron-server[110931]: INFO neutron.wsgi [req-2ffbb7df-184d-4551-88c0-167dd6346a99 req-bc2880d1-215f-407d-8528-8514be718fc5 service neutron] 10.222.0.59 "GET /v2.0/ports?network_id=86885a1d-4a0b-4a43-9975-5e5ba424e153&device_owner=network%3Adhcp HTTP/1.1" status: 200 len: 1211 time: 0.2756779
Jul 14 09:50:15.542332 dv-cinder-825492-26-smb neutron-server[110932]: DEBUG neutron.wsgi [-] (110932) accepted ('10.222.0.59', 64381) {{(pid=110932) server /usr/local/lib/python3.8/dist-packages/eventlet/wsgi.py:1004}}
Jul 14 09:50:15.565517 dv-cinder-825492-26-smb neutron-server[110931]: DEBUG neutron.api.rpc.handlers.resources_rpc [None req-0b79aaa0-fdf6-47a8-9cc7-ecd1fea45103 admin admin] Pushing event updated for resources: {'SecurityGroup': ['ID=77ce7f31-b217-415f-b06f-02c175d655ee,revision_number=1']} {{(pid=110931) push /opt/stack/neutron/neutron/api/rpc/handlers/resources_rpc.py:237}}
Jul 14 09:50:15.600247 dv-cinder-825492-26-smb neutron-server[110933]: DEBUG neutron.plugins.ml2.plugin [None req-24fb0a52-ff50-470b-9065-ef66701040bf None None] Port f6d54bc1-436e-41a2-8e61-aa27f36e0bd6 cannot update to ACTIVE because it is not bound. {{(pid=110933) _port_provisioned /opt/stack/neutron/neutron/plugins/ml2/plugin.py:348}}
Jul 14 09:50:15.626530 dv-cinder-825492-26-smb neutron-server[110931]: DEBUG dbcounter [-] [110931] Writing DB stats neutron:SELECT=86,neutron:DELETE=2,neutron:INSERT=11,neutron:UPDATE=1 {{(pid=110931) stat_writer /usr/local/lib/python3.8/dist-packages/dbcounter.py:114}}
Jul 14 09:50:15.686748 dv-cinder-825492-26-smb neutron-server[110932]: DEBUG neutron.plugins.ml2.managers [req-24b63a52-59c2-44a8-8614-460abbb184cc req-c0cc2a12-5d31-4d9e-b382-3bbae9475e3b service neutron] Attempting to bind port e643fc45-2459-4f83-926f-079af834341f on host hv-cinder-82549 for vnic_type normal with profile {{(pid=110932) bind_port /opt/stack/neutron/neutron/plugins/ml2/managers.py:810}}
Jul 14 09:50:15.694151 dv-cinder-825492-26-smb neutron-server[110932]: DEBUG neutron.plugins.ml2.managers [req-24b63a52-59c2-44a8-8614-460abbb184cc req-c0cc2a12-5d31-4d9e-b382-3bbae9475e3b service neutron] Attempting to bind port e643fc45-2459-4f83-926f-079af834341f by drivers openvswitch,hyperv on host hv-cinder-82549 at level 0 using segments [{'id': '3d0463e4-4360-4b63-8e32-f4e4da6d2a8d', 'network_type': 'vlan', 'physical_network': 'physnet1', 'segmentation_id': 200, 'network_id': '846e8a73-368a-4a3c-b592-5c95af6d476a'}] {{(pid=110932) _bind_port_level /opt/stack/neutron/neutron/plugins/ml2/managers.py:835}}
Jul 14 09:50:15.694647 dv-cinder-825492-26-smb neutron-server[110932]: DEBUG neutron.plugins.ml2.drivers.mech_agent [req-24b63a52-59c2-44a8-8614-460abbb184cc req-c0cc2a12-5d31-4d9e-b382-3bbae9475e3b service neutron] Attempting to bind port e643fc45-2459-4f83-926f-079af834341f on network 846e8a73-368a-4a3c-b592-5c95af6d476a {{(pid=110932) bind_port /opt/stack/neutron/neutron/plugins/ml2/drivers/mech_agent.py:91}}
Jul 14 09:50:15.717813 dv-cinder-825492-26-smb neutron-server[110931]: DEBUG neutron.pecan_wsgi.hooks.policy_enforcement [req-2811f392-59d0-4ca7-aeca-5f343c8d5551 req-476b0795-b741-48e8-9d94-37537f4f55b6 service neutron] Attributes excluded by policy engine: ['standard_attr_id'] {{(pid=110931) _exclude_attributes_by_policy /opt/stack/neutron/neutron/pecan_wsgi/hooks/policy_enforcement.py:259}}
Jul 14 09:50:15.722333 dv-cinder-825492-26-smb neutron-server[110931]: INFO neutron.wsgi [req-2811f392-59d0-4ca7-aeca-5f343c8d5551 req-476b0795-b741-48e8-9d94-37537f4f55b6 service neutron] 10.222.0.59 "GET /v2.0/ports?tenant_id=44e8a1d5698e44d39ddf3fc750083742&device_id=7ab73f39-c86a-4076-ae31-945efb301bb3 HTTP/1.1" status: 200 len: 1127 time: 0.3505647
Jul 14 09:50:15.849706 dv-cinder-825492-26-smb neutron-server[110931]: INFO neutron.wsgi [None req-0b79aaa0-fdf6-47a8-9cc7-ecd1fea45103 admin admin] 10.222.0.50 "GET /v2.0/security-groups?tenant_id=8f4db021df8d48719b93d879568a8d3a&name=default HTTP/1.1" status: 200 len: 2996 time: 0.9609575
Jul 14 09:50:15.851709 dv-cinder-825492-26-smb neutron-server[110932]: DEBUG neutron.wsgi [-] (110932) accepted ('10.222.0.50', 47200) {{(pid=110932) server /usr/local/lib/python3.8/dist-packages/eventlet/wsgi.py:1004}}
Jul 14 09:50:15.856332 dv-cinder-825492-26-smb neutron-server[110932]: DEBUG neutron.plugins.ml2.drivers.mech_agent [req-24b63a52-59c2-44a8-8614-460abbb184cc req-c0cc2a12-5d31-4d9e-b382-3bbae9475e3b service neutron] Port e643fc45-2459-4f83-926f-079af834341f on network 846e8a73-368a-4a3c-b592-5c95af6d476a not bound, no agent of type Open vSwitch agent registered on host hv-cinder-82549 {{(pid=110932) bind_port /opt/stack/neutron/neutron/plugins/ml2/drivers/mech_agent.py:103}}
Jul 14 09:50:15.856751 dv-cinder-825492-26-smb neutron-server[110932]: DEBUG neutron.plugins.ml2.drivers.mech_agent [req-24b63a52-59c2-44a8-8614-460abbb184cc req-c0cc2a12-5d31-4d9e-b382-3bbae9475e3b service neutron] Attempting to bind port e643fc45-2459-4f83-926f-079af834341f on network 846e8a73-368a-4a3c-b592-5c95af6d476a {{(pid=110932) bind_port /opt/stack/neutron/neutron/plugins/ml2/drivers/mech_agent.py:91}}
Jul 14 09:50:15.942717 dv-cinder-825492-26-smb neutron-server[110931]: INFO neutron.wsgi [req-4f58b039-65ee-4835-acb3-256066fbb23e req-5ea85ce7-57e4-4409-b18d-55484614fdc5 tempest-AttachVolumeNegativeTest-1060055387 tempest-AttachVolumeNegativeTest-1060055387-project] 10.222.0.50 "GET /v2.0/security-groups?id=a442c296-b674-4c21-93b9-5ecc44366aca&fields=id&fields=name HTTP/1.1" status: 200 len: 313 time: 0.5923555
Jul 14 09:50:15.958015 dv-cinder-825492-26-smb neutron-server[110932]: DEBUG dbcounter [-] [110932] Writing DB stats neutron:SELECT=97,neutron:UPDATE=2,neutron:INSERT=1 {{(pid=110932) stat_writer /usr/local/lib/python3.8/dist-packages/dbcounter.py:114}}
Jul 14 09:50:15.990323 dv-cinder-825492-26-smb neutron-server[110932]: DEBUG neutron.pecan_wsgi.hooks.policy_enforcement [req-aaa070e8-a63d-47e2-9d68-a29598123277 req-adafdcb5-216d-457f-aed3-c0f3c7a6f377 tempest-AttachVolumeTestJSON-1376849209 tempest-AttachVolumeTestJSON-1376849209-project] Attributes excluded by policy engine: ['standard_attr_id', 'vlan_transparent', 'provider:network_type', 'provider:physical_network', 'provider:segmentation_id'] {{(pid=110932) _exclude_attributes_by_policy /opt/stack/neutron/neutron/pecan_wsgi/hooks/policy_enforcement.py:259}}
Jul 14 09:50:15.990323 dv-cinder-825492-26-smb neutron-server[110932]: INFO neutron.wsgi [req-aaa070e8-a63d-47e2-9d68-a29598123277 req-adafdcb5-216d-457f-aed3-c0f3c7a6f377 tempest-AttachVolumeTestJSON-1376849209 tempest-AttachVolumeTestJSON-1376849209-project] 10.222.0.59 "GET /v2.0/networks?id=b7657f70-b65d-4e77-990e-42f0f3475cae HTTP/1.1" status: 200 len: 811 time: 0.3815908
Jul 14 09:50:15.990323 dv-cinder-825492-26-smb neutron-server[110932]: DEBUG neutron.pecan_wsgi.hooks.policy_enforcement [req-40d5d013-b802-42e7-8b0f-e8329978cd45 req-23e901f1-3f98-4b16-936d-b37bb8222a09 service neutron] Attributes excluded by policy engine: ['standard_attr_id', 'shared'] {{(pid=110932) _exclude_attributes_by_policy /opt/stack/neutron/neutron/pecan_wsgi/hooks/policy_enforcement.py:259}}
Jul 14 09:50:15.990323 dv-cinder-825492-26-smb neutron-server[110932]: INFO neutron.wsgi [req-40d5d013-b802-42e7-8b0f-e8329978cd45 req-23e901f1-3f98-4b16-936d-b37bb8222a09 service neutron] 10.222.0.59 "GET /v2.0/subnets?id=62ded52e-87bb-4941-b3b1-6dba27f0c398 HTTP/1.1" status: 200 len: 858 time: 0.4386063
Jul 14 09:50:15.990323 dv-cinder-825492-26-smb neutron-server[110932]: DEBUG neutron.plugins.ml2.drivers.mech_agent [req-24b63a52-59c2-44a8-8614-460abbb184cc req-c0cc2a12-5d31-4d9e-b382-3bbae9475e3b service neutron] Checking agent: {'id': 'a3573274-c932-43e3-ae81-b53f3c14c80b', 'agent_type': 'HyperV agent', 'binary': 'neutron-hyperv-agent', 'topic': 'N/A', 'host': 'hv-cinder-82549', 'admin_state_up': True, 'created_at': datetime.datetime(2022, 7, 14, 9, 47, 22), 'started_at': datetime.datetime(2022, 7, 14, 9, 47, 22), 'heartbeat_timestamp': datetime.datetime(2022, 7, 14, 9, 49, 52), 'description': None, 'resources_synced': None, 'availability_zone': None, 'alive': True, 'configurations': {'vswitch_mappings': {'physnet1$': 'br-data'}}, 'resource_versions': {}} {{(pid=110932) bind_port /opt/stack/neutron/neutron/plugins/ml2/drivers/mech_agent.py:110}}
Jul 14 09:50:15.990323 dv-cinder-825492-26-smb neutron-server[110932]: DEBUG neutron.plugins.ml2.drivers.mech_agent [req-24b63a52-59c2-44a8-8614-460abbb184cc req-c0cc2a12-5d31-4d9e-b382-3bbae9475e3b service neutron] Checking segment: {'id': '3d0463e4-4360-4b63-8e32-f4e4da6d2a8d', 'network_type': 'vlan', 'physical_network': 'physnet1', 'segmentation_id': 200, 'network_id': '846e8a73-368a-4a3c-b592-5c95af6d476a'} for mappings: {'physnet1$': 'br-data'} with network types: ['local', 'flat', 'vlan'] {{(pid=110932) check_segment_for_agent /opt/stack/neutron/neutron/plugins/ml2/drivers/mech_agent.py:373}}
Jul 14 09:50:15.990323 dv-cinder-825492-26-smb neutron-server[110932]: DEBUG neutron.plugins.ml2.drivers.mech_agent [req-24b63a52-59c2-44a8-8614-460abbb184cc req-c0cc2a12-5d31-4d9e-b382-3bbae9475e3b service neutron] Bound using segment: {'id': '3d0463e4-4360-4b63-8e32-f4e4da6d2a8d', 'network_type': 'vlan', 'physical_network': 'physnet1', 'segmentation_id': 200, 'network_id': '846e8a73-368a-4a3c-b592-5c95af6d476a'} {{(pid=110932) bind_port /opt/stack/neutron/neutron/plugins/ml2/drivers/mech_agent.py:120}}
Jul 14 09:50:15.990323 dv-cinder-825492-26-smb neutron-server[110932]: DEBUG neutron.plugins.ml2.managers [req-24b63a52-59c2-44a8-8614-460abbb184cc req-c0cc2a12-5d31-4d9e-b382-3bbae9475e3b service neutron] Bound port: e643fc45-2459-4f83-926f-079af834341f, host: hv-cinder-82549, vif_type: hyperv, vif_details: {"connectivity": "legacy", "port_filter": false}, binding_levels: [{'bound_driver': 'hyperv', 'bound_segment': {'id': '3d0463e4-4360-4b63-8e32-f4e4da6d2a8d', 'network_type': 'vlan', 'physical_network': 'physnet1', 'segmentation_id': 200, 'network_id': '846e8a73-368a-4a3c-b592-5c95af6d476a'}}] {{(pid=110932) _bind_port_level /opt/stack/neutron/neutron/plugins/ml2/managers.py:947}}
Jul 14 09:50:15.991118 dv-cinder-825492-26-smb neutron-server[110932]: DEBUG neutron_lib.callbacks.manager [req-24b63a52-59c2-44a8-8614-460abbb184cc req-c0cc2a12-5d31-4d9e-b382-3bbae9475e3b service neutron] Publish callbacks ['neutron.plugins.ml2.plugin.SecurityGroupDbMixin._ensure_default_security_group_handler-922239'] for port (e643fc45-2459-4f83-926f-079af834341f), before_update {{(pid=110932) _notify_loop /usr/local/lib/python3.8/dist-packages/neutron_lib/callbacks/manager.py:176}}
Jul 14 09:50:16.032037 dv-cinder-825492-26-smb neutron-server[110931]: INFO neutron.wsgi [req-af790e3d-822c-4d4c-9320-da9d2cbcb351 req-924db157-3c8d-4de8-a834-eac04a6e0fd7 tempest-AttachVolumeShelveTestJSON-187993612 tempest-AttachVolumeShelveTestJSON-187993612-project] 10.222.0.50 "GET /v2.0/security-groups?id=77b5e7ca-8e95-4ea4-8fdf-a685b2a55f86&fields=id&fields=name HTTP/1.1" status: 200 len: 312 time: 0.5995536
Jul 14 09:50:16.033036 dv-cinder-825492-26-smb neutron-server[110931]: DEBUG neutron_lib.callbacks.manager [req-6502217c-b382-4de8-9bce-7531c2fa0d75 req-435bff61-bd5a-47fc-9a27-15861846bde1 service neutron] Publish callbacks ['neutron.plugins.ml2.plugin.SecurityGroupDbMixin._ensure_default_security_group_handler-922239'] for port (f6d54bc1-436e-41a2-8e61-aa27f36e0bd6), before_update {{(pid=110931) _notify_loop /usr/local/lib/python3.8/dist-packages/neutron_lib/callbacks/manager.py:176}}
Jul 14 09:50:16.107841 dv-cinder-825492-26-smb neutron-server[110932]: DEBUG neutron.plugins.ml2.db [req-24b63a52-59c2-44a8-8614-460abbb184cc req-c0cc2a12-5d31-4d9e-b382-3bbae9475e3b service neutron] For port e643fc45-2459-4f83-926f-079af834341f, host hv-cinder-82549, cleared binding levels {{(pid=110932) clear_binding_levels /opt/stack/neutron/neutron/plugins/ml2/db.py:87}}
Jul 14 09:50:16.111849 dv-cinder-825492-26-smb neutron-server[110932]: DEBUG neutron.plugins.ml2.db [req-24b63a52-59c2-44a8-8614-460abbb184cc req-c0cc2a12-5d31-4d9e-b382-3bbae9475e3b service neutron] For port e643fc45-2459-4f83-926f-079af834341f, host hv-cinder-82549, set binding levels [PortBindingLevel(driver='hyperv',host='hv-cinder-82549',level=0,port_id=e643fc45-2459-4f83-926f-079af834341f,segment=NetworkSegment(3d0463e4-4360-4b63-8e32-f4e4da6d2a8d),segment_id=3d0463e4-4360-4b63-8e32-f4e4da6d2a8d)] {{(pid=110932) set_binding_levels /opt/stack/neutron/neutron/plugins/ml2/db.py:59}}
Jul 14 09:50:16.167867 dv-cinder-825492-26-smb neutron-server[110932]: DEBUG neutron_lib.callbacks.manager [None req-2f5937dc-f9f7-419f-825f-873466360c85 admin admin] Publish callbacks [] for security_group (77ce7f31-b217-415f-b06f-02c175d655ee), before_delete {{(pid=110932) _notify_loop /usr/local/lib/python3.8/dist-packages/neutron_lib/callbacks/manager.py:176}}
Jul 14 09:50:16.200534 dv-cinder-825492-26-smb neutron-server[110931]: INFO neutron.wsgi [req-9dd19ff5-87bb-49d1-a4dd-b016ddf0f90a req-34360eb7-a7fb-4336-8e0c-1614078e6268 tempest-AttachVolumeTestJSON-1376849209 tempest-AttachVolumeTestJSON-1376849209-project] 10.222.0.50 "GET /v2.0/ports?device_id=b3a788ab-b36e-4ccc-a43a-07b5121b2ff1 HTTP/1.1" status: 200 len: 210 time: 0.0935631
Jul 14 09:50:16.229697 dv-cinder-825492-26-smb neutron-server[110931]: DEBUG neutron.pecan_wsgi.hooks.policy_enforcement [req-2811f392-59d0-4ca7-aeca-5f343c8d5551 req-0b653da3-8227-4390-bc13-b5daabde60b3 service neutron] Attributes excluded by policy engine: ['standard_attr_id', 'vlan_transparent'] {{(pid=110931) _exclude_attributes_by_policy /opt/stack/neutron/neutron/pecan_wsgi/hooks/policy_enforcement.py:259}}
Jul 14 09:50:16.233201 dv-cinder-825492-26-smb neutron-server[110931]: INFO neutron.wsgi [req-2811f392-59d0-4ca7-aeca-5f343c8d5551 req-0b653da3-8227-4390-bc13-b5daabde60b3 service neutron] 10.222.0.59 "GET /v2.0/networks?id=67425b8c-6cf3-4849-830c-52146dec6208 HTTP/1.1" status: 200 len: 920 time: 0.3903170
Jul 14 09:50:16.237760 dv-cinder-825492-26-smb neutron-server[110932]: DEBUG neutron_lib.callbacks.manager [req-24b63a52-59c2-44a8-8614-460abbb184cc req-c0cc2a12-5d31-4d9e-b382-3bbae9475e3b service neutron] Publish callbacks ['neutron.plugins.ml2.plugin.SecurityGroupServerNotifierRpcMixin._notify_sg_on_port_change-921788', 'neutron.plugins.ml2.ovo_rpc._ObjectChangeHandler.handle_event-421935', 'neutron.api.rpc.agentnotifiers.dhcp_rpc_agent_api.DhcpAgentNotifyAPI._native_event_send_dhcp_notification-2044156', 'neutron.db.l3_db.L3RpcNotifierMixin._notify_gateway_port_ip_changed-8727544579853', 'neutron.db.l3_dvrscheduler_db._notify_l3_agent_port_update-8727544231958', 'neutron.db.l3_hascheduler_db._notify_l3_agent_ha_port_update-8727544231976'] for port (e643fc45-2459-4f83-926f-079af834341f), after_update {{(pid=110932) _notify_loop /usr/local/lib/python3.8/dist-packages/neutron_lib/callbacks/manager.py:176}}
Jul 14 09:50:16.450873 dv-cinder-825492-26-smb neutron-server[110932]: DEBUG neutron.pecan_wsgi.hooks.policy_enforcement [req-24b63a52-59c2-44a8-8614-460abbb184cc req-c0cc2a12-5d31-4d9e-b382-3bbae9475e3b service neutron] Attributes excluded by policy engine: ['standard_attr_id'] {{(pid=110932) _exclude_attributes_by_policy /opt/stack/neutron/neutron/pecan_wsgi/hooks/policy_enforcement.py:259}}
Jul 14 09:50:16.451785 dv-cinder-825492-26-smb neutron-server[110932]: DEBUG neutron_lib.callbacks.manager [req-24b63a52-59c2-44a8-8614-460abbb184cc req-c0cc2a12-5d31-4d9e-b382-3bbae9475e3b service neutron] Publish callbacks ['neutron.notifiers.nova.Notifier._send_nova_notification-482866', 'neutron.api.rpc.agentnotifiers.dhcp_rpc_agent_api.DhcpAgentNotifyAPI._send_dhcp_notification-2044142'] for port (None), before_response {{(pid=110932) _notify_loop /usr/local/lib/python3.8/dist-packages/neutron_lib/callbacks/manager.py:176}}
Jul 14 09:50:16.455726 dv-cinder-825492-26-smb neutron-server[110932]: INFO neutron.wsgi [req-24b63a52-59c2-44a8-8614-460abbb184cc req-c0cc2a12-5d31-4d9e-b382-3bbae9475e3b service neutron] 10.222.0.59 "PUT /v2.0/ports/e643fc45-2459-4f83-926f-079af834341f HTTP/1.1" status: 200 len: 1093 time: 2.5362720
Jul 14 09:50:16.457337 dv-cinder-825492-26-smb neutron-server[110932]: DEBUG neutron.api.rpc.handlers.resources_rpc [None req-c0cc2a12-5d31-4d9e-b382-3bbae9475e3b service neutron] Pushing event updated for resources: {'Port': ['ID=e643fc45-2459-4f83-926f-079af834341f,revision_number=3']} {{(pid=110932) push /opt/stack/neutron/neutron/api/rpc/handlers/resources_rpc.py:237}}
Jul 14 09:50:16.465746 dv-cinder-825492-26-smb neutron-server[110932]: DEBUG neutron.pecan_wsgi.hooks.policy_enforcement [req-40d5d013-b802-42e7-8b0f-e8329978cd45 req-391a6f14-953d-47a8-a500-f09b59aa9a90 service neutron] Attributes excluded by policy engine: ['standard_attr_id'] {{(pid=110932) _exclude_attributes_by_policy /opt/stack/neutron/neutron/pecan_wsgi/hooks/policy_enforcement.py:259}}
Jul 14 09:50:16.471073 dv-cinder-825492-26-smb neutron-server[110932]: INFO neutron.wsgi [req-40d5d013-b802-42e7-8b0f-e8329978cd45 req-391a6f14-953d-47a8-a500-f09b59aa9a90 service neutron] 10.222.0.59 "GET /v2.0/ports?network_id=67425b8c-6cf3-4849-830c-52146dec6208&device_owner=network%3Adhcp HTTP/1.1" status: 200 len: 1211 time: 0.3535905
Jul 14 09:50:16.494232 dv-cinder-825492-26-smb neutron-server[110932]: DEBUG neutron_lib.callbacks.manager [None req-2f5937dc-f9f7-419f-825f-873466360c85 admin admin] Publish callbacks [] for security_group (77ce7f31-b217-415f-b06f-02c175d655ee), precommit_delete {{(pid=110932) _notify_loop /usr/local/lib/python3.8/dist-packages/neutron_lib/callbacks/manager.py:176}}
Jul 14 09:50:16.611561 dv-cinder-825492-26-smb neutron-server[110931]: INFO neutron.wsgi [req-2ffbb7df-184d-4551-88c0-167dd6346a99 req-3935d8cd-3ecc-4761-8cab-64e2bf98a2b5 service neutron] 10.222.0.59 "GET /v2.0/networks/86885a1d-4a0b-4a43-9975-5e5ba424e153?fields=segments HTTP/1.1" status: 200 len: 212 time: 1.0022931
Jul 14 09:50:16.693983 dv-cinder-825492-26-smb neutron-server[110931]: INFO neutron.wsgi [req-2811f392-59d0-4ca7-aeca-5f343c8d5551 req-c065562d-586d-4451-a0b0-12e635dfac47 service neutron] 10.222.0.59 "GET /v2.0/floatingips?fixed_ip_address=172.20.0.8&port_id=0bc604ce-f7c8-4181-9a26-7879bf9c622c HTTP/1.1" status: 200 len: 217 time: 0.3826323
Jul 14 09:50:16.737063 dv-cinder-825492-26-smb neutron-server[110931]: DEBUG neutron.pecan_wsgi.hooks.policy_enforcement [req-1e89d4c0-19f0-48eb-8cae-a2969af6a517 req-490c20ac-3577-4408-8c83-56f3dc244996 tempest-DeleteServersTestJSON-1156863833 tempest-DeleteServersTestJSON-1156863833-project] Attributes excluded by policy engine: ['standard_attr_id', 'binding:profile', 'binding:host_id', 'binding:vif_type', 'binding:vif_details'] {{(pid=110931) _exclude_attributes_by_policy /opt/stack/neutron/neutron/pecan_wsgi/hooks/policy_enforcement.py:259}}
Jul 14 09:50:16.746564 dv-cinder-825492-26-smb neutron-server[110931]: INFO neutron.wsgi [req-1e89d4c0-19f0-48eb-8cae-a2969af6a517 req-490c20ac-3577-4408-8c83-56f3dc244996 tempest-DeleteServersTestJSON-1156863833 tempest-DeleteServersTestJSON-1156863833-project] 10.222.0.50 "GET /v2.0/ports?device_id=8a688825-7210-4429-b402-d3cb1b2027a9 HTTP/1.1" status: 200 len: 943 time: 0.5629249
Jul 14 09:50:16.825230 dv-cinder-825492-26-smb neutron-server[110931]: DEBUG dbcounter [-] [110931] Writing DB stats neutron:SELECT=98,neutron:UPDATE=2 {{(pid=110931) stat_writer /usr/local/lib/python3.8/dist-packages/dbcounter.py:114}}
Jul 14 09:50:16.865811 dv-cinder-825492-26-smb neutron-server[110931]: DEBUG neutron.pecan_wsgi.hooks.policy_enforcement [req-41f69ab3-dde3-4e63-82b1-ad43e51172e6 req-e7761c86-5785-443c-bf54-e80c524d6741 tempest-ServerRescueNegativeTestJSON-1850034691 tempest-ServerRescueNegativeTestJSON-1850034691-project] Attributes excluded by policy engine: ['standard_attr_id', 'binding:profile', 'binding:host_id', 'binding:vif_type', 'binding:vif_details'] {{(pid=110931) _exclude_attributes_by_policy /opt/stack/neutron/neutron/pecan_wsgi/hooks/policy_enforcement.py:259}}
Jul 14 09:50:16.873165 dv-cinder-825492-26-smb neutron-server[110931]: INFO neutron.wsgi [req-41f69ab3-dde3-4e63-82b1-ad43e51172e6 req-e7761c86-5785-443c-bf54-e80c524d6741 tempest-ServerRescueNegativeTestJSON-1850034691 tempest-ServerRescueNegativeTestJSON-1850034691-project] 10.222.0.50 "GET /v2.0/ports?device_id=c5bbe536-c380-426b-94d9-29dbf170b35e HTTP/1.1" status: 200 len: 943 time: 0.5539114
Jul 14 09:50:16.955618 dv-cinder-825492-26-smb neutron-server[110932]: INFO neutron.wsgi [req-aaa070e8-a63d-47e2-9d68-a29598123277 req-e4282f6b-194e-4b5c-af09-f5e6c7eee045 tempest-AttachVolumeTestJSON-1376849209 tempest-AttachVolumeTestJSON-1376849209-project] 10.222.0.59 "GET /v2.0/security-groups?fields=id&fields=name&tenant_id=672290bae246470ea78e24a5650ca03e HTTP/1.1" status: 200 len: 379 time: 0.8399911
Jul 14 09:50:17.013001 dv-cinder-825492-26-smb neutron-server[110932]: DEBUG neutron.api.v2.base [req-aaa070e8-a63d-47e2-9d68-a29598123277 req-34d197d5-fdfa-4444-9928-5659f26ccbbd tempest-AttachVolumeTestJSON-1376849209 tempest-AttachVolumeTestJSON-1376849209-project] Request body: {'port': {'device_id': 'b3a788ab-b36e-4ccc-a43a-07b5121b2ff1', 'network_id': 'b7657f70-b65d-4e77-990e-42f0f3475cae', 'admin_state_up': True, 'tenant_id': '672290bae246470ea78e24a5650ca03e', 'security_groups': ['45c85b77-2053-4553-b6f1-b2a7e1c04bd4']}} {{(pid=110932) prepare_request_body /opt/stack/neutron/neutron/api/v2/base.py:730}}
Jul 14 09:50:17.084811 dv-cinder-825492-26-smb neutron-server[110931]: DEBUG neutron.pecan_wsgi.hooks.policy_enforcement [req-2811f392-59d0-4ca7-aeca-5f343c8d5551 req-f88bb532-dcb0-4313-9cb7-2a3a4d7e542d service neutron] Attributes excluded by policy engine: ['standard_attr_id', 'shared'] {{(pid=110931) _exclude_attributes_by_policy /opt/stack/neutron/neutron/pecan_wsgi/hooks/policy_enforcement.py:259}}
Jul 14 09:50:17.086563 dv-cinder-825492-26-smb neutron-server[110931]: INFO neutron.wsgi [req-2811f392-59d0-4ca7-aeca-5f343c8d5551 req-f88bb532-dcb0-4313-9cb7-2a3a4d7e542d service neutron] 10.222.0.59 "GET /v2.0/subnets?id=62ded52e-87bb-4941-b3b1-6dba27f0c398 HTTP/1.1" status: 200 len: 858 time: 0.2892897
Jul 14 09:50:17.107564 dv-cinder-825492-26-smb neutron-server[110931]: INFO neutron.wsgi [req-1e89d4c0-19f0-48eb-8cae-a2969af6a517 req-0a2bfcc5-d383-4baf-b7f3-cbc71ad252c4 tempest-DeleteServersTestJSON-1156863833 tempest-DeleteServersTestJSON-1156863833-project] 10.222.0.50 "GET /v2.0/security-groups?id=7c669f6b-f3e4-4c36-8505-caf7ece13663&fields=id&fields=name HTTP/1.1" status: 200 len: 286 time: 0.3619754
Jul 14 09:50:17.168768 dv-cinder-825492-26-smb neutron-server[110931]: INFO neutron.wsgi [req-2ffbb7df-184d-4551-88c0-167dd6346a99 req-193f78bc-6e8a-4474-a0f9-a38ed0a6c7cd service neutron] 10.222.0.59 "GET /v2.0/networks/86885a1d-4a0b-4a43-9975-5e5ba424e153?fields=provider%3Aphysical_network&fields=provider%3Anetwork_type HTTP/1.1" status: 200 len: 281 time: 0.4694121
Jul 14 09:50:17.180561 dv-cinder-825492-26-smb neutron-server[110932]: DEBUG neutron.notifiers.nova [-] Sending events: [{'name': 'network-changed', 'server_uuid': '133a5209-f699-4f76-839e-58a5fac9c32d', 'tag': 'e643fc45-2459-4f83-926f-079af834341f'}] {{(pid=110932) send_events /opt/stack/neutron/neutron/notifiers/nova.py:271}}
Jul 14 09:50:17.183129 dv-cinder-825492-26-smb neutron-server[110932]: DEBUG novaclient.v2.client [-] REQ: curl -g -i --cacert "/opt/stack/data/ca-bundle.pem" -X POST http://10.222.0.50/compute/v2.1/os-server-external-events -H "Accept: application/json" -H "Content-Type: application/json" -H "User-Agent: python-novaclient" -H "X-Auth-Token: {SHA256}ee3be149d881177c065fe9846818c834cd783c06dc2d21fbeebecf765273ef56" -H "X-OpenStack-Nova-API-Version: 2.1" -H "X-OpenStack-Request-ID: req-2aba2542-6928-4ac3-a021-09c23738e930" -d '{"events": [{"name": "network-changed", "server_uuid": "133a5209-f699-4f76-839e-58a5fac9c32d", "tag": "e643fc45-2459-4f83-926f-079af834341f"}]}' {{(pid=110932) _http_log_request /usr/local/lib/python3.8/dist-packages/keystoneauth1/session.py:519}}
Jul 14 09:50:17.192942 dv-cinder-825492-26-smb neutron-server[110931]: INFO neutron.wsgi [req-41f69ab3-dde3-4e63-82b1-ad43e51172e6 req-02436eca-c3e4-4609-ab1e-b1e9b409fff4 tempest-ServerRescueNegativeTestJSON-1850034691 tempest-ServerRescueNegativeTestJSON-1850034691-project] 10.222.0.50 "GET /v2.0/security-groups?id=7700aeee-c103-4108-ae84-3ba12b1bc2fd&fields=id&fields=name HTTP/1.1" status: 200 len: 286 time: 0.3187726
Jul 14 09:50:17.241817 dv-cinder-825492-26-smb neutron-server[110931]: DEBUG neutron.wsgi [-] (110931) accepted ('10.222.0.50', 47244) {{(pid=110931) server /usr/local/lib/python3.8/dist-packages/eventlet/wsgi.py:1004}}
Jul 14 09:50:17.244649 dv-cinder-825492-26-smb neutron-server[110931]: DEBUG neutron.pecan_wsgi.hooks.policy_enforcement [req-2811f392-59d0-4ca7-aeca-5f343c8d5551 req-b09c9358-217f-4669-831f-4c89e1dd5faa service neutron] Attributes excluded by policy engine: ['standard_attr_id'] {{(pid=110931) _exclude_attributes_by_policy /opt/stack/neutron/neutron/pecan_wsgi/hooks/policy_enforcement.py:259}}
Jul 14 09:50:17.247606 dv-cinder-825492-26-smb neutron-server[110931]: INFO neutron.wsgi [req-2811f392-59d0-4ca7-aeca-5f343c8d5551 req-b09c9358-217f-4669-831f-4c89e1dd5faa service neutron] 10.222.0.59 "GET /v2.0/ports?network_id=67425b8c-6cf3-4849-830c-52146dec6208&device_owner=network%3Adhcp HTTP/1.1" status: 200 len: 1211 time: 0.1390395
Jul 14 09:50:17.306922 dv-cinder-825492-26-smb neutron-server[110932]: DEBUG neutron.pecan_wsgi.hooks.quota_enforcement [req-aaa070e8-a63d-47e2-9d68-a29598123277 req-34d197d5-fdfa-4444-9928-5659f26ccbbd tempest-AttachVolumeTestJSON-1376849209 tempest-AttachVolumeTestJSON-1376849209-project] Made reservation on behalf of 672290bae246470ea78e24a5650ca03e for: {'port': 1} {{(pid=110932) before /opt/stack/neutron/neutron/pecan_wsgi/hooks/quota_enforcement.py:53}}
Jul 14 09:50:17.312631 dv-cinder-825492-26-smb neutron-server[110932]: DEBUG neutron_lib.callbacks.manager [req-aaa070e8-a63d-47e2-9d68-a29598123277 req-34d197d5-fdfa-4444-9928-5659f26ccbbd tempest-AttachVolumeTestJSON-1376849209 tempest-AttachVolumeTestJSON-1376849209-project] Publish callbacks ['neutron.plugins.ml2.plugin.SecurityGroupDbMixin._ensure_default_security_group_handler-922239'] for port (None), before_create {{(pid=110932) _notify_loop /usr/local/lib/python3.8/dist-packages/neutron_lib/callbacks/manager.py:176}}
Jul 14 09:50:17.318264 dv-cinder-825492-26-smb neutron-server[110932]: DEBUG dbcounter [-] [110932] Writing DB stats neutron:SELECT=96,neutron:UPDATE=2,neutron:INSERT=1,neutron:DELETE=1 {{(pid=110932) stat_writer /usr/local/lib/python3.8/dist-packages/dbcounter.py:114}}
Jul 14 09:50:17.319741 dv-cinder-825492-26-smb neutron-server[110932]: DEBUG neutron.pecan_wsgi.hooks.policy_enforcement [req-24b63a52-59c2-44a8-8614-460abbb184cc req-9111018e-5f06-474e-adf5-d5ecac0057e4 service neutron] Attributes excluded by policy engine: ['standard_attr_id'] {{(pid=110932) _exclude_attributes_by_policy /opt/stack/neutron/neutron/pecan_wsgi/hooks/policy_enforcement.py:259}}
Jul 14 09:50:17.321348 dv-cinder-825492-26-smb neutron-server[110932]: INFO neutron.wsgi [req-24b63a52-59c2-44a8-8614-460abbb184cc req-9111018e-5f06-474e-adf5-d5ecac0057e4 service neutron] 10.222.0.59 "GET /v2.0/ports?tenant_id=918b981aadbd4714b7cc5887cd377987&device_id=133a5209-f699-4f76-839e-58a5fac9c32d HTTP/1.1" status: 200 len: 1127 time: 0.4342268
Jul 14 09:50:17.474043 dv-cinder-825492-26-smb neutron-server[110932]: INFO neutron.wsgi [req-24b63a52-59c2-44a8-8614-460abbb184cc req-46ee8c2c-264c-470a-b2be-f2501655e3a9 service neutron] 10.222.0.59 "GET /v2.0/floatingips?fixed_ip_address=172.20.0.3&port_id=e643fc45-2459-4f83-926f-079af834341f HTTP/1.1" status: 200 len: 217 time: 0.1175721
Jul 14 09:50:17.478460 dv-cinder-825492-26-smb neutron-server[110932]: INFO neutron.wsgi [req-40d5d013-b802-42e7-8b0f-e8329978cd45 req-dca9d968-1606-4097-8c64-ea76bc46e227 service neutron] 10.222.0.59 "GET /v2.0/networks/67425b8c-6cf3-4849-830c-52146dec6208?fields=segments HTTP/1.1" status: 200 len: 212 time: 0.5796273
Jul 14 09:50:17.544655 dv-cinder-825492-26-smb neutron-server[110932]: DEBUG neutron_lib.callbacks.manager [None req-2f5937dc-f9f7-419f-825f-873466360c85 admin admin] Publish callbacks ['neutron.plugins.ml2.ovo_rpc._ObjectChangeHandler.handle_event-1979972'] for security_group (77ce7f31-b217-415f-b06f-02c175d655ee), after_delete {{(pid=110932) _notify_loop /usr/local/lib/python3.8/dist-packages/neutron_lib/callbacks/manager.py:176}}
Jul 14 09:50:17.548070 dv-cinder-825492-26-smb neutron-server[110932]: DEBUG neutron_lib.callbacks.manager [None req-2f5937dc-f9f7-419f-825f-873466360c85 admin admin] Publish callbacks [] for security_group (None), before_response {{(pid=110932) _notify_loop /usr/local/lib/python3.8/dist-packages/neutron_lib/callbacks/manager.py:176}}
Jul 14 09:50:17.553330 dv-cinder-825492-26-smb neutron-server[110932]: INFO neutron.wsgi [None req-2f5937dc-f9f7-419f-825f-873466360c85 admin admin] 10.222.0.50 "DELETE /v2.0/security-groups/77ce7f31-b217-415f-b06f-02c175d655ee HTTP/1.1" status: 204 len: 168 time: 1.6969225
Jul 14 09:50:17.593652 dv-cinder-825492-26-smb neutron-server[110931]: DEBUG neutron.pecan_wsgi.hooks.policy_enforcement [req-bacfc5f7-8973-4ac3-bf3e-3d04fcd5cbf8 req-06ddc3d5-fd9d-4528-80b1-2f7d7ef2538c tempest-AttachVolumeNegativeTest-1060055387 tempest-AttachVolumeNegativeTest-1060055387-project] Attributes excluded by policy engine: ['standard_attr_id', 'binding:profile', 'binding:host_id', 'binding:vif_type', 'binding:vif_details'] {{(pid=110931) _exclude_attributes_by_policy /opt/stack/neutron/neutron/pecan_wsgi/hooks/policy_enforcement.py:259}}
Jul 14 09:50:17.594878 dv-cinder-825492-26-smb neutron-server[110931]: INFO neutron.wsgi [req-bacfc5f7-8973-4ac3-bf3e-3d04fcd5cbf8 req-06ddc3d5-fd9d-4528-80b1-2f7d7ef2538c tempest-AttachVolumeNegativeTest-1060055387 tempest-AttachVolumeNegativeTest-1060055387-project] 10.222.0.50 "GET /v2.0/ports?device_id=af1dfec1-d904-49df-b82d-ea413c96e00e HTTP/1.1" status: 200 len: 931 time: 0.2822881
Jul 14 09:50:17.602634 dv-cinder-825492-26-smb neutron-server[110932]: DEBUG neutron.api.rpc.handlers.resources_rpc [None req-2f5937dc-f9f7-419f-825f-873466360c85 admin admin] Pushing event deleted for resources: {'SecurityGroup': ['ID=77ce7f31-b217-415f-b06f-02c175d655ee,revision_number=None']} {{(pid=110932) push /opt/stack/neutron/neutron/api/rpc/handlers/resources_rpc.py:237}}
Jul 14 09:50:17.605130 dv-cinder-825492-26-smb neutron-server[110931]: DEBUG neutron.pecan_wsgi.hooks.policy_enforcement [req-294bc2c9-ad85-4999-83b2-77c7c48b18e8 req-df9978c8-bf88-4bc2-95ce-fb7af570ab83 tempest-AttachVolumeShelveTestJSON-187993612 tempest-AttachVolumeShelveTestJSON-187993612-project] Attributes excluded by policy engine: ['standard_attr_id', 'binding:profile', 'binding:host_id', 'binding:vif_type', 'binding:vif_details'] {{(pid=110931) _exclude_attributes_by_policy /opt/stack/neutron/neutron/pecan_wsgi/hooks/policy_enforcement.py:259}}
Jul 14 09:50:17.606762 dv-cinder-825492-26-smb neutron-server[110931]: INFO neutron.wsgi [req-294bc2c9-ad85-4999-83b2-77c7c48b18e8 req-df9978c8-bf88-4bc2-95ce-fb7af570ab83 tempest-AttachVolumeShelveTestJSON-187993612 tempest-AttachVolumeShelveTestJSON-187993612-project] 10.222.0.50 "GET /v2.0/ports?device_id=133a5209-f699-4f76-839e-58a5fac9c32d HTTP/1.1" status: 200 len: 943 time: 0.2920454
Jul 14 09:50:17.607581 dv-cinder-825492-26-smb neutron-server[110931]: DEBUG neutron_lib.callbacks.manager [None req-1f918ffb-cee8-4137-bc26-293513133d86 admin admin] Publish callbacks [] for security_group (None), before_create {{(pid=110931) _notify_loop /usr/local/lib/python3.8/dist-packages/neutron_lib/callbacks/manager.py:176}}
Jul 14 09:50:17.632783 dv-cinder-825492-26-smb neutron-server[110931]: DEBUG neutron.notifiers.nova [req-6502217c-b382-4de8-9bce-7531c2fa0d75 req-435bff61-bd5a-47fc-9a27-15861846bde1 service neutron] Ignoring state change previous_port_status: DOWN current_port_status: DOWN port_id f6d54bc1-436e-41a2-8e61-aa27f36e0bd6 {{(pid=110931) record_port_status_changed /opt/stack/neutron/neutron/notifiers/nova.py:233}}
Jul 14 09:50:17.660102 dv-cinder-825492-26-smb neutron-server[110931]: DEBUG neutron_lib.callbacks.manager [req-6502217c-b382-4de8-9bce-7531c2fa0d75 req-435bff61-bd5a-47fc-9a27-15861846bde1 service neutron] Publish callbacks [] for port (f6d54bc1-436e-41a2-8e61-aa27f36e0bd6), precommit_update {{(pid=110931) _notify_loop /usr/local/lib/python3.8/dist-packages/neutron_lib/callbacks/manager.py:176}}
Jul 14 09:50:17.693958 dv-cinder-825492-26-smb neutron-server[110931]: DEBUG dbcounter [-] [110931] Writing DB stats neutron:SELECT=98,neutron:UPDATE=2 {{(pid=110931) stat_writer /usr/local/lib/python3.8/dist-packages/dbcounter.py:114}}
Jul 14 09:50:17.732851 dv-cinder-825492-26-smb neutron-server[110931]: INFO neutron.wsgi [req-2811f392-59d0-4ca7-aeca-5f343c8d5551 req-7648fc96-8de3-4bd6-8dd0-eaa8afaaa3ea service neutron] 10.222.0.59 "GET /v2.0/networks/67425b8c-6cf3-4849-830c-52146dec6208?fields=segments HTTP/1.1" status: 200 len: 212 time: 0.4676976
Jul 14 09:50:17.741362 dv-cinder-825492-26-smb neutron-server[110932]: DEBUG dbcounter [-] [110932] Writing DB stats neutron:SELECT=92,neutron:DELETE=3,neutron:INSERT=4,neutron:UPDATE=1 {{(pid=110932) stat_writer /usr/local/lib/python3.8/dist-packages/dbcounter.py:114}}
Jul 14 09:50:17.744527 dv-cinder-825492-26-smb neutron-server[110931]: DEBUG neutron.db.provisioning_blocks [req-6502217c-b382-4de8-9bce-7531c2fa0d75 req-435bff61-bd5a-47fc-9a27-15861846bde1 service neutron] Transition to ACTIVE for port object f6d54bc1-436e-41a2-8e61-aa27f36e0bd6 will not be triggered until provisioned by entity L2. {{(pid=110931) add_provisioning_component /opt/stack/neutron/neutron/db/provisioning_blocks.py:75}}
Jul 14 09:50:17.788714 dv-cinder-825492-26-smb neutron-server[110932]: DEBUG neutron.pecan_wsgi.hooks.policy_enforcement [req-24b63a52-59c2-44a8-8614-460abbb184cc req-5b74238e-57e0-4c3c-a9b8-87b90411ace4 service neutron] Attributes excluded by policy engine: ['standard_attr_id', 'shared'] {{(pid=110932) _exclude_attributes_by_policy /opt/stack/neutron/neutron/pecan_wsgi/hooks/policy_enforcement.py:259}}
Jul 14 09:50:17.790849 dv-cinder-825492-26-smb neutron-server[110932]: INFO neutron.wsgi [req-24b63a52-59c2-44a8-8614-460abbb184cc req-5b74238e-57e0-4c3c-a9b8-87b90411ace4 service neutron] 10.222.0.59 "GET /v2.0/subnets?id=fef4c849-a3a1-4f11-87a3-b1d6498d0021 HTTP/1.1" status: 200 len: 855 time: 0.1888211
Jul 14 09:50:17.826742 dv-cinder-825492-26-smb neutron-server[110931]: INFO neutron.wsgi [req-bacfc5f7-8973-4ac3-bf3e-3d04fcd5cbf8 req-0ca09ca6-9ad6-44a9-9e5b-5d446b306f45 tempest-AttachVolumeNegativeTest-1060055387 tempest-AttachVolumeNegativeTest-1060055387-project] 10.222.0.50 "GET /v2.0/security-groups?id=a442c296-b674-4c21-93b9-5ecc44366aca&fields=id&fields=name HTTP/1.1" status: 200 len: 313 time: 0.1831863
Jul 14 09:50:17.834483 dv-cinder-825492-26-smb neutron-server[110931]: DEBUG neutron_lib.callbacks.manager [req-6502217c-b382-4de8-9bce-7531c2fa0d75 req-435bff61-bd5a-47fc-9a27-15861846bde1 service neutron] Publish callbacks ['neutron.plugins.ml2.plugin.SecurityGroupServerNotifierRpcMixin._notify_sg_on_port_change-921788', 'neutron.plugins.ml2.ovo_rpc._ObjectChangeHandler.handle_event-421935', 'neutron.api.rpc.agentnotifiers.dhcp_rpc_agent_api.DhcpAgentNotifyAPI._native_event_send_dhcp_notification-2044156', 'neutron.db.l3_db.L3RpcNotifierMixin._notify_gateway_port_ip_changed-8727544579853', 'neutron.db.l3_dvrscheduler_db._notify_l3_agent_port_update-8727544231958', 'neutron.db.l3_hascheduler_db._notify_l3_agent_ha_port_update-8727544231976'] for port (f6d54bc1-436e-41a2-8e61-aa27f36e0bd6), after_update {{(pid=110931) _notify_loop /usr/local/lib/python3.8/dist-packages/neutron_lib/callbacks/manager.py:176}}
Jul 14 09:50:17.839757 dv-cinder-825492-26-smb neutron-server[110931]: INFO neutron.wsgi [req-294bc2c9-ad85-4999-83b2-77c7c48b18e8 req-64f47bcb-eaec-43f7-a2d8-f3878945ba76 tempest-AttachVolumeShelveTestJSON-187993612 tempest-AttachVolumeShelveTestJSON-187993612-project] 10.222.0.50 "GET /v2.0/security-groups?id=77b5e7ca-8e95-4ea4-8fdf-a685b2a55f86&fields=id&fields=name HTTP/1.1" status: 200 len: 312 time: 0.2175949
Jul 14 09:50:17.861315 dv-cinder-825492-26-smb neutron-server[110932]: DEBUG neutron.pecan_wsgi.hooks.policy_enforcement [req-24b63a52-59c2-44a8-8614-460abbb184cc req-60538348-9659-42bc-8942-77b0962e6504 service neutron] Attributes excluded by policy engine: ['standard_attr_id'] {{(pid=110932) _exclude_attributes_by_policy /opt/stack/neutron/neutron/pecan_wsgi/hooks/policy_enforcement.py:259}}
Jul 14 09:50:17.863260 dv-cinder-825492-26-smb neutron-server[110932]: INFO neutron.wsgi [req-24b63a52-59c2-44a8-8614-460abbb184cc req-60538348-9659-42bc-8942-77b0962e6504 service neutron] 10.222.0.59 "GET /v2.0/ports?network_id=846e8a73-368a-4a3c-b592-5c95af6d476a&device_owner=network%3Adhcp HTTP/1.1" status: 200 len: 1211 time: 0.0576463
Jul 14 09:50:17.871994 dv-cinder-825492-26-smb neutron-server[110932]: INFO neutron.wsgi [req-40d5d013-b802-42e7-8b0f-e8329978cd45 req-94d23aa9-ec37-408e-aeb4-533d90cc71ce service neutron] 10.222.0.59 "GET /v2.0/networks/67425b8c-6cf3-4849-830c-52146dec6208?fields=provider%3Aphysical_network&fields=provider%3Anetwork_type HTTP/1.1" status: 200 len: 281 time: 0.2769794
Jul 14 09:50:17.927697 dv-cinder-825492-26-smb neutron-server[110931]: DEBUG dbcounter [-] [110931] Writing DB stats neutron:SELECT=89,neutron:UPDATE=2,neutron:INSERT=9 {{(pid=110931) stat_writer /usr/local/lib/python3.8/dist-packages/dbcounter.py:114}}
Jul 14 09:50:17.930850 dv-cinder-825492-26-smb neutron-server[110932]: DEBUG neutron.db.db_base_plugin_common [req-aaa070e8-a63d-47e2-9d68-a29598123277 req-34d197d5-fdfa-4444-9928-5659f26ccbbd tempest-AttachVolumeTestJSON-1376849209 tempest-AttachVolumeTestJSON-1376849209-project] Allocated IP 172.20.0.6 (b7657f70-b65d-4e77-990e-42f0f3475cae/d6f602da-c84d-4503-a574-b1dc5b8c54a2/55baa17c-fad4-4078-b253-5d6c705ccac7) {{(pid=110932) _store_ip_allocation /opt/stack/neutron/neutron/db/db_base_plugin_common.py:131}}
Jul 14 09:50:18.017954 dv-cinder-825492-26-smb neutron-server[110932]: DEBUG novaclient.v2.client [-] RESP: [200] Connection: close Content-Length: 179 Content-Type: application/json Date: Thu, 14 Jul 2022 09:50:17 GMT OpenStack-API-Version: compute 2.1 Server: Apache/2.4.41 (Ubuntu) Vary: OpenStack-API-Version,X-OpenStack-Nova-API-Version X-OpenStack-Nova-API-Version: 2.1 x-compute-request-id: req-f1aa3066-821a-4eb5-a7b3-22f663ee7c3f x-openstack-request-id: req-f1aa3066-821a-4eb5-a7b3-22f663ee7c3f {{(pid=110932) _http_log_response /usr/local/lib/python3.8/dist-packages/keystoneauth1/session.py:550}}
Jul 14 09:50:18.018660 dv-cinder-825492-26-smb neutron-server[110932]: DEBUG novaclient.v2.client [-] RESP BODY: {"events": [{"name": "network-changed", "server_uuid": "133a5209-f699-4f76-839e-58a5fac9c32d", "tag": "e643fc45-2459-4f83-926f-079af834341f", "status": "completed", "code": 200}]} {{(pid=110932) _http_log_response /usr/local/lib/python3.8/dist-packages/keystoneauth1/session.py:582}}
Jul 14 09:50:18.018660 dv-cinder-825492-26-smb neutron-server[110932]: DEBUG novaclient.v2.client [-] POST call to compute for http://10.222.0.50/compute/v2.1/os-server-external-events used request id req-f1aa3066-821a-4eb5-a7b3-22f663ee7c3f {{(pid=110932) request /usr/local/lib/python3.8/dist-packages/keystoneauth1/session.py:954}}
Jul 14 09:50:18.020163 dv-cinder-825492-26-smb neutron-server[110932]: INFO neutron.notifiers.nova [-] Nova event matching ['req-f1aa3066-821a-4eb5-a7b3-22f663ee7c3f'] response: {'name': 'network-changed', 'server_uuid': '133a5209-f699-4f76-839e-58a5fac9c32d', 'tag': 'e643fc45-2459-4f83-926f-079af834341f', 'status': 'completed', 'code': 200}
Jul 14 09:50:18.024760 dv-cinder-825492-26-smb neutron-server[110931]: DEBUG neutron.api.rpc.handlers.resources_rpc [None req-435bff61-bd5a-47fc-9a27-15861846bde1 service neutron] Pushing event updated for resources: {'Port': ['ID=f6d54bc1-436e-41a2-8e61-aa27f36e0bd6,revision_number=2']} {{(pid=110931) push /opt/stack/neutron/neutron/api/rpc/handlers/resources_rpc.py:237}}
Jul 14 09:50:18.116496 dv-cinder-825492-26-smb neutron-server[110932]: INFO neutron.wsgi [req-24b63a52-59c2-44a8-8614-460abbb184cc req-5a2a4ff1-cd82-4b49-b423-dfd1f0bf1f08 service neutron] 10.222.0.59 "GET /v2.0/networks/846e8a73-368a-4a3c-b592-5c95af6d476a?fields=segments HTTP/1.1" status: 200 len: 212 time: 0.2434292
Jul 14 09:50:18.119700 dv-cinder-825492-26-smb neutron-server[110931]: DEBUG neutron_lib.callbacks.manager [None req-1f918ffb-cee8-4137-bc26-293513133d86 admin admin] Publish callbacks [] for security_group (5d620eb1-0ebb-46ad-b50f-f7bc475d9a49), precommit_create {{(pid=110931) _notify_loop /usr/local/lib/python3.8/dist-packages/neutron_lib/callbacks/manager.py:176}}
Jul 14 09:50:18.136171 dv-cinder-825492-26-smb neutron-server[110931]: INFO neutron.wsgi [req-bf57e30e-c7f0-4a04-a875-901676940748 req-3e3b7c4e-fd67-4b28-96b1-6758ab73325e tempest-AttachVolumeTestJSON-1376849209 tempest-AttachVolumeTestJSON-1376849209-project] 10.222.0.50 "GET /v2.0/ports?device_id=b3a788ab-b36e-4ccc-a43a-07b5121b2ff1 HTTP/1.1" status: 200 len: 210 time: 0.1044519
Jul 14 09:50:18.143435 dv-cinder-825492-26-smb neutron-server[110931]: DEBUG neutron.plugins.ml2.managers [req-6502217c-b382-4de8-9bce-7531c2fa0d75 req-435bff61-bd5a-47fc-9a27-15861846bde1 service neutron] Attempting to bind port f6d54bc1-436e-41a2-8e61-aa27f36e0bd6 on host hv-cinder-82549 for vnic_type normal with profile {{(pid=110931) bind_port /opt/stack/neutron/neutron/plugins/ml2/managers.py:810}}
Jul 14 09:50:18.144528 dv-cinder-825492-26-smb neutron-server[110931]: DEBUG neutron.plugins.ml2.managers [req-6502217c-b382-4de8-9bce-7531c2fa0d75 req-435bff61-bd5a-47fc-9a27-15861846bde1 service neutron] Attempting to bind port f6d54bc1-436e-41a2-8e61-aa27f36e0bd6 by drivers openvswitch,hyperv on host hv-cinder-82549 at level 0 using segments [{'id': 'd75aa131-fe8b-46d7-bb58-ed2cfcc4f998', 'network_type': 'vlan', 'physical_network': 'physnet1', 'segmentation_id': 214, 'network_id': '731d25eb-52f7-4476-8a44-51952eacaf71'}] {{(pid=110931) _bind_port_level /opt/stack/neutron/neutron/plugins/ml2/managers.py:835}}
Jul 14 09:50:18.144528 dv-cinder-825492-26-smb neutron-server[110931]: DEBUG neutron.plugins.ml2.drivers.mech_agent [req-6502217c-b382-4de8-9bce-7531c2fa0d75 req-435bff61-bd5a-47fc-9a27-15861846bde1 service neutron] Attempting to bind port f6d54bc1-436e-41a2-8e61-aa27f36e0bd6 on network 731d25eb-52f7-4476-8a44-51952eacaf71 {{(pid=110931) bind_port /opt/stack/neutron/neutron/plugins/ml2/drivers/mech_agent.py:91}}
Jul 14 09:50:18.154293 dv-cinder-825492-26-smb neutron-server[110931]: DEBUG neutron.plugins.ml2.drivers.mech_agent [req-6502217c-b382-4de8-9bce-7531c2fa0d75 req-435bff61-bd5a-47fc-9a27-15861846bde1 service neutron] Port f6d54bc1-436e-41a2-8e61-aa27f36e0bd6 on network 731d25eb-52f7-4476-8a44-51952eacaf71 not bound, no agent of type Open vSwitch agent registered on host hv-cinder-82549 {{(pid=110931) bind_port /opt/stack/neutron/neutron/plugins/ml2/drivers/mech_agent.py:103}}
Jul 14 09:50:18.155344 dv-cinder-825492-26-smb neutron-server[110931]: DEBUG neutron.plugins.ml2.drivers.mech_agent [req-6502217c-b382-4de8-9bce-7531c2fa0d75 req-435bff61-bd5a-47fc-9a27-15861846bde1 service neutron] Attempting to bind port f6d54bc1-436e-41a2-8e61-aa27f36e0bd6 on network 731d25eb-52f7-4476-8a44-51952eacaf71 {{(pid=110931) bind_port /opt/stack/neutron/neutron/plugins/ml2/drivers/mech_agent.py:91}}
Jul 14 09:50:18.170191 dv-cinder-825492-26-smb neutron-server[110931]: DEBUG neutron.plugins.ml2.drivers.mech_agent [req-6502217c-b382-4de8-9bce-7531c2fa0d75 req-435bff61-bd5a-47fc-9a27-15861846bde1 service neutron] Checking agent: {'id': 'a3573274-c932-43e3-ae81-b53f3c14c80b', 'agent_type': 'HyperV agent', 'binary': 'neutron-hyperv-agent', 'topic': 'N/A', 'host': 'hv-cinder-82549', 'admin_state_up': True, 'created_at': datetime.datetime(2022, 7, 14, 9, 47, 22), 'started_at': datetime.datetime(2022, 7, 14, 9, 47, 22), 'heartbeat_timestamp': datetime.datetime(2022, 7, 14, 9, 49, 52), 'description': None, 'resources_synced': None, 'availability_zone': None, 'alive': True, 'configurations': {'vswitch_mappings': {'physnet1$': 'br-data'}}, 'resource_versions': {}} {{(pid=110931) bind_port /opt/stack/neutron/neutron/plugins/ml2/drivers/mech_agent.py:110}}
Jul 14 09:50:18.171373 dv-cinder-825492-26-smb neutron-server[110931]: DEBUG neutron.plugins.ml2.drivers.mech_agent [req-6502217c-b382-4de8-9bce-7531c2fa0d75 req-435bff61-bd5a-47fc-9a27-15861846bde1 service neutron] Checking segment: {'id': 'd75aa131-fe8b-46d7-bb58-ed2cfcc4f998', 'network_type': 'vlan', 'physical_network': 'physnet1', 'segmentation_id': 214, 'network_id': '731d25eb-52f7-4476-8a44-51952eacaf71'} for mappings: {'physnet1$': 'br-data'} with network types: ['local', 'flat', 'vlan'] {{(pid=110931) check_segment_for_agent /opt/stack/neutron/neutron/plugins/ml2/drivers/mech_agent.py:373}}
Jul 14 09:50:18.171768 dv-cinder-825492-26-smb neutron-server[110931]: DEBUG neutron.plugins.ml2.drivers.mech_agent [req-6502217c-b382-4de8-9bce-7531c2fa0d75 req-435bff61-bd5a-47fc-9a27-15861846bde1 service neutron] Bound using segment: {'id': 'd75aa131-fe8b-46d7-bb58-ed2cfcc4f998', 'network_type': 'vlan', 'physical_network': 'physnet1', 'segmentation_id': 214, 'network_id': '731d25eb-52f7-4476-8a44-51952eacaf71'} {{(pid=110931) bind_port /opt/stack/neutron/neutron/plugins/ml2/drivers/mech_agent.py:120}}
Jul 14 09:50:18.172605 dv-cinder-825492-26-smb neutron-server[110931]: DEBUG neutron.plugins.ml2.managers [req-6502217c-b382-4de8-9bce-7531c2fa0d75 req-435bff61-bd5a-47fc-9a27-15861846bde1 service neutron] Bound port: f6d54bc1-436e-41a2-8e61-aa27f36e0bd6, host: hv-cinder-82549, vif_type: hyperv, vif_details: {"connectivity": "legacy", "port_filter": false}, binding_levels: [{'bound_driver': 'hyperv', 'bound_segment': {'id': 'd75aa131-fe8b-46d7-bb58-ed2cfcc4f998', 'network_type': 'vlan', 'physical_network': 'physnet1', 'segmentation_id': 214, 'network_id': '731d25eb-52f7-4476-8a44-51952eacaf71'}}] {{(pid=110931) _bind_port_level /opt/stack/neutron/neutron/plugins/ml2/managers.py:947}}
