Jul 14 09:37:49.856715 dv-cinder-825492-26-iscsi devstack@c-api.service[111956]: [pid: 111956|app: 0|req: 25/33] 10.222.0.40 () {60 vars in 1351 bytes} [Thu Jul 14 09:37:49 2022] PUT /volume/v3/17636184eace437c914ec860de321612/os-quota-sets/52e6dceb3bb948dba52cdc9c4c1eab5e => generated 319 bytes in 336 msecs (HTTP/1.1 200) 7 headers in 285 bytes (1 switches on core 0)
Jul 14 09:37:49.867954 dv-cinder-825492-26-iscsi devstack@c-api.service[111957]: DEBUG cinder.api.middleware.request_id [None req-8b10e83a-9689-4b1a-8091-8bf9184a9921 None None] RequestId filter calling following filter/app {{(pid=111957) _context_setter /opt/stack/cinder/cinder/api/middleware/request_id.py:62}}
Jul 14 09:37:49.884888 dv-cinder-825492-26-iscsi devstack@c-api.service[111957]: INFO cinder.api.openstack.wsgi [None req-8b10e83a-9689-4b1a-8091-8bf9184a9921 tempest-VolumeQuotasAdminTestJSON-1879201432 tempest-VolumeQuotasAdminTestJSON-1879201432-project-admin] GET http://10.222.0.40/volume/v3/17636184eace437c914ec860de321612/os-quota-sets/52e6dceb3bb948dba52cdc9c4c1eab5e/defaults
Jul 14 09:37:49.886604 dv-cinder-825492-26-iscsi devstack@c-api.service[111957]: DEBUG cinder.api.openstack.wsgi [None req-8b10e83a-9689-4b1a-8091-8bf9184a9921 tempest-VolumeQuotasAdminTestJSON-1879201432 tempest-VolumeQuotasAdminTestJSON-1879201432-project-admin] Empty body provided in request {{(pid=111957) get_body /opt/stack/cinder/cinder/api/openstack/wsgi.py:715}}
Jul 14 09:37:49.887832 dv-cinder-825492-26-iscsi devstack@c-api.service[111957]: DEBUG cinder.api.openstack.wsgi [None req-8b10e83a-9689-4b1a-8091-8bf9184a9921 tempest-VolumeQuotasAdminTestJSON-1879201432 tempest-VolumeQuotasAdminTestJSON-1879201432-project-admin] Calling method 'defaults' {{(pid=111957) _process_stack /opt/stack/cinder/cinder/api/openstack/wsgi.py:868}}
Jul 14 09:37:49.940765 dv-cinder-825492-26-iscsi devstack@c-api.service[111957]: INFO cinder.api.openstack.wsgi [None req-8b10e83a-9689-4b1a-8091-8bf9184a9921 tempest-VolumeQuotasAdminTestJSON-1879201432 tempest-VolumeQuotasAdminTestJSON-1879201432-project-admin] http://10.222.0.40/volume/v3/17636184eace437c914ec860de321612/os-quota-sets/52e6dceb3bb948dba52cdc9c4c1eab5e/defaults returned with HTTP 200
Jul 14 09:37:49.954227 dv-cinder-825492-26-iscsi devstack@c-api.service[111956]: DEBUG cinder.api.middleware.request_id [None req-ab230826-4975-4291-8760-5f02ddfd78f5 None None] RequestId filter calling following filter/app {{(pid=111956) _context_setter /opt/stack/cinder/cinder/api/middleware/request_id.py:62}}
Jul 14 09:37:49.961560 dv-cinder-825492-26-iscsi devstack@c-api.service[111956]: INFO cinder.api.openstack.wsgi [None req-ab230826-4975-4291-8760-5f02ddfd78f5 tempest-VolumeQuotasAdminTestJSON-1879201432 tempest-VolumeQuotasAdminTestJSON-1879201432-project-admin] GET http://10.222.0.40/volume/v3/17636184eace437c914ec860de321612/os-quota-sets/52e6dceb3bb948dba52cdc9c4c1eab5e
Jul 14 09:37:49.962409 dv-cinder-825492-26-iscsi devstack@c-api.service[111956]: DEBUG cinder.api.openstack.wsgi [None req-ab230826-4975-4291-8760-5f02ddfd78f5 tempest-VolumeQuotasAdminTestJSON-1879201432 tempest-VolumeQuotasAdminTestJSON-1879201432-project-admin] Empty body provided in request {{(pid=111956) get_body /opt/stack/cinder/cinder/api/openstack/wsgi.py:715}}
Jul 14 09:37:49.962992 dv-cinder-825492-26-iscsi devstack@c-api.service[111956]: DEBUG cinder.api.openstack.wsgi [None req-ab230826-4975-4291-8760-5f02ddfd78f5 tempest-VolumeQuotasAdminTestJSON-1879201432 tempest-VolumeQuotasAdminTestJSON-1879201432-project-admin] Calling method 'show' {{(pid=111956) _process_stack /opt/stack/cinder/cinder/api/openstack/wsgi.py:868}}
Jul 14 09:37:49.963526 dv-cinder-825492-26-iscsi devstack@c-api.service[111957]: [pid: 111957|app: 0|req: 9/34] 10.222.0.40 () {58 vars in 1357 bytes} [Thu Jul 14 09:37:49 2022] GET /volume/v3/17636184eace437c914ec860de321612/os-quota-sets/52e6dceb3bb948dba52cdc9c4c1eab5e/defaults => generated 361 bytes in 99 msecs (HTTP/1.1 200) 7 headers in 285 bytes (1 switches on core 0)
Jul 14 09:37:50.002720 dv-cinder-825492-26-iscsi devstack@c-api.service[111957]: DEBUG cinder.api.middleware.request_id [req-311953c9-416b-4e3e-b360-19965fc0a3ec req-0da9902c-f885-425c-ac50-817e40445755 None None] RequestId filter calling following filter/app {{(pid=111957) _context_setter /opt/stack/cinder/cinder/api/middleware/request_id.py:62}}
Jul 14 09:37:50.010885 dv-cinder-825492-26-iscsi devstack@c-api.service[111957]: INFO cinder.api.openstack.wsgi [req-311953c9-416b-4e3e-b360-19965fc0a3ec req-0da9902c-f885-425c-ac50-817e40445755 tempest-VolumesSnapshotsTestJSON-809863703 tempest-VolumesSnapshotsTestJSON-809863703-project] GET http://10.222.0.40/volume/v3/0dde10631582463ab587bc4c275c856d/volumes/222af170-e25c-439e-a99a-2af388a4b366
Jul 14 09:37:50.013466 dv-cinder-825492-26-iscsi devstack@c-api.service[111957]: DEBUG cinder.api.openstack.wsgi [req-311953c9-416b-4e3e-b360-19965fc0a3ec req-0da9902c-f885-425c-ac50-817e40445755 tempest-VolumesSnapshotsTestJSON-809863703 tempest-VolumesSnapshotsTestJSON-809863703-project] Empty body provided in request {{(pid=111957) get_body /opt/stack/cinder/cinder/api/openstack/wsgi.py:715}}
Jul 14 09:37:50.014982 dv-cinder-825492-26-iscsi devstack@c-api.service[111957]: DEBUG cinder.api.openstack.wsgi [req-311953c9-416b-4e3e-b360-19965fc0a3ec req-0da9902c-f885-425c-ac50-817e40445755 tempest-VolumesSnapshotsTestJSON-809863703 tempest-VolumesSnapshotsTestJSON-809863703-project] Calling method 'show' {{(pid=111957) _process_stack /opt/stack/cinder/cinder/api/openstack/wsgi.py:868}}
Jul 14 09:37:50.038117 dv-cinder-825492-26-iscsi devstack@c-api.service[111957]: /usr/local/lib/python3.8/dist-packages/oslo_context/context.py:100: DeprecationWarning: Policy enforcement is depending on the value of is_admin. This key is deprecated. Please update your policy file to use the standard policy values.
Jul 14 09:37:50.038117 dv-cinder-825492-26-iscsi devstack@c-api.service[111957]: warnings.warn('Policy enforcement is depending on the value of '
Jul 14 09:37:50.046034 dv-cinder-825492-26-iscsi devstack@c-api.service[111956]: INFO cinder.api.openstack.wsgi [None req-ab230826-4975-4291-8760-5f02ddfd78f5 tempest-VolumeQuotasAdminTestJSON-1879201432 tempest-VolumeQuotasAdminTestJSON-1879201432-project-admin] http://10.222.0.40/volume/v3/17636184eace437c914ec860de321612/os-quota-sets/52e6dceb3bb948dba52cdc9c4c1eab5e returned with HTTP 200
Jul 14 09:37:50.054221 dv-cinder-825492-26-iscsi devstack@c-api.service[111956]: [pid: 111956|app: 0|req: 26/35] 10.222.0.40 () {58 vars in 1330 bytes} [Thu Jul 14 09:37:49 2022] GET /volume/v3/17636184eace437c914ec860de321612/os-quota-sets/52e6dceb3bb948dba52cdc9c4c1eab5e => generated 361 bytes in 97 msecs (HTTP/1.1 200) 7 headers in 285 bytes (1 switches on core 0)
Jul 14 09:37:50.057480 dv-cinder-825492-26-iscsi devstack@c-api.service[111956]: DEBUG cinder.api.middleware.request_id [None req-a773fe2e-1975-4772-a0b0-89b13b24af9b None None] RequestId filter calling following filter/app {{(pid=111956) _context_setter /opt/stack/cinder/cinder/api/middleware/request_id.py:62}}
Jul 14 09:37:50.064126 dv-cinder-825492-26-iscsi devstack@c-api.service[111957]: INFO cinder.volume.api [req-311953c9-416b-4e3e-b360-19965fc0a3ec req-0da9902c-f885-425c-ac50-817e40445755 tempest-VolumesSnapshotsTestJSON-809863703 tempest-VolumesSnapshotsTestJSON-809863703-project] Volume info retrieved successfully.
Jul 14 09:37:50.071019 dv-cinder-825492-26-iscsi devstack@c-api.service[111956]: INFO cinder.api.openstack.wsgi [None req-a773fe2e-1975-4772-a0b0-89b13b24af9b tempest-VolumeQuotasAdminTestJSON-1879201432 tempest-VolumeQuotasAdminTestJSON-1879201432-project-admin] GET http://10.222.0.40/volume/v3/17636184eace437c914ec860de321612/os-quota-sets/52e6dceb3bb948dba52cdc9c4c1eab5e?usage=True
Jul 14 09:37:50.073452 dv-cinder-825492-26-iscsi devstack@c-api.service[111956]: DEBUG cinder.api.openstack.wsgi [None req-a773fe2e-1975-4772-a0b0-89b13b24af9b tempest-VolumeQuotasAdminTestJSON-1879201432 tempest-VolumeQuotasAdminTestJSON-1879201432-project-admin] Empty body provided in request {{(pid=111956) get_body /opt/stack/cinder/cinder/api/openstack/wsgi.py:715}}
Jul 14 09:37:50.073966 dv-cinder-825492-26-iscsi devstack@c-api.service[111956]: DEBUG cinder.api.openstack.wsgi [None req-a773fe2e-1975-4772-a0b0-89b13b24af9b tempest-VolumeQuotasAdminTestJSON-1879201432 tempest-VolumeQuotasAdminTestJSON-1879201432-project-admin] Calling method 'show' {{(pid=111956) _process_stack /opt/stack/cinder/cinder/api/openstack/wsgi.py:868}}
Jul 14 09:37:50.084458 dv-cinder-825492-26-iscsi devstack@c-api.service[111957]: INFO cinder.api.openstack.wsgi [req-311953c9-416b-4e3e-b360-19965fc0a3ec req-0da9902c-f885-425c-ac50-817e40445755 tempest-VolumesSnapshotsTestJSON-809863703 tempest-VolumesSnapshotsTestJSON-809863703-project] http://10.222.0.40/volume/v3/0dde10631582463ab587bc4c275c856d/volumes/222af170-e25c-439e-a99a-2af388a4b366 returned with HTTP 200
Jul 14 09:37:50.095629 dv-cinder-825492-26-iscsi devstack@c-api.service[111957]: [pid: 111957|app: 0|req: 10/36] 10.222.0.40 () {60 vars in 1578 bytes} [Thu Jul 14 09:37:49 2022] GET /volume/v3/0dde10631582463ab587bc4c275c856d/volumes/222af170-e25c-439e-a99a-2af388a4b366 => generated 916 bytes in 95 msecs (HTTP/1.1 200) 7 headers in 285 bytes (1 switches on core 0)
Jul 14 09:37:50.152242 dv-cinder-825492-26-iscsi devstack@c-api.service[111956]: INFO cinder.api.openstack.wsgi [None req-a773fe2e-1975-4772-a0b0-89b13b24af9b tempest-VolumeQuotasAdminTestJSON-1879201432 tempest-VolumeQuotasAdminTestJSON-1879201432-project-admin] http://10.222.0.40/volume/v3/17636184eace437c914ec860de321612/os-quota-sets/52e6dceb3bb948dba52cdc9c4c1eab5e?usage=True returned with HTTP 200
Jul 14 09:37:50.162323 dv-cinder-825492-26-iscsi devstack@c-api.service[111956]: [pid: 111956|app: 0|req: 27/37] 10.222.0.40 () {58 vars in 1351 bytes} [Thu Jul 14 09:37:50 2022] GET /volume/v3/17636184eace437c914ec860de321612/os-quota-sets/52e6dceb3bb948dba52cdc9c4c1eab5e?usage=True => generated 868 bytes in 98 msecs (HTTP/1.1 200) 7 headers in 285 bytes (1 switches on core 0)
Jul 14 09:37:50.166873 dv-cinder-825492-26-iscsi devstack@c-api.service[111957]: DEBUG cinder.api.middleware.request_id [None req-684f1716-92b6-4950-be6d-c202ada21298 None None] RequestId filter calling following filter/app {{(pid=111957) _context_setter /opt/stack/cinder/cinder/api/middleware/request_id.py:62}}
Jul 14 09:37:50.443621 dv-cinder-825492-26-iscsi devstack@c-api.service[111957]: INFO cinder.api.openstack.wsgi [None req-684f1716-92b6-4950-be6d-c202ada21298 tempest-VolumeQuotasAdminTestJSON-1616814525 tempest-VolumeQuotasAdminTestJSON-1616814525-project] POST http://10.222.0.40/volume/v3/52e6dceb3bb948dba52cdc9c4c1eab5e/volumes
Jul 14 09:37:50.445867 dv-cinder-825492-26-iscsi devstack@c-api.service[111957]: DEBUG cinder.api.openstack.wsgi [None req-684f1716-92b6-4950-be6d-c202ada21298 tempest-VolumeQuotasAdminTestJSON-1616814525 tempest-VolumeQuotasAdminTestJSON-1616814525-project] Action: 'create', calling method: create, body: {"volume": {"size": 1, "name": "tempest-VolumeQuotasAdminTestJSON-Volume-773366139"}} {{(pid=111957) _process_stack /opt/stack/cinder/cinder/api/openstack/wsgi.py:866}}
Jul 14 09:37:50.448093 dv-cinder-825492-26-iscsi devstack@c-api.service[111957]: DEBUG cinder.api.v3.volumes [None req-684f1716-92b6-4950-be6d-c202ada21298 tempest-VolumeQuotasAdminTestJSON-1616814525 tempest-VolumeQuotasAdminTestJSON-1616814525-project] Create volume request body: {'volume': {'size': 1, 'name': 'tempest-VolumeQuotasAdminTestJSON-Volume-773366139'}} {{(pid=111957) create /opt/stack/cinder/cinder/api/v3/volumes.py:298}}
Jul 14 09:37:50.448834 dv-cinder-825492-26-iscsi devstack@c-api.service[111957]: INFO cinder.api.v3.volumes [None req-684f1716-92b6-4950-be6d-c202ada21298 tempest-VolumeQuotasAdminTestJSON-1616814525 tempest-VolumeQuotasAdminTestJSON-1616814525-project] Create volume of 1 GB
Jul 14 09:37:50.463114 dv-cinder-825492-26-iscsi devstack@c-api.service[111957]: INFO cinder.volume.api [None req-684f1716-92b6-4950-be6d-c202ada21298 tempest-VolumeQuotasAdminTestJSON-1616814525 tempest-VolumeQuotasAdminTestJSON-1616814525-project] Availability Zones retrieved successfully.
Jul 14 09:37:50.495052 dv-cinder-825492-26-iscsi devstack@c-api.service[111957]: DEBUG cinder.volume.api [None req-684f1716-92b6-4950-be6d-c202ada21298 tempest-VolumeQuotasAdminTestJSON-1616814525 tempest-VolumeQuotasAdminTestJSON-1616814525-project] Flow 'volume_create_api' (3f9b3539-3c1e-43c9-80e5-6c9620a5bd39) transitioned into state 'RUNNING' from state 'PENDING' {{(pid=111957) _flow_receiver /usr/local/lib/python3.8/dist-packages/taskflow/listeners/logging.py:141}}
Jul 14 09:37:50.504661 dv-cinder-825492-26-iscsi devstack@c-api.service[111957]: DEBUG cinder.volume.api [None req-684f1716-92b6-4950-be6d-c202ada21298 tempest-VolumeQuotasAdminTestJSON-1616814525 tempest-VolumeQuotasAdminTestJSON-1616814525-project] Task 'cinder.volume.flows.api.create_volume.ExtractVolumeRequestTask;volume:create' (2fd4fb31-2ae3-4668-a78d-66ffac3fc35f) transitioned into state 'RUNNING' from state 'PENDING' {{(pid=111957) _task_receiver /usr/local/lib/python3.8/dist-packages/taskflow/listeners/logging.py:190}}
Jul 14 09:37:50.509517 dv-cinder-825492-26-iscsi devstack@c-api.service[111957]: DEBUG cinder.volume.flows.api.create_volume [None req-684f1716-92b6-4950-be6d-c202ada21298 tempest-VolumeQuotasAdminTestJSON-1616814525 tempest-VolumeQuotasAdminTestJSON-1616814525-project] Validating volume size '1' using validate_int {{(pid=111957) _extract_size /opt/stack/cinder/cinder/volume/flows/api/create_volume.py:228}}
Jul 14 09:37:50.637871 dv-cinder-825492-26-iscsi devstack@c-api.service[111957]: DEBUG cinder.volume.api [None req-684f1716-92b6-4950-be6d-c202ada21298 tempest-VolumeQuotasAdminTestJSON-1616814525 tempest-VolumeQuotasAdminTestJSON-1616814525-project] Task 'cinder.volume.flows.api.create_volume.ExtractVolumeRequestTask;volume:create' (2fd4fb31-2ae3-4668-a78d-66ffac3fc35f) transitioned into state 'SUCCESS' from state 'RUNNING' with result '{'size': 1, 'snapshot_id': None, 'source_volid': None, 'volume_type': VolumeType(created_at=2022-07-14T09:27:44Z,deleted=False,deleted_at=None,description='Default Volume Type',extra_specs={},id=4d99aa8c-2e23-4a3d-8478-0dc5ac4bbe3e,is_public=True,name='__DEFAULT__',projects=[],qos_specs=,qos_specs_id=None,updated_at=2022-07-14T09:27:44Z), 'volume_type_id': '4d99aa8c-2e23-4a3d-8478-0dc5ac4bbe3e', 'encryption_key_id': None, 'qos_specs': None, 'consistencygroup_id': None, 'cgsnapshot_id': None, 'group_id': None, 'replication_status': 'disabled', 'refresh_az': False, 'backup_id': None, 'multiattach': False, 'availability_zones': ['nova']}' {{(pid=111957) _task_receiver /usr/local/lib/python3.8/dist-packages/taskflow/listeners/logging.py:178}}
Jul 14 09:37:50.648455 dv-cinder-825492-26-iscsi devstack@c-api.service[111957]: DEBUG cinder.volume.api [None req-684f1716-92b6-4950-be6d-c202ada21298 tempest-VolumeQuotasAdminTestJSON-1616814525 tempest-VolumeQuotasAdminTestJSON-1616814525-project] Task 'cinder.volume.flows.api.create_volume.QuotaReserveTask;volume:create' (197277c4-8e60-4b10-a674-65e249654fe1) transitioned into state 'RUNNING' from state 'PENDING' {{(pid=111957) _task_receiver /usr/local/lib/python3.8/dist-packages/taskflow/listeners/logging.py:190}}
Jul 14 09:37:50.823772 dv-cinder-825492-26-iscsi devstack@c-api.service[111957]: DEBUG cinder.quota [None req-684f1716-92b6-4950-be6d-c202ada21298 tempest-VolumeQuotasAdminTestJSON-1616814525 tempest-VolumeQuotasAdminTestJSON-1616814525-project] Created reservations ['6840baa0-b567-4ffd-aac9-0f4a9978bd86', '62f2d90a-33de-4b40-a884-32f95799ac28', 'e24a5535-bd6f-4fbd-aa00-1bb51de78be6', 'f453aa15-0129-4189-a9cb-c71275e7ee7a'] {{(pid=111957) reserve /opt/stack/cinder/cinder/quota.py:755}}
Jul 14 09:37:50.832310 dv-cinder-825492-26-iscsi devstack@c-api.service[111957]: DEBUG cinder.volume.api [None req-684f1716-92b6-4950-be6d-c202ada21298 tempest-VolumeQuotasAdminTestJSON-1616814525 tempest-VolumeQuotasAdminTestJSON-1616814525-project] Task 'cinder.volume.flows.api.create_volume.QuotaReserveTask;volume:create' (197277c4-8e60-4b10-a674-65e249654fe1) transitioned into state 'SUCCESS' from state 'RUNNING' with result '{'reservations': ['6840baa0-b567-4ffd-aac9-0f4a9978bd86', '62f2d90a-33de-4b40-a884-32f95799ac28', 'e24a5535-bd6f-4fbd-aa00-1bb51de78be6', 'f453aa15-0129-4189-a9cb-c71275e7ee7a']}' {{(pid=111957) _task_receiver /usr/local/lib/python3.8/dist-packages/taskflow/listeners/logging.py:178}}
Jul 14 09:37:50.838985 dv-cinder-825492-26-iscsi devstack@c-api.service[111957]: DEBUG cinder.volume.api [None req-684f1716-92b6-4950-be6d-c202ada21298 tempest-VolumeQuotasAdminTestJSON-1616814525 tempest-VolumeQuotasAdminTestJSON-1616814525-project] Task 'cinder.volume.flows.api.create_volume.EntryCreateTask;volume:create' (53b02ace-1600-46ce-ad46-dfa546b18a26) transitioned into state 'RUNNING' from state 'PENDING' {{(pid=111957) _task_receiver /usr/local/lib/python3.8/dist-packages/taskflow/listeners/logging.py:190}}
Jul 14 09:37:50.896469 dv-cinder-825492-26-iscsi devstack@c-api.service[111957]: DEBUG cinder.volume.api [None req-684f1716-92b6-4950-be6d-c202ada21298 tempest-VolumeQuotasAdminTestJSON-1616814525 tempest-VolumeQuotasAdminTestJSON-1616814525-project] Task 'cinder.volume.flows.api.create_volume.EntryCreateTask;volume:create' (53b02ace-1600-46ce-ad46-dfa546b18a26) transitioned into state 'SUCCESS' from state 'RUNNING' with result '{'volume_id': '6eaaf966-6992-4fd6-94c9-29ea52b988f1', 'volume_properties': VolumeProperties(attach_status='detached',availability_zone='nova',cgsnapshot_id=None,consistencygroup_id=None,display_description=None,display_name='tempest-VolumeQuotasAdminTestJSON-Volume-773366139',encryption_key_id=None,group_id=None,group_type_id=,metadata={},multiattach=False,project_id='52e6dceb3bb948dba52cdc9c4c1eab5e',qos_specs=None,replication_status=,reservations=['6840baa0-b567-4ffd-aac9-0f4a9978bd86','62f2d90a-33de-4b40-a884-32f95799ac28','e24a5535-bd6f-4fbd-aa00-1bb51de78be6','f453aa15-0129-4189-a9cb-c71275e7ee7a'],size=1,snapshot_id=None,source_replicaid=,source_volid=None,status='creating',user_id='c88c49bba312444b951141c266107e00',volume_type_id=4d99aa8c-2e23-4a3d-8478-0dc5ac4bbe3e), 'volume': Volume(_name_id=None,admin_metadata=,attach_status='detached',availability_zone='nova',bootable=False,cluster=,cluster_name=None,consistencygroup=,consistencygroup_id=None,created_at=2022-07-14T09:37:50Z,deleted=False,deleted_at=None,display_description=None,display_name='tempest-VolumeQuotasAdminTestJSON-Volume-773366139',ec2_id=None,encryption_key_id=None,glance_metadata=,group=,group_id=None,host=None,id=6eaaf966-6992-4fd6-94c9-29ea52b988f1,launched_at=None,metadata={},migration_status=None,multiattach=False,previous_status=None,project_id='52e6dceb3bb948dba52cdc9c4c1eab5e',provider_auth=None,provider_geometry=None,provider_id=None,provider_location=None,replication_driver_data=None,replication_extended_status=None,replication_status=None,scheduled_at=None,service_uuid=None,shared_targets=True,size=1,snapshot_id=None,snapshots=,source_volid=None,status='creating',terminated_at=None,updated_at=None,use_quota=True,user_id='c88c49bba312444b951141c266107e00',volume_attachment=VolumeAttachmentList,volume_type=VolumeType(4d99aa8c-2e23-4a3d-8478-0dc5ac4bbe3e),volume_type_id=4d99aa8c-2e23-4a3d-8478-0dc5ac4bbe3e)}' {{(pid=111957) _task_receiver /usr/local/lib/python3.8/dist-packages/taskflow/listeners/logging.py:178}}
Jul 14 09:37:50.903180 dv-cinder-825492-26-iscsi devstack@c-api.service[111957]: DEBUG cinder.volume.api [None req-684f1716-92b6-4950-be6d-c202ada21298 tempest-VolumeQuotasAdminTestJSON-1616814525 tempest-VolumeQuotasAdminTestJSON-1616814525-project] Task 'cinder.volume.flows.api.create_volume.QuotaCommitTask;volume:create' (30c114ec-9022-44ee-8fdd-9ae97237c2f0) transitioned into state 'RUNNING' from state 'PENDING' {{(pid=111957) _task_receiver /usr/local/lib/python3.8/dist-packages/taskflow/listeners/logging.py:190}}
Jul 14 09:37:51.005049 dv-cinder-825492-26-iscsi devstack@c-api.service[111957]: DEBUG cinder.volume.api [None req-684f1716-92b6-4950-be6d-c202ada21298 tempest-VolumeQuotasAdminTestJSON-1616814525 tempest-VolumeQuotasAdminTestJSON-1616814525-project] Task 'cinder.volume.flows.api.create_volume.QuotaCommitTask;volume:create' (30c114ec-9022-44ee-8fdd-9ae97237c2f0) transitioned into state 'SUCCESS' from state 'RUNNING' with result '{'volume_properties': VolumeProperties(attach_status='detached',availability_zone='nova',cgsnapshot_id=None,consistencygroup_id=None,display_description=None,display_name='tempest-VolumeQuotasAdminTestJSON-Volume-773366139',encryption_key_id=None,group_id=None,group_type_id=,metadata={},multiattach=False,project_id='52e6dceb3bb948dba52cdc9c4c1eab5e',qos_specs=None,replication_status=,reservations=['6840baa0-b567-4ffd-aac9-0f4a9978bd86','62f2d90a-33de-4b40-a884-32f95799ac28','e24a5535-bd6f-4fbd-aa00-1bb51de78be6','f453aa15-0129-4189-a9cb-c71275e7ee7a'],size=1,snapshot_id=None,source_replicaid=,source_volid=None,status='creating',user_id='c88c49bba312444b951141c266107e00',volume_type_id=4d99aa8c-2e23-4a3d-8478-0dc5ac4bbe3e)}' {{(pid=111957) _task_receiver /usr/local/lib/python3.8/dist-packages/taskflow/listeners/logging.py:178}}
Jul 14 09:37:51.008762 dv-cinder-825492-26-iscsi devstack@c-api.service[111957]: DEBUG cinder.volume.api [None req-684f1716-92b6-4950-be6d-c202ada21298 tempest-VolumeQuotasAdminTestJSON-1616814525 tempest-VolumeQuotasAdminTestJSON-1616814525-project] Task 'cinder.volume.flows.api.create_volume.VolumeCastTask;volume:create' (f558a562-f1de-4ab1-bab6-cfab73c01aac) transitioned into state 'RUNNING' from state 'PENDING' {{(pid=111957) _task_receiver /usr/local/lib/python3.8/dist-packages/taskflow/listeners/logging.py:190}}
Jul 14 09:37:51.080184 dv-cinder-825492-26-iscsi devstack@c-api.service[111957]: DEBUG cinder.volume.api [None req-684f1716-92b6-4950-be6d-c202ada21298 tempest-VolumeQuotasAdminTestJSON-1616814525 tempest-VolumeQuotasAdminTestJSON-1616814525-project] Task 'cinder.volume.flows.api.create_volume.VolumeCastTask;volume:create' (f558a562-f1de-4ab1-bab6-cfab73c01aac) transitioned into state 'SUCCESS' from state 'RUNNING' with result 'None' {{(pid=111957) _task_receiver /usr/local/lib/python3.8/dist-packages/taskflow/listeners/logging.py:178}}
Jul 14 09:37:51.088158 dv-cinder-825492-26-iscsi devstack@c-api.service[111957]: DEBUG cinder.volume.api [None req-684f1716-92b6-4950-be6d-c202ada21298 tempest-VolumeQuotasAdminTestJSON-1616814525 tempest-VolumeQuotasAdminTestJSON-1616814525-project] Flow 'volume_create_api' (3f9b3539-3c1e-43c9-80e5-6c9620a5bd39) transitioned into state 'SUCCESS' from state 'RUNNING' {{(pid=111957) _flow_receiver /usr/local/lib/python3.8/dist-packages/taskflow/listeners/logging.py:141}}
Jul 14 09:37:51.095467 dv-cinder-825492-26-iscsi devstack@c-api.service[111957]: INFO cinder.volume.api [None req-684f1716-92b6-4950-be6d-c202ada21298 tempest-VolumeQuotasAdminTestJSON-1616814525 tempest-VolumeQuotasAdminTestJSON-1616814525-project] Create volume request issued successfully.
Jul 14 09:37:51.096945 dv-cinder-825492-26-iscsi devstack@c-api.service[111957]: INFO cinder.api.openstack.wsgi [None req-684f1716-92b6-4950-be6d-c202ada21298 tempest-VolumeQuotasAdminTestJSON-1616814525 tempest-VolumeQuotasAdminTestJSON-1616814525-project] http://10.222.0.40/volume/v3/52e6dceb3bb948dba52cdc9c4c1eab5e/volumes returned with HTTP 202
Jul 14 09:37:51.100460 dv-cinder-825492-26-iscsi devstack@c-api.service[111957]: [pid: 111957|app: 0|req: 11/38] 10.222.0.40 () {60 vars in 1234 bytes} [Thu Jul 14 09:37:50 2022] POST /volume/v3/52e6dceb3bb948dba52cdc9c4c1eab5e/volumes => generated 824 bytes in 935 msecs (HTTP/1.1 202) 7 headers in 291 bytes (1 switches on core 0)
Jul 14 09:37:51.113470 dv-cinder-825492-26-iscsi devstack@c-api.service[111956]: DEBUG cinder.api.middleware.request_id [None req-ca0c00c7-3842-4975-b148-40a95cb214c7 None None] RequestId filter calling following filter/app {{(pid=111956) _context_setter /opt/stack/cinder/cinder/api/middleware/request_id.py:62}}
Jul 14 09:37:51.117819 dv-cinder-825492-26-iscsi devstack@c-api.service[111956]: INFO cinder.api.openstack.wsgi [None req-ca0c00c7-3842-4975-b148-40a95cb214c7 tempest-VolumeQuotasAdminTestJSON-1616814525 tempest-VolumeQuotasAdminTestJSON-1616814525-project] GET http://10.222.0.40/volume/v3/52e6dceb3bb948dba52cdc9c4c1eab5e/volumes/6eaaf966-6992-4fd6-94c9-29ea52b988f1
Jul 14 09:37:51.118283 dv-cinder-825492-26-iscsi devstack@c-api.service[111956]: DEBUG cinder.api.openstack.wsgi [None req-ca0c00c7-3842-4975-b148-40a95cb214c7 tempest-VolumeQuotasAdminTestJSON-1616814525 tempest-VolumeQuotasAdminTestJSON-1616814525-project] Empty body provided in request {{(pid=111956) get_body /opt/stack/cinder/cinder/api/openstack/wsgi.py:715}}
Jul 14 09:37:51.118745 dv-cinder-825492-26-iscsi devstack@c-api.service[111956]: DEBUG cinder.api.openstack.wsgi [None req-ca0c00c7-3842-4975-b148-40a95cb214c7 tempest-VolumeQuotasAdminTestJSON-1616814525 tempest-VolumeQuotasAdminTestJSON-1616814525-project] Calling method 'show' {{(pid=111956) _process_stack /opt/stack/cinder/cinder/api/openstack/wsgi.py:868}}
Jul 14 09:37:51.127164 dv-cinder-825492-26-iscsi devstack@c-api.service[111957]: DEBUG cinder.api.middleware.request_id [req-7493acec-f254-4088-a507-a69bd941696f req-7c83fb00-9fb9-4495-90d3-e03f2c7ce7c7 None None] RequestId filter calling following filter/app {{(pid=111957) _context_setter /opt/stack/cinder/cinder/api/middleware/request_id.py:62}}
Jul 14 09:37:51.150099 dv-cinder-825492-26-iscsi devstack@c-api.service[111957]: INFO cinder.api.openstack.wsgi [req-7493acec-f254-4088-a507-a69bd941696f req-7c83fb00-9fb9-4495-90d3-e03f2c7ce7c7 tempest-VolumesSnapshotsTestJSON-809863703 tempest-VolumesSnapshotsTestJSON-809863703-project] GET http://10.222.0.40/volume/v3/0dde10631582463ab587bc4c275c856d/volumes/222af170-e25c-439e-a99a-2af388a4b366
Jul 14 09:37:51.150555 dv-cinder-825492-26-iscsi devstack@c-api.service[111957]: DEBUG cinder.api.openstack.wsgi [req-7493acec-f254-4088-a507-a69bd941696f req-7c83fb00-9fb9-4495-90d3-e03f2c7ce7c7 tempest-VolumesSnapshotsTestJSON-809863703 tempest-VolumesSnapshotsTestJSON-809863703-project] Empty body provided in request {{(pid=111957) get_body /opt/stack/cinder/cinder/api/openstack/wsgi.py:715}}
Jul 14 09:37:51.157235 dv-cinder-825492-26-iscsi devstack@c-api.service[111957]: DEBUG cinder.api.openstack.wsgi [req-7493acec-f254-4088-a507-a69bd941696f req-7c83fb00-9fb9-4495-90d3-e03f2c7ce7c7 tempest-VolumesSnapshotsTestJSON-809863703 tempest-VolumesSnapshotsTestJSON-809863703-project] Calling method 'show' {{(pid=111957) _process_stack /opt/stack/cinder/cinder/api/openstack/wsgi.py:868}}
Jul 14 09:37:51.189307 dv-cinder-825492-26-iscsi devstack@c-api.service[111956]: /usr/local/lib/python3.8/dist-packages/oslo_context/context.py:100: DeprecationWarning: Policy enforcement is depending on the value of is_admin. This key is deprecated. Please update your policy file to use the standard policy values.
Jul 14 09:37:51.189307 dv-cinder-825492-26-iscsi devstack@c-api.service[111956]: warnings.warn('Policy enforcement is depending on the value of '
Jul 14 09:37:51.223154 dv-cinder-825492-26-iscsi devstack@c-api.service[111957]: /usr/local/lib/python3.8/dist-packages/oslo_context/context.py:100: DeprecationWarning: Policy enforcement is depending on the value of is_admin. This key is deprecated. Please update your policy file to use the standard policy values.
Jul 14 09:37:51.223154 dv-cinder-825492-26-iscsi devstack@c-api.service[111957]: warnings.warn('Policy enforcement is depending on the value of '
Jul 14 09:37:51.224309 dv-cinder-825492-26-iscsi devstack@c-api.service[111956]: INFO cinder.volume.api [None req-ca0c00c7-3842-4975-b148-40a95cb214c7 tempest-VolumeQuotasAdminTestJSON-1616814525 tempest-VolumeQuotasAdminTestJSON-1616814525-project] Volume info retrieved successfully.
Jul 14 09:37:51.236775 dv-cinder-825492-26-iscsi devstack@c-api.service[111957]: DEBUG dbcounter [-] [111957] Writing DB stats cinder:SELECT=78,cinder:INSERT=10,cinder:UPDATE=12 {{(pid=111957) stat_writer /usr/local/lib/python3.8/dist-packages/dbcounter.py:114}}
Jul 14 09:37:51.253140 dv-cinder-825492-26-iscsi devstack@c-api.service[111957]: INFO cinder.volume.api [req-7493acec-f254-4088-a507-a69bd941696f req-7c83fb00-9fb9-4495-90d3-e03f2c7ce7c7 tempest-VolumesSnapshotsTestJSON-809863703 tempest-VolumesSnapshotsTestJSON-809863703-project] Volume info retrieved successfully.
Jul 14 09:37:51.273387 dv-cinder-825492-26-iscsi devstack@c-api.service[111957]: INFO cinder.api.openstack.wsgi [req-7493acec-f254-4088-a507-a69bd941696f req-7c83fb00-9fb9-4495-90d3-e03f2c7ce7c7 tempest-VolumesSnapshotsTestJSON-809863703 tempest-VolumesSnapshotsTestJSON-809863703-project] http://10.222.0.40/volume/v3/0dde10631582463ab587bc4c275c856d/volumes/222af170-e25c-439e-a99a-2af388a4b366 returned with HTTP 200
Jul 14 09:37:51.280376 dv-cinder-825492-26-iscsi devstack@c-api.service[111956]: INFO cinder.api.openstack.wsgi [None req-ca0c00c7-3842-4975-b148-40a95cb214c7 tempest-VolumeQuotasAdminTestJSON-1616814525 tempest-VolumeQuotasAdminTestJSON-1616814525-project] http://10.222.0.40/volume/v3/52e6dceb3bb948dba52cdc9c4c1eab5e/volumes/6eaaf966-6992-4fd6-94c9-29ea52b988f1 returned with HTTP 200
Jul 14 09:37:51.281218 dv-cinder-825492-26-iscsi devstack@c-api.service[111956]: [pid: 111956|app: 0|req: 28/39] 10.222.0.40 () {58 vars in 1324 bytes} [Thu Jul 14 09:37:51 2022] GET /volume/v3/52e6dceb3bb948dba52cdc9c4c1eab5e/volumes/6eaaf966-6992-4fd6-94c9-29ea52b988f1 => generated 892 bytes in 170 msecs (HTTP/1.1 200) 7 headers in 285 bytes (1 switches on core 0)
Jul 14 09:37:51.296896 dv-cinder-825492-26-iscsi devstack@c-api.service[111957]: [pid: 111957|app: 0|req: 12/40] 10.222.0.40 () {60 vars in 1578 bytes} [Thu Jul 14 09:37:51 2022] GET /volume/v3/0dde10631582463ab587bc4c275c856d/volumes/222af170-e25c-439e-a99a-2af388a4b366 => generated 917 bytes in 172 msecs (HTTP/1.1 200) 7 headers in 285 bytes (1 switches on core 0)
Jul 14 09:37:51.301732 dv-cinder-825492-26-iscsi devstack@c-api.service[111956]: DEBUG cinder.api.middleware.request_id [req-808cef55-7447-43eb-b7ae-98c50bf46a2b req-2883c053-dee3-4b57-a023-4ac52b2f44c1 None None] RequestId filter calling following filter/app {{(pid=111956) _context_setter /opt/stack/cinder/cinder/api/middleware/request_id.py:62}}
Jul 14 09:37:51.321130 dv-cinder-825492-26-iscsi devstack@c-api.service[111956]: INFO cinder.api.openstack.wsgi [req-808cef55-7447-43eb-b7ae-98c50bf46a2b req-2883c053-dee3-4b57-a023-4ac52b2f44c1 tempest-VolumesSnapshotsTestJSON-809863703 tempest-VolumesSnapshotsTestJSON-809863703-project] POST http://10.222.0.40/volume/v3/0dde10631582463ab587bc4c275c856d/snapshots
Jul 14 09:37:51.321877 dv-cinder-825492-26-iscsi devstack@c-api.service[111956]: DEBUG cinder.api.openstack.wsgi [req-808cef55-7447-43eb-b7ae-98c50bf46a2b req-2883c053-dee3-4b57-a023-4ac52b2f44c1 tempest-VolumesSnapshotsTestJSON-809863703 tempest-VolumesSnapshotsTestJSON-809863703-project] Action: 'create', calling method: create, body: {"snapshot": {"volume_id": "222af170-e25c-439e-a99a-2af388a4b366", "force": false, "name": "tempest-VolumesSnapshotsTestJSON-Snapshot-1432412458", "description": null, "metadata": {}}} {{(pid=111956) _process_stack /opt/stack/cinder/cinder/api/openstack/wsgi.py:866}}
Jul 14 09:37:51.369955 dv-cinder-825492-26-iscsi devstack@c-api.service[111956]: /usr/local/lib/python3.8/dist-packages/oslo_context/context.py:100: DeprecationWarning: Policy enforcement is depending on the value of is_admin. This key is deprecated. Please update your policy file to use the standard policy values.
Jul 14 09:37:51.369955 dv-cinder-825492-26-iscsi devstack@c-api.service[111956]: warnings.warn('Policy enforcement is depending on the value of '
Jul 14 09:37:51.376216 dv-cinder-825492-26-iscsi devstack@c-api.service[111956]: INFO cinder.volume.api [req-808cef55-7447-43eb-b7ae-98c50bf46a2b req-2883c053-dee3-4b57-a023-4ac52b2f44c1 tempest-VolumesSnapshotsTestJSON-809863703 tempest-VolumesSnapshotsTestJSON-809863703-project] Volume info retrieved successfully.
Jul 14 09:37:51.377007 dv-cinder-825492-26-iscsi devstack@c-api.service[111956]: INFO cinder.api.v3.snapshots [req-808cef55-7447-43eb-b7ae-98c50bf46a2b req-2883c053-dee3-4b57-a023-4ac52b2f44c1 tempest-VolumesSnapshotsTestJSON-809863703 tempest-VolumesSnapshotsTestJSON-809863703-project] Create snapshot from volume 222af170-e25c-439e-a99a-2af388a4b366
Jul 14 09:37:51.590754 dv-cinder-825492-26-iscsi devstack@c-api.service[111956]: DEBUG dbcounter [-] [111956] Writing DB stats cinder:SELECT=93,cinder:INSERT=7 {{(pid=111956) stat_writer /usr/local/lib/python3.8/dist-packages/dbcounter.py:114}}
Jul 14 09:37:51.716664 dv-cinder-825492-26-iscsi devstack@c-api.service[111956]: DEBUG cinder.quota [req-808cef55-7447-43eb-b7ae-98c50bf46a2b req-2883c053-dee3-4b57-a023-4ac52b2f44c1 tempest-VolumesSnapshotsTestJSON-809863703 tempest-VolumesSnapshotsTestJSON-809863703-project] Created reservations ['3bfb9224-66a8-4a01-90ba-56b3b968b888', 'a588f659-fc80-4234-a106-4ca984c1d22b', '72ebf12c-7b26-4c49-a20b-205972be1c97', '8bbb0e7a-4c34-4e68-8178-f72f40899f76'] {{(pid=111956) reserve /opt/stack/cinder/cinder/quota.py:755}}
Jul 14 09:37:52.128352 dv-cinder-825492-26-iscsi devstack@c-api.service[111956]: INFO cinder.volume.api [req-808cef55-7447-43eb-b7ae-98c50bf46a2b req-2883c053-dee3-4b57-a023-4ac52b2f44c1 tempest-VolumesSnapshotsTestJSON-809863703 tempest-VolumesSnapshotsTestJSON-809863703-project] Snapshot create request issued successfully.
Jul 14 09:37:52.129055 dv-cinder-825492-26-iscsi devstack@c-api.service[111956]: INFO cinder.api.openstack.wsgi [req-808cef55-7447-43eb-b7ae-98c50bf46a2b req-2883c053-dee3-4b57-a023-4ac52b2f44c1 tempest-VolumesSnapshotsTestJSON-809863703 tempest-VolumesSnapshotsTestJSON-809863703-project] http://10.222.0.40/volume/v3/0dde10631582463ab587bc4c275c856d/snapshots returned with HTTP 202
Jul 14 09:37:52.133658 dv-cinder-825492-26-iscsi devstack@c-api.service[111956]: [pid: 111956|app: 0|req: 29/41] 10.222.0.40 () {64 vars in 1527 bytes} [Thu Jul 14 09:37:51 2022] POST /volume/v3/0dde10631582463ab587bc4c275c856d/snapshots => generated 311 bytes in 833 msecs (HTTP/1.1 202) 7 headers in 291 bytes (1 switches on core 0)
Jul 14 09:37:52.180394 dv-cinder-825492-26-iscsi devstack@c-api.service[111957]: DEBUG cinder.api.middleware.request_id [req-c4d1f101-d1d3-40e4-a01f-5e1f1198ad64 req-e36095fd-5fad-4dae-8cbc-17c6e477d943 None None] RequestId filter calling following filter/app {{(pid=111957) _context_setter /opt/stack/cinder/cinder/api/middleware/request_id.py:62}}
Jul 14 09:37:52.187006 dv-cinder-825492-26-iscsi devstack@c-api.service[111957]: INFO cinder.api.openstack.wsgi [req-c4d1f101-d1d3-40e4-a01f-5e1f1198ad64 req-e36095fd-5fad-4dae-8cbc-17c6e477d943 tempest-VolumesSnapshotsTestJSON-809863703 tempest-VolumesSnapshotsTestJSON-809863703-project] GET http://10.222.0.40/volume/v3/0dde10631582463ab587bc4c275c856d/snapshots/003b6be6-a2dc-4b8a-80ff-9d76b7e9b66f
Jul 14 09:37:52.192524 dv-cinder-825492-26-iscsi devstack@c-api.service[111957]: DEBUG cinder.api.openstack.wsgi [req-c4d1f101-d1d3-40e4-a01f-5e1f1198ad64 req-e36095fd-5fad-4dae-8cbc-17c6e477d943 tempest-VolumesSnapshotsTestJSON-809863703 tempest-VolumesSnapshotsTestJSON-809863703-project] Empty body provided in request {{(pid=111957) get_body /opt/stack/cinder/cinder/api/openstack/wsgi.py:715}}
Jul 14 09:37:52.193200 dv-cinder-825492-26-iscsi devstack@c-api.service[111957]: DEBUG cinder.api.openstack.wsgi [req-c4d1f101-d1d3-40e4-a01f-5e1f1198ad64 req-e36095fd-5fad-4dae-8cbc-17c6e477d943 tempest-VolumesSnapshotsTestJSON-809863703 tempest-VolumesSnapshotsTestJSON-809863703-project] Calling method 'show' {{(pid=111957) _process_stack /opt/stack/cinder/cinder/api/openstack/wsgi.py:868}}
Jul 14 09:37:52.293660 dv-cinder-825492-26-iscsi devstack@c-api.service[111956]: DEBUG cinder.api.middleware.request_id [None req-01c83e14-444f-4a11-a733-e7bc87bbe256 None None] RequestId filter calling following filter/app {{(pid=111956) _context_setter /opt/stack/cinder/cinder/api/middleware/request_id.py:62}}
Jul 14 09:37:52.298713 dv-cinder-825492-26-iscsi devstack@c-api.service[111956]: INFO cinder.api.openstack.wsgi [None req-01c83e14-444f-4a11-a733-e7bc87bbe256 tempest-VolumeQuotasAdminTestJSON-1616814525 tempest-VolumeQuotasAdminTestJSON-1616814525-project] GET http://10.222.0.40/volume/v3/52e6dceb3bb948dba52cdc9c4c1eab5e/volumes/6eaaf966-6992-4fd6-94c9-29ea52b988f1
Jul 14 09:37:52.299174 dv-cinder-825492-26-iscsi devstack@c-api.service[111956]: DEBUG cinder.api.openstack.wsgi [None req-01c83e14-444f-4a11-a733-e7bc87bbe256 tempest-VolumeQuotasAdminTestJSON-1616814525 tempest-VolumeQuotasAdminTestJSON-1616814525-project] Empty body provided in request {{(pid=111956) get_body /opt/stack/cinder/cinder/api/openstack/wsgi.py:715}}
Jul 14 09:37:52.299640 dv-cinder-825492-26-iscsi devstack@c-api.service[111956]: DEBUG cinder.api.openstack.wsgi [None req-01c83e14-444f-4a11-a733-e7bc87bbe256 tempest-VolumeQuotasAdminTestJSON-1616814525 tempest-VolumeQuotasAdminTestJSON-1616814525-project] Calling method 'show' {{(pid=111956) _process_stack /opt/stack/cinder/cinder/api/openstack/wsgi.py:868}}
Jul 14 09:37:52.322549 dv-cinder-825492-26-iscsi devstack@c-api.service[111957]: /usr/local/lib/python3.8/dist-packages/oslo_context/context.py:100: DeprecationWarning: Policy enforcement is depending on the value of is_admin. This key is deprecated. Please update your policy file to use the standard policy values.
Jul 14 09:37:52.322549 dv-cinder-825492-26-iscsi devstack@c-api.service[111957]: warnings.warn('Policy enforcement is depending on the value of '
Jul 14 09:37:52.323608 dv-cinder-825492-26-iscsi devstack@c-api.service[111957]: INFO cinder.volume.api [req-c4d1f101-d1d3-40e4-a01f-5e1f1198ad64 req-e36095fd-5fad-4dae-8cbc-17c6e477d943 tempest-VolumesSnapshotsTestJSON-809863703 tempest-VolumesSnapshotsTestJSON-809863703-project] Snapshot retrieved successfully.
Jul 14 09:37:52.325560 dv-cinder-825492-26-iscsi devstack@c-api.service[111957]: INFO cinder.api.openstack.wsgi [req-c4d1f101-d1d3-40e4-a01f-5e1f1198ad64 req-e36095fd-5fad-4dae-8cbc-17c6e477d943 tempest-VolumesSnapshotsTestJSON-809863703 tempest-VolumesSnapshotsTestJSON-809863703-project] http://10.222.0.40/volume/v3/0dde10631582463ab587bc4c275c856d/snapshots/003b6be6-a2dc-4b8a-80ff-9d76b7e9b66f returned with HTTP 200
Jul 14 09:37:52.337735 dv-cinder-825492-26-iscsi devstack@c-api.service[111956]: /usr/local/lib/python3.8/dist-packages/oslo_context/context.py:100: DeprecationWarning: Policy enforcement is depending on the value of is_admin. This key is deprecated. Please update your policy file to use the standard policy values.
Jul 14 09:37:52.337735 dv-cinder-825492-26-iscsi devstack@c-api.service[111956]: warnings.warn('Policy enforcement is depending on the value of '
Jul 14 09:37:52.342207 dv-cinder-825492-26-iscsi devstack@c-api.service[111957]: [pid: 111957|app: 0|req: 13/42] 10.222.0.40 () {60 vars in 1584 bytes} [Thu Jul 14 09:37:52 2022] GET /volume/v3/0dde10631582463ab587bc4c275c856d/snapshots/003b6be6-a2dc-4b8a-80ff-9d76b7e9b66f => generated 443 bytes in 163 msecs (HTTP/1.1 200) 7 headers in 285 bytes (1 switches on core 0)
Jul 14 09:37:52.370436 dv-cinder-825492-26-iscsi devstack@c-api.service[111956]: INFO cinder.volume.api [None req-01c83e14-444f-4a11-a733-e7bc87bbe256 tempest-VolumeQuotasAdminTestJSON-1616814525 tempest-VolumeQuotasAdminTestJSON-1616814525-project] Volume info retrieved successfully.
Jul 14 09:37:52.376187 dv-cinder-825492-26-iscsi devstack@c-api.service[111957]: DEBUG cinder.api.middleware.request_id [req-170b9a8a-1891-4485-bab8-0e50d04043e6 req-e1e51f6c-40c8-4b6f-880f-a38024a6a209 None None] RequestId filter calling following filter/app {{(pid=111957) _context_setter /opt/stack/cinder/cinder/api/middleware/request_id.py:62}}
Jul 14 09:37:52.380892 dv-cinder-825492-26-iscsi devstack@c-api.service[111957]: INFO cinder.api.openstack.wsgi [req-170b9a8a-1891-4485-bab8-0e50d04043e6 req-e1e51f6c-40c8-4b6f-880f-a38024a6a209 tempest-VolumesSnapshotsTestJSON-809863703 tempest-VolumesSnapshotsTestJSON-809863703-project] GET http://10.222.0.40/volume/v3/0dde10631582463ab587bc4c275c856d/snapshots/detail
Jul 14 09:37:52.381327 dv-cinder-825492-26-iscsi devstack@c-api.service[111957]: DEBUG cinder.api.openstack.wsgi [req-170b9a8a-1891-4485-bab8-0e50d04043e6 req-e1e51f6c-40c8-4b6f-880f-a38024a6a209 tempest-VolumesSnapshotsTestJSON-809863703 tempest-VolumesSnapshotsTestJSON-809863703-project] Empty body provided in request {{(pid=111957) get_body /opt/stack/cinder/cinder/api/openstack/wsgi.py:715}}
Jul 14 09:37:52.381789 dv-cinder-825492-26-iscsi devstack@c-api.service[111957]: DEBUG cinder.api.openstack.wsgi [req-170b9a8a-1891-4485-bab8-0e50d04043e6 req-e1e51f6c-40c8-4b6f-880f-a38024a6a209 tempest-VolumesSnapshotsTestJSON-809863703 tempest-VolumesSnapshotsTestJSON-809863703-project] Calling method 'detail' {{(pid=111957) _process_stack /opt/stack/cinder/cinder/api/openstack/wsgi.py:868}}
Jul 14 09:37:52.382435 dv-cinder-825492-26-iscsi devstack@c-api.service[111957]: DEBUG cinder.api.api_utils [req-170b9a8a-1891-4485-bab8-0e50d04043e6 req-e1e51f6c-40c8-4b6f-880f-a38024a6a209 tempest-VolumesSnapshotsTestJSON-809863703 tempest-VolumesSnapshotsTestJSON-809863703-project] Removing options '' from query. {{(pid=111957) remove_invalid_filter_options /opt/stack/cinder/cinder/api/api_utils.py:83}}
Jul 14 09:37:52.384544 dv-cinder-825492-26-iscsi devstack@c-api.service[111957]: DEBUG cinder.db.sqlalchemy.api [req-170b9a8a-1891-4485-bab8-0e50d04043e6 req-e1e51f6c-40c8-4b6f-880f-a38024a6a209 tempest-VolumesSnapshotsTestJSON-809863703 tempest-VolumesSnapshotsTestJSON-809863703-project] Building query based on filter {{(pid=111957) _process_snaps_filters /opt/stack/cinder/cinder/db/sqlalchemy/api.py:3878}}
Jul 14 09:37:52.405894 dv-cinder-825492-26-iscsi devstack@c-api.service[111956]: INFO cinder.api.openstack.wsgi [None req-01c83e14-444f-4a11-a733-e7bc87bbe256 tempest-VolumeQuotasAdminTestJSON-1616814525 tempest-VolumeQuotasAdminTestJSON-1616814525-project] http://10.222.0.40/volume/v3/52e6dceb3bb948dba52cdc9c4c1eab5e/volumes/6eaaf966-6992-4fd6-94c9-29ea52b988f1 returned with HTTP 200
Jul 14 09:37:52.407539 dv-cinder-825492-26-iscsi devstack@c-api.service[111956]: [pid: 111956|app: 0|req: 30/43] 10.222.0.40 () {58 vars in 1324 bytes} [Thu Jul 14 09:37:52 2022] GET /volume/v3/52e6dceb3bb948dba52cdc9c4c1eab5e/volumes/6eaaf966-6992-4fd6-94c9-29ea52b988f1 => generated 917 bytes in 115 msecs (HTTP/1.1 200) 7 headers in 285 bytes (2 switches on core 0)
Jul 14 09:37:52.427817 dv-cinder-825492-26-iscsi devstack@c-api.service[111956]: DEBUG cinder.api.middleware.request_id [None req-138b0dfb-857c-4989-b625-766dd22d4ee9 None None] RequestId filter calling following filter/app {{(pid=111956) _context_setter /opt/stack/cinder/cinder/api/middleware/request_id.py:62}}
Jul 14 09:37:52.434793 dv-cinder-825492-26-iscsi devstack@c-api.service[111956]: INFO cinder.api.openstack.wsgi [None req-138b0dfb-857c-4989-b625-766dd22d4ee9 tempest-VolumeQuotasAdminTestJSON-1879201432 tempest-VolumeQuotasAdminTestJSON-1879201432-project-admin] GET http://10.222.0.40/volume/v3/17636184eace437c914ec860de321612/os-quota-sets/52e6dceb3bb948dba52cdc9c4c1eab5e?usage=True
Jul 14 09:37:52.435258 dv-cinder-825492-26-iscsi devstack@c-api.service[111956]: DEBUG cinder.api.openstack.wsgi [None req-138b0dfb-857c-4989-b625-766dd22d4ee9 tempest-VolumeQuotasAdminTestJSON-1879201432 tempest-VolumeQuotasAdminTestJSON-1879201432-project-admin] Empty body provided in request {{(pid=111956) get_body /opt/stack/cinder/cinder/api/openstack/wsgi.py:715}}
Jul 14 09:37:52.435720 dv-cinder-825492-26-iscsi devstack@c-api.service[111956]: DEBUG cinder.api.openstack.wsgi [None req-138b0dfb-857c-4989-b625-766dd22d4ee9 tempest-VolumeQuotasAdminTestJSON-1879201432 tempest-VolumeQuotasAdminTestJSON-1879201432-project-admin] Calling method 'show' {{(pid=111956) _process_stack /opt/stack/cinder/cinder/api/openstack/wsgi.py:868}}
Jul 14 09:37:52.583242 dv-cinder-825492-26-iscsi devstack@c-api.service[111956]: INFO cinder.api.openstack.wsgi [None req-138b0dfb-857c-4989-b625-766dd22d4ee9 tempest-VolumeQuotasAdminTestJSON-1879201432 tempest-VolumeQuotasAdminTestJSON-1879201432-project-admin] http://10.222.0.40/volume/v3/17636184eace437c914ec860de321612/os-quota-sets/52e6dceb3bb948dba52cdc9c4c1eab5e?usage=True returned with HTTP 200
Jul 14 09:37:52.587619 dv-cinder-825492-26-iscsi devstack@c-api.service[111956]: [pid: 111956|app: 0|req: 31/44] 10.222.0.40 () {58 vars in 1351 bytes} [Thu Jul 14 09:37:52 2022] GET /volume/v3/17636184eace437c914ec860de321612/os-quota-sets/52e6dceb3bb948dba52cdc9c4c1eab5e?usage=True => generated 868 bytes in 161 msecs (HTTP/1.1 200) 7 headers in 285 bytes (1 switches on core 0)
Jul 14 09:37:52.598094 dv-cinder-825492-26-iscsi devstack@c-api.service[111956]: DEBUG cinder.api.middleware.request_id [None req-5d4d52f1-d966-4444-b752-e7057040a0b2 None None] RequestId filter calling following filter/app {{(pid=111956) _context_setter /opt/stack/cinder/cinder/api/middleware/request_id.py:62}}
Jul 14 09:37:52.610007 dv-cinder-825492-26-iscsi devstack@c-api.service[111956]: INFO cinder.api.openstack.wsgi [None req-5d4d52f1-d966-4444-b752-e7057040a0b2 tempest-VolumeQuotasAdminTestJSON-1616814525 tempest-VolumeQuotasAdminTestJSON-1616814525-project] DELETE http://10.222.0.40/volume/v3/52e6dceb3bb948dba52cdc9c4c1eab5e/volumes/6eaaf966-6992-4fd6-94c9-29ea52b988f1
Jul 14 09:37:52.612254 dv-cinder-825492-26-iscsi devstack@c-api.service[111956]: DEBUG cinder.api.openstack.wsgi [None req-5d4d52f1-d966-4444-b752-e7057040a0b2 tempest-VolumeQuotasAdminTestJSON-1616814525 tempest-VolumeQuotasAdminTestJSON-1616814525-project] Empty body provided in request {{(pid=111956) get_body /opt/stack/cinder/cinder/api/openstack/wsgi.py:715}}
Jul 14 09:37:52.616107 dv-cinder-825492-26-iscsi devstack@c-api.service[111956]: DEBUG cinder.api.openstack.wsgi [None req-5d4d52f1-d966-4444-b752-e7057040a0b2 tempest-VolumeQuotasAdminTestJSON-1616814525 tempest-VolumeQuotasAdminTestJSON-1616814525-project] Calling method 'delete' {{(pid=111956) _process_stack /opt/stack/cinder/cinder/api/openstack/wsgi.py:868}}
Jul 14 09:37:52.625816 dv-cinder-825492-26-iscsi devstack@c-api.service[111956]: INFO cinder.api.v3.volumes [None req-5d4d52f1-d966-4444-b752-e7057040a0b2 tempest-VolumeQuotasAdminTestJSON-1616814525 tempest-VolumeQuotasAdminTestJSON-1616814525-project] Delete volume with id: 6eaaf966-6992-4fd6-94c9-29ea52b988f1
Jul 14 09:37:52.669465 dv-cinder-825492-26-iscsi devstack@c-api.service[111956]: /usr/local/lib/python3.8/dist-packages/oslo_context/context.py:100: DeprecationWarning: Policy enforcement is depending on the value of is_admin. This key is deprecated. Please update your policy file to use the standard policy values.
Jul 14 09:37:52.669465 dv-cinder-825492-26-iscsi devstack@c-api.service[111956]: warnings.warn('Policy enforcement is depending on the value of '
Jul 14 09:37:52.671120 dv-cinder-825492-26-iscsi devstack@c-api.service[111956]: INFO cinder.volume.api [None req-5d4d52f1-d966-4444-b752-e7057040a0b2 tempest-VolumeQuotasAdminTestJSON-1616814525 tempest-VolumeQuotasAdminTestJSON-1616814525-project] Volume info retrieved successfully.
Jul 14 09:37:52.786668 dv-cinder-825492-26-iscsi devstack@c-api.service[111956]: INFO cinder.volume.api [None req-5d4d52f1-d966-4444-b752-e7057040a0b2 tempest-VolumeQuotasAdminTestJSON-1616814525 tempest-VolumeQuotasAdminTestJSON-1616814525-project] Delete volume request issued successfully.
Jul 14 09:37:52.787255 dv-cinder-825492-26-iscsi devstack@c-api.service[111956]: INFO cinder.api.openstack.wsgi [None req-5d4d52f1-d966-4444-b752-e7057040a0b2 tempest-VolumeQuotasAdminTestJSON-1616814525 tempest-VolumeQuotasAdminTestJSON-1616814525-project] http://10.222.0.40/volume/v3/52e6dceb3bb948dba52cdc9c4c1eab5e/volumes/6eaaf966-6992-4fd6-94c9-29ea52b988f1 returned with HTTP 202
Jul 14 09:37:52.791350 dv-cinder-825492-26-iscsi devstack@c-api.service[111956]: [pid: 111956|app: 0|req: 32/45] 10.222.0.40 () {58 vars in 1327 bytes} [Thu Jul 14 09:37:52 2022] DELETE /volume/v3/52e6dceb3bb948dba52cdc9c4c1eab5e/volumes/6eaaf966-6992-4fd6-94c9-29ea52b988f1 => generated 0 bytes in 194 msecs (HTTP/1.1 202) 6 headers in 233 bytes (2 switches on core 0)
Jul 14 09:37:52.793591 dv-cinder-825492-26-iscsi devstack@c-api.service[111956]: DEBUG cinder.api.middleware.request_id [None req-d4a12042-f309-41a9-a307-bb32db785dec None None] RequestId filter calling following filter/app {{(pid=111956) _context_setter /opt/stack/cinder/cinder/api/middleware/request_id.py:62}}
Jul 14 09:37:52.805994 dv-cinder-825492-26-iscsi devstack@c-api.service[111956]: INFO cinder.api.openstack.wsgi [None req-d4a12042-f309-41a9-a307-bb32db785dec tempest-VolumeQuotasAdminTestJSON-1616814525 tempest-VolumeQuotasAdminTestJSON-1616814525-project] GET http://10.222.0.40/volume/v3/52e6dceb3bb948dba52cdc9c4c1eab5e/volumes/6eaaf966-6992-4fd6-94c9-29ea52b988f1
Jul 14 09:37:52.806614 dv-cinder-825492-26-iscsi devstack@c-api.service[111956]: DEBUG cinder.api.openstack.wsgi [None req-d4a12042-f309-41a9-a307-bb32db785dec tempest-VolumeQuotasAdminTestJSON-1616814525 tempest-VolumeQuotasAdminTestJSON-1616814525-project] Empty body provided in request {{(pid=111956) get_body /opt/stack/cinder/cinder/api/openstack/wsgi.py:715}}
