Jul 12 07:06:41.176222 dv-cinder-825492-25-smb devstack@keystone.service[80337]: ERROR keystone.server.flask.application
File "/usr/local/lib/python3.8/dist-packages/dogpile/cache/region.py", line 995, in gen_value
Jul 12 07:06:41.176222 dv-cinder-825492-25-smb devstack@keystone.service[80337]: ERROR keystone.server.flask.application created_value = creator(
Jul 12 07:06:41.176222 dv-cinder-825492-25-smb devstack@keystone.service[80337]: ERROR keystone.server.flask.application
File "/opt/stack/keystone/keystone/assignment/core.py", line 1276, in get_role
Jul 12 07:06:41.176222 dv-cinder-825492-25-smb devstack@keystone.service[80337]: ERROR keystone.server.flask.application return self.driver.get_role(role_id)
Jul 12 07:06:41.176222 dv-cinder-825492-25-smb devstack@keystone.service[80337]: ERROR keystone.server.flask.application
File "/opt/stack/keystone/keystone/assignment/role_backends/sql.py", line 70, in get_role
Jul 12 07:06:41.176222 dv-cinder-825492-25-smb devstack@keystone.service[80337]: ERROR keystone.server.flask.application return self._get_role(session, role_id).to_dict()
Jul 12 07:06:41.176222 dv-cinder-825492-25-smb devstack@keystone.service[80337]: ERROR keystone.server.flask.application
File "/opt/stack/keystone/keystone/assignment/role_backends/sql.py", line 65, in _get_role
Jul 12 07:06:41.176222 dv-cinder-825492-25-smb devstack@keystone.service[80337]: ERROR keystone.server.flask.application raise exception.RoleNotFound(role_id=role_id)
Jul 12 07:06:41.176222 dv-cinder-825492-25-smb devstack@keystone.service[80337]: ERROR keystone.server.flask.application keystone.exception.RoleNotFound: Could not find role: member.
Jul 12 07:06:41.176222 dv-cinder-825492-25-smb devstack@keystone.service[80337]: ERROR keystone.server.flask.application
Jul 12 07:06:41.178243 dv-cinder-825492-25-smb devstack@keystone.service[80337]: [pid: 80337|app: 0|req: 63/128] 10.222.0.27 () {56 vars in 1099 bytes} [Tue Jul 12 07:06:40 2022] GET /identity/v3/roles/member => generated 84 bytes in 208 msecs (HTTP/1.1 404) 5 headers in 183 bytes (1 switches on core 0)
Jul 12 07:06:41.179131 dv-cinder-825492-25-smb devstack@keystone.service[80337]: DEBUG keystone.server.flask.request_processing.middleware.auth_context [None req-3bd4dc76-7cac-4268-8426-6b8f16f8f9f2 None admin] Authenticating user token {{(pid=80337) process_request /usr/local/lib/python3.8/dist-packages/keystonemiddleware/auth_token/__init__.py:407}}
Jul 12 07:06:41.235287 dv-cinder-825492-25-smb devstack@keystone.service[80336]: DEBUG keystone.server.flask.request_processing.middleware.auth_context [None req-7af7cc44-e39a-487d-b356-8060f23e0267 None admin] Validating token access rules against request {{(pid=80336) validate_allowed_request /usr/local/lib/python3.8/dist-packages/keystonemiddleware/auth_token/__init__.py:545}}
Jul 12 07:06:41.276912 dv-cinder-825492-25-smb devstack@keystone.service[80336]: DEBUG keystone.server.flask.request_processing.middleware.auth_context [None req-0ae2dc0c-5976-43e7-9b69-80c3b70a569d None admin] RBAC: auth_context: {'token': , 'domain_id': None, 'trust_id': None, 'trustor_id': None, 'trustee_id': None, 'domain_name': None, 'group_ids': [], 'user_id': 'ea7c343155f0487dbe56b20027ac902d', 'user_domain_id': 'default', 'system_scope': 'all', 'project_id': None, 'project_domain_id': None, 'roles': ['admin', 'member', 'reader'], 'is_admin_project': True, 'service_user_id': None, 'service_user_domain_id': None, 'service_project_id': None, 'service_project_domain_id': None, 'service_roles': []} {{(pid=80336) fill_context /opt/stack/keystone/keystone/server/flask/request_processing/middleware/auth_context.py:478}}
Jul 12 07:06:41.278029 dv-cinder-825492-25-smb devstack@keystone.service[80336]: DEBUG keystone.server.flask.request_processing.req_logging [None req-0ae2dc0c-5976-43e7-9b69-80c3b70a569d None admin] REQUEST_METHOD: `GET` {{(pid=80336) log_request_info /opt/stack/keystone/keystone/server/flask/request_processing/req_logging.py:27}}
Jul 12 07:06:41.278308 dv-cinder-825492-25-smb devstack@keystone.service[80336]: DEBUG keystone.server.flask.request_processing.req_logging [None req-0ae2dc0c-5976-43e7-9b69-80c3b70a569d None admin] SCRIPT_NAME: `/identity` {{(pid=80336) log_request_info /opt/stack/keystone/keystone/server/flask/request_processing/req_logging.py:28}}
Jul 12 07:06:41.278590 dv-cinder-825492-25-smb devstack@keystone.service[80336]: DEBUG keystone.server.flask.request_processing.req_logging [None req-0ae2dc0c-5976-43e7-9b69-80c3b70a569d None admin] PATH_INFO: `/v3/projects/b531ae1ba1af48998fafc62a9441a3d2` {{(pid=80336) log_request_info /opt/stack/keystone/keystone/server/flask/request_processing/req_logging.py:29}}
Jul 12 07:06:41.279964 dv-cinder-825492-25-smb devstack@keystone.service[80336]: DEBUG keystone.common.rbac_enforcer.enforcer [None req-0ae2dc0c-5976-43e7-9b69-80c3b70a569d None admin] RBAC: Authorizing `identity:get_project(project_id=b531ae1ba1af48998fafc62a9441a3d2)` {{(pid=80336) enforce_call /opt/stack/keystone/keystone/common/rbac_enforcer/enforcer.py:449}}
Jul 12 07:06:41.282822 dv-cinder-825492-25-smb devstack@keystone.service[80336]: DEBUG keystone.common.rbac_enforcer.enforcer [None req-0ae2dc0c-5976-43e7-9b69-80c3b70a569d None admin] RBAC: Authorization granted {{(pid=80336) enforce_call /opt/stack/keystone/keystone/common/rbac_enforcer/enforcer.py:457}}
Jul 12 07:06:41.290121 dv-cinder-825492-25-smb devstack@keystone.service[80336]: [pid: 80336|app: 0|req: 66/129] 10.222.0.27 () {56 vars in 1186 bytes} [Tue Jul 12 07:06:41 2022] GET /identity/v3/projects/b531ae1ba1af48998fafc62a9441a3d2 => generated 298 bytes in 202 msecs (HTTP/1.1 200) 5 headers in 177 bytes (1 switches on core 0)
Jul 12 07:06:41.291252 dv-cinder-825492-25-smb devstack@keystone.service[80336]: DEBUG keystone.server.flask.request_processing.middleware.auth_context [None req-0ae2dc0c-5976-43e7-9b69-80c3b70a569d None admin] Authenticating user token {{(pid=80336) process_request /usr/local/lib/python3.8/dist-packages/keystonemiddleware/auth_token/__init__.py:407}}
Jul 12 07:06:41.297677 dv-cinder-825492-25-smb devstack@keystone.service[80337]: DEBUG dbcounter [-] [80337] Writing DB stats keystone:SELECT=100 {{(pid=80337) stat_writer /usr/local/lib/python3.8/dist-packages/dbcounter.py:114}}
Jul 12 07:06:41.304529 dv-cinder-825492-25-smb devstack@keystone.service[80337]: DEBUG keystone.server.flask.request_processing.middleware.auth_context [None req-3bd4dc76-7cac-4268-8426-6b8f16f8f9f2 None admin] Validating token access rules against request {{(pid=80337) validate_allowed_request /usr/local/lib/python3.8/dist-packages/keystonemiddleware/auth_token/__init__.py:545}}
Jul 12 07:06:41.304827 dv-cinder-825492-25-smb devstack@keystone.service[80336]: DEBUG dbcounter [-] [80336] Writing DB stats keystone:SELECT=100 {{(pid=80336) stat_writer /usr/local/lib/python3.8/dist-packages/dbcounter.py:114}}
Jul 12 07:06:41.351755 dv-cinder-825492-25-smb devstack@keystone.service[80337]: DEBUG keystone.server.flask.request_processing.middleware.auth_context [None req-b4c4fd16-4160-449a-8880-197a4bfda058 None admin] RBAC: auth_context: {'token': , 'domain_id': None, 'trust_id': None, 'trustor_id': None, 'trustee_id': None, 'domain_name': None, 'group_ids': [], 'user_id': 'ea7c343155f0487dbe56b20027ac902d', 'user_domain_id': 'default', 'system_scope': 'all', 'project_id': None, 'project_domain_id': None, 'roles': ['admin', 'member', 'reader'], 'is_admin_project': True, 'service_user_id': None, 'service_user_domain_id': None, 'service_project_id': None, 'service_project_domain_id': None, 'service_roles': []} {{(pid=80337) fill_context /opt/stack/keystone/keystone/server/flask/request_processing/middleware/auth_context.py:478}}
Jul 12 07:06:41.352755 dv-cinder-825492-25-smb devstack@keystone.service[80337]: DEBUG keystone.server.flask.request_processing.req_logging [None req-b4c4fd16-4160-449a-8880-197a4bfda058 None admin] REQUEST_METHOD: `GET` {{(pid=80337) log_request_info /opt/stack/keystone/keystone/server/flask/request_processing/req_logging.py:27}}
Jul 12 07:06:41.353541 dv-cinder-825492-25-smb devstack@keystone.service[80337]: DEBUG keystone.server.flask.request_processing.req_logging [None req-b4c4fd16-4160-449a-8880-197a4bfda058 None admin] SCRIPT_NAME: `/identity` {{(pid=80337) log_request_info /opt/stack/keystone/keystone/server/flask/request_processing/req_logging.py:28}}
Jul 12 07:06:41.353933 dv-cinder-825492-25-smb devstack@keystone.service[80337]: DEBUG keystone.server.flask.request_processing.req_logging [None req-b4c4fd16-4160-449a-8880-197a4bfda058 None admin] PATH_INFO: `/v3/role_assignments` {{(pid=80337) log_request_info /opt/stack/keystone/keystone/server/flask/request_processing/req_logging.py:29}}
Jul 12 07:06:41.354898 dv-cinder-825492-25-smb devstack@keystone.service[80337]: DEBUG keystone.common.rbac_enforcer.enforcer [None req-b4c4fd16-4160-449a-8880-197a4bfda058 None admin] RBAC: Adding query filter params (role.id=96fd41f487c34e308bb87a78c02854de, scope.project.id=b531ae1ba1af48998fafc62a9441a3d2, user.id=81a53905a5634f1ca9ad3c1b80b6a9bd) {{(pid=80337) _extract_filter_values /opt/stack/keystone/keystone/common/rbac_enforcer/enforcer.py:167}}
Jul 12 07:06:41.355324 dv-cinder-825492-25-smb devstack@keystone.service[80337]: DEBUG keystone.common.rbac_enforcer.enforcer [None req-b4c4fd16-4160-449a-8880-197a4bfda058 None admin] RBAC: Authorizing `identity:list_role_assignments()` {{(pid=80337) enforce_call /opt/stack/keystone/keystone/common/rbac_enforcer/enforcer.py:449}}
Jul 12 07:06:41.357698 dv-cinder-825492-25-smb devstack@keystone.service[80337]: DEBUG keystone.common.rbac_enforcer.enforcer [None req-b4c4fd16-4160-449a-8880-197a4bfda058 None admin] RBAC: Authorization granted {{(pid=80337) enforce_call /opt/stack/keystone/keystone/common/rbac_enforcer/enforcer.py:457}}
Jul 12 07:06:41.365965 dv-cinder-825492-25-smb devstack@keystone.service[80337]: [pid: 80337|app: 0|req: 64/130] 10.222.0.27 () {56 vars in 1374 bytes} [Tue Jul 12 07:06:41 2022] GET /identity/v3/role_assignments?user.id=81a53905a5634f1ca9ad3c1b80b6a9bd&scope.project.id=b531ae1ba1af48998fafc62a9441a3d2&role.id=96fd41f487c34e308bb87a78c02854de => generated 259 bytes in 187 msecs (HTTP/1.1 200) 5 headers in 177 bytes (1 switches on core 0)
Jul 12 07:06:41.369932 dv-cinder-825492-25-smb devstack@keystone.service[80337]: DEBUG keystone.server.flask.request_processing.middleware.auth_context [None req-b4c4fd16-4160-449a-8880-197a4bfda058 None admin] Authenticating user token {{(pid=80337) process_request /usr/local/lib/python3.8/dist-packages/keystonemiddleware/auth_token/__init__.py:407}}
Jul 12 07:06:41.462155 dv-cinder-825492-25-smb devstack@keystone.service[80336]: DEBUG keystone.server.flask.request_processing.middleware.auth_context [None req-0ae2dc0c-5976-43e7-9b69-80c3b70a569d None admin] Validating token access rules against request {{(pid=80336) validate_allowed_request /usr/local/lib/python3.8/dist-packages/keystonemiddleware/auth_token/__init__.py:545}}
Jul 12 07:06:41.518169 dv-cinder-825492-25-smb devstack@keystone.service[80337]: DEBUG keystone.server.flask.request_processing.middleware.auth_context [None req-b4c4fd16-4160-449a-8880-197a4bfda058 None admin] Validating token access rules against request {{(pid=80337) validate_allowed_request /usr/local/lib/python3.8/dist-packages/keystonemiddleware/auth_token/__init__.py:545}}
Jul 12 07:06:41.525399 dv-cinder-825492-25-smb devstack@keystone.service[80336]: DEBUG keystone.server.flask.request_processing.middleware.auth_context [None req-e1519655-e2e5-4690-b557-1ab40378745e None admin] RBAC: auth_context: {'token': , 'domain_id': None, 'trust_id': None, 'trustor_id': None, 'trustee_id': None, 'domain_name': None, 'group_ids': [], 'user_id': 'ea7c343155f0487dbe56b20027ac902d', 'user_domain_id': 'default', 'system_scope': 'all', 'project_id': None, 'project_domain_id': None, 'roles': ['admin', 'member', 'reader'], 'is_admin_project': True, 'service_user_id': None, 'service_user_domain_id': None, 'service_project_id': None, 'service_project_domain_id': None, 'service_roles': []} {{(pid=80336) fill_context /opt/stack/keystone/keystone/server/flask/request_processing/middleware/auth_context.py:478}}
Jul 12 07:06:41.527487 dv-cinder-825492-25-smb devstack@keystone.service[80336]: DEBUG keystone.server.flask.request_processing.req_logging [None req-e1519655-e2e5-4690-b557-1ab40378745e None admin] REQUEST_METHOD: `GET` {{(pid=80336) log_request_info /opt/stack/keystone/keystone/server/flask/request_processing/req_logging.py:27}}
Jul 12 07:06:41.527933 dv-cinder-825492-25-smb devstack@keystone.service[80336]: DEBUG keystone.server.flask.request_processing.req_logging [None req-e1519655-e2e5-4690-b557-1ab40378745e None admin] SCRIPT_NAME: `/identity` {{(pid=80336) log_request_info /opt/stack/keystone/keystone/server/flask/request_processing/req_logging.py:28}}
Jul 12 07:06:41.528859 dv-cinder-825492-25-smb devstack@keystone.service[80336]: DEBUG keystone.server.flask.request_processing.req_logging [None req-e1519655-e2e5-4690-b557-1ab40378745e None admin] PATH_INFO: `/v3/projects/b531ae1ba1af48998fafc62a9441a3d2` {{(pid=80336) log_request_info /opt/stack/keystone/keystone/server/flask/request_processing/req_logging.py:29}}
Jul 12 07:06:41.531269 dv-cinder-825492-25-smb devstack@keystone.service[80336]: DEBUG keystone.common.rbac_enforcer.enforcer [None req-e1519655-e2e5-4690-b557-1ab40378745e None admin] RBAC: Authorizing `identity:get_project(project_id=b531ae1ba1af48998fafc62a9441a3d2)` {{(pid=80336) enforce_call /opt/stack/keystone/keystone/common/rbac_enforcer/enforcer.py:449}}
Jul 12 07:06:41.533616 dv-cinder-825492-25-smb devstack@keystone.service[80336]: DEBUG keystone.common.rbac_enforcer.enforcer [None req-e1519655-e2e5-4690-b557-1ab40378745e None admin] RBAC: Authorization granted {{(pid=80336) enforce_call /opt/stack/keystone/keystone/common/rbac_enforcer/enforcer.py:457}}
Jul 12 07:06:41.536911 dv-cinder-825492-25-smb devstack@keystone.service[80336]: [pid: 80336|app: 0|req: 67/131] 10.222.0.27 () {56 vars in 1186 bytes} [Tue Jul 12 07:06:41 2022] GET /identity/v3/projects/b531ae1ba1af48998fafc62a9441a3d2 => generated 298 bytes in 246 msecs (HTTP/1.1 200) 5 headers in 177 bytes (1 switches on core 0)
Jul 12 07:06:41.542032 dv-cinder-825492-25-smb devstack@keystone.service[80336]: DEBUG keystone.server.flask.request_processing.middleware.auth_context [None req-e1519655-e2e5-4690-b557-1ab40378745e None admin] Authenticating user token {{(pid=80336) process_request /usr/local/lib/python3.8/dist-packages/keystonemiddleware/auth_token/__init__.py:407}}
Jul 12 07:06:41.580624 dv-cinder-825492-25-smb devstack@keystone.service[80337]: DEBUG keystone.server.flask.request_processing.middleware.auth_context [None req-cbceae2d-5089-4578-af7b-924ca8d88b31 None admin] RBAC: auth_context: {'token': , 'domain_id': None, 'trust_id': None, 'trustor_id': None, 'trustee_id': None, 'domain_name': None, 'group_ids': [], 'user_id': 'ea7c343155f0487dbe56b20027ac902d', 'user_domain_id': 'default', 'system_scope': 'all', 'project_id': None, 'project_domain_id': None, 'roles': ['admin', 'member', 'reader'], 'is_admin_project': True, 'service_user_id': None, 'service_user_domain_id': None, 'service_project_id': None, 'service_project_domain_id': None, 'service_roles': []} {{(pid=80337) fill_context /opt/stack/keystone/keystone/server/flask/request_processing/middleware/auth_context.py:478}}
Jul 12 07:06:41.581515 dv-cinder-825492-25-smb devstack@keystone.service[80337]: DEBUG keystone.server.flask.request_processing.req_logging [None req-cbceae2d-5089-4578-af7b-924ca8d88b31 None admin] REQUEST_METHOD: `GET` {{(pid=80337) log_request_info /opt/stack/keystone/keystone/server/flask/request_processing/req_logging.py:27}}
Jul 12 07:06:41.581919 dv-cinder-825492-25-smb devstack@keystone.service[80337]: DEBUG keystone.server.flask.request_processing.req_logging [None req-cbceae2d-5089-4578-af7b-924ca8d88b31 None admin] SCRIPT_NAME: `/identity` {{(pid=80337) log_request_info /opt/stack/keystone/keystone/server/flask/request_processing/req_logging.py:28}}
Jul 12 07:06:41.582215 dv-cinder-825492-25-smb devstack@keystone.service[80337]: DEBUG keystone.server.flask.request_processing.req_logging [None req-cbceae2d-5089-4578-af7b-924ca8d88b31 None admin] PATH_INFO: `/v3/roles` {{(pid=80337) log_request_info /opt/stack/keystone/keystone/server/flask/request_processing/req_logging.py:29}}
Jul 12 07:06:41.582991 dv-cinder-825492-25-smb devstack@keystone.service[80337]: DEBUG keystone.common.rbac_enforcer.enforcer [None req-cbceae2d-5089-4578-af7b-924ca8d88b31 None admin] RBAC: Adding query filter params (name=member) {{(pid=80337) _extract_filter_values /opt/stack/keystone/keystone/common/rbac_enforcer/enforcer.py:167}}
Jul 12 07:06:41.583307 dv-cinder-825492-25-smb devstack@keystone.service[80337]: DEBUG keystone.common.rbac_enforcer.enforcer [None req-cbceae2d-5089-4578-af7b-924ca8d88b31 None admin] RBAC: Authorizing `identity:list_roles()` {{(pid=80337) enforce_call /opt/stack/keystone/keystone/common/rbac_enforcer/enforcer.py:449}}
Jul 12 07:06:41.585659 dv-cinder-825492-25-smb devstack@keystone.service[80337]: DEBUG keystone.common.rbac_enforcer.enforcer [None req-cbceae2d-5089-4578-af7b-924ca8d88b31 None admin] RBAC: Authorization granted {{(pid=80337) enforce_call /opt/stack/keystone/keystone/common/rbac_enforcer/enforcer.py:457}}
Jul 12 07:06:41.598395 dv-cinder-825492-25-smb devstack@keystone.service[80337]: [pid: 80337|app: 0|req: 65/132] 10.222.0.27 () {56 vars in 1101 bytes} [Tue Jul 12 07:06:41 2022] GET /identity/v3/roles?name=member => generated 341 bytes in 232 msecs (HTTP/1.1 200) 5 headers in 177 bytes (1 switches on core 0)
Jul 12 07:06:41.599281 dv-cinder-825492-25-smb devstack@keystone.service[80337]: DEBUG keystone.server.flask.request_processing.middleware.auth_context [None req-cbceae2d-5089-4578-af7b-924ca8d88b31 None admin] Authenticating user token {{(pid=80337) process_request /usr/local/lib/python3.8/dist-packages/keystonemiddleware/auth_token/__init__.py:407}}
Jul 12 07:06:41.645385 dv-cinder-825492-25-smb devstack@keystone.service[80337]: DEBUG dbcounter [-] [80337] Writing DB stats keystone:SELECT=100 {{(pid=80337) stat_writer /usr/local/lib/python3.8/dist-packages/dbcounter.py:114}}
Jul 12 07:06:41.654199 dv-cinder-825492-25-smb devstack@keystone.service[80336]: DEBUG dbcounter [-] [80336] Writing DB stats keystone:SELECT=100 {{(pid=80336) stat_writer /usr/local/lib/python3.8/dist-packages/dbcounter.py:114}}
Jul 12 07:06:41.703350 dv-cinder-825492-25-smb devstack@keystone.service[80336]: DEBUG keystone.server.flask.request_processing.middleware.auth_context [None req-e1519655-e2e5-4690-b557-1ab40378745e None admin] Validating token access rules against request {{(pid=80336) validate_allowed_request /usr/local/lib/python3.8/dist-packages/keystonemiddleware/auth_token/__init__.py:545}}
Jul 12 07:06:41.740607 dv-cinder-825492-25-smb devstack@keystone.service[80337]: DEBUG keystone.server.flask.request_processing.middleware.auth_context [None req-cbceae2d-5089-4578-af7b-924ca8d88b31 None admin] Validating token access rules against request {{(pid=80337) validate_allowed_request /usr/local/lib/python3.8/dist-packages/keystonemiddleware/auth_token/__init__.py:545}}
Jul 12 07:06:41.775494 dv-cinder-825492-25-smb devstack@keystone.service[80336]: DEBUG keystone.server.flask.request_processing.middleware.auth_context [None req-6a9c34d9-455a-4e1e-98c6-56a50954d474 None admin] RBAC: auth_context: {'token': , 'domain_id': None, 'trust_id': None, 'trustor_id': None, 'trustee_id': None, 'domain_name': None, 'group_ids': [], 'user_id': 'ea7c343155f0487dbe56b20027ac902d', 'user_domain_id': 'default', 'system_scope': 'all', 'project_id': None, 'project_domain_id': None, 'roles': ['admin', 'member', 'reader'], 'is_admin_project': True, 'service_user_id': None, 'service_user_domain_id': None, 'service_project_id': None, 'service_project_domain_id': None, 'service_roles': []} {{(pid=80336) fill_context /opt/stack/keystone/keystone/server/flask/request_processing/middleware/auth_context.py:478}}
Jul 12 07:06:41.776404 dv-cinder-825492-25-smb devstack@keystone.service[80336]: DEBUG keystone.server.flask.request_processing.req_logging [None req-6a9c34d9-455a-4e1e-98c6-56a50954d474 None admin] REQUEST_METHOD: `PUT` {{(pid=80336) log_request_info /opt/stack/keystone/keystone/server/flask/request_processing/req_logging.py:27}}
Jul 12 07:06:41.776696 dv-cinder-825492-25-smb devstack@keystone.service[80336]: DEBUG keystone.server.flask.request_processing.req_logging [None req-6a9c34d9-455a-4e1e-98c6-56a50954d474 None admin] SCRIPT_NAME: `/identity` {{(pid=80336) log_request_info /opt/stack/keystone/keystone/server/flask/request_processing/req_logging.py:28}}
Jul 12 07:06:41.776965 dv-cinder-825492-25-smb devstack@keystone.service[80336]: DEBUG keystone.server.flask.request_processing.req_logging [None req-6a9c34d9-455a-4e1e-98c6-56a50954d474 None admin] PATH_INFO: `/v3/projects/b531ae1ba1af48998fafc62a9441a3d2/users/3c3b2f254edb4cf1bd1e958c56aa9af6/roles/e5ea235ccd4840438ecdecc166e6794e` {{(pid=80336) log_request_info /opt/stack/keystone/keystone/server/flask/request_processing/req_logging.py:29}}
Jul 12 07:06:41.779041 dv-cinder-825492-25-smb devstack@keystone.service[80336]: DEBUG keystone.common.rbac_enforcer.enforcer [None req-6a9c34d9-455a-4e1e-98c6-56a50954d474 None admin] RBAC: Authorizing `identity:create_grant(project_id=b531ae1ba1af48998fafc62a9441a3d2, user_id=3c3b2f254edb4cf1bd1e958c56aa9af6, role_id=e5ea235ccd4840438ecdecc166e6794e)` {{(pid=80336) enforce_call /opt/stack/keystone/keystone/common/rbac_enforcer/enforcer.py:449}}
Jul 12 07:06:41.779632 dv-cinder-825492-25-smb devstack@keystone.service[80337]: DEBUG keystone.server.flask.request_processing.middleware.auth_context [None req-05c1d28a-456b-4252-b541-a77af7d789c7 None admin] RBAC: auth_context: {'token': , 'domain_id': None, 'trust_id': None, 'trustor_id': None, 'trustee_id': None, 'domain_name': None, 'group_ids': [], 'user_id': 'ea7c343155f0487dbe56b20027ac902d', 'user_domain_id': 'default', 'system_scope': 'all', 'project_id': None, 'project_domain_id': None, 'roles': ['admin', 'member', 'reader'], 'is_admin_project': True, 'service_user_id': None, 'service_user_domain_id': None, 'service_project_id': None, 'service_project_domain_id': None, 'service_roles': []} {{(pid=80337) fill_context /opt/stack/keystone/keystone/server/flask/request_processing/middleware/auth_context.py:478}}
Jul 12 07:06:41.780482 dv-cinder-825492-25-smb devstack@keystone.service[80336]: DEBUG keystone.common.rbac_enforcer.enforcer [None req-6a9c34d9-455a-4e1e-98c6-56a50954d474 None admin] RBAC: Authorization granted {{(pid=80336) enforce_call /opt/stack/keystone/keystone/common/rbac_enforcer/enforcer.py:457}}
Jul 12 07:06:41.781310 dv-cinder-825492-25-smb devstack@keystone.service[80337]: DEBUG keystone.server.flask.request_processing.req_logging [None req-05c1d28a-456b-4252-b541-a77af7d789c7 None admin] REQUEST_METHOD: `PUT` {{(pid=80337) log_request_info /opt/stack/keystone/keystone/server/flask/request_processing/req_logging.py:27}}
Jul 12 07:06:41.781810 dv-cinder-825492-25-smb devstack@keystone.service[80337]: DEBUG keystone.server.flask.request_processing.req_logging [None req-05c1d28a-456b-4252-b541-a77af7d789c7 None admin] SCRIPT_NAME: `/identity` {{(pid=80337) log_request_info /opt/stack/keystone/keystone/server/flask/request_processing/req_logging.py:28}}
Jul 12 07:06:41.782280 dv-cinder-825492-25-smb devstack@keystone.service[80337]: DEBUG keystone.server.flask.request_processing.req_logging [None req-05c1d28a-456b-4252-b541-a77af7d789c7 None admin] PATH_INFO: `/v3/projects/b531ae1ba1af48998fafc62a9441a3d2/users/3c3b2f254edb4cf1bd1e958c56aa9af6/roles/da841affa12f4aa58bdf9bf9f469204c` {{(pid=80337) log_request_info /opt/stack/keystone/keystone/server/flask/request_processing/req_logging.py:29}}
Jul 12 07:06:41.785796 dv-cinder-825492-25-smb devstack@keystone.service[80337]: DEBUG keystone.common.rbac_enforcer.enforcer [None req-05c1d28a-456b-4252-b541-a77af7d789c7 None admin] RBAC: Authorizing `identity:create_grant(project_id=b531ae1ba1af48998fafc62a9441a3d2, user_id=3c3b2f254edb4cf1bd1e958c56aa9af6, role_id=da841affa12f4aa58bdf9bf9f469204c)` {{(pid=80337) enforce_call /opt/stack/keystone/keystone/common/rbac_enforcer/enforcer.py:449}}
Jul 12 07:06:41.787626 dv-cinder-825492-25-smb devstack@keystone.service[80337]: DEBUG keystone.common.rbac_enforcer.enforcer [None req-05c1d28a-456b-4252-b541-a77af7d789c7 None admin] RBAC: Authorization granted {{(pid=80337) enforce_call /opt/stack/keystone/keystone/common/rbac_enforcer/enforcer.py:457}}
Jul 12 07:06:41.882173 dv-cinder-825492-25-smb devstack@keystone.service[80336]: [pid: 80336|app: 0|req: 68/133] 10.222.0.27 () {58 vars in 1439 bytes} [Tue Jul 12 07:06:41 2022] PUT /identity/v3/projects/b531ae1ba1af48998fafc62a9441a3d2/users/3c3b2f254edb4cf1bd1e958c56aa9af6/roles/e5ea235ccd4840438ecdecc166e6794e => generated 0 bytes in 340 msecs (HTTP/1.1 204) 3 headers in 132 bytes (0 switches on core 0)
Jul 12 07:06:41.888960 dv-cinder-825492-25-smb devstack@keystone.service[80336]: DEBUG keystone.server.flask.request_processing.middleware.auth_context [None req-6a9c34d9-455a-4e1e-98c6-56a50954d474 None admin] Authenticating user token {{(pid=80336) process_request /usr/local/lib/python3.8/dist-packages/keystonemiddleware/auth_token/__init__.py:407}}
Jul 12 07:06:41.921346 dv-cinder-825492-25-smb devstack@keystone.service[80337]: [pid: 80337|app: 0|req: 66/134] 10.222.0.27 () {58 vars in 1439 bytes} [Tue Jul 12 07:06:41 2022] PUT /identity/v3/projects/b531ae1ba1af48998fafc62a9441a3d2/users/3c3b2f254edb4cf1bd1e958c56aa9af6/roles/da841affa12f4aa58bdf9bf9f469204c => generated 0 bytes in 321 msecs (HTTP/1.1 204) 3 headers in 132 bytes (0 switches on core 0)
Jul 12 07:06:41.924234 dv-cinder-825492-25-smb devstack@keystone.service[80337]: DEBUG keystone.server.flask.request_processing.req_logging [None req-ed22ca59-cc6e-4dd3-a375-431864cc1170 None None] REQUEST_METHOD: `GET` {{(pid=80337) log_request_info /opt/stack/keystone/keystone/server/flask/request_processing/req_logging.py:27}}
Jul 12 07:06:41.924998 dv-cinder-825492-25-smb devstack@keystone.service[80337]: DEBUG keystone.server.flask.request_processing.req_logging [None req-ed22ca59-cc6e-4dd3-a375-431864cc1170 None None] SCRIPT_NAME: `/identity` {{(pid=80337) log_request_info /opt/stack/keystone/keystone/server/flask/request_processing/req_logging.py:28}}
Jul 12 07:06:41.929005 dv-cinder-825492-25-smb devstack@keystone.service[80337]: DEBUG keystone.server.flask.request_processing.req_logging [None req-ed22ca59-cc6e-4dd3-a375-431864cc1170 None None] PATH_INFO: `/` {{(pid=80337) log_request_info /opt/stack/keystone/keystone/server/flask/request_processing/req_logging.py:29}}
Jul 12 07:06:41.931043 dv-cinder-825492-25-smb devstack@keystone.service[80337]: [pid: 80337|app: 0|req: 67/135] 10.222.0.27 () {54 vars in 926 bytes} [Tue Jul 12 07:06:41 2022] GET /identity => generated 270 bytes in 8 msecs (HTTP/1.1 300) 6 headers in 234 bytes (1 switches on core 0)
Jul 12 07:06:41.938966 dv-cinder-825492-25-smb devstack@keystone.service[80337]: DEBUG keystone.server.flask.request_processing.req_logging [None req-0ef3f093-bcc1-4cbb-87b8-6cac1f9731ff None None] REQUEST_METHOD: `POST` {{(pid=80337) log_request_info /opt/stack/keystone/keystone/server/flask/request_processing/req_logging.py:27}}
Jul 12 07:06:41.939645 dv-cinder-825492-25-smb devstack@keystone.service[80337]: DEBUG keystone.server.flask.request_processing.req_logging [None req-0ef3f093-bcc1-4cbb-87b8-6cac1f9731ff None None] SCRIPT_NAME: `/identity` {{(pid=80337) log_request_info /opt/stack/keystone/keystone/server/flask/request_processing/req_logging.py:28}}
Jul 12 07:06:41.940169 dv-cinder-825492-25-smb devstack@keystone.service[80337]: DEBUG keystone.server.flask.request_processing.req_logging [None req-0ef3f093-bcc1-4cbb-87b8-6cac1f9731ff None None] PATH_INFO: `/v3/auth/tokens` {{(pid=80337) log_request_info /opt/stack/keystone/keystone/server/flask/request_processing/req_logging.py:29}}
Jul 12 07:06:41.969479 dv-cinder-825492-25-smb devstack@keystone.service[80337]: DEBUG keystone.auth.core [None req-0ef3f093-bcc1-4cbb-87b8-6cac1f9731ff None None] MFA Rules not processed for user `ea7c343155f0487dbe56b20027ac902d`. Rule list: `[]` (Enabled: `True`). {{(pid=80337) check_auth_methods_against_rules /opt/stack/keystone/keystone/auth/core.py:438}}
Jul 12 07:06:41.975591 dv-cinder-825492-25-smb devstack@keystone.service[80337]: DEBUG keystone.common.fernet_utils [None req-0ef3f093-bcc1-4cbb-87b8-6cac1f9731ff None None] Loaded 2 Fernet keys from /etc/keystone/fernet-keys/, but `[fernet_tokens] max_active_keys = 3`; perhaps there have not been enough key rotations to reach `max_active_keys` yet? {{(pid=80337) load_keys /opt/stack/keystone/keystone/common/fernet_utils.py:286}}
Jul 12 07:06:42.095215 dv-cinder-825492-25-smb devstack@keystone.service[80337]: [pid: 80337|app: 0|req: 68/136] 10.222.0.27 () {58 vars in 1023 bytes} [Tue Jul 12 07:06:41 2022] POST /identity/v3/auth/tokens => generated 799 bytes in 157 msecs (HTTP/1.1 201) 6 headers in 363 bytes (1 switches on core 0)
Jul 12 07:06:42.122882 dv-cinder-825492-25-smb devstack@keystone.service[80336]: DEBUG keystone.server.flask.request_processing.middleware.auth_context [None req-6a9c34d9-455a-4e1e-98c6-56a50954d474 None admin] Validating token access rules against request {{(pid=80336) validate_allowed_request /usr/local/lib/python3.8/dist-packages/keystonemiddleware/auth_token/__init__.py:545}}
Jul 12 07:06:42.135126 dv-cinder-825492-25-smb devstack@keystone.service[80337]: DEBUG keystone.server.flask.request_processing.middleware.auth_context [None req-0ef3f093-bcc1-4cbb-87b8-6cac1f9731ff None None] Authenticating user token {{(pid=80337) process_request /usr/local/lib/python3.8/dist-packages/keystonemiddleware/auth_token/__init__.py:407}}
Jul 12 07:06:42.160254 dv-cinder-825492-25-smb devstack@keystone.service[80337]: DEBUG dbcounter [-] [80337] Writing DB stats keystone:SELECT=99,keystone:INSERT=1 {{(pid=80337) stat_writer /usr/local/lib/python3.8/dist-packages/dbcounter.py:114}}
Jul 12 07:06:42.189811 dv-cinder-825492-25-smb devstack@keystone.service[80336]: DEBUG keystone.server.flask.request_processing.middleware.auth_context [None req-f10961ca-8edd-418b-96f4-5300dbf31dae None admin] RBAC: auth_context: {'token': , 'domain_id': None, 'trust_id': None, 'trustor_id': None, 'trustee_id': None, 'domain_name': None, 'group_ids': [], 'user_id': 'ea7c343155f0487dbe56b20027ac902d', 'user_domain_id': 'default', 'system_scope': 'all', 'project_id': None, 'project_domain_id': None, 'roles': ['admin', 'member', 'reader'], 'is_admin_project': True, 'service_user_id': None, 'service_user_domain_id': None, 'service_project_id': None, 'service_project_domain_id': None, 'service_roles': []} {{(pid=80336) fill_context /opt/stack/keystone/keystone/server/flask/request_processing/middleware/auth_context.py:478}}
Jul 12 07:06:42.190988 dv-cinder-825492-25-smb devstack@keystone.service[80336]: DEBUG keystone.server.flask.request_processing.req_logging [None req-f10961ca-8edd-418b-96f4-5300dbf31dae None admin] REQUEST_METHOD: `GET` {{(pid=80336) log_request_info /opt/stack/keystone/keystone/server/flask/request_processing/req_logging.py:27}}
Jul 12 07:06:42.190988 dv-cinder-825492-25-smb devstack@keystone.service[80336]: DEBUG keystone.server.flask.request_processing.req_logging [None req-f10961ca-8edd-418b-96f4-5300dbf31dae None admin] SCRIPT_NAME: `/identity` {{(pid=80336) log_request_info /opt/stack/keystone/keystone/server/flask/request_processing/req_logging.py:28}}
Jul 12 07:06:42.191287 dv-cinder-825492-25-smb devstack@keystone.service[80336]: DEBUG keystone.server.flask.request_processing.req_logging [None req-f10961ca-8edd-418b-96f4-5300dbf31dae None admin] PATH_INFO: `/v3/users/3c3b2f254edb4cf1bd1e958c56aa9af6` {{(pid=80336) log_request_info /opt/stack/keystone/keystone/server/flask/request_processing/req_logging.py:29}}
Jul 12 07:06:42.192595 dv-cinder-825492-25-smb devstack@keystone.service[80336]: DEBUG keystone.common.rbac_enforcer.enforcer [None req-f10961ca-8edd-418b-96f4-5300dbf31dae None admin] RBAC: Authorizing `identity:get_user(user_id=3c3b2f254edb4cf1bd1e958c56aa9af6)` {{(pid=80336) enforce_call /opt/stack/keystone/keystone/common/rbac_enforcer/enforcer.py:449}}
Jul 12 07:06:42.194203 dv-cinder-825492-25-smb devstack@keystone.service[80336]: DEBUG keystone.common.rbac_enforcer.enforcer [None req-f10961ca-8edd-418b-96f4-5300dbf31dae None admin] RBAC: Authorization granted {{(pid=80336) enforce_call /opt/stack/keystone/keystone/common/rbac_enforcer/enforcer.py:457}}
Jul 12 07:06:42.196940 dv-cinder-825492-25-smb devstack@keystone.service[80336]: [pid: 80336|app: 0|req: 69/137] 10.222.0.27 () {56 vars in 1177 bytes} [Tue Jul 12 07:06:41 2022] GET /identity/v3/users/3c3b2f254edb4cf1bd1e958c56aa9af6 => generated 275 bytes in 314 msecs (HTTP/1.1 200) 5 headers in 177 bytes (1 switches on core 0)
Jul 12 07:06:42.203701 dv-cinder-825492-25-smb devstack@keystone.service[80336]: DEBUG keystone.server.flask.request_processing.middleware.auth_context [None req-f10961ca-8edd-418b-96f4-5300dbf31dae None admin] Authenticating user token {{(pid=80336) process_request /usr/local/lib/python3.8/dist-packages/keystonemiddleware/auth_token/__init__.py:407}}
Jul 12 07:06:42.209551 dv-cinder-825492-25-smb devstack@keystone.service[80336]: DEBUG dbcounter [-] [80336] Writing DB stats keystone:SELECT=99,keystone:INSERT=1 {{(pid=80336) stat_writer /usr/local/lib/python3.8/dist-packages/dbcounter.py:114}}
Jul 12 07:06:42.297294 dv-cinder-825492-25-smb devstack@keystone.service[80337]: DEBUG keystone.server.flask.request_processing.middleware.auth_context [None req-0ef3f093-bcc1-4cbb-87b8-6cac1f9731ff None None] Validating token access rules against request {{(pid=80337) validate_allowed_request /usr/local/lib/python3.8/dist-packages/keystonemiddleware/auth_token/__init__.py:545}}
Jul 12 07:06:42.351767 dv-cinder-825492-25-smb devstack@keystone.service[80336]: DEBUG keystone.server.flask.request_processing.middleware.auth_context [None req-f10961ca-8edd-418b-96f4-5300dbf31dae None admin] Validating token access rules against request {{(pid=80336) validate_allowed_request /usr/local/lib/python3.8/dist-packages/keystonemiddleware/auth_token/__init__.py:545}}
Jul 12 07:06:42.355062 dv-cinder-825492-25-smb devstack@keystone.service[80337]: DEBUG keystone.server.flask.request_processing.middleware.auth_context [None req-847955e5-c324-4798-9e0e-036dad6d6113 None admin] RBAC: auth_context: {'token': , 'domain_id': None, 'trust_id': None, 'trustor_id': None, 'trustee_id': None, 'domain_name': None, 'group_ids': [], 'user_id': 'ea7c343155f0487dbe56b20027ac902d', 'user_domain_id': 'default', 'system_scope': 'all', 'project_id': None, 'project_domain_id': None, 'roles': ['admin', 'member', 'reader'], 'is_admin_project': True, 'service_user_id': None, 'service_user_domain_id': None, 'service_project_id': None, 'service_project_domain_id': None, 'service_roles': []} {{(pid=80337) fill_context /opt/stack/keystone/keystone/server/flask/request_processing/middleware/auth_context.py:478}}
Jul 12 07:06:42.355775 dv-cinder-825492-25-smb devstack@keystone.service[80337]: DEBUG keystone.server.flask.request_processing.req_logging [None req-847955e5-c324-4798-9e0e-036dad6d6113 None admin] REQUEST_METHOD: `GET` {{(pid=80337) log_request_info /opt/stack/keystone/keystone/server/flask/request_processing/req_logging.py:27}}
Jul 12 07:06:42.356065 dv-cinder-825492-25-smb devstack@keystone.service[80337]: DEBUG keystone.server.flask.request_processing.req_logging [None req-847955e5-c324-4798-9e0e-036dad6d6113 None admin] SCRIPT_NAME: `/identity` {{(pid=80337) log_request_info /opt/stack/keystone/keystone/server/flask/request_processing/req_logging.py:28}}
Jul 12 07:06:42.356340 dv-cinder-825492-25-smb devstack@keystone.service[80337]: DEBUG keystone.server.flask.request_processing.req_logging [None req-847955e5-c324-4798-9e0e-036dad6d6113 None admin] PATH_INFO: `/v3/roles/admin` {{(pid=80337) log_request_info /opt/stack/keystone/keystone/server/flask/request_processing/req_logging.py:29}}
Jul 12 07:06:42.376254 dv-cinder-825492-25-smb devstack@keystone.service[80337]: DEBUG keystone.common.rbac_enforcer.enforcer [None req-847955e5-c324-4798-9e0e-036dad6d6113 None admin] Extracting inferred target data resulted in "NOT FOUND (404)". {{(pid=80337) enforce_call /opt/stack/keystone/keystone/common/rbac_enforcer/enforcer.py:409}}
Jul 12 07:06:42.389409 dv-cinder-825492-25-smb devstack@keystone.service[80337]: ERROR keystone.server.flask.application [None req-847955e5-c324-4798-9e0e-036dad6d6113 None admin] Could not find role: admin.: keystone.exception.RoleNotFound: Could not find role: admin.
Jul 12 07:06:42.389409 dv-cinder-825492-25-smb devstack@keystone.service[80337]: ERROR keystone.server.flask.application
Traceback (most recent call last):
Jul 12 07:06:42.389409 dv-cinder-825492-25-smb devstack@keystone.service[80337]: ERROR keystone.server.flask.application
File "/usr/local/lib/python3.8/dist-packages/flask/app.py", line 1523, in full_dispatch_request
Jul 12 07:06:42.389409 dv-cinder-825492-25-smb devstack@keystone.service[80337]: ERROR keystone.server.flask.application rv = self.dispatch_request()
Jul 12 07:06:42.389409 dv-cinder-825492-25-smb devstack@keystone.service[80337]: ERROR keystone.server.flask.application
File "/usr/local/lib/python3.8/dist-packages/flask/app.py", line 1509, in dispatch_request
Jul 12 07:06:42.389409 dv-cinder-825492-25-smb devstack@keystone.service[80337]: ERROR keystone.server.flask.application return self.ensure_sync(self.view_functions[rule.endpoint])(**req.view_args)
Jul 12 07:06:42.389409 dv-cinder-825492-25-smb devstack@keystone.service[80337]: ERROR keystone.server.flask.application
File "/usr/local/lib/python3.8/dist-packages/flask_restful/__init__.py", line 467, in wrapper
Jul 12 07:06:42.389409 dv-cinder-825492-25-smb devstack@keystone.service[80337]: ERROR keystone.server.flask.application resp = resource(*args, **kwargs)
Jul 12 07:06:42.389409 dv-cinder-825492-25-smb devstack@keystone.service[80337]: ERROR keystone.server.flask.application
File "/usr/local/lib/python3.8/dist-packages/flask/views.py", line 84, in view
Jul 12 07:06:42.389409 dv-cinder-825492-25-smb devstack@keystone.service[80337]: ERROR keystone.server.flask.application return current_app.ensure_sync(self.dispatch_request)(*args, **kwargs)
Jul 12 07:06:42.389409 dv-cinder-825492-25-smb devstack@keystone.service[80337]: ERROR keystone.server.flask.application
File "/usr/local/lib/python3.8/dist-packages/flask_restful/__init__.py", line 582, in dispatch_request
Jul 12 07:06:42.389409 dv-cinder-825492-25-smb devstack@keystone.service[80337]: ERROR keystone.server.flask.application resp = meth(*args, **kwargs)
Jul 12 07:06:42.389409 dv-cinder-825492-25-smb devstack@keystone.service[80337]: ERROR keystone.server.flask.application
File "/opt/stack/keystone/keystone/api/roles.py", line 50, in get
Jul 12 07:06:42.389409 dv-cinder-825492-25-smb devstack@keystone.service[80337]: ERROR keystone.server.flask.application return self._get_role(role_id)
Jul 12 07:06:42.389409 dv-cinder-825492-25-smb devstack@keystone.service[80337]: ERROR keystone.server.flask.application
File "/opt/stack/keystone/keystone/api/roles.py", line 70, in _get_role
Jul 12 07:06:42.389409 dv-cinder-825492-25-smb devstack@keystone.service[80337]: ERROR keystone.server.flask.application ENFORCER.enforce_call(action='identity:get_role')
Jul 12 07:06:42.390842 dv-cinder-825492-25-smb devstack@keystone.service[80337]: ERROR keystone.server.flask.application
File "/opt/stack/keystone/keystone/common/rbac_enforcer/enforcer.py", line 402, in enforce_call
Jul 12 07:06:42.390842 dv-cinder-825492-25-smb devstack@keystone.service[80337]: ERROR keystone.server.flask.application policy_dict.update(cls._extract_member_target_data(
Jul 12 07:06:42.390842 dv-cinder-825492-25-smb devstack@keystone.service[80337]: ERROR keystone.server.flask.application
File "/opt/stack/keystone/keystone/common/rbac_enforcer/enforcer.py", line 234, in _extract_member_target_data
Jul 12 07:06:42.390842 dv-cinder-825492-25-smb devstack@keystone.service[80337]: ERROR keystone.server.flask.application member_name: func(flask.request.view_args[key])
Jul 12 07:06:42.390842 dv-cinder-825492-25-smb devstack@keystone.service[80337]: ERROR keystone.server.flask.application
File "/opt/stack/keystone/keystone/common/manager.py", line 115, in wrapped
Jul 12 07:06:42.390842 dv-cinder-825492-25-smb devstack@keystone.service[80337]: ERROR keystone.server.flask.application __ret_val = __f(*args, **kwargs)
Jul 12 07:06:42.390842 dv-cinder-825492-25-smb devstack@keystone.service[80337]: ERROR keystone.server.flask.application
File "/usr/local/lib/python3.8/dist-packages/decorator.py", line 232, in fun
Jul 12 07:06:42.390842 dv-cinder-825492-25-smb devstack@keystone.service[80337]: ERROR keystone.server.flask.application return caller(func, *(extras + args), **kw)
Jul 12 07:06:42.390842 dv-cinder-825492-25-smb devstack@keystone.service[80337]: ERROR keystone.server.flask.application
File "/usr/local/lib/python3.8/dist-packages/dogpile/cache/region.py", line 1577, in get_or_create_for_user_func
Jul 12 07:06:42.390842 dv-cinder-825492-25-smb devstack@keystone.service[80337]: ERROR keystone.server.flask.application return self.get_or_create(
Jul 12 07:06:42.390842 dv-cinder-825492-25-smb devstack@keystone.service[80337]: ERROR keystone.server.flask.application
File "/usr/local/lib/python3.8/dist-packages/dogpile/cache/region.py", line 1042, in get_or_create
Jul 12 07:06:42.390842 dv-cinder-825492-25-smb devstack@keystone.service[80337]: ERROR keystone.server.flask.application with Lock(
Jul 12 07:06:42.390842 dv-cinder-825492-25-smb devstack@keystone.service[80337]: ERROR keystone.server.flask.application
File "/usr/local/lib/python3.8/dist-packages/dogpile/lock.py", line 185, in __enter__
Jul 12 07:06:42.390842 dv-cinder-825492-25-smb devstack@keystone.service[80337]: ERROR keystone.server.flask.application return self._enter()
Jul 12 07:06:42.390842 dv-cinder-825492-25-smb devstack@keystone.service[80337]: ERROR keystone.server.flask.application
File "/usr/local/lib/python3.8/dist-packages/dogpile/lock.py", line 94, in _enter
Jul 12 07:06:42.390842 dv-cinder-825492-25-smb devstack@keystone.service[80337]: ERROR keystone.server.flask.application generated = self._enter_create(value, createdtime)
Jul 12 07:06:42.391597 dv-cinder-825492-25-smb devstack@keystone.service[80337]: ERROR keystone.server.flask.application
File "/usr/local/lib/python3.8/dist-packages/dogpile/lock.py", line 178, in _enter_create
Jul 12 07:06:42.391597 dv-cinder-825492-25-smb devstack@keystone.service[80337]: ERROR keystone.server.flask.application return self.creator()
Jul 12 07:06:42.391597 dv-cinder-825492-25-smb devstack@keystone.service[80337]: ERROR keystone.server.flask.application
File "/usr/local/lib/python3.8/dist-packages/dogpile/cache/region.py", line 995, in gen_value
Jul 12 07:06:42.391597 dv-cinder-825492-25-smb devstack@keystone.service[80337]: ERROR keystone.server.flask.application created_value = creator(
Jul 12 07:06:42.391597 dv-cinder-825492-25-smb devstack@keystone.service[80337]: ERROR keystone.server.flask.application
File "/opt/stack/keystone/keystone/assignment/core.py", line 1276, in get_role
Jul 12 07:06:42.391597 dv-cinder-825492-25-smb devstack@keystone.service[80337]: ERROR keystone.server.flask.application return self.driver.get_role(role_id)
Jul 12 07:06:42.391597 dv-cinder-825492-25-smb devstack@keystone.service[80337]: ERROR keystone.server.flask.application
File "/opt/stack/keystone/keystone/assignment/role_backends/sql.py", line 70, in get_role
Jul 12 07:06:42.391597 dv-cinder-825492-25-smb devstack@keystone.service[80337]: ERROR keystone.server.flask.application return self._get_role(session, role_id).to_dict()
Jul 12 07:06:42.391597 dv-cinder-825492-25-smb devstack@keystone.service[80337]: ERROR keystone.server.flask.application
File "/opt/stack/keystone/keystone/assignment/role_backends/sql.py", line 65, in _get_role
Jul 12 07:06:42.391597 dv-cinder-825492-25-smb devstack@keystone.service[80337]: ERROR keystone.server.flask.application raise exception.RoleNotFound(role_id=role_id)
Jul 12 07:06:42.391597 dv-cinder-825492-25-smb devstack@keystone.service[80337]: ERROR keystone.server.flask.application keystone.exception.RoleNotFound: Could not find role: admin.
Jul 12 07:06:42.391597 dv-cinder-825492-25-smb devstack@keystone.service[80337]: ERROR keystone.server.flask.application
Jul 12 07:06:42.392176 dv-cinder-825492-25-smb devstack@keystone.service[80337]: [pid: 80337|app: 0|req: 69/138] 10.222.0.27 () {56 vars in 1096 bytes} [Tue Jul 12 07:06:42 2022] GET /identity/v3/roles/admin => generated 83 bytes in 257 msecs (HTTP/1.1 404) 5 headers in 183 bytes (2 switches on core 0)
Jul 12 07:06:42.393110 dv-cinder-825492-25-smb devstack@keystone.service[80336]: DEBUG keystone.server.flask.request_processing.middleware.auth_context [None req-e48204b2-40d2-43e9-b4ab-0d2617a3179d None admin] RBAC: auth_context: {'token': , 'domain_id': None, 'trust_id': None, 'trustor_id': None, 'trustee_id': None, 'domain_name': None, 'group_ids': [], 'user_id': 'ea7c343155f0487dbe56b20027ac902d', 'user_domain_id': 'default', 'system_scope': 'all', 'project_id': None, 'project_domain_id': None, 'roles': ['admin', 'member', 'reader'], 'is_admin_project': True, 'service_user_id': None, 'service_user_domain_id': None, 'service_project_id': None, 'service_project_domain_id': None, 'service_roles': []} {{(pid=80336) fill_context /opt/stack/keystone/keystone/server/flask/request_processing/middleware/auth_context.py:478}}
Jul 12 07:06:42.394228 dv-cinder-825492-25-smb devstack@keystone.service[80336]: DEBUG keystone.server.flask.request_processing.req_logging [None req-e48204b2-40d2-43e9-b4ab-0d2617a3179d None admin] REQUEST_METHOD: `GET` {{(pid=80336) log_request_info /opt/stack/keystone/keystone/server/flask/request_processing/req_logging.py:27}}
Jul 12 07:06:42.394699 dv-cinder-825492-25-smb devstack@keystone.service[80336]: DEBUG keystone.server.flask.request_processing.req_logging [None req-e48204b2-40d2-43e9-b4ab-0d2617a3179d None admin] SCRIPT_NAME: `/identity` {{(pid=80336) log_request_info /opt/stack/keystone/keystone/server/flask/request_processing/req_logging.py:28}}
Jul 12 07:06:42.395172 dv-cinder-825492-25-smb devstack@keystone.service[80336]: DEBUG keystone.server.flask.request_processing.req_logging [None req-e48204b2-40d2-43e9-b4ab-0d2617a3179d None admin] PATH_INFO: `/v3/projects/46b24737d7624e41b1f3a304d30c7e9d` {{(pid=80336) log_request_info /opt/stack/keystone/keystone/server/flask/request_processing/req_logging.py:29}}
Jul 12 07:06:42.396630 dv-cinder-825492-25-smb devstack@keystone.service[80336]: DEBUG keystone.common.rbac_enforcer.enforcer [None req-e48204b2-40d2-43e9-b4ab-0d2617a3179d None admin] RBAC: Authorizing `identity:get_project(project_id=46b24737d7624e41b1f3a304d30c7e9d)` {{(pid=80336) enforce_call /opt/stack/keystone/keystone/common/rbac_enforcer/enforcer.py:449}}
Jul 12 07:06:42.396843 dv-cinder-825492-25-smb devstack@keystone.service[80337]: DEBUG keystone.server.flask.request_processing.middleware.auth_context [None req-847955e5-c324-4798-9e0e-036dad6d6113 None admin] Authenticating user token {{(pid=80337) process_request /usr/local/lib/python3.8/dist-packages/keystonemiddleware/auth_token/__init__.py:407}}
Jul 12 07:06:42.398662 dv-cinder-825492-25-smb devstack@keystone.service[80336]: DEBUG keystone.common.rbac_enforcer.enforcer [None req-e48204b2-40d2-43e9-b4ab-0d2617a3179d None admin] RBAC: Authorization granted {{(pid=80336) enforce_call /opt/stack/keystone/keystone/common/rbac_enforcer/enforcer.py:457}}
Jul 12 07:06:42.400839 dv-cinder-825492-25-smb devstack@keystone.service[80336]: [pid: 80336|app: 0|req: 70/139] 10.222.0.27 () {56 vars in 1186 bytes} [Tue Jul 12 07:06:42 2022] GET /identity/v3/projects/46b24737d7624e41b1f3a304d30c7e9d => generated 312 bytes in 198 msecs (HTTP/1.1 200) 5 headers in 177 bytes (2 switches on core 0)
Jul 12 07:06:42.409299 dv-cinder-825492-25-smb devstack@keystone.service[80336]: DEBUG keystone.server.flask.request_processing.middleware.auth_context [None req-e48204b2-40d2-43e9-b4ab-0d2617a3179d None admin] Authenticating user token {{(pid=80336) process_request /usr/local/lib/python3.8/dist-packages/keystonemiddleware/auth_token/__init__.py:407}}
Jul 12 07:06:42.526583 dv-cinder-825492-25-smb devstack@keystone.service[80337]: DEBUG dbcounter [-] [80337] Writing DB stats keystone:SELECT=100 {{(pid=80337) stat_writer /usr/local/lib/python3.8/dist-packages/dbcounter.py:114}}
Jul 12 07:06:42.539826 dv-cinder-825492-25-smb devstack@keystone.service[80336]: DEBUG dbcounter [-] [80336] Writing DB stats keystone:SELECT=100 {{(pid=80336) stat_writer /usr/local/lib/python3.8/dist-packages/dbcounter.py:114}}
Jul 12 07:06:42.582293 dv-cinder-825492-25-smb devstack@keystone.service[80336]: DEBUG keystone.server.flask.request_processing.middleware.auth_context [None req-e48204b2-40d2-43e9-b4ab-0d2617a3179d None admin] Validating token access rules against request {{(pid=80336) validate_allowed_request /usr/local/lib/python3.8/dist-packages/keystonemiddleware/auth_token/__init__.py:545}}
Jul 12 07:06:42.604995 dv-cinder-825492-25-smb devstack@keystone.service[80337]: DEBUG keystone.server.flask.request_processing.middleware.auth_context [None req-847955e5-c324-4798-9e0e-036dad6d6113 None admin] Validating token access rules against request {{(pid=80337) validate_allowed_request /usr/local/lib/python3.8/dist-packages/keystonemiddleware/auth_token/__init__.py:545}}
