May 26 18:58:29.716621 dv-cinder-825492-17-smb neutron-server[110898]: INFO neutron.wsgi [None req-fbe203b3-2774-4863-9da1-3a906dc1b233 admin admin] 10.222.0.45 "DELETE /v2.0/security-groups/d96049eb-5a0b-4308-b0a5-7422c89894d2 HTTP/1.1" status: 204 len: 168 time: 0.3128650
May 26 18:58:29.723240 dv-cinder-825492-17-smb neutron-server[110898]: DEBUG neutron.api.rpc.handlers.resources_rpc [None req-fbe203b3-2774-4863-9da1-3a906dc1b233 admin admin] Pushing event deleted for resources: {'SecurityGroup': ['ID=d96049eb-5a0b-4308-b0a5-7422c89894d2,revision_number=None']} {{(pid=110898) push /opt/stack/neutron/neutron/api/rpc/handlers/resources_rpc.py:237}}
May 26 18:58:29.780950 dv-cinder-825492-17-smb neutron-server[110899]: DEBUG neutron.db.provisioning_blocks [None req-358ab10e-91ca-4b5b-9074-0927852d1bcb None None] Provisioning complete for port 72a819a8-e0ef-4000-a33b-a82641549d34 triggered by entity DHCP. {{(pid=110899) provisioning_complete /opt/stack/neutron/neutron/db/provisioning_blocks.py:145}}
May 26 18:58:29.781539 dv-cinder-825492-17-smb neutron-server[110899]: DEBUG neutron_lib.callbacks.manager [None req-358ab10e-91ca-4b5b-9074-0927852d1bcb None None] Publish callbacks ['neutron.plugins.ml2.plugin.Ml2Plugin._port_provisioned-1678006'] for port (72a819a8-e0ef-4000-a33b-a82641549d34), provisioning_complete {{(pid=110899) _notify_loop /usr/local/lib/python3.8/dist-packages/neutron_lib/callbacks/manager.py:176}}
May 26 18:58:29.786286 dv-cinder-825492-17-smb neutron-server[110897]: DEBUG neutron.api.rpc.agentnotifiers.l3_rpc_agent_api [None req-4259dc71-7df5-4784-95ca-c1d9c85d5526 admin admin] Notify agent at l3_agent.dv-cinder-825492-17-smb the message routers_updated {{(pid=110897) _agent_notification /opt/stack/neutron/neutron/api/rpc/agentnotifiers/l3_rpc_agent_api.py:65}}
May 26 18:58:29.792436 dv-cinder-825492-17-smb neutron-server[110897]: INFO neutron.wsgi [None req-4259dc71-7df5-4784-95ca-c1d9c85d5526 admin admin] 10.222.0.45 "PUT /v2.0/routers/44fe83b1-e529-45e6-838e-9d43e4baf463/add_router_interface HTTP/1.1" status: 200 len: 503 time: 2.3194377
May 26 18:58:29.821090 dv-cinder-825492-17-smb neutron-server[110899]: DEBUG neutron.plugins.ml2.plugin [None req-358ab10e-91ca-4b5b-9074-0927852d1bcb None None] Port 72a819a8-e0ef-4000-a33b-a82641549d34 cannot update to ACTIVE because it is not bound. {{(pid=110899) _port_provisioned /opt/stack/neutron/neutron/plugins/ml2/plugin.py:354}}
May 26 18:58:30.065063 dv-cinder-825492-17-smb neutron-server[110899]: DEBUG neutron.plugins.ml2.rpc [None req-7f2eda86-a58b-4c62-92fb-861bbb1a0db5 None None] Device a9463d64-689b-4511-9d44-055362d0c233 up at agent ovs-agent-dv-cinder-825492-17-smb {{(pid=110899) update_device_up /opt/stack/neutron/neutron/plugins/ml2/rpc.py:296}}
May 26 18:58:30.128046 dv-cinder-825492-17-smb neutron-server[110899]: DEBUG neutron.db.provisioning_blocks [None req-7f2eda86-a58b-4c62-92fb-861bbb1a0db5 None None] Provisioning complete for port a9463d64-689b-4511-9d44-055362d0c233 triggered by entity L2. {{(pid=110899) provisioning_complete /opt/stack/neutron/neutron/db/provisioning_blocks.py:145}}
May 26 18:58:30.128604 dv-cinder-825492-17-smb neutron-server[110899]: DEBUG neutron_lib.callbacks.manager [None req-7f2eda86-a58b-4c62-92fb-861bbb1a0db5 None None] Publish callbacks ['neutron.plugins.ml2.plugin.Ml2Plugin._port_provisioned-1678006'] for port (a9463d64-689b-4511-9d44-055362d0c233), provisioning_complete {{(pid=110899) _notify_loop /usr/local/lib/python3.8/dist-packages/neutron_lib/callbacks/manager.py:176}}
May 26 18:58:30.246212 dv-cinder-825492-17-smb neutron-server[110899]: DEBUG neutron.plugins.ml2.plugin [None req-7f2eda86-a58b-4c62-92fb-861bbb1a0db5 None None] Current status of the port a9463d64-689b-4511-9d44-055362d0c233 is: DOWN; New status is: ACTIVE {{(pid=110899) _update_individual_port_db_status /opt/stack/neutron/neutron/plugins/ml2/plugin.py:2298}}
May 26 18:58:30.246670 dv-cinder-825492-17-smb neutron-server[110899]: DEBUG neutron_lib.callbacks.manager [None req-7f2eda86-a58b-4c62-92fb-861bbb1a0db5 None None] Publish callbacks ['neutron.plugins.ml2.plugin.SecurityGroupDbMixin._ensure_default_security_group_handler-1632904'] for port (a9463d64-689b-4511-9d44-055362d0c233), before_update {{(pid=110899) _notify_loop /usr/local/lib/python3.8/dist-packages/neutron_lib/callbacks/manager.py:176}}
May 26 18:58:30.272454 dv-cinder-825492-17-smb neutron-server[110899]: DEBUG neutron.plugins.ml2.db [None req-7f2eda86-a58b-4c62-92fb-861bbb1a0db5 None None] For port a9463d64-689b-4511-9d44-055362d0c233, host dv-cinder-825492-17-smb, got binding levels [PortBindingLevel(driver='openvswitch',host='dv-cinder-825492-17-smb',level=0,port_id=a9463d64-689b-4511-9d44-055362d0c233,segment=NetworkSegment(102fbf09-46f7-48fb-b30d-4ed53c68ca47),segment_id=102fbf09-46f7-48fb-b30d-4ed53c68ca47)] {{(pid=110899) get_binding_level_objs /opt/stack/neutron/neutron/plugins/ml2/db.py:74}}
May 26 18:58:30.276282 dv-cinder-825492-17-smb neutron-server[110897]: DEBUG neutron.pecan_wsgi.hooks.policy_enforcement [req-48c10c60-494e-4d1a-847b-233684d8b0c8 req-fce32ab5-ce51-4271-af1f-751c674f8889 tempest-ServerRescueNegativeTestJSON-337679287 tempest-ServerRescueNegativeTestJSON-337679287-project] Attributes excluded by policy engine: ['standard_attr_id', 'binding:profile', 'binding:host_id', 'binding:vif_type', 'binding:vif_details'] {{(pid=110897) _exclude_attributes_by_policy /opt/stack/neutron/neutron/pecan_wsgi/hooks/policy_enforcement.py:259}}
May 26 18:58:30.277815 dv-cinder-825492-17-smb neutron-server[110897]: INFO neutron.wsgi [req-48c10c60-494e-4d1a-847b-233684d8b0c8 req-fce32ab5-ce51-4271-af1f-751c674f8889 tempest-ServerRescueNegativeTestJSON-337679287 tempest-ServerRescueNegativeTestJSON-337679287-project] 10.222.0.45 "GET /v2.0/ports?device_id=dc23700c-81c7-43bf-8f26-4a69a07df848 HTTP/1.1" status: 200 len: 946 time: 0.0555682
May 26 18:58:30.343448 dv-cinder-825492-17-smb neutron-server[110897]: INFO neutron.wsgi [req-48c10c60-494e-4d1a-847b-233684d8b0c8 req-4be50417-d6a6-48d1-a2dc-f772f4e77111 tempest-ServerRescueNegativeTestJSON-337679287 tempest-ServerRescueNegativeTestJSON-337679287-project] 10.222.0.45 "GET /v2.0/security-groups?id=60be2d63-9d8b-4008-800a-6a25898604bf&fields=id&fields=name HTTP/1.1" status: 200 len: 286 time: 0.0596437
May 26 18:58:30.346825 dv-cinder-825492-17-smb neutron-server[110899]: DEBUG neutron_lib.callbacks.manager [None req-7f2eda86-a58b-4c62-92fb-861bbb1a0db5 None None] Publish callbacks ['neutron.plugins.ml2.plugin.SecurityGroupServerNotifierRpcMixin._notify_sg_on_port_change-1632632', 'neutron.plugins.ml2.ovo_rpc._ObjectChangeHandler.handle_event-219475', 'neutron.api.rpc.agentnotifiers.dhcp_rpc_agent_api.DhcpAgentNotifyAPI._native_event_send_dhcp_notification-132587', 'neutron.db.l3_db.L3RpcNotifierMixin._notify_gateway_port_ip_changed-8743193241061', 'neutron.db.l3_dvrscheduler_db._notify_l3_agent_port_update-8743192850499', 'neutron.db.l3_hascheduler_db._notify_l3_agent_ha_port_update-8743192850517'] for port (a9463d64-689b-4511-9d44-055362d0c233), after_update {{(pid=110899) _notify_loop /usr/local/lib/python3.8/dist-packages/neutron_lib/callbacks/manager.py:176}}
May 26 18:58:30.364206 dv-cinder-825492-17-smb neutron-server[110898]: DEBUG neutron.wsgi [-] (110898) accepted ('10.222.0.45', 33688) {{(pid=110898) server /usr/local/lib/python3.8/dist-packages/eventlet/wsgi.py:1004}}
May 26 18:58:30.369775 dv-cinder-825492-17-smb neutron-server[110898]: DEBUG neutron.api.v2.base [None req-c6b8ca21-0012-4f5a-9317-d38cae737b84 tempest-AttachVolumeNegativeTest-1982649751 tempest-AttachVolumeNegativeTest-1982649751-project] Request body: {'security_group': {'name': 'tempest-securitygroup--610836500', 'description': 'tempest-description--1273451307'}} {{(pid=110898) prepare_request_body /opt/stack/neutron/neutron/api/v2/base.py:730}}
May 26 18:58:30.410153 dv-cinder-825492-17-smb neutron-server[110897]: DEBUG dbcounter [-] [110897] Writing DB stats neutron:SELECT=100 {{(pid=110897) stat_writer /usr/local/lib/python3.8/dist-packages/dbcounter.py:114}}
May 26 18:58:30.439484 dv-cinder-825492-17-smb neutron-server[110899]: DEBUG neutron.api.rpc.handlers.resources_rpc [None req-7f2eda86-a58b-4c62-92fb-861bbb1a0db5 None None] Pushing event updated for resources: {'Port': ['ID=a9463d64-689b-4511-9d44-055362d0c233,revision_number=4']} {{(pid=110899) push /opt/stack/neutron/neutron/api/rpc/handlers/resources_rpc.py:237}}
May 26 18:58:30.444957 dv-cinder-825492-17-smb neutron-server[110898]: DEBUG neutron_lib.callbacks.manager [None req-c6b8ca21-0012-4f5a-9317-d38cae737b84 tempest-AttachVolumeNegativeTest-1982649751 tempest-AttachVolumeNegativeTest-1982649751-project] Publish callbacks [] for security_group (None), before_create {{(pid=110898) _notify_loop /usr/local/lib/python3.8/dist-packages/neutron_lib/callbacks/manager.py:176}}
May 26 18:58:30.478360 dv-cinder-825492-17-smb neutron-server[110897]: DEBUG neutron.wsgi [-] (110897) accepted ('10.222.0.45', 33690) {{(pid=110897) server /usr/local/lib/python3.8/dist-packages/eventlet/wsgi.py:1004}}
May 26 18:58:30.492317 dv-cinder-825492-17-smb neutron-server[110897]: DEBUG neutron_lib.callbacks.manager [None req-3afc6bef-8ca8-4863-90d9-87f88c0bb494 admin admin] Publish callbacks [] for security_group (None), before_create {{(pid=110897) _notify_loop /usr/local/lib/python3.8/dist-packages/neutron_lib/callbacks/manager.py:176}}
May 26 18:58:30.531193 dv-cinder-825492-17-smb neutron-server[110898]: DEBUG neutron_lib.callbacks.manager [None req-c6b8ca21-0012-4f5a-9317-d38cae737b84 tempest-AttachVolumeNegativeTest-1982649751 tempest-AttachVolumeNegativeTest-1982649751-project] Publish callbacks [] for security_group (3609f40c-b71e-442c-a4ff-5e0b37edfe31), precommit_create {{(pid=110898) _notify_loop /usr/local/lib/python3.8/dist-packages/neutron_lib/callbacks/manager.py:176}}
May 26 18:58:30.578008 dv-cinder-825492-17-smb neutron-server[110897]: DEBUG neutron_lib.callbacks.manager [None req-3afc6bef-8ca8-4863-90d9-87f88c0bb494 admin admin] Publish callbacks [] for security_group (c310105d-7723-482d-8fa5-7f137318869b), precommit_create {{(pid=110897) _notify_loop /usr/local/lib/python3.8/dist-packages/neutron_lib/callbacks/manager.py:176}}
May 26 18:58:30.580199 dv-cinder-825492-17-smb neutron-server[110898]: DEBUG neutron_lib.callbacks.manager [None req-c6b8ca21-0012-4f5a-9317-d38cae737b84 tempest-AttachVolumeNegativeTest-1982649751 tempest-AttachVolumeNegativeTest-1982649751-project] Publish callbacks ['neutron.plugins.ml2.ovo_rpc._ObjectChangeHandler.handle_event-620847'] for security_group (3609f40c-b71e-442c-a4ff-5e0b37edfe31), after_create {{(pid=110898) _notify_loop /usr/local/lib/python3.8/dist-packages/neutron_lib/callbacks/manager.py:176}}
May 26 18:58:30.612131 dv-cinder-825492-17-smb neutron-server[110898]: DEBUG neutron.api.rpc.handlers.resources_rpc [None req-c6b8ca21-0012-4f5a-9317-d38cae737b84 tempest-AttachVolumeNegativeTest-1982649751 tempest-AttachVolumeNegativeTest-1982649751-project] Pushing event updated for resources: {'SecurityGroup': ['ID=3609f40c-b71e-442c-a4ff-5e0b37edfe31,revision_number=1']} {{(pid=110898) push /opt/stack/neutron/neutron/api/rpc/handlers/resources_rpc.py:237}}
May 26 18:58:30.671785 dv-cinder-825492-17-smb neutron-server[110897]: DEBUG neutron_lib.callbacks.manager [None req-3afc6bef-8ca8-4863-90d9-87f88c0bb494 admin admin] Publish callbacks ['neutron.plugins.ml2.ovo_rpc._ObjectChangeHandler.handle_event-620847'] for security_group (c310105d-7723-482d-8fa5-7f137318869b), after_create {{(pid=110897) _notify_loop /usr/local/lib/python3.8/dist-packages/neutron_lib/callbacks/manager.py:176}}
May 26 18:58:30.684472 dv-cinder-825492-17-smb neutron-server[110898]: DEBUG neutron_lib.callbacks.manager [None req-c6b8ca21-0012-4f5a-9317-d38cae737b84 tempest-AttachVolumeNegativeTest-1982649751 tempest-AttachVolumeNegativeTest-1982649751-project] Publish callbacks [] for security_group (None), before_response {{(pid=110898) _notify_loop /usr/local/lib/python3.8/dist-packages/neutron_lib/callbacks/manager.py:176}}
May 26 18:58:30.689560 dv-cinder-825492-17-smb neutron-server[110898]: INFO neutron.wsgi [None req-c6b8ca21-0012-4f5a-9317-d38cae737b84 tempest-AttachVolumeNegativeTest-1982649751 tempest-AttachVolumeNegativeTest-1982649751-project] 10.222.0.45 "POST /v2.0/security-groups HTTP/1.1" status: 201 len: 1796 time: 0.3229115
May 26 18:58:30.691977 dv-cinder-825492-17-smb neutron-server[110898]: DEBUG neutron.wsgi [-] (110898) accepted ('10.222.0.45', 33696) {{(pid=110898) server /usr/local/lib/python3.8/dist-packages/eventlet/wsgi.py:1004}}
May 26 18:58:30.696465 dv-cinder-825492-17-smb neutron-server[110898]: DEBUG neutron.api.v2.base [None req-fb44ceca-9224-4ef1-8002-e0ffa3a25b88 tempest-AttachVolumeNegativeTest-1982649751 tempest-AttachVolumeNegativeTest-1982649751-project] Request body: {'security_group_rule': {'security_group_id': '3609f40c-b71e-442c-a4ff-5e0b37edfe31', 'protocol': 'tcp', 'ethertype': 'IPv4', 'port_range_min': 22, 'port_range_max': 22, 'direction': 'ingress'}} {{(pid=110898) prepare_request_body /opt/stack/neutron/neutron/api/v2/base.py:730}}
May 26 18:58:30.722730 dv-cinder-825492-17-smb neutron-server[110897]: INFO neutron.wsgi [None req-3afc6bef-8ca8-4863-90d9-87f88c0bb494 admin admin] 10.222.0.45 "GET /v2.0/security-groups?tenant_id=c324a944d7844798b1c65e0ca5a806b5&name=default HTTP/1.1" status: 200 len: 2996 time: 0.2432511
May 26 18:58:30.723635 dv-cinder-825492-17-smb neutron-server[110897]: DEBUG neutron.api.rpc.handlers.resources_rpc [None req-3afc6bef-8ca8-4863-90d9-87f88c0bb494 admin admin] Pushing event updated for resources: {'SecurityGroup': ['ID=c310105d-7723-482d-8fa5-7f137318869b,revision_number=1']} {{(pid=110897) push /opt/stack/neutron/neutron/api/rpc/handlers/resources_rpc.py:237}}
May 26 18:58:30.725732 dv-cinder-825492-17-smb neutron-server[110898]: DEBUG neutron.wsgi [-] (110898) accepted ('10.222.0.45', 33698) {{(pid=110898) server /usr/local/lib/python3.8/dist-packages/eventlet/wsgi.py:1004}}
May 26 18:58:30.761405 dv-cinder-825492-17-smb neutron-server[110898]: DEBUG dbcounter [-] [110898] Writing DB stats neutron:SELECT=81,neutron:DELETE=6,neutron:INSERT=13 {{(pid=110898) stat_writer /usr/local/lib/python3.8/dist-packages/dbcounter.py:114}}
May 26 18:58:30.789577 dv-cinder-825492-17-smb neutron-server[110898]: DEBUG neutron_lib.callbacks.manager [None req-fb44ceca-9224-4ef1-8002-e0ffa3a25b88 tempest-AttachVolumeNegativeTest-1982649751 tempest-AttachVolumeNegativeTest-1982649751-project] Publish callbacks [] for security_group_rule (8183f723-693a-459a-b485-e910e11ef5ee), before_create {{(pid=110898) _notify_loop /usr/local/lib/python3.8/dist-packages/neutron_lib/callbacks/manager.py:176}}
May 26 18:58:30.790159 dv-cinder-825492-17-smb neutron-server[110897]: DEBUG neutron.wsgi [-] (110897) accepted ('10.222.0.45', 33700) {{(pid=110897) server /usr/local/lib/python3.8/dist-packages/eventlet/wsgi.py:1004}}
May 26 18:58:30.792156 dv-cinder-825492-17-smb neutron-server[110898]: DEBUG neutron_lib.callbacks.manager [None req-1bd27677-0579-4ad1-bae2-95a27eed0e95 admin admin] Publish callbacks [] for security_group (c310105d-7723-482d-8fa5-7f137318869b), before_delete {{(pid=110898) _notify_loop /usr/local/lib/python3.8/dist-packages/neutron_lib/callbacks/manager.py:176}}
May 26 18:58:30.817119 dv-cinder-825492-17-smb neutron-server[110899]: DEBUG neutron.api.rpc.handlers.l3_rpc [None req-7a113ae8-5ff1-4eef-aac0-dbb92fff080f None None] Sync routers for ids ['44fe83b1-e529-45e6-838e-9d43e4baf463'] in dv-cinder-825492-17-smb {{(pid=110899) sync_routers /opt/stack/neutron/neutron/api/rpc/handlers/l3_rpc.py:125}}
May 26 18:58:30.829805 dv-cinder-825492-17-smb neutron-server[110899]: DEBUG neutron.db.l3_dvrscheduler_db [None req-7a113ae8-5ff1-4eef-aac0-dbb92fff080f None None] Routers {'44fe83b1-e529-45e6-838e-9d43e4baf463'} bound to L3 agent in host dv-cinder-825492-17-smb {{(pid=110899) _get_router_ids_for_agent /opt/stack/neutron/neutron/db/l3_dvrscheduler_db.py:421}}
May 26 18:58:30.830571 dv-cinder-825492-17-smb neutron-server[110899]: DEBUG neutron.db.l3_hamode_db [None req-7a113ae8-5ff1-4eef-aac0-dbb92fff080f None None] neutron.services.l3_router.l3_router_plugin.L3RouterPlugin method get_ha_sync_data_for_host called with arguments (, 'dv-cinder-825492-17-smb', Agent(admin_state_up=True,agent_type='L3 agent',availability_zone='nova',binary='neutron-l3-agent',configurations={"agent_mode": "legacy", "ex_gw_ports": 4, "extensions": [], "floating_ips": 2, "handle_internal_only_routers": true, "interface_driver": "openvswitch", "interfaces": 4, "log_agent_heartbeats": false, "routers": 4},created_at=2022-05-26T18:48:15Z,description=,heartbeat_timestamp=2022-05-26T18:58:15Z,host='dv-cinder-825492-17-smb',id=f6d2c5df-969f-4c35-9619-bc5eaf1249b9,load=0,resource_versions=,resources_synced=,started_at=2022-05-26T18:48:16Z,topic='l3_agent')) {'router_ids': ['44fe83b1-e529-45e6-838e-9d43e4baf463'], 'active': True} {{(pid=110899) wrapper /usr/local/lib/python3.8/dist-packages/oslo_log/helpers.py:65}}
May 26 18:58:30.837668 dv-cinder-825492-17-smb neutron-server[110898]: DEBUG dbcounter [-] [110898] Writing DB stats neutron:SELECT=88,neutron:INSERT=8,neutron:UPDATE=2,neutron:DELETE=2 {{(pid=110898) stat_writer /usr/local/lib/python3.8/dist-packages/dbcounter.py:114}}
May 26 18:58:30.839703 dv-cinder-825492-17-smb neutron-server[110898]: DEBUG neutron_lib.callbacks.manager [None req-1bd27677-0579-4ad1-bae2-95a27eed0e95 admin admin] Publish callbacks [] for security_group (c310105d-7723-482d-8fa5-7f137318869b), precommit_delete {{(pid=110898) _notify_loop /usr/local/lib/python3.8/dist-packages/neutron_lib/callbacks/manager.py:176}}
May 26 18:58:30.890253 dv-cinder-825492-17-smb neutron-server[110898]: DEBUG neutron_lib.callbacks.manager [None req-fb44ceca-9224-4ef1-8002-e0ffa3a25b88 tempest-AttachVolumeNegativeTest-1982649751 tempest-AttachVolumeNegativeTest-1982649751-project] Publish callbacks [] for security_group_rule (8183f723-693a-459a-b485-e910e11ef5ee), precommit_create {{(pid=110898) _notify_loop /usr/local/lib/python3.8/dist-packages/neutron_lib/callbacks/manager.py:176}}
May 26 18:58:30.933341 dv-cinder-825492-17-smb neutron-server[110899]: DEBUG dbcounter [-] [110899] Writing DB stats neutron:SELECT=99,neutron:UPDATE=1 {{(pid=110899) stat_writer /usr/local/lib/python3.8/dist-packages/dbcounter.py:114}}
May 26 18:58:30.940705 dv-cinder-825492-17-smb neutron-server[110897]: DEBUG neutron_lib.callbacks.manager [None req-1091e970-1809-45ec-b081-3738c5217b2a admin admin] Publish callbacks [] for security_group (None), before_create {{(pid=110897) _notify_loop /usr/local/lib/python3.8/dist-packages/neutron_lib/callbacks/manager.py:176}}
May 26 18:58:30.957494 dv-cinder-825492-17-smb neutron-server[110898]: DEBUG neutron_lib.callbacks.manager [None req-fb44ceca-9224-4ef1-8002-e0ffa3a25b88 tempest-AttachVolumeNegativeTest-1982649751 tempest-AttachVolumeNegativeTest-1982649751-project] Publish callbacks ['neutron.plugins.ml2.ovo_rpc._ObjectChangeHandler.handle_event-620880'] for security_group_rule (8183f723-693a-459a-b485-e910e11ef5ee), after_create {{(pid=110898) _notify_loop /usr/local/lib/python3.8/dist-packages/neutron_lib/callbacks/manager.py:176}}
May 26 18:58:30.959105 dv-cinder-825492-17-smb neutron-server[110899]: DEBUG neutron.db.l3_dvr_db [None req-7a113ae8-5ff1-4eef-aac0-dbb92fff080f None None] Set router 44fe83b1-e529-45e6-838e-9d43e4baf463 gateway port host: dv-cinder-825492-17-smb {{(pid=110899) _build_routers_list /opt/stack/neutron/neutron/db/l3_dvr_db.py:906}}
May 26 18:58:30.976939 dv-cinder-825492-17-smb neutron-server[110898]: DEBUG neutron.api.rpc.handlers.resources_rpc [None req-fb44ceca-9224-4ef1-8002-e0ffa3a25b88 tempest-AttachVolumeNegativeTest-1982649751 tempest-AttachVolumeNegativeTest-1982649751-project] Pushing event updated for resources: {'SecurityGroupRule': ['ID=8183f723-693a-459a-b485-e910e11ef5ee,revision_number=0']} {{(pid=110898) push /opt/stack/neutron/neutron/api/rpc/handlers/resources_rpc.py:237}}
May 26 18:58:30.987075 dv-cinder-825492-17-smb neutron-server[110898]: DEBUG neutron_lib.callbacks.manager [None req-1bd27677-0579-4ad1-bae2-95a27eed0e95 admin admin] Publish callbacks ['neutron.plugins.ml2.ovo_rpc._ObjectChangeHandler.handle_event-620847'] for security_group (c310105d-7723-482d-8fa5-7f137318869b), after_delete {{(pid=110898) _notify_loop /usr/local/lib/python3.8/dist-packages/neutron_lib/callbacks/manager.py:176}}
May 26 18:58:30.989825 dv-cinder-825492-17-smb neutron-server[110898]: DEBUG neutron_lib.callbacks.manager [None req-1bd27677-0579-4ad1-bae2-95a27eed0e95 admin admin] Publish callbacks [] for security_group (None), before_response {{(pid=110898) _notify_loop /usr/local/lib/python3.8/dist-packages/neutron_lib/callbacks/manager.py:176}}
May 26 18:58:30.991551 dv-cinder-825492-17-smb neutron-server[110898]: INFO neutron.wsgi [None req-1bd27677-0579-4ad1-bae2-95a27eed0e95 admin admin] 10.222.0.45 "DELETE /v2.0/security-groups/c310105d-7723-482d-8fa5-7f137318869b HTTP/1.1" status: 204 len: 168 time: 0.2641306
May 26 18:58:31.002619 dv-cinder-825492-17-smb neutron-server[110898]: DEBUG neutron.api.rpc.handlers.resources_rpc [None req-1bd27677-0579-4ad1-bae2-95a27eed0e95 admin admin] Pushing event deleted for resources: {'SecurityGroup': ['ID=c310105d-7723-482d-8fa5-7f137318869b,revision_number=None']} {{(pid=110898) push /opt/stack/neutron/neutron/api/rpc/handlers/resources_rpc.py:237}}
May 26 18:58:31.062963 dv-cinder-825492-17-smb neutron-server[110898]: DEBUG neutron_lib.callbacks.manager [None req-fb44ceca-9224-4ef1-8002-e0ffa3a25b88 tempest-AttachVolumeNegativeTest-1982649751 tempest-AttachVolumeNegativeTest-1982649751-project] Publish callbacks [] for security_group_rule (None), before_response {{(pid=110898) _notify_loop /usr/local/lib/python3.8/dist-packages/neutron_lib/callbacks/manager.py:176}}
May 26 18:58:31.065693 dv-cinder-825492-17-smb neutron-server[110898]: INFO neutron.wsgi [None req-fb44ceca-9224-4ef1-8002-e0ffa3a25b88 tempest-AttachVolumeNegativeTest-1982649751 tempest-AttachVolumeNegativeTest-1982649751-project] 10.222.0.45 "POST /v2.0/security-group-rules HTTP/1.1" status: 201 len: 764 time: 0.3726907
May 26 18:58:31.074342 dv-cinder-825492-17-smb neutron-server[110898]: DEBUG neutron.wsgi [-] (110898) accepted ('10.222.0.45', 33708) {{(pid=110898) server /usr/local/lib/python3.8/dist-packages/eventlet/wsgi.py:1004}}
May 26 18:58:31.079087 dv-cinder-825492-17-smb neutron-server[110898]: DEBUG neutron.api.v2.base [None req-9db12933-f8f1-4bac-b6c5-3bfecee3241c tempest-AttachVolumeNegativeTest-1982649751 tempest-AttachVolumeNegativeTest-1982649751-project] Request body: {'security_group_rule': {'security_group_id': '3609f40c-b71e-442c-a4ff-5e0b37edfe31', 'protocol': 'icmp', 'ethertype': 'IPv4', 'direction': 'ingress'}} {{(pid=110898) prepare_request_body /opt/stack/neutron/neutron/api/v2/base.py:730}}
May 26 18:58:31.094888 dv-cinder-825492-17-smb neutron-server[110897]: DEBUG neutron_lib.callbacks.manager [None req-1091e970-1809-45ec-b081-3738c5217b2a admin admin] Publish callbacks [] for security_group (caf6af0b-07c3-4753-95de-73c98ef260f8), precommit_create {{(pid=110897) _notify_loop /usr/local/lib/python3.8/dist-packages/neutron_lib/callbacks/manager.py:176}}
May 26 18:58:31.181011 dv-cinder-825492-17-smb neutron-server[110897]: DEBUG neutron_lib.callbacks.manager [None req-1091e970-1809-45ec-b081-3738c5217b2a admin admin] Publish callbacks ['neutron.plugins.ml2.ovo_rpc._ObjectChangeHandler.handle_event-620847'] for security_group (caf6af0b-07c3-4753-95de-73c98ef260f8), after_create {{(pid=110897) _notify_loop /usr/local/lib/python3.8/dist-packages/neutron_lib/callbacks/manager.py:176}}
May 26 18:58:31.181405 dv-cinder-825492-17-smb neutron-server[110898]: DEBUG neutron_lib.callbacks.manager [None req-9db12933-f8f1-4bac-b6c5-3bfecee3241c tempest-AttachVolumeNegativeTest-1982649751 tempest-AttachVolumeNegativeTest-1982649751-project] Publish callbacks [] for security_group_rule (f275858f-ce06-47db-8deb-afd5069a8439), before_create {{(pid=110898) _notify_loop /usr/local/lib/python3.8/dist-packages/neutron_lib/callbacks/manager.py:176}}
May 26 18:58:31.186287 dv-cinder-825492-17-smb neutron-server[110899]: DEBUG dbcounter [-] [110899] Writing DB stats neutron:SELECT=99,neutron:UPDATE=1 {{(pid=110899) stat_writer /usr/local/lib/python3.8/dist-packages/dbcounter.py:114}}
May 26 18:58:31.190022 dv-cinder-825492-17-smb neutron-server[110899]: DEBUG neutron.db.l3_hamode_db [None req-7a113ae8-5ff1-4eef-aac0-dbb92fff080f None None] neutron.services.l3_router.l3_router_plugin.L3RouterPlugin method _process_sync_ha_data called with arguments (, [{'id': '44fe83b1-e529-45e6-838e-9d43e4baf463', 'name': 'tempest-AttachVolumeNegativeTest-1890239436-router', 'tenant_id': '7bb7e33b062c4313bed8a458e7bef792', 'admin_state_up': True, 'status': 'ACTIVE', 'external_gateway_info': {'network_id': '111a43f1-d47f-4a98-a9b7-db1d130b34f1', 'external_fixed_ips': [{'subnet_id': '35782d03-56f0-4926-85ab-ccc3a6a3856a', 'ip_address': '172.28.3.143'}], 'enable_snat': True}, 'gw_port_id': 'a9463d64-689b-4511-9d44-055362d0c233', 'description': '', 'availability_zones': ['nova'], 'distributed': False, 'ha': False, 'ha_vr_id': 0, 'availability_zone_hints': [], 'routes': [], 'flavor_id': None, 'tags': [], 'created_at': '2022-05-26T18:58:24Z', 'updated_at': '2022-05-26T18:58:28Z', 'revision_number': 4, 'project_id': '7bb7e33b062c4313bed8a458e7bef792', 'gw_port': {'id': 'a9463d64-689b-4511-9d44-055362d0c233', 'name': '', 'network_id': '111a43f1-d47f-4a98-a9b7-db1d130b34f1', 'tenant_id': '', 'mac_address': 'fa:16:3e:98:b7:18', 'admin_state_up': True, 'status': 'ACTIVE', 'device_id': '44fe83b1-e529-45e6-838e-9d43e4baf463', 'device_owner': 'network:router_gateway', 'standard_attr_id': 250, 'fixed_ips': [{'subnet_id': '35782d03-56f0-4926-85ab-ccc3a6a3856a', 'ip_address': '172.28.3.143', 'prefixlen': 24}], 'allowed_address_pairs': [], 'extra_dhcp_opts': [], 'security_groups': [], 'description': '', 'binding:vnic_type': 'normal', 'binding:profile': {}, 'binding:host_id': 'dv-cinder-825492-17-smb', 'binding:vif_type': 'ovs', 'binding:vif_details': {'connectivity': 'l2', 'port_filter': True, 'ovs_hybrid_plug': False, 'datapath_type': 'system', 'bridge_name': 'br-int', 'bound_drivers': {'0': 'openvswitch'}}, 'port_security_enabled': False, 'tags': [], 'created_at': '2022-05-26T18:58:25Z', 'updated_at': '2022-05-26T18:58:30Z', 'revision_number': 4, 'project_id': '', 'subnets': [{'id': '35782d03-56f0-4926-85ab-ccc3a6a3856a', 'cidr': '172.28.3.0/24', 'gateway_ip': '172.28.3.1', 'dns_nameservers': [], 'ipv6_ra_mode': None, 'subnetpool_id': None}], 'extra_subnets': [], 'address_scopes': {4: None, 6: None}, 'mtu': 1500}, 'enable_snat': True, 'gw_port_host': 'dv-cinder-825492-17-smb', '_interfaces': [{'id': '72a819a8-e0ef-4000-a33b-a82641549d34', 'name': '', 'network_id': '0ea315b8-93d3-4f4f-822a-b47996283ee2', 'tenant_id': '7bb7e33b062c4313bed8a458e7bef792', 'mac_address': 'fa:16:3e:c3:db:bb', 'admin_state_up': True, 'status': 'DOWN', 'device_id': '44fe83b1-e529-45e6-838e-9d43e4baf463', 'device_owner': 'network:router_interface', 'standard_attr_id': 251, 'fixed_ips': [{'subnet_id': 'ef0dcbd3-ccf4-44e6-a4c3-d48739585812', 'ip_address': '172.20.0.1', 'prefixlen': 28}], 'allowed_address_pairs': [], 'extra_dhcp_opts': [], 'security_groups': [], 'description': '', 'binding:vnic_type': 'normal', 'binding:profile': {}, 'binding:host_id': '', 'binding:vif_type': 'unbound', 'binding:vif_details': {}, 'port_security_enabled': False, 'tags': [], 'created_at': '2022-05-26T18:58:27Z', 'updated_at': '2022-05-26T18:58:28Z', 'revision_number': 2, 'project_id': '7bb7e33b062c4313bed8a458e7bef792', 'subnets': [{'id': 'ef0dcbd3-ccf4-44e6-a4c3-d48739585812', 'cidr': '172.20.0.0/28', 'gateway_ip': '172.20.0.1', 'dns_nameservers': [], 'ipv6_ra_mode': None, 'subnetpool_id': None}], 'extra_subnets': [], 'address_scopes': {4: None, 6: None}, 'mtu': 1500}]}], 'dv-cinder-825492-17-smb', False) {} {{(pid=110899) wrapper /usr/local/lib/python3.8/dist-packages/oslo_log/helpers.py:65}}
May 26 18:58:31.227545 dv-cinder-825492-17-smb neutron-server[110899]: DEBUG neutron.api.rpc.handlers.l3_rpc [None req-7a113ae8-5ff1-4eef-aac0-dbb92fff080f None None] Checking router: 44fe83b1-e529-45e6-838e-9d43e4baf463 for host: dv-cinder-825492-17-smb {{(pid=110899) _ensure_host_set_on_ports /opt/stack/neutron/neutron/api/rpc/handlers/l3_rpc.py:155}}
May 26 18:58:31.227918 dv-cinder-825492-17-smb neutron-server[110899]: DEBUG neutron.api.rpc.handlers.l3_rpc [None req-7a113ae8-5ff1-4eef-aac0-dbb92fff080f None None] Updating router 44fe83b1-e529-45e6-838e-9d43e4baf463 port 72a819a8-e0ef-4000-a33b-a82641549d34 binding host dv-cinder-825492-17-smb {{(pid=110899) _ensure_host_set_on_port /opt/stack/neutron/neutron/api/rpc/handlers/l3_rpc.py:205}}
May 26 18:58:31.259738 dv-cinder-825492-17-smb neutron-server[110898]: DEBUG neutron_lib.callbacks.manager [None req-9db12933-f8f1-4bac-b6c5-3bfecee3241c tempest-AttachVolumeNegativeTest-1982649751 tempest-AttachVolumeNegativeTest-1982649751-project] Publish callbacks [] for security_group_rule (f275858f-ce06-47db-8deb-afd5069a8439), precommit_create {{(pid=110898) _notify_loop /usr/local/lib/python3.8/dist-packages/neutron_lib/callbacks/manager.py:176}}
May 26 18:58:31.260819 dv-cinder-825492-17-smb neutron-server[110899]: DEBUG neutron_lib.callbacks.manager [None req-7a113ae8-5ff1-4eef-aac0-dbb92fff080f None None] Publish callbacks ['neutron.plugins.ml2.plugin.SecurityGroupDbMixin._ensure_default_security_group_handler-1632904'] for port (72a819a8-e0ef-4000-a33b-a82641549d34), before_update {{(pid=110899) _notify_loop /usr/local/lib/python3.8/dist-packages/neutron_lib/callbacks/manager.py:176}}
May 26 18:58:31.271985 dv-cinder-825492-17-smb neutron-server[110897]: DEBUG neutron.api.rpc.handlers.resources_rpc [None req-1091e970-1809-45ec-b081-3738c5217b2a admin admin] Pushing event updated for resources: {'SecurityGroup': ['ID=caf6af0b-07c3-4753-95de-73c98ef260f8,revision_number=1']} {{(pid=110897) push /opt/stack/neutron/neutron/api/rpc/handlers/resources_rpc.py:237}}
May 26 18:58:31.307817 dv-cinder-825492-17-smb neutron-server[110897]: INFO neutron.wsgi [None req-1091e970-1809-45ec-b081-3738c5217b2a admin admin] 10.222.0.45 "GET /v2.0/security-groups?tenant_id=f725d6b05a9d4166b3d45698d1a7f5d6&name=default HTTP/1.1" status: 200 len: 2996 time: 0.5162122
May 26 18:58:31.310300 dv-cinder-825492-17-smb neutron-server[110897]: DEBUG neutron.wsgi [-] (110897) accepted ('10.222.0.45', 33718) {{(pid=110897) server /usr/local/lib/python3.8/dist-packages/eventlet/wsgi.py:1004}}
May 26 18:58:31.312588 dv-cinder-825492-17-smb neutron-server[110898]: DEBUG neutron_lib.callbacks.manager [None req-9db12933-f8f1-4bac-b6c5-3bfecee3241c tempest-AttachVolumeNegativeTest-1982649751 tempest-AttachVolumeNegativeTest-1982649751-project] Publish callbacks ['neutron.plugins.ml2.ovo_rpc._ObjectChangeHandler.handle_event-620880'] for security_group_rule (f275858f-ce06-47db-8deb-afd5069a8439), after_create {{(pid=110898) _notify_loop /usr/local/lib/python3.8/dist-packages/neutron_lib/callbacks/manager.py:176}}
May 26 18:58:31.331353 dv-cinder-825492-17-smb neutron-server[110897]: DEBUG dbcounter [-] [110897] Writing DB stats neutron:SELECT=76,neutron:INSERT=22,neutron:UPDATE=2 {{(pid=110897) stat_writer /usr/local/lib/python3.8/dist-packages/dbcounter.py:114}}
May 26 18:58:31.334638 dv-cinder-825492-17-smb neutron-server[110898]: DEBUG neutron.api.rpc.handlers.resources_rpc [None req-9db12933-f8f1-4bac-b6c5-3bfecee3241c tempest-AttachVolumeNegativeTest-1982649751 tempest-AttachVolumeNegativeTest-1982649751-project] Pushing event updated for resources: {'SecurityGroupRule': ['ID=f275858f-ce06-47db-8deb-afd5069a8439,revision_number=0']} {{(pid=110898) push /opt/stack/neutron/neutron/api/rpc/handlers/resources_rpc.py:237}}
May 26 18:58:31.375164 dv-cinder-825492-17-smb neutron-server[110897]: DEBUG neutron_lib.callbacks.manager [None req-82db4702-5c80-45cb-8d01-84438060a914 admin admin] Publish callbacks [] for security_group (caf6af0b-07c3-4753-95de-73c98ef260f8), before_delete {{(pid=110897) _notify_loop /usr/local/lib/python3.8/dist-packages/neutron_lib/callbacks/manager.py:176}}
May 26 18:58:31.405111 dv-cinder-825492-17-smb neutron-server[110897]: DEBUG neutron_lib.callbacks.manager [None req-82db4702-5c80-45cb-8d01-84438060a914 admin admin] Publish callbacks [] for security_group (caf6af0b-07c3-4753-95de-73c98ef260f8), precommit_delete {{(pid=110897) _notify_loop /usr/local/lib/python3.8/dist-packages/neutron_lib/callbacks/manager.py:176}}
May 26 18:58:31.405355 dv-cinder-825492-17-smb neutron-server[110898]: DEBUG neutron_lib.callbacks.manager [None req-9db12933-f8f1-4bac-b6c5-3bfecee3241c tempest-AttachVolumeNegativeTest-1982649751 tempest-AttachVolumeNegativeTest-1982649751-project] Publish callbacks [] for security_group_rule (None), before_response {{(pid=110898) _notify_loop /usr/local/lib/python3.8/dist-packages/neutron_lib/callbacks/manager.py:176}}
May 26 18:58:31.412131 dv-cinder-825492-17-smb neutron-server[110898]: INFO neutron.wsgi [None req-9db12933-f8f1-4bac-b6c5-3bfecee3241c tempest-AttachVolumeNegativeTest-1982649751 tempest-AttachVolumeNegativeTest-1982649751-project] 10.222.0.45 "POST /v2.0/security-group-rules HTTP/1.1" status: 201 len: 769 time: 0.3347507
May 26 18:58:31.416202 dv-cinder-825492-17-smb neutron-server[110898]: DEBUG neutron.wsgi [-] (110898) accepted ('10.222.0.45', 33728) {{(pid=110898) server /usr/local/lib/python3.8/dist-packages/eventlet/wsgi.py:1004}}
May 26 18:58:31.454360 dv-cinder-825492-17-smb neutron-server[110898]: DEBUG neutron.api.v2.base [None req-bb19b6b3-6db6-40bf-bf7e-6e9d538c744a tempest-AttachVolumeNegativeTest-1982649751 tempest-AttachVolumeNegativeTest-1982649751-project] Request body: {'floatingip': {'floating_network_id': '111a43f1-d47f-4a98-a9b7-db1d130b34f1'}} {{(pid=110898) prepare_request_body /opt/stack/neutron/neutron/api/v2/base.py:730}}
May 26 18:58:31.506724 dv-cinder-825492-17-smb neutron-server[110897]: DEBUG neutron_lib.callbacks.manager [None req-82db4702-5c80-45cb-8d01-84438060a914 admin admin] Publish callbacks ['neutron.plugins.ml2.ovo_rpc._ObjectChangeHandler.handle_event-620847'] for security_group (caf6af0b-07c3-4753-95de-73c98ef260f8), after_delete {{(pid=110897) _notify_loop /usr/local/lib/python3.8/dist-packages/neutron_lib/callbacks/manager.py:176}}
May 26 18:58:31.510465 dv-cinder-825492-17-smb neutron-server[110897]: DEBUG neutron_lib.callbacks.manager [None req-82db4702-5c80-45cb-8d01-84438060a914 admin admin] Publish callbacks [] for security_group (None), before_response {{(pid=110897) _notify_loop /usr/local/lib/python3.8/dist-packages/neutron_lib/callbacks/manager.py:176}}
May 26 18:58:31.511629 dv-cinder-825492-17-smb neutron-server[110897]: INFO neutron.wsgi [None req-82db4702-5c80-45cb-8d01-84438060a914 admin admin] 10.222.0.45 "DELETE /v2.0/security-groups/caf6af0b-07c3-4753-95de-73c98ef260f8 HTTP/1.1" status: 204 len: 168 time: 0.2001991
May 26 18:58:31.528157 dv-cinder-825492-17-smb neutron-server[110897]: DEBUG neutron.api.rpc.handlers.resources_rpc [None req-82db4702-5c80-45cb-8d01-84438060a914 admin admin] Pushing event deleted for resources: {'SecurityGroup': ['ID=caf6af0b-07c3-4753-95de-73c98ef260f8,revision_number=None']} {{(pid=110897) push /opt/stack/neutron/neutron/api/rpc/handlers/resources_rpc.py:237}}
May 26 18:58:31.579454 dv-cinder-825492-17-smb neutron-server[110897]: DEBUG neutron.wsgi [-] (110897) accepted ('10.222.0.45', 33732) {{(pid=110897) server /usr/local/lib/python3.8/dist-packages/eventlet/wsgi.py:1004}}
May 26 18:58:31.579668 dv-cinder-825492-17-smb neutron-server[110898]: DEBUG neutron_lib.callbacks.manager [None req-bb19b6b3-6db6-40bf-bf7e-6e9d538c744a tempest-AttachVolumeNegativeTest-1982649751 tempest-AttachVolumeNegativeTest-1982649751-project] Publish callbacks [] for floatingip (None), before_create {{(pid=110898) _notify_loop /usr/local/lib/python3.8/dist-packages/neutron_lib/callbacks/manager.py:176}}
May 26 18:58:31.650423 dv-cinder-825492-17-smb neutron-server[110898]: DEBUG neutron.pecan_wsgi.hooks.policy_enforcement [req-1cf2d2af-323b-40d3-b492-77587e391e75 req-10be87c9-1032-41d9-a9d4-7bb038784eb9 tempest-ServerRescueNegativeTestJSON-337679287 tempest-ServerRescueNegativeTestJSON-337679287-project] Attributes excluded by policy engine: ['standard_attr_id', 'binding:profile', 'binding:host_id', 'binding:vif_type', 'binding:vif_details'] {{(pid=110898) _exclude_attributes_by_policy /opt/stack/neutron/neutron/pecan_wsgi/hooks/policy_enforcement.py:259}}
May 26 18:58:31.652071 dv-cinder-825492-17-smb neutron-server[110898]: INFO neutron.wsgi [req-1cf2d2af-323b-40d3-b492-77587e391e75 req-10be87c9-1032-41d9-a9d4-7bb038784eb9 tempest-ServerRescueNegativeTestJSON-337679287 tempest-ServerRescueNegativeTestJSON-337679287-project] 10.222.0.45 "GET /v2.0/ports?device_id=dc23700c-81c7-43bf-8f26-4a69a07df848 HTTP/1.1" status: 200 len: 946 time: 0.1481700
May 26 18:58:31.711795 dv-cinder-825492-17-smb neutron-server[110898]: DEBUG neutron_lib.callbacks.manager [None req-bb19b6b3-6db6-40bf-bf7e-6e9d538c744a tempest-AttachVolumeNegativeTest-1982649751 tempest-AttachVolumeNegativeTest-1982649751-project] Publish callbacks ['neutron.plugins.ml2.plugin.SecurityGroupDbMixin._ensure_default_security_group_handler-1632904'] for port (None), before_create {{(pid=110898) _notify_loop /usr/local/lib/python3.8/dist-packages/neutron_lib/callbacks/manager.py:176}}
May 26 18:58:31.717640 dv-cinder-825492-17-smb neutron-server[110899]: DEBUG neutron_lib.callbacks.manager [None req-7a113ae8-5ff1-4eef-aac0-dbb92fff080f None None] Publish callbacks [] for port (72a819a8-e0ef-4000-a33b-a82641549d34), precommit_update {{(pid=110899) _notify_loop /usr/local/lib/python3.8/dist-packages/neutron_lib/callbacks/manager.py:176}}
May 26 18:58:31.735173 dv-cinder-825492-17-smb neutron-server[110898]: INFO neutron.wsgi [req-1cf2d2af-323b-40d3-b492-77587e391e75 req-6147b6c1-97d5-407f-bc1a-de29e12884ce tempest-ServerRescueNegativeTestJSON-337679287 tempest-ServerRescueNegativeTestJSON-337679287-project] 10.222.0.45 "GET /v2.0/security-groups?id=60be2d63-9d8b-4008-800a-6a25898604bf&fields=id&fields=name HTTP/1.1" status: 200 len: 286 time: 0.0762076
May 26 18:58:31.780030 dv-cinder-825492-17-smb neutron-server[110897]: DEBUG neutron_lib.callbacks.manager [None req-b2f9bcee-0b12-4bca-a31a-d21614e3762a admin admin] Publish callbacks [] for security_group (None), before_create {{(pid=110897) _notify_loop /usr/local/lib/python3.8/dist-packages/neutron_lib/callbacks/manager.py:176}}
May 26 18:58:31.844112 dv-cinder-825492-17-smb neutron-server[110898]: DEBUG neutron.db.db_base_plugin_common [None req-bb19b6b3-6db6-40bf-bf7e-6e9d538c744a tempest-AttachVolumeNegativeTest-1982649751 tempest-AttachVolumeNegativeTest-1982649751-project] Allocated IP 172.28.3.254 (111a43f1-d47f-4a98-a9b7-db1d130b34f1/35782d03-56f0-4926-85ab-ccc3a6a3856a/5c489121-9917-4638-b91b-7a78d20edc43) {{(pid=110898) _store_ip_allocation /opt/stack/neutron/neutron/db/db_base_plugin_common.py:131}}
May 26 18:58:31.871406 dv-cinder-825492-17-smb neutron-server[110899]: DEBUG neutron_lib.callbacks.manager [None req-7a113ae8-5ff1-4eef-aac0-dbb92fff080f None None] Publish callbacks ['neutron.plugins.ml2.plugin.SecurityGroupServerNotifierRpcMixin._notify_sg_on_port_change-1632632', 'neutron.plugins.ml2.ovo_rpc._ObjectChangeHandler.handle_event-219475', 'neutron.api.rpc.agentnotifiers.dhcp_rpc_agent_api.DhcpAgentNotifyAPI._native_event_send_dhcp_notification-132587', 'neutron.db.l3_db.L3RpcNotifierMixin._notify_gateway_port_ip_changed-8743193241061', 'neutron.db.l3_dvrscheduler_db._notify_l3_agent_port_update-8743192850499', 'neutron.db.l3_hascheduler_db._notify_l3_agent_ha_port_update-8743192850517'] for port (72a819a8-e0ef-4000-a33b-a82641549d34), after_update {{(pid=110899) _notify_loop /usr/local/lib/python3.8/dist-packages/neutron_lib/callbacks/manager.py:176}}
May 26 18:58:31.935460 dv-cinder-825492-17-smb neutron-server[110897]: DEBUG neutron_lib.callbacks.manager [None req-b2f9bcee-0b12-4bca-a31a-d21614e3762a admin admin] Publish callbacks [] for security_group (cb6c5c23-20ff-48d2-ba1d-6282fc6afaa9), precommit_create {{(pid=110897) _notify_loop /usr/local/lib/python3.8/dist-packages/neutron_lib/callbacks/manager.py:176}}
May 26 18:58:31.938172 dv-cinder-825492-17-smb neutron-server[110899]: DEBUG neutron.api.rpc.handlers.resources_rpc [None req-649579a3-7128-4938-8b22-0cf63a6daba5 None None] Pushing event updated for resources: {'Port': ['ID=72a819a8-e0ef-4000-a33b-a82641549d34,revision_number=3']} {{(pid=110899) push /opt/stack/neutron/neutron/api/rpc/handlers/resources_rpc.py:237}}
May 26 18:58:31.991374 dv-cinder-825492-17-smb neutron-server[110897]: DEBUG neutron_lib.callbacks.manager [None req-b2f9bcee-0b12-4bca-a31a-d21614e3762a admin admin] Publish callbacks ['neutron.plugins.ml2.ovo_rpc._ObjectChangeHandler.handle_event-620847'] for security_group (cb6c5c23-20ff-48d2-ba1d-6282fc6afaa9), after_create {{(pid=110897) _notify_loop /usr/local/lib/python3.8/dist-packages/neutron_lib/callbacks/manager.py:176}}
May 26 18:58:32.029933 dv-cinder-825492-17-smb neutron-server[110899]: DEBUG neutron.plugins.ml2.managers [None req-7a113ae8-5ff1-4eef-aac0-dbb92fff080f None None] Attempting to bind port 72a819a8-e0ef-4000-a33b-a82641549d34 on host dv-cinder-825492-17-smb for vnic_type normal with profile {{(pid=110899) bind_port /opt/stack/neutron/neutron/plugins/ml2/managers.py:811}}
May 26 18:58:32.030232 dv-cinder-825492-17-smb neutron-server[110899]: DEBUG neutron.plugins.ml2.managers [None req-7a113ae8-5ff1-4eef-aac0-dbb92fff080f None None] Attempting to bind port 72a819a8-e0ef-4000-a33b-a82641549d34 by drivers openvswitch,hyperv on host dv-cinder-825492-17-smb at level 0 using segments [{'id': '49ce1f46-b496-44b1-87b0-3eea4ea8f071', 'network_type': 'vlan', 'physical_network': 'physnet1', 'segmentation_id': 549, 'network_id': '0ea315b8-93d3-4f4f-822a-b47996283ee2'}] {{(pid=110899) _bind_port_level /opt/stack/neutron/neutron/plugins/ml2/managers.py:836}}
May 26 18:58:32.030350 dv-cinder-825492-17-smb neutron-server[110899]: DEBUG neutron.plugins.ml2.drivers.mech_agent [None req-7a113ae8-5ff1-4eef-aac0-dbb92fff080f None None] Attempting to bind port 72a819a8-e0ef-4000-a33b-a82641549d34 on network 0ea315b8-93d3-4f4f-822a-b47996283ee2 {{(pid=110899) bind_port /opt/stack/neutron/neutron/plugins/ml2/drivers/mech_agent.py:91}}
May 26 18:58:32.050297 dv-cinder-825492-17-smb neutron-server[110899]: DEBUG neutron.plugins.ml2.drivers.mech_agent [None req-7a113ae8-5ff1-4eef-aac0-dbb92fff080f None None] Checking agent: {'id': '92e4217e-328e-4d29-bc67-7bb196daa8b2', 'agent_type': 'Open vSwitch agent', 'binary': 'neutron-openvswitch-agent', 'topic': 'N/A', 'host': 'dv-cinder-825492-17-smb', 'admin_state_up': True, 'created_at': datetime.datetime(2022, 5, 26, 18, 48, 19), 'started_at': datetime.datetime(2022, 5, 26, 18, 48, 49), 'heartbeat_timestamp': datetime.datetime(2022, 5, 26, 18, 58, 19), 'description': None, 'resources_synced': None, 'availability_zone': None, 'alive': True, 'configurations': {'arp_responder_enabled': False, 'baremetal_smartnic': False, 'bridge_mappings': {'physnet1': 'br-data'}, 'datapath_type': 'system', 'devices': 0, 'enable_distributed_routing': False, 'extensions': [], 'in_distributed_mode': False, 'integration_bridge': 'br-int', 'l2_population': False, 'log_agent_heartbeats': False, 'ovs_capabilities': {'datapath_types': ['netdev', 'system'], 'iface_types': ['erspan', 'geneve', 'gre', 'internal', 'ip6erspan', 'ip6gre', 'lisp', 'patch', 'stt', 'system', 'tap', 'vxlan']}, 'ovs_hybrid_plug': False, 'resource_provider_bandwidths': {}, 'resource_provider_hypervisors': {'br-data': 'dv-cinder-825492-17-smb'}, 'resource_provider_inventory_defaults': {'allocation_ratio': 1.0, 'min_unit': 1, 'step_size': 1, 'reserved': 0}, 'resource_provider_packet_processing_inventory_defaults': {'allocation_ratio': 1.0, 'min_unit': 1, 'step_size': 1, 'reserved': 0}, 'resource_provider_packet_processing_with_direction': {}, 'resource_provider_packet_processing_without_direction': {}, 'tunnel_types': [], 'tunneling_ip': None, 'vhostuser_socket_dir': '/var/run/openvswitch'}, 'resource_versions': {'AddressGroup': '1.2', 'Agent': '1.1', 'ConntrackHelper': '1.0', 'LocalIPAssociation': '1.0', 'Log': '1.0', 'NDPProxy': '1.0', 'Network': '1.1', 'Port': '1.7', 'PortForwarding': '1.3', 'QosPolicy': '1.10', 'SecurityGroup': '1.5', 'SecurityGroupRule': '1.2', 'SubPort': '1.0', 'Subnet': '1.1', 'Trunk': '1.1'}} {{(pid=110899) bind_port /opt/stack/neutron/neutron/plugins/ml2/drivers/mech_agent.py:110}}
May 26 18:58:32.050674 dv-cinder-825492-17-smb neutron-server[110899]: DEBUG neutron.plugins.ml2.drivers.mech_agent [None req-7a113ae8-5ff1-4eef-aac0-dbb92fff080f None None] Checking segment: {'id': '49ce1f46-b496-44b1-87b0-3eea4ea8f071', 'network_type': 'vlan', 'physical_network': 'physnet1', 'segmentation_id': 549, 'network_id': '0ea315b8-93d3-4f4f-822a-b47996283ee2'} for mappings: {'physnet1': 'br-data'} with network types: ['local', 'flat', 'vlan'] {{(pid=110899) check_segment_for_agent /opt/stack/neutron/neutron/plugins/ml2/drivers/mech_agent.py:373}}
May 26 18:58:32.051073 dv-cinder-825492-17-smb neutron-server[110899]: DEBUG neutron_lib.callbacks.manager [None req-7a113ae8-5ff1-4eef-aac0-dbb92fff080f None None] Publish callbacks [] for ovs_bridge_name (None), before_read {{(pid=110899) _notify_loop /usr/local/lib/python3.8/dist-packages/neutron_lib/callbacks/manager.py:176}}
May 26 18:58:32.051463 dv-cinder-825492-17-smb neutron-server[110899]: DEBUG neutron.plugins.ml2.drivers.mech_agent [None req-7a113ae8-5ff1-4eef-aac0-dbb92fff080f None None] Bound using segment: {'id': '49ce1f46-b496-44b1-87b0-3eea4ea8f071', 'network_type': 'vlan', 'physical_network': 'physnet1', 'segmentation_id': 549, 'network_id': '0ea315b8-93d3-4f4f-822a-b47996283ee2'} {{(pid=110899) bind_port /opt/stack/neutron/neutron/plugins/ml2/drivers/mech_agent.py:120}}
May 26 18:58:32.059306 dv-cinder-825492-17-smb neutron-server[110899]: DEBUG neutron.plugins.ml2.managers [None req-7a113ae8-5ff1-4eef-aac0-dbb92fff080f None None] Bound port: 72a819a8-e0ef-4000-a33b-a82641549d34, host: dv-cinder-825492-17-smb, vif_type: ovs, vif_details: {"connectivity": "l2", "port_filter": true, "ovs_hybrid_plug": false, "datapath_type": "system", "bridge_name": "br-int"}, binding_levels: [{'bound_driver': 'openvswitch', 'bound_segment': {'id': '49ce1f46-b496-44b1-87b0-3eea4ea8f071', 'network_type': 'vlan', 'physical_network': 'physnet1', 'segmentation_id': 549, 'network_id': '0ea315b8-93d3-4f4f-822a-b47996283ee2'}}] {{(pid=110899) _bind_port_level /opt/stack/neutron/neutron/plugins/ml2/managers.py:948}}
May 26 18:58:32.059306 dv-cinder-825492-17-smb neutron-server[110899]: DEBUG neutron_lib.callbacks.manager [None req-7a113ae8-5ff1-4eef-aac0-dbb92fff080f None None] Publish callbacks ['neutron.plugins.ml2.plugin.SecurityGroupDbMixin._ensure_default_security_group_handler-1632904'] for port (72a819a8-e0ef-4000-a33b-a82641549d34), before_update {{(pid=110899) _notify_loop /usr/local/lib/python3.8/dist-packages/neutron_lib/callbacks/manager.py:176}}
May 26 18:58:32.059306 dv-cinder-825492-17-smb neutron-server[110899]: DEBUG dbcounter [-] [110899] Writing DB stats neutron:SELECT=97,neutron:UPDATE=3 {{(pid=110899) stat_writer /usr/local/lib/python3.8/dist-packages/dbcounter.py:114}}
May 26 18:58:32.088768 dv-cinder-825492-17-smb neutron-server[110897]: INFO neutron.wsgi [None req-b2f9bcee-0b12-4bca-a31a-d21614e3762a admin admin] 10.222.0.45 "GET /v2.0/security-groups?tenant_id=a9abb7d96b0e4415b6fcbd02d3c9dbb7&name=default HTTP/1.1" status: 200 len: 2996 time: 0.5080218
May 26 18:58:32.091423 dv-cinder-825492-17-smb neutron-server[110897]: DEBUG neutron.wsgi [-] (110897) accepted ('10.222.0.45', 33746) {{(pid=110897) server /usr/local/lib/python3.8/dist-packages/eventlet/wsgi.py:1004}}
May 26 18:58:32.094257 dv-cinder-825492-17-smb neutron-server[110897]: DEBUG neutron.api.rpc.handlers.resources_rpc [None req-b2f9bcee-0b12-4bca-a31a-d21614e3762a admin admin] Pushing event updated for resources: {'SecurityGroup': ['ID=cb6c5c23-20ff-48d2-ba1d-6282fc6afaa9,revision_number=1']} {{(pid=110897) push /opt/stack/neutron/neutron/api/rpc/handlers/resources_rpc.py:237}}
May 26 18:58:32.100222 dv-cinder-825492-17-smb neutron-server[110898]: DEBUG neutron_lib.callbacks.manager [None req-bb19b6b3-6db6-40bf-bf7e-6e9d538c744a tempest-AttachVolumeNegativeTest-1982649751 tempest-AttachVolumeNegativeTest-1982649751-project] Publish callbacks [] for port (5c489121-9917-4638-b91b-7a78d20edc43), precommit_create {{(pid=110898) _notify_loop /usr/local/lib/python3.8/dist-packages/neutron_lib/callbacks/manager.py:176}}
May 26 18:58:32.128321 dv-cinder-825492-17-smb neutron-server[110897]: DEBUG dbcounter [-] [110897] Writing DB stats neutron:SELECT=84,neutron:DELETE=4,neutron:INSERT=11,neutron:UPDATE=1 {{(pid=110897) stat_writer /usr/local/lib/python3.8/dist-packages/dbcounter.py:114}}
May 26 18:58:32.128519 dv-cinder-825492-17-smb neutron-server[110899]: DEBUG neutron.plugins.ml2.rpc [None req-7f2eda86-a58b-4c62-92fb-861bbb1a0db5 None None] Device a9463d64-689b-4511-9d44-055362d0c233 up at agent ovs-agent-dv-cinder-825492-17-smb {{(pid=110899) update_device_up /opt/stack/neutron/neutron/plugins/ml2/rpc.py:296}}
May 26 18:58:32.165519 dv-cinder-825492-17-smb neutron-server[110897]: DEBUG neutron_lib.callbacks.manager [None req-7fac7f17-930b-4d97-9c61-d4ff74841273 admin admin] Publish callbacks [] for security_group (cb6c5c23-20ff-48d2-ba1d-6282fc6afaa9), before_delete {{(pid=110897) _notify_loop /usr/local/lib/python3.8/dist-packages/neutron_lib/callbacks/manager.py:176}}
