May 26 19:37:11.927791 dv-cinder-825492-17-iscsi devstack@placement-api.service[105176]: DEBUG placement.objects.research_context [req-35350720-82e2-4bce-bd56-e471a8bf37bb req-85429caf-385b-4495-8aaa-4714ea40e734 service placement] found 1 providers after filtering by previous result {{(pid=105176) get_provider_ids_matching /opt/stack/placement/placement/objects/research_context.py:594}}
May 26 19:37:11.929030 dv-cinder-825492-17-iscsi devstack@placement-api.service[105176]: DEBUG placement.objects.research_context [req-35350720-82e2-4bce-bd56-e471a8bf37bb req-85429caf-385b-4495-8aaa-4714ea40e734 service placement] found 1 providers with available 1 VCPU {{(pid=105176) get_provider_ids_matching /opt/stack/placement/placement/objects/research_context.py:563}}
May 26 19:37:11.929752 dv-cinder-825492-17-iscsi devstack@placement-api.service[105176]: DEBUG placement.objects.research_context [req-35350720-82e2-4bce-bd56-e471a8bf37bb req-85429caf-385b-4495-8aaa-4714ea40e734 service placement] found 1 providers after filtering by previous result {{(pid=105176) get_provider_ids_matching /opt/stack/placement/placement/objects/research_context.py:594}}
May 26 19:37:11.946712 dv-cinder-825492-17-iscsi devstack@placement-api.service[105176]: DEBUG placement.objects.allocation_candidate [req-35350720-82e2-4bce-bd56-e471a8bf37bb req-85429caf-385b-4495-8aaa-4714ea40e734 service placement] RequestGroup(use_same_provider=False, resources={DISK_GB:1, MEMORY_MB:1024, VCPU:1}, traits=(), aggregates=[]) (suffix '') returned 1 matches {{(pid=105176) _get_by_requests /opt/stack/placement/placement/objects/allocation_candidate.py:156}}
May 26 19:37:11.946712 dv-cinder-825492-17-iscsi devstack@placement-api.service[105176]: DEBUG placement.objects.allocation_candidate [req-35350720-82e2-4bce-bd56-e471a8bf37bb req-85429caf-385b-4495-8aaa-4714ea40e734 service placement] Merging candidates yields 1 allocation requests and 1 provider summaries {{(pid=105176) _merge_candidates /opt/stack/placement/placement/objects/allocation_candidate.py:809}}
May 26 19:37:11.946712 dv-cinder-825492-17-iscsi devstack@placement-api.service[105176]: INFO placement.requestlog [req-35350720-82e2-4bce-bd56-e471a8bf37bb req-85429caf-385b-4495-8aaa-4714ea40e734 service placement] 10.222.0.72 "GET /placement/allocation_candidates?limit=1000&resources=DISK_GB%3A1%2CMEMORY_MB%3A1024%2CVCPU%3A1&root_required=%21COMPUTE_STATUS_DISABLED" status: 200 len: 767 microversion: 1.36
May 26 19:37:11.988533 dv-cinder-825492-17-iscsi devstack@placement-api.service[105176]: [pid: 105176|app: 0|req: 11/22] 10.222.0.72 () {60 vars in 1506 bytes} [Thu May 26 19:37:11 2022] GET /placement/allocation_candidates?limit=1000&resources=DISK_GB%3A1%2CMEMORY_MB%3A1024%2CVCPU%3A1&root_required=%21COMPUTE_STATUS_DISABLED => generated 767 bytes in 170 msecs (HTTP/1.1 200) 8 headers in 296 bytes (1 switches on core 0)
May 26 19:37:12.352584 dv-cinder-825492-17-iscsi devstack@placement-api.service[105177]: DEBUG placement.requestlog [req-35350720-82e2-4bce-bd56-e471a8bf37bb req-8fee0509-da53-4413-adf9-599224e09f13 None None] Starting request: 10.222.0.72 "GET /placement/allocations/ebe881d0-23c9-414a-a94b-8be8035792f4" {{(pid=105177) __call__ /opt/stack/placement/placement/requestlog.py:55}}
May 26 19:37:12.369613 dv-cinder-825492-17-iscsi devstack@placement-api.service[105177]: INFO placement.requestlog [req-35350720-82e2-4bce-bd56-e471a8bf37bb req-8fee0509-da53-4413-adf9-599224e09f13 service placement] 10.222.0.72 "GET /placement/allocations/ebe881d0-23c9-414a-a94b-8be8035792f4" status: 200 len: 19 microversion: 1.28
May 26 19:37:12.379697 dv-cinder-825492-17-iscsi devstack@placement-api.service[105177]: [pid: 105177|app: 0|req: 12/23] 10.222.0.72 () {60 vars in 1380 bytes} [Thu May 26 19:37:12 2022] GET /placement/allocations/ebe881d0-23c9-414a-a94b-8be8035792f4 => generated 19 bytes in 27 msecs (HTTP/1.1 200) 8 headers in 295 bytes (1 switches on core 0)
May 26 19:37:12.390759 dv-cinder-825492-17-iscsi devstack@placement-api.service[105176]: DEBUG placement.requestlog [req-35350720-82e2-4bce-bd56-e471a8bf37bb req-2542e572-b84d-43cf-ad46-a9df1ddd1acb None None] Starting request: 10.222.0.72 "PUT /placement/allocations/ebe881d0-23c9-414a-a94b-8be8035792f4" {{(pid=105176) __call__ /opt/stack/placement/placement/requestlog.py:55}}
May 26 19:37:12.729304 dv-cinder-825492-17-iscsi devstack@placement-api.service[105176]: DEBUG placement.handlers.allocation [req-35350720-82e2-4bce-bd56-e471a8bf37bb req-2542e572-b84d-43cf-ad46-a9df1ddd1acb service placement] Successfully wrote allocations [, , ] {{(pid=105176) _update_consumers_and_create_allocations /opt/stack/placement/placement/handlers/allocation.py:462}}
May 26 19:37:12.827466 dv-cinder-825492-17-iscsi devstack@placement-api.service[105176]: INFO placement.requestlog [req-35350720-82e2-4bce-bd56-e471a8bf37bb req-2542e572-b84d-43cf-ad46-a9df1ddd1acb service placement] 10.222.0.72 "PUT /placement/allocations/ebe881d0-23c9-414a-a94b-8be8035792f4" status: 204 len: 0 microversion: 1.36
May 26 19:37:12.830591 dv-cinder-825492-17-iscsi devstack@placement-api.service[105176]: [pid: 105176|app: 0|req: 12/24] 10.222.0.72 () {64 vars in 1433 bytes} [Thu May 26 19:37:12 2022] PUT /placement/allocations/ebe881d0-23c9-414a-a94b-8be8035792f4 => generated 0 bytes in 440 msecs (HTTP/1.1 204) 5 headers in 199 bytes (2 switches on core 0)
May 26 19:37:14.192744 dv-cinder-825492-17-iscsi devstack@placement-api.service[105177]: DEBUG placement.requestlog [req-1c1edf37-9fa5-4099-bc76-e479ef0af66c req-22ca5c40-f53f-4805-8e3e-c1cad8e00859 None None] Starting request: 10.222.0.72 "GET /placement/allocation_candidates?limit=1000&resources=DISK_GB%3A1%2CMEMORY_MB%3A1024%2CVCPU%3A1&root_required=%21COMPUTE_STATUS_DISABLED" {{(pid=105177) __call__ /opt/stack/placement/placement/requestlog.py:55}}
May 26 19:37:14.281390 dv-cinder-825492-17-iscsi devstack@placement-api.service[105177]: DEBUG placement.objects.research_context [req-1c1edf37-9fa5-4099-bc76-e479ef0af66c req-22ca5c40-f53f-4805-8e3e-c1cad8e00859 service placement] getting providers with 1 DISK_GB {{(pid=105177) __init__ /opt/stack/placement/placement/objects/research_context.py:136}}
May 26 19:37:14.297180 dv-cinder-825492-17-iscsi devstack@placement-api.service[105177]: DEBUG placement.objects.research_context [req-1c1edf37-9fa5-4099-bc76-e479ef0af66c req-22ca5c40-f53f-4805-8e3e-c1cad8e00859 service placement] getting providers with 1024 MEMORY_MB {{(pid=105177) __init__ /opt/stack/placement/placement/objects/research_context.py:136}}
May 26 19:37:14.306177 dv-cinder-825492-17-iscsi devstack@placement-api.service[105177]: DEBUG placement.objects.research_context [req-1c1edf37-9fa5-4099-bc76-e479ef0af66c req-22ca5c40-f53f-4805-8e3e-c1cad8e00859 service placement] getting providers with 1 VCPU {{(pid=105177) __init__ /opt/stack/placement/placement/objects/research_context.py:136}}
May 26 19:37:14.322610 dv-cinder-825492-17-iscsi devstack@placement-api.service[105177]: DEBUG placement.objects.research_context [req-1c1edf37-9fa5-4099-bc76-e479ef0af66c req-22ca5c40-f53f-4805-8e3e-c1cad8e00859 service placement] found 1 providers with available 1 DISK_GB {{(pid=105177) get_provider_ids_matching /opt/stack/placement/placement/objects/research_context.py:563}}
May 26 19:37:14.323265 dv-cinder-825492-17-iscsi devstack@placement-api.service[105177]: DEBUG placement.objects.research_context [req-1c1edf37-9fa5-4099-bc76-e479ef0af66c req-22ca5c40-f53f-4805-8e3e-c1cad8e00859 service placement] found 1 providers with available 1024 MEMORY_MB {{(pid=105177) get_provider_ids_matching /opt/stack/placement/placement/objects/research_context.py:563}}
May 26 19:37:14.324286 dv-cinder-825492-17-iscsi devstack@placement-api.service[105177]: DEBUG placement.objects.research_context [req-1c1edf37-9fa5-4099-bc76-e479ef0af66c req-22ca5c40-f53f-4805-8e3e-c1cad8e00859 service placement] found 1 providers after filtering by previous result {{(pid=105177) get_provider_ids_matching /opt/stack/placement/placement/objects/research_context.py:594}}
May 26 19:37:14.325037 dv-cinder-825492-17-iscsi devstack@placement-api.service[105177]: DEBUG placement.objects.research_context [req-1c1edf37-9fa5-4099-bc76-e479ef0af66c req-22ca5c40-f53f-4805-8e3e-c1cad8e00859 service placement] found 1 providers with available 1 VCPU {{(pid=105177) get_provider_ids_matching /opt/stack/placement/placement/objects/research_context.py:563}}
May 26 19:37:14.325908 dv-cinder-825492-17-iscsi devstack@placement-api.service[105177]: DEBUG placement.objects.research_context [req-1c1edf37-9fa5-4099-bc76-e479ef0af66c req-22ca5c40-f53f-4805-8e3e-c1cad8e00859 service placement] found 1 providers after filtering by previous result {{(pid=105177) get_provider_ids_matching /opt/stack/placement/placement/objects/research_context.py:594}}
May 26 19:37:14.350220 dv-cinder-825492-17-iscsi devstack@placement-api.service[105177]: DEBUG placement.objects.allocation_candidate [req-1c1edf37-9fa5-4099-bc76-e479ef0af66c req-22ca5c40-f53f-4805-8e3e-c1cad8e00859 service placement] RequestGroup(use_same_provider=False, resources={DISK_GB:1, MEMORY_MB:1024, VCPU:1}, traits=(), aggregates=[]) (suffix '') returned 1 matches {{(pid=105177) _get_by_requests /opt/stack/placement/placement/objects/allocation_candidate.py:156}}
May 26 19:37:14.350937 dv-cinder-825492-17-iscsi devstack@placement-api.service[105177]: DEBUG placement.objects.allocation_candidate [req-1c1edf37-9fa5-4099-bc76-e479ef0af66c req-22ca5c40-f53f-4805-8e3e-c1cad8e00859 service placement] Merging candidates yields 1 allocation requests and 1 provider summaries {{(pid=105177) _merge_candidates /opt/stack/placement/placement/objects/allocation_candidate.py:809}}
May 26 19:37:14.353168 dv-cinder-825492-17-iscsi devstack@placement-api.service[105177]: INFO placement.requestlog [req-1c1edf37-9fa5-4099-bc76-e479ef0af66c req-22ca5c40-f53f-4805-8e3e-c1cad8e00859 service placement] 10.222.0.72 "GET /placement/allocation_candidates?limit=1000&resources=DISK_GB%3A1%2CMEMORY_MB%3A1024%2CVCPU%3A1&root_required=%21COMPUTE_STATUS_DISABLED" status: 200 len: 767 microversion: 1.36
May 26 19:37:14.354149 dv-cinder-825492-17-iscsi devstack@placement-api.service[105177]: [pid: 105177|app: 0|req: 13/25] 10.222.0.72 () {60 vars in 1506 bytes} [Thu May 26 19:37:14 2022] GET /placement/allocation_candidates?limit=1000&resources=DISK_GB%3A1%2CMEMORY_MB%3A1024%2CVCPU%3A1&root_required=%21COMPUTE_STATUS_DISABLED => generated 767 bytes in 163 msecs (HTTP/1.1 200) 8 headers in 296 bytes (1 switches on core 0)
May 26 19:37:14.435725 dv-cinder-825492-17-iscsi devstack@placement-api.service[105176]: DEBUG placement.requestlog [req-1c1edf37-9fa5-4099-bc76-e479ef0af66c req-ab96f760-258d-4483-aa4b-0292b2b3aa0a None None] Starting request: 10.222.0.72 "GET /placement/allocations/9cdd25a5-210c-4638-95a5-4cf961b1d9d3" {{(pid=105176) __call__ /opt/stack/placement/placement/requestlog.py:55}}
May 26 19:37:14.459889 dv-cinder-825492-17-iscsi devstack@placement-api.service[105176]: INFO placement.requestlog [req-1c1edf37-9fa5-4099-bc76-e479ef0af66c req-ab96f760-258d-4483-aa4b-0292b2b3aa0a service placement] 10.222.0.72 "GET /placement/allocations/9cdd25a5-210c-4638-95a5-4cf961b1d9d3" status: 200 len: 19 microversion: 1.28
May 26 19:37:14.460883 dv-cinder-825492-17-iscsi devstack@placement-api.service[105176]: [pid: 105176|app: 0|req: 13/26] 10.222.0.72 () {60 vars in 1380 bytes} [Thu May 26 19:37:14 2022] GET /placement/allocations/9cdd25a5-210c-4638-95a5-4cf961b1d9d3 => generated 19 bytes in 25 msecs (HTTP/1.1 200) 8 headers in 295 bytes (2 switches on core 0)
May 26 19:37:14.467100 dv-cinder-825492-17-iscsi devstack@placement-api.service[105177]: DEBUG placement.requestlog [req-1c1edf37-9fa5-4099-bc76-e479ef0af66c req-49f680c3-8a7f-4045-83d7-97c53c319365 None None] Starting request: 10.222.0.72 "PUT /placement/allocations/9cdd25a5-210c-4638-95a5-4cf961b1d9d3" {{(pid=105177) __call__ /opt/stack/placement/placement/requestlog.py:55}}
May 26 19:37:14.795260 dv-cinder-825492-17-iscsi devstack@placement-api.service[105177]: DEBUG placement.handlers.allocation [req-1c1edf37-9fa5-4099-bc76-e479ef0af66c req-49f680c3-8a7f-4045-83d7-97c53c319365 service placement] Successfully wrote allocations [, , ] {{(pid=105177) _update_consumers_and_create_allocations /opt/stack/placement/placement/handlers/allocation.py:462}}
May 26 19:37:14.859575 dv-cinder-825492-17-iscsi devstack@placement-api.service[105177]: INFO placement.requestlog [req-1c1edf37-9fa5-4099-bc76-e479ef0af66c req-49f680c3-8a7f-4045-83d7-97c53c319365 service placement] 10.222.0.72 "PUT /placement/allocations/9cdd25a5-210c-4638-95a5-4cf961b1d9d3" status: 204 len: 0 microversion: 1.36
May 26 19:37:14.862014 dv-cinder-825492-17-iscsi devstack@placement-api.service[105177]: [pid: 105177|app: 0|req: 14/27] 10.222.0.72 () {64 vars in 1433 bytes} [Thu May 26 19:37:14 2022] PUT /placement/allocations/9cdd25a5-210c-4638-95a5-4cf961b1d9d3 => generated 0 bytes in 395 msecs (HTTP/1.1 204) 5 headers in 199 bytes (1 switches on core 0)
May 26 19:37:15.048704 dv-cinder-825492-17-iscsi devstack@placement-api.service[105176]: DEBUG placement.requestlog [req-35350720-82e2-4bce-bd56-e471a8bf37bb req-afd224ae-c6ba-4b48-8cf7-72194e992dad None None] Starting request: 10.222.0.77 "GET /placement/allocations/ebe881d0-23c9-414a-a94b-8be8035792f4" {{(pid=105176) __call__ /opt/stack/placement/placement/requestlog.py:55}}
May 26 19:37:15.079255 dv-cinder-825492-17-iscsi devstack@placement-api.service[105176]: INFO placement.requestlog [req-35350720-82e2-4bce-bd56-e471a8bf37bb req-afd224ae-c6ba-4b48-8cf7-72194e992dad service placement] 10.222.0.77 "GET /placement/allocations/ebe881d0-23c9-414a-a94b-8be8035792f4" status: 200 len: 258 microversion: 1.28
May 26 19:37:15.084329 dv-cinder-825492-17-iscsi devstack@placement-api.service[105176]: [pid: 105176|app: 0|req: 14/28] 10.222.0.77 () {60 vars in 1377 bytes} [Thu May 26 19:37:15 2022] GET /placement/allocations/ebe881d0-23c9-414a-a94b-8be8035792f4 => generated 258 bytes in 36 msecs (HTTP/1.1 200) 8 headers in 296 bytes (2 switches on core 0)
May 26 19:37:16.144917 dv-cinder-825492-17-iscsi devstack@placement-api.service[105177]: DEBUG placement.requestlog [req-c62b405d-52bf-4a3b-bbc5-91cc82cb054c req-a3ff531a-20ea-4f5e-bc0b-53797f024a2e None None] Starting request: 10.222.0.72 "GET /placement/allocation_candidates?limit=1000&resources=DISK_GB%3A1%2CMEMORY_MB%3A1024%2CVCPU%3A1&root_required=%21COMPUTE_STATUS_DISABLED" {{(pid=105177) __call__ /opt/stack/placement/placement/requestlog.py:55}}
May 26 19:37:16.246045 dv-cinder-825492-17-iscsi devstack@placement-api.service[105177]: DEBUG placement.objects.research_context [req-c62b405d-52bf-4a3b-bbc5-91cc82cb054c req-a3ff531a-20ea-4f5e-bc0b-53797f024a2e service placement] getting providers with 1 DISK_GB {{(pid=105177) __init__ /opt/stack/placement/placement/objects/research_context.py:136}}
May 26 19:37:16.253446 dv-cinder-825492-17-iscsi devstack@placement-api.service[105177]: DEBUG placement.objects.research_context [req-c62b405d-52bf-4a3b-bbc5-91cc82cb054c req-a3ff531a-20ea-4f5e-bc0b-53797f024a2e service placement] getting providers with 1024 MEMORY_MB {{(pid=105177) __init__ /opt/stack/placement/placement/objects/research_context.py:136}}
May 26 19:37:16.260869 dv-cinder-825492-17-iscsi devstack@placement-api.service[105177]: DEBUG placement.objects.research_context [req-c62b405d-52bf-4a3b-bbc5-91cc82cb054c req-a3ff531a-20ea-4f5e-bc0b-53797f024a2e service placement] getting providers with 1 VCPU {{(pid=105177) __init__ /opt/stack/placement/placement/objects/research_context.py:136}}
May 26 19:37:16.297989 dv-cinder-825492-17-iscsi devstack@placement-api.service[105177]: DEBUG placement.objects.research_context [req-c62b405d-52bf-4a3b-bbc5-91cc82cb054c req-a3ff531a-20ea-4f5e-bc0b-53797f024a2e service placement] found 1 providers with available 1 DISK_GB {{(pid=105177) get_provider_ids_matching /opt/stack/placement/placement/objects/research_context.py:563}}
May 26 19:37:16.298518 dv-cinder-825492-17-iscsi devstack@placement-api.service[105177]: DEBUG placement.objects.research_context [req-c62b405d-52bf-4a3b-bbc5-91cc82cb054c req-a3ff531a-20ea-4f5e-bc0b-53797f024a2e service placement] found 1 providers with available 1024 MEMORY_MB {{(pid=105177) get_provider_ids_matching /opt/stack/placement/placement/objects/research_context.py:563}}
May 26 19:37:16.299057 dv-cinder-825492-17-iscsi devstack@placement-api.service[105177]: DEBUG placement.objects.research_context [req-c62b405d-52bf-4a3b-bbc5-91cc82cb054c req-a3ff531a-20ea-4f5e-bc0b-53797f024a2e service placement] found 1 providers after filtering by previous result {{(pid=105177) get_provider_ids_matching /opt/stack/placement/placement/objects/research_context.py:594}}
May 26 19:37:16.299450 dv-cinder-825492-17-iscsi devstack@placement-api.service[105177]: DEBUG placement.objects.research_context [req-c62b405d-52bf-4a3b-bbc5-91cc82cb054c req-a3ff531a-20ea-4f5e-bc0b-53797f024a2e service placement] found 1 providers with available 1 VCPU {{(pid=105177) get_provider_ids_matching /opt/stack/placement/placement/objects/research_context.py:563}}
May 26 19:37:16.299859 dv-cinder-825492-17-iscsi devstack@placement-api.service[105177]: DEBUG placement.objects.research_context [req-c62b405d-52bf-4a3b-bbc5-91cc82cb054c req-a3ff531a-20ea-4f5e-bc0b-53797f024a2e service placement] found 1 providers after filtering by previous result {{(pid=105177) get_provider_ids_matching /opt/stack/placement/placement/objects/research_context.py:594}}
May 26 19:37:16.329274 dv-cinder-825492-17-iscsi devstack@placement-api.service[105177]: DEBUG placement.objects.allocation_candidate [req-c62b405d-52bf-4a3b-bbc5-91cc82cb054c req-a3ff531a-20ea-4f5e-bc0b-53797f024a2e service placement] RequestGroup(use_same_provider=False, resources={DISK_GB:1, MEMORY_MB:1024, VCPU:1}, traits=(), aggregates=[]) (suffix '') returned 1 matches {{(pid=105177) _get_by_requests /opt/stack/placement/placement/objects/allocation_candidate.py:156}}
May 26 19:37:16.329602 dv-cinder-825492-17-iscsi devstack@placement-api.service[105177]: DEBUG placement.objects.allocation_candidate [req-c62b405d-52bf-4a3b-bbc5-91cc82cb054c req-a3ff531a-20ea-4f5e-bc0b-53797f024a2e service placement] Merging candidates yields 1 allocation requests and 1 provider summaries {{(pid=105177) _merge_candidates /opt/stack/placement/placement/objects/allocation_candidate.py:809}}
May 26 19:37:16.337192 dv-cinder-825492-17-iscsi devstack@placement-api.service[105177]: INFO placement.requestlog [req-c62b405d-52bf-4a3b-bbc5-91cc82cb054c req-a3ff531a-20ea-4f5e-bc0b-53797f024a2e service placement] 10.222.0.72 "GET /placement/allocation_candidates?limit=1000&resources=DISK_GB%3A1%2CMEMORY_MB%3A1024%2CVCPU%3A1&root_required=%21COMPUTE_STATUS_DISABLED" status: 200 len: 767 microversion: 1.36
May 26 19:37:16.337878 dv-cinder-825492-17-iscsi devstack@placement-api.service[105177]: [pid: 105177|app: 0|req: 15/29] 10.222.0.72 () {60 vars in 1506 bytes} [Thu May 26 19:37:16 2022] GET /placement/allocation_candidates?limit=1000&resources=DISK_GB%3A1%2CMEMORY_MB%3A1024%2CVCPU%3A1&root_required=%21COMPUTE_STATUS_DISABLED => generated 767 bytes in 193 msecs (HTTP/1.1 200) 8 headers in 296 bytes (1 switches on core 0)
May 26 19:37:16.469431 dv-cinder-825492-17-iscsi devstack@placement-api.service[105176]: DEBUG placement.requestlog [req-c62b405d-52bf-4a3b-bbc5-91cc82cb054c req-422c2298-521e-494a-b9b1-79276138ab0d None None] Starting request: 10.222.0.72 "GET /placement/allocations/cee8cee6-5c93-4631-a2c1-f371a167fe97" {{(pid=105176) __call__ /opt/stack/placement/placement/requestlog.py:55}}
May 26 19:37:16.485106 dv-cinder-825492-17-iscsi devstack@placement-api.service[105177]: DEBUG placement.requestlog [req-1c1edf37-9fa5-4099-bc76-e479ef0af66c req-539e1887-8d10-4420-8185-94f1ed8bd52d None None] Starting request: 10.222.0.77 "GET /placement/allocations/9cdd25a5-210c-4638-95a5-4cf961b1d9d3" {{(pid=105177) __call__ /opt/stack/placement/placement/requestlog.py:55}}
May 26 19:37:16.500349 dv-cinder-825492-17-iscsi devstack@placement-api.service[105176]: INFO placement.requestlog [req-c62b405d-52bf-4a3b-bbc5-91cc82cb054c req-422c2298-521e-494a-b9b1-79276138ab0d service placement] 10.222.0.72 "GET /placement/allocations/cee8cee6-5c93-4631-a2c1-f371a167fe97" status: 200 len: 19 microversion: 1.28
May 26 19:37:16.501138 dv-cinder-825492-17-iscsi devstack@placement-api.service[105176]: [pid: 105176|app: 0|req: 15/30] 10.222.0.72 () {60 vars in 1380 bytes} [Thu May 26 19:37:16 2022] GET /placement/allocations/cee8cee6-5c93-4631-a2c1-f371a167fe97 => generated 19 bytes in 32 msecs (HTTP/1.1 200) 8 headers in 295 bytes (1 switches on core 0)
May 26 19:37:16.507867 dv-cinder-825492-17-iscsi devstack@placement-api.service[105176]: DEBUG placement.requestlog [req-c62b405d-52bf-4a3b-bbc5-91cc82cb054c req-eb0ec129-6a63-49c7-912d-8a23c2a72201 None None] Starting request: 10.222.0.72 "PUT /placement/allocations/cee8cee6-5c93-4631-a2c1-f371a167fe97" {{(pid=105176) __call__ /opt/stack/placement/placement/requestlog.py:55}}
May 26 19:37:16.548602 dv-cinder-825492-17-iscsi devstack@placement-api.service[105177]: INFO placement.requestlog [req-1c1edf37-9fa5-4099-bc76-e479ef0af66c req-539e1887-8d10-4420-8185-94f1ed8bd52d service placement] 10.222.0.77 "GET /placement/allocations/9cdd25a5-210c-4638-95a5-4cf961b1d9d3" status: 200 len: 258 microversion: 1.28
May 26 19:37:16.550543 dv-cinder-825492-17-iscsi devstack@placement-api.service[105177]: [pid: 105177|app: 0|req: 16/31] 10.222.0.77 () {60 vars in 1377 bytes} [Thu May 26 19:37:16 2022] GET /placement/allocations/9cdd25a5-210c-4638-95a5-4cf961b1d9d3 => generated 258 bytes in 65 msecs (HTTP/1.1 200) 8 headers in 296 bytes (1 switches on core 0)
May 26 19:37:16.893831 dv-cinder-825492-17-iscsi devstack@placement-api.service[105176]: DEBUG dbcounter [-] [105176] Writing DB stats placement:SELECT=77,placement:INSERT=15,placement:DELETE=4,placement:UPDATE=4 {{(pid=105176) stat_writer /usr/local/lib/python3.8/dist-packages/dbcounter.py:114}}
May 26 19:37:16.980475 dv-cinder-825492-17-iscsi devstack@placement-api.service[105176]: DEBUG placement.handlers.allocation [req-c62b405d-52bf-4a3b-bbc5-91cc82cb054c req-eb0ec129-6a63-49c7-912d-8a23c2a72201 service placement] Successfully wrote allocations [, , ] {{(pid=105176) _update_consumers_and_create_allocations /opt/stack/placement/placement/handlers/allocation.py:462}}
May 26 19:37:17.047404 dv-cinder-825492-17-iscsi devstack@placement-api.service[105176]: INFO placement.requestlog [req-c62b405d-52bf-4a3b-bbc5-91cc82cb054c req-eb0ec129-6a63-49c7-912d-8a23c2a72201 service placement] 10.222.0.72 "PUT /placement/allocations/cee8cee6-5c93-4631-a2c1-f371a167fe97" status: 204 len: 0 microversion: 1.36
May 26 19:37:17.048557 dv-cinder-825492-17-iscsi devstack@placement-api.service[105176]: [pid: 105176|app: 0|req: 16/32] 10.222.0.72 () {64 vars in 1433 bytes} [Thu May 26 19:37:16 2022] PUT /placement/allocations/cee8cee6-5c93-4631-a2c1-f371a167fe97 => generated 0 bytes in 541 msecs (HTTP/1.1 204) 5 headers in 199 bytes (1 switches on core 0)
May 26 19:37:18.526167 dv-cinder-825492-17-iscsi devstack@placement-api.service[105177]: DEBUG placement.requestlog [req-c62b405d-52bf-4a3b-bbc5-91cc82cb054c req-fcbfd5bf-a329-4ac1-982c-4dfcda0a8810 None None] Starting request: 10.222.0.77 "GET /placement/allocations/cee8cee6-5c93-4631-a2c1-f371a167fe97" {{(pid=105177) __call__ /opt/stack/placement/placement/requestlog.py:55}}
May 26 19:37:18.539021 dv-cinder-825492-17-iscsi devstack@placement-api.service[105177]: DEBUG dbcounter [-] [105177] Writing DB stats placement:SELECT=58,placement:INSERT=4,placement:DELETE=2,placement:UPDATE=2 {{(pid=105177) stat_writer /usr/local/lib/python3.8/dist-packages/dbcounter.py:114}}
May 26 19:37:18.558663 dv-cinder-825492-17-iscsi devstack@placement-api.service[105177]: INFO placement.requestlog [req-c62b405d-52bf-4a3b-bbc5-91cc82cb054c req-fcbfd5bf-a329-4ac1-982c-4dfcda0a8810 service placement] 10.222.0.77 "GET /placement/allocations/cee8cee6-5c93-4631-a2c1-f371a167fe97" status: 200 len: 258 microversion: 1.28
May 26 19:37:18.559936 dv-cinder-825492-17-iscsi devstack@placement-api.service[105177]: [pid: 105177|app: 0|req: 17/33] 10.222.0.77 () {60 vars in 1377 bytes} [Thu May 26 19:37:18 2022] GET /placement/allocations/cee8cee6-5c93-4631-a2c1-f371a167fe97 => generated 258 bytes in 34 msecs (HTTP/1.1 200) 8 headers in 296 bytes (1 switches on core 0)
May 26 19:37:29.212835 dv-cinder-825492-17-iscsi devstack@placement-api.service[105176]: DEBUG dbcounter [-] [105176] Writing DB stats placement:SELECT=4,placement:DELETE=2,placement:INSERT=3,placement:UPDATE=2 {{(pid=105176) stat_writer /usr/local/lib/python3.8/dist-packages/dbcounter.py:114}}
May 26 19:37:30.516571 dv-cinder-825492-17-iscsi devstack@placement-api.service[105177]: DEBUG dbcounter [-] [105177] Writing DB stats placement:SELECT=3 {{(pid=105177) stat_writer /usr/local/lib/python3.8/dist-packages/dbcounter.py:114}}
May 26 19:38:02.300352 dv-cinder-825492-17-iscsi devstack@placement-api.service[105176]: DEBUG placement.requestlog [req-4a3e6384-8dd9-44c1-9f9f-9650c0a15f2f req-31dcbac0-68fb-40e4-b3fe-40757825f814 None None] Starting request: 10.222.0.77 "GET /placement/resource_providers/ffbfc98c-e746-4296-8232-75b2328a675a/allocations" {{(pid=105176) __call__ /opt/stack/placement/placement/requestlog.py:55}}
May 26 19:38:02.325409 dv-cinder-825492-17-iscsi devstack@placement-api.service[105176]: INFO placement.requestlog [req-4a3e6384-8dd9-44c1-9f9f-9650c0a15f2f req-31dcbac0-68fb-40e4-b3fe-40757825f814 service placement] 10.222.0.77 "GET /placement/resource_providers/ffbfc98c-e746-4296-8232-75b2328a675a/allocations" status: 200 len: 456 microversion: 1.0
May 26 19:38:02.326001 dv-cinder-825492-17-iscsi devstack@placement-api.service[105176]: [pid: 105176|app: 0|req: 17/34] 10.222.0.77 () {58 vars in 1390 bytes} [Thu May 26 19:38:02 2022] GET /placement/resource_providers/ffbfc98c-e746-4296-8232-75b2328a675a/allocations => generated 456 bytes in 26 msecs (HTTP/1.1 200) 6 headers in 224 bytes (1 switches on core 0)
May 26 19:38:08.592499 dv-cinder-825492-17-iscsi devstack@placement-api.service[105177]: DEBUG placement.requestlog [req-268c6416-f5cf-4533-8910-ee684272ec0c req-0ce07903-38ab-4c0d-9ff7-d13f15cb2040 None None] Starting request: 10.222.0.77 "DELETE /placement/allocations/b26f44b8-4d34-4dde-8e5a-e369b12b8ab1" {{(pid=105177) __call__ /opt/stack/placement/placement/requestlog.py:55}}
May 26 19:38:08.824098 dv-cinder-825492-17-iscsi devstack@placement-api.service[105177]: DEBUG placement.handlers.allocation [req-268c6416-f5cf-4533-8910-ee684272ec0c req-0ce07903-38ab-4c0d-9ff7-d13f15cb2040 service placement] Successfully deleted allocations [, , ] {{(pid=105177) delete_allocations /opt/stack/placement/placement/handlers/allocation.py:627}}
May 26 19:38:08.824610 dv-cinder-825492-17-iscsi devstack@placement-api.service[105177]: INFO placement.requestlog [req-268c6416-f5cf-4533-8910-ee684272ec0c req-0ce07903-38ab-4c0d-9ff7-d13f15cb2040 service placement] 10.222.0.77 "DELETE /placement/allocations/b26f44b8-4d34-4dde-8e5a-e369b12b8ab1" status: 204 len: 0 microversion: 1.0
May 26 19:38:08.825011 dv-cinder-825492-17-iscsi devstack@placement-api.service[105177]: [pid: 105177|app: 0|req: 18/35] 10.222.0.77 () {60 vars in 1355 bytes} [Thu May 26 19:38:08 2022] DELETE /placement/allocations/b26f44b8-4d34-4dde-8e5a-e369b12b8ab1 => generated 0 bytes in 233 msecs (HTTP/1.1 204) 5 headers in 198 bytes (1 switches on core 0)
May 26 19:38:12.322705 dv-cinder-825492-17-iscsi devstack@placement-api.service[105176]: DEBUG dbcounter [-] [105176] Writing DB stats placement:SELECT=6 {{(pid=105176) stat_writer /usr/local/lib/python3.8/dist-packages/dbcounter.py:114}}
May 26 19:38:15.623612 dv-cinder-825492-17-iscsi devstack@placement-api.service[105176]: DEBUG placement.requestlog [None req-a7cfa5f2-33f9-4477-aaf7-b6e6661ff7e0 None None] Starting request: 10.222.0.72 "GET /placement/resource_providers/6c804667-945f-47bd-a6ae-16599fdcb36f/aggregates" {{(pid=105176) __call__ /opt/stack/placement/placement/requestlog.py:55}}
May 26 19:38:15.634033 dv-cinder-825492-17-iscsi devstack@placement-api.service[105176]: INFO placement.requestlog [None req-a7cfa5f2-33f9-4477-aaf7-b6e6661ff7e0 service placement] 10.222.0.72 "GET /placement/resource_providers/6c804667-945f-47bd-a6ae-16599fdcb36f/aggregates" status: 404 len: 235 microversion: 1.1
May 26 19:38:15.634346 dv-cinder-825492-17-iscsi devstack@placement-api.service[105176]: [pid: 105176|app: 0|req: 18/36] 10.222.0.72 () {58 vars in 1362 bytes} [Thu May 26 19:38:15 2022] GET /placement/resource_providers/6c804667-945f-47bd-a6ae-16599fdcb36f/aggregates => generated 235 bytes in 11 msecs (HTTP/1.1 404) 5 headers in 202 bytes (1 switches on core 0)
May 26 19:38:15.667643 dv-cinder-825492-17-iscsi devstack@placement-api.service[105177]: DEBUG placement.requestlog [None req-fca48e65-f0de-4694-910d-15fddab3dddf None None] Starting request: 10.222.0.72 "DELETE /placement/resource_providers/6c804667-945f-47bd-a6ae-16599fdcb36f" {{(pid=105177) __call__ /opt/stack/placement/placement/requestlog.py:55}}
May 26 19:38:15.678410 dv-cinder-825492-17-iscsi devstack@placement-api.service[105177]: DEBUG placement.wsgi_wrapper [None req-fca48e65-f0de-4694-910d-15fddab3dddf service placement] Placement API returning an error response: No resource provider with uuid 6c804667-945f-47bd-a6ae-16599fdcb36f found for delete {{(pid=105177) call_func /opt/stack/placement/placement/wsgi_wrapper.py:31}}
May 26 19:38:15.679251 dv-cinder-825492-17-iscsi devstack@placement-api.service[105177]: INFO placement.requestlog [None req-fca48e65-f0de-4694-910d-15fddab3dddf service placement] 10.222.0.72 "DELETE /placement/resource_providers/6c804667-945f-47bd-a6ae-16599fdcb36f" status: 404 len: 246 microversion: 1.1
May 26 19:38:15.679605 dv-cinder-825492-17-iscsi devstack@placement-api.service[105177]: [pid: 105177|app: 0|req: 19/37] 10.222.0.72 () {60 vars in 1351 bytes} [Thu May 26 19:38:15 2022] DELETE /placement/resource_providers/6c804667-945f-47bd-a6ae-16599fdcb36f => generated 246 bytes in 12 msecs (HTTP/1.1 404) 6 headers in 231 bytes (1 switches on core 0)
May 26 19:38:25.633149 dv-cinder-825492-17-iscsi devstack@placement-api.service[105176]: DEBUG dbcounter [-] [105176] Writing DB stats placement:SELECT=2 {{(pid=105176) stat_writer /usr/local/lib/python3.8/dist-packages/dbcounter.py:114}}
May 26 19:38:25.676688 dv-cinder-825492-17-iscsi devstack@placement-api.service[105177]: DEBUG dbcounter [-] [105177] Writing DB stats placement:SELECT=9,placement:DELETE=2 {{(pid=105177) stat_writer /usr/local/lib/python3.8/dist-packages/dbcounter.py:114}}
May 26 19:38:28.262520 dv-cinder-825492-17-iscsi devstack@placement-api.service[105176]: DEBUG placement.requestlog [req-d8d431c4-d7da-4013-ba55-268ba7e121a8 req-e4c8c6f9-21da-43bb-a444-9db28393aec2 None None] Starting request: 10.222.0.72 "GET /placement/allocation_candidates?limit=1000&resources=DISK_GB%3A1%2CMEMORY_MB%3A1024%2CVCPU%3A1&root_required=%21COMPUTE_STATUS_DISABLED" {{(pid=105176) __call__ /opt/stack/placement/placement/requestlog.py:55}}
May 26 19:38:28.296165 dv-cinder-825492-17-iscsi devstack@placement-api.service[105176]: DEBUG placement.objects.research_context [req-d8d431c4-d7da-4013-ba55-268ba7e121a8 req-e4c8c6f9-21da-43bb-a444-9db28393aec2 service placement] getting providers with 1 DISK_GB {{(pid=105176) __init__ /opt/stack/placement/placement/objects/research_context.py:136}}
May 26 19:38:28.301921 dv-cinder-825492-17-iscsi devstack@placement-api.service[105176]: DEBUG placement.objects.research_context [req-d8d431c4-d7da-4013-ba55-268ba7e121a8 req-e4c8c6f9-21da-43bb-a444-9db28393aec2 service placement] getting providers with 1024 MEMORY_MB {{(pid=105176) __init__ /opt/stack/placement/placement/objects/research_context.py:136}}
May 26 19:38:28.306940 dv-cinder-825492-17-iscsi devstack@placement-api.service[105176]: DEBUG placement.objects.research_context [req-d8d431c4-d7da-4013-ba55-268ba7e121a8 req-e4c8c6f9-21da-43bb-a444-9db28393aec2 service placement] getting providers with 1 VCPU {{(pid=105176) __init__ /opt/stack/placement/placement/objects/research_context.py:136}}
May 26 19:38:28.315509 dv-cinder-825492-17-iscsi devstack@placement-api.service[105176]: DEBUG placement.objects.research_context [req-d8d431c4-d7da-4013-ba55-268ba7e121a8 req-e4c8c6f9-21da-43bb-a444-9db28393aec2 service placement] found 1 providers with available 1 DISK_GB {{(pid=105176) get_provider_ids_matching /opt/stack/placement/placement/objects/research_context.py:563}}
May 26 19:38:28.315509 dv-cinder-825492-17-iscsi devstack@placement-api.service[105176]: DEBUG placement.objects.research_context [req-d8d431c4-d7da-4013-ba55-268ba7e121a8 req-e4c8c6f9-21da-43bb-a444-9db28393aec2 service placement] found 1 providers with available 1024 MEMORY_MB {{(pid=105176) get_provider_ids_matching /opt/stack/placement/placement/objects/research_context.py:563}}
May 26 19:38:28.315509 dv-cinder-825492-17-iscsi devstack@placement-api.service[105176]: DEBUG placement.objects.research_context [req-d8d431c4-d7da-4013-ba55-268ba7e121a8 req-e4c8c6f9-21da-43bb-a444-9db28393aec2 service placement] found 1 providers after filtering by previous result {{(pid=105176) get_provider_ids_matching /opt/stack/placement/placement/objects/research_context.py:594}}
May 26 19:38:28.315509 dv-cinder-825492-17-iscsi devstack@placement-api.service[105176]: DEBUG placement.objects.research_context [req-d8d431c4-d7da-4013-ba55-268ba7e121a8 req-e4c8c6f9-21da-43bb-a444-9db28393aec2 service placement] found 1 providers with available 1 VCPU {{(pid=105176) get_provider_ids_matching /opt/stack/placement/placement/objects/research_context.py:563}}
May 26 19:38:28.315509 dv-cinder-825492-17-iscsi devstack@placement-api.service[105176]: DEBUG placement.objects.research_context [req-d8d431c4-d7da-4013-ba55-268ba7e121a8 req-e4c8c6f9-21da-43bb-a444-9db28393aec2 service placement] found 1 providers after filtering by previous result {{(pid=105176) get_provider_ids_matching /opt/stack/placement/placement/objects/research_context.py:594}}
May 26 19:38:28.324494 dv-cinder-825492-17-iscsi devstack@placement-api.service[105176]: DEBUG placement.objects.allocation_candidate [req-d8d431c4-d7da-4013-ba55-268ba7e121a8 req-e4c8c6f9-21da-43bb-a444-9db28393aec2 service placement] RequestGroup(use_same_provider=False, resources={DISK_GB:1, MEMORY_MB:1024, VCPU:1}, traits=(), aggregates=[]) (suffix '') returned 1 matches {{(pid=105176) _get_by_requests /opt/stack/placement/placement/objects/allocation_candidate.py:156}}
May 26 19:38:28.324978 dv-cinder-825492-17-iscsi devstack@placement-api.service[105176]: DEBUG placement.objects.allocation_candidate [req-d8d431c4-d7da-4013-ba55-268ba7e121a8 req-e4c8c6f9-21da-43bb-a444-9db28393aec2 service placement] Merging candidates yields 1 allocation requests and 1 provider summaries {{(pid=105176) _merge_candidates /opt/stack/placement/placement/objects/allocation_candidate.py:809}}
May 26 19:38:28.326469 dv-cinder-825492-17-iscsi devstack@placement-api.service[105176]: INFO placement.requestlog [req-d8d431c4-d7da-4013-ba55-268ba7e121a8 req-e4c8c6f9-21da-43bb-a444-9db28393aec2 service placement] 10.222.0.72 "GET /placement/allocation_candidates?limit=1000&resources=DISK_GB%3A1%2CMEMORY_MB%3A1024%2CVCPU%3A1&root_required=%21COMPUTE_STATUS_DISABLED" status: 200 len: 767 microversion: 1.36
May 26 19:38:28.326886 dv-cinder-825492-17-iscsi devstack@placement-api.service[105176]: [pid: 105176|app: 0|req: 19/38] 10.222.0.72 () {60 vars in 1506 bytes} [Thu May 26 19:38:28 2022] GET /placement/allocation_candidates?limit=1000&resources=DISK_GB%3A1%2CMEMORY_MB%3A1024%2CVCPU%3A1&root_required=%21COMPUTE_STATUS_DISABLED => generated 767 bytes in 65 msecs (HTTP/1.1 200) 8 headers in 296 bytes (1 switches on core 0)
May 26 19:38:28.365760 dv-cinder-825492-17-iscsi devstack@placement-api.service[105177]: DEBUG placement.requestlog [req-d8d431c4-d7da-4013-ba55-268ba7e121a8 req-4278a4a1-9492-49a5-83e2-ef9b00a5482d None None] Starting request: 10.222.0.72 "GET /placement/allocations/915b2746-efa1-4bc1-897f-dd3382e94a03" {{(pid=105177) __call__ /opt/stack/placement/placement/requestlog.py:55}}
May 26 19:38:28.375214 dv-cinder-825492-17-iscsi devstack@placement-api.service[105177]: INFO placement.requestlog [req-d8d431c4-d7da-4013-ba55-268ba7e121a8 req-4278a4a1-9492-49a5-83e2-ef9b00a5482d service placement] 10.222.0.72 "GET /placement/allocations/915b2746-efa1-4bc1-897f-dd3382e94a03" status: 200 len: 19 microversion: 1.28
May 26 19:38:28.375573 dv-cinder-825492-17-iscsi devstack@placement-api.service[105177]: [pid: 105177|app: 0|req: 20/39] 10.222.0.72 () {60 vars in 1380 bytes} [Thu May 26 19:38:28 2022] GET /placement/allocations/915b2746-efa1-4bc1-897f-dd3382e94a03 => generated 19 bytes in 13 msecs (HTTP/1.1 200) 8 headers in 295 bytes (1 switches on core 0)
May 26 19:38:28.381346 dv-cinder-825492-17-iscsi devstack@placement-api.service[105176]: DEBUG placement.requestlog [req-d8d431c4-d7da-4013-ba55-268ba7e121a8 req-3f972f84-26d5-4b69-8bf7-b86733349c9c None None] Starting request: 10.222.0.72 "PUT /placement/allocations/915b2746-efa1-4bc1-897f-dd3382e94a03" {{(pid=105176) __call__ /opt/stack/placement/placement/requestlog.py:55}}
May 26 19:38:28.739799 dv-cinder-825492-17-iscsi devstack@placement-api.service[105176]: DEBUG placement.handlers.allocation [req-d8d431c4-d7da-4013-ba55-268ba7e121a8 req-3f972f84-26d5-4b69-8bf7-b86733349c9c service placement] Successfully wrote allocations [, , ] {{(pid=105176) _update_consumers_and_create_allocations /opt/stack/placement/placement/handlers/allocation.py:462}}
May 26 19:38:28.805678 dv-cinder-825492-17-iscsi devstack@placement-api.service[105176]: INFO placement.requestlog [req-d8d431c4-d7da-4013-ba55-268ba7e121a8 req-3f972f84-26d5-4b69-8bf7-b86733349c9c service placement] 10.222.0.72 "PUT /placement/allocations/915b2746-efa1-4bc1-897f-dd3382e94a03" status: 204 len: 0 microversion: 1.36
May 26 19:38:28.806109 dv-cinder-825492-17-iscsi devstack@placement-api.service[105176]: [pid: 105176|app: 0|req: 20/40] 10.222.0.72 () {64 vars in 1433 bytes} [Thu May 26 19:38:28 2022] PUT /placement/allocations/915b2746-efa1-4bc1-897f-dd3382e94a03 => generated 0 bytes in 425 msecs (HTTP/1.1 204) 5 headers in 199 bytes (2 switches on core 0)
May 26 19:38:31.880784 dv-cinder-825492-17-iscsi devstack@placement-api.service[105177]: DEBUG placement.requestlog [req-d8d431c4-d7da-4013-ba55-268ba7e121a8 req-044c1942-e3dc-4764-9359-5e97b32c8d4d None None] Starting request: 10.222.0.77 "GET /placement/allocations/915b2746-efa1-4bc1-897f-dd3382e94a03" {{(pid=105177) __call__ /opt/stack/placement/placement/requestlog.py:55}}
May 26 19:38:31.896152 dv-cinder-825492-17-iscsi devstack@placement-api.service[105177]: INFO placement.requestlog [req-d8d431c4-d7da-4013-ba55-268ba7e121a8 req-044c1942-e3dc-4764-9359-5e97b32c8d4d service placement] 10.222.0.77 "GET /placement/allocations/915b2746-efa1-4bc1-897f-dd3382e94a03" status: 200 len: 258 microversion: 1.28
May 26 19:38:31.896482 dv-cinder-825492-17-iscsi devstack@placement-api.service[105177]: [pid: 105177|app: 0|req: 21/41] 10.222.0.77 () {60 vars in 1377 bytes} [Thu May 26 19:38:31 2022] GET /placement/allocations/915b2746-efa1-4bc1-897f-dd3382e94a03 => generated 258 bytes in 16 msecs (HTTP/1.1 200) 8 headers in 296 bytes (1 switches on core 0)
May 26 19:38:38.739560 dv-cinder-825492-17-iscsi devstack@placement-api.service[105176]: DEBUG dbcounter [-] [105176] Writing DB stats placement:SELECT=27,placement:INSERT=6,placement:DELETE=2,placement:UPDATE=2 {{(pid=105176) stat_writer /usr/local/lib/python3.8/dist-packages/dbcounter.py:114}}
May 26 19:38:41.893823 dv-cinder-825492-17-iscsi devstack@placement-api.service[105177]: DEBUG dbcounter [-] [105177] Writing DB stats placement:SELECT=6 {{(pid=105177) stat_writer /usr/local/lib/python3.8/dist-packages/dbcounter.py:114}}
May 26 19:38:42.899417 dv-cinder-825492-17-iscsi devstack@placement-api.service[105176]: DEBUG placement.requestlog [None req-c7479a7d-e736-4270-a326-f0dde69f19b4 None None] Starting request: 10.222.0.72 "GET /placement/resource_providers/4e11c7ef-92b5-475a-a03b-679ad360cc75/aggregates" {{(pid=105176) __call__ /opt/stack/placement/placement/requestlog.py:55}}
May 26 19:38:42.913294 dv-cinder-825492-17-iscsi devstack@placement-api.service[105176]: INFO placement.requestlog [None req-c7479a7d-e736-4270-a326-f0dde69f19b4 service placement] 10.222.0.72 "GET /placement/resource_providers/4e11c7ef-92b5-475a-a03b-679ad360cc75/aggregates" status: 404 len: 235 microversion: 1.1
May 26 19:38:42.913650 dv-cinder-825492-17-iscsi devstack@placement-api.service[105176]: [pid: 105176|app: 0|req: 21/42] 10.222.0.72 () {58 vars in 1362 bytes} [Thu May 26 19:38:42 2022] GET /placement/resource_providers/4e11c7ef-92b5-475a-a03b-679ad360cc75/aggregates => generated 235 bytes in 15 msecs (HTTP/1.1 404) 5 headers in 202 bytes (1 switches on core 0)
May 26 19:38:43.143829 dv-cinder-825492-17-iscsi devstack@placement-api.service[105177]: DEBUG placement.requestlog [None req-2d031da1-ac33-432b-9bf0-a88a9a97f560 None None] Starting request: 10.222.0.72 "DELETE /placement/resource_providers/4e11c7ef-92b5-475a-a03b-679ad360cc75" {{(pid=105177) __call__ /opt/stack/placement/placement/requestlog.py:55}}
May 26 19:38:43.154054 dv-cinder-825492-17-iscsi devstack@placement-api.service[105177]: DEBUG placement.wsgi_wrapper [None req-2d031da1-ac33-432b-9bf0-a88a9a97f560 service placement] Placement API returning an error response: No resource provider with uuid 4e11c7ef-92b5-475a-a03b-679ad360cc75 found for delete {{(pid=105177) call_func /opt/stack/placement/placement/wsgi_wrapper.py:31}}
May 26 19:38:43.155367 dv-cinder-825492-17-iscsi devstack@placement-api.service[105177]: INFO placement.requestlog [None req-2d031da1-ac33-432b-9bf0-a88a9a97f560 service placement] 10.222.0.72 "DELETE /placement/resource_providers/4e11c7ef-92b5-475a-a03b-679ad360cc75" status: 404 len: 246 microversion: 1.1
May 26 19:38:43.155720 dv-cinder-825492-17-iscsi devstack@placement-api.service[105177]: [pid: 105177|app: 0|req: 22/43] 10.222.0.72 () {60 vars in 1351 bytes} [Thu May 26 19:38:43 2022] DELETE /placement/resource_providers/4e11c7ef-92b5-475a-a03b-679ad360cc75 => generated 246 bytes in 12 msecs (HTTP/1.1 404) 6 headers in 231 bytes (1 switches on core 0)
May 26 19:38:45.189761 dv-cinder-825492-17-iscsi devstack@placement-api.service[105176]: DEBUG placement.requestlog [None req-03eaa4c1-0d61-4c5c-b4c2-7177832024dd None None] Starting request: 10.222.0.72 "GET /placement/resource_providers/7c0723b5-e645-412e-8bca-7962087e8d11/aggregates" {{(pid=105176) __call__ /opt/stack/placement/placement/requestlog.py:55}}
May 26 19:38:45.214593 dv-cinder-825492-17-iscsi devstack@placement-api.service[105176]: INFO placement.requestlog [None req-03eaa4c1-0d61-4c5c-b4c2-7177832024dd service placement] 10.222.0.72 "GET /placement/resource_providers/7c0723b5-e645-412e-8bca-7962087e8d11/aggregates" status: 404 len: 235 microversion: 1.1
May 26 19:38:45.214593 dv-cinder-825492-17-iscsi devstack@placement-api.service[105176]: [pid: 105176|app: 0|req: 22/44] 10.222.0.72 () {58 vars in 1362 bytes} [Thu May 26 19:38:45 2022] GET /placement/resource_providers/7c0723b5-e645-412e-8bca-7962087e8d11/aggregates => generated 235 bytes in 21 msecs (HTTP/1.1 404) 5 headers in 202 bytes (1 switches on core 0)
May 26 19:38:45.220160 dv-cinder-825492-17-iscsi devstack@placement-api.service[105177]: DEBUG placement.requestlog [None req-c85df9d9-0be8-45ad-8beb-16d6b0887b0c None None] Starting request: 10.222.0.72 "DELETE /placement/resource_providers/7c0723b5-e645-412e-8bca-7962087e8d11" {{(pid=105177) __call__ /opt/stack/placement/placement/requestlog.py:55}}
May 26 19:38:45.238632 dv-cinder-825492-17-iscsi devstack@placement-api.service[105177]: DEBUG placement.wsgi_wrapper [None req-c85df9d9-0be8-45ad-8beb-16d6b0887b0c service placement] Placement API returning an error response: No resource provider with uuid 7c0723b5-e645-412e-8bca-7962087e8d11 found for delete {{(pid=105177) call_func /opt/stack/placement/placement/wsgi_wrapper.py:31}}
May 26 19:38:45.239407 dv-cinder-825492-17-iscsi devstack@placement-api.service[105177]: INFO placement.requestlog [None req-c85df9d9-0be8-45ad-8beb-16d6b0887b0c service placement] 10.222.0.72 "DELETE /placement/resource_providers/7c0723b5-e645-412e-8bca-7962087e8d11" status: 404 len: 246 microversion: 1.1
May 26 19:38:45.240255 dv-cinder-825492-17-iscsi devstack@placement-api.service[105177]: [pid: 105177|app: 0|req: 23/45] 10.222.0.72 () {60 vars in 1351 bytes} [Thu May 26 19:38:45 2022] DELETE /placement/resource_providers/7c0723b5-e645-412e-8bca-7962087e8d11 => generated 246 bytes in 20 msecs (HTTP/1.1 404) 6 headers in 231 bytes (1 switches on core 0)
May 26 19:38:55.307687 dv-cinder-825492-17-iscsi devstack@placement-api.service[105176]: DEBUG dbcounter [-] [105176] Writing DB stats placement:SELECT=4 {{(pid=105176) stat_writer /usr/local/lib/python3.8/dist-packages/dbcounter.py:114}}
May 26 19:38:55.308540 dv-cinder-825492-17-iscsi devstack@placement-api.service[105177]: DEBUG dbcounter [-] [105177] Writing DB stats placement:SELECT=4 {{(pid=105177) stat_writer /usr/local/lib/python3.8/dist-packages/dbcounter.py:114}}
May 26 19:38:58.750714 dv-cinder-825492-17-iscsi devstack@placement-api.service[105176]: DEBUG placement.requestlog [req-9dfc03f4-b9d7-459c-a2d3-8819a2121ece req-a2902c83-813b-40af-bab3-f0a574c5062c None None] Starting request: 10.222.0.77 "GET /placement/resource_providers/ffbfc98c-e746-4296-8232-75b2328a675a/allocations" {{(pid=105176) __call__ /opt/stack/placement/placement/requestlog.py:55}}
May 26 19:38:58.786570 dv-cinder-825492-17-iscsi devstack@placement-api.service[105176]: INFO placement.requestlog [req-9dfc03f4-b9d7-459c-a2d3-8819a2121ece req-a2902c83-813b-40af-bab3-f0a574c5062c service placement] 10.222.0.77 "GET /placement/resource_providers/ffbfc98c-e746-4296-8232-75b2328a675a/allocations" status: 200 len: 456 microversion: 1.0
May 26 19:38:58.788302 dv-cinder-825492-17-iscsi devstack@placement-api.service[105176]: [pid: 105176|app: 0|req: 23/46] 10.222.0.77 () {58 vars in 1390 bytes} [Thu May 26 19:38:58 2022] GET /placement/resource_providers/ffbfc98c-e746-4296-8232-75b2328a675a/allocations => generated 456 bytes in 38 msecs (HTTP/1.1 200) 6 headers in 224 bytes (2 switches on core 0)
May 26 19:39:05.811507 dv-cinder-825492-17-iscsi devstack@placement-api.service[105177]: DEBUG placement.requestlog [req-316f0b3c-c28c-4374-a205-e4e18de144ef req-f8701dc6-7cb8-4e34-8d5d-8f008adce5f3 None None] Starting request: 10.222.0.72 "GET /placement/allocation_candidates?limit=1000&resources=DISK_GB%3A1%2CMEMORY_MB%3A1024%2CVCPU%3A1&root_required=%21COMPUTE_STATUS_DISABLED" {{(pid=105177) __call__ /opt/stack/placement/placement/requestlog.py:55}}
May 26 19:39:05.853042 dv-cinder-825492-17-iscsi devstack@placement-api.service[105177]: DEBUG placement.objects.research_context [req-316f0b3c-c28c-4374-a205-e4e18de144ef req-f8701dc6-7cb8-4e34-8d5d-8f008adce5f3 service placement] getting providers with 1 DISK_GB {{(pid=105177) __init__ /opt/stack/placement/placement/objects/research_context.py:136}}
May 26 19:39:05.860210 dv-cinder-825492-17-iscsi devstack@placement-api.service[105177]: DEBUG placement.objects.research_context [req-316f0b3c-c28c-4374-a205-e4e18de144ef req-f8701dc6-7cb8-4e34-8d5d-8f008adce5f3 service placement] getting providers with 1024 MEMORY_MB {{(pid=105177) __init__ /opt/stack/placement/placement/objects/research_context.py:136}}
May 26 19:39:05.867045 dv-cinder-825492-17-iscsi devstack@placement-api.service[105177]: DEBUG placement.objects.research_context [req-316f0b3c-c28c-4374-a205-e4e18de144ef req-f8701dc6-7cb8-4e34-8d5d-8f008adce5f3 service placement] getting providers with 1 VCPU {{(pid=105177) __init__ /opt/stack/placement/placement/objects/research_context.py:136}}
May 26 19:39:05.874705 dv-cinder-825492-17-iscsi devstack@placement-api.service[105177]: DEBUG placement.objects.research_context [req-316f0b3c-c28c-4374-a205-e4e18de144ef req-f8701dc6-7cb8-4e34-8d5d-8f008adce5f3 service placement] found 1 providers with available 1 DISK_GB {{(pid=105177) get_provider_ids_matching /opt/stack/placement/placement/objects/research_context.py:563}}
May 26 19:39:05.875370 dv-cinder-825492-17-iscsi devstack@placement-api.service[105177]: DEBUG placement.objects.research_context [req-316f0b3c-c28c-4374-a205-e4e18de144ef req-f8701dc6-7cb8-4e34-8d5d-8f008adce5f3 service placement] found 1 providers with available 1024 MEMORY_MB {{(pid=105177) get_provider_ids_matching /opt/stack/placement/placement/objects/research_context.py:563}}
May 26 19:39:05.875820 dv-cinder-825492-17-iscsi devstack@placement-api.service[105177]: DEBUG placement.objects.research_context [req-316f0b3c-c28c-4374-a205-e4e18de144ef req-f8701dc6-7cb8-4e34-8d5d-8f008adce5f3 service placement] found 1 providers after filtering by previous result {{(pid=105177) get_provider_ids_matching /opt/stack/placement/placement/objects/research_context.py:594}}
May 26 19:39:05.876233 dv-cinder-825492-17-iscsi devstack@placement-api.service[105177]: DEBUG placement.objects.research_context [req-316f0b3c-c28c-4374-a205-e4e18de144ef req-f8701dc6-7cb8-4e34-8d5d-8f008adce5f3 service placement] found 1 providers with available 1 VCPU {{(pid=105177) get_provider_ids_matching /opt/stack/placement/placement/objects/research_context.py:563}}
