May 25 07:36:27.140902 dv-cinder-825492-15-iscsi neutron-server[104525]: DEBUG neutron.api.v2.base [None req-0806d4c3-5b3f-41e9-9a42-ba5c7bf4c38f admin admin] Request body: {'network': {'name': 'tempest-AttachVolumeShelveTestJSON-1109401832-network', 'tenant_id': 'c4406d5d0e2347f1b96c34496f5ba5ae'}} {{(pid=104525) prepare_request_body /opt/stack/neutron/neutron/api/v2/base.py:730}}
May 25 07:36:27.151213 dv-cinder-825492-15-iscsi neutron-server[104525]: DEBUG neutron.api.v2.base [None req-2c168771-f9dc-43cd-b556-60bcbe5d58e5 admin admin] Request body: {'network': {'name': 'tempest-AttachVolumeTestJSON-679687525-network', 'tenant_id': '294afe2c36184564a80fb6bef7b32359'}} {{(pid=104525) prepare_request_body /opt/stack/neutron/neutron/api/v2/base.py:730}}
May 25 07:36:27.187597 dv-cinder-825492-15-iscsi neutron-server[104526]: DEBUG neutron.scheduler.dhcp_agent_scheduler [None req-ca78fc7b-9b53-46f9-87f2-41f6f78afbd3 admin admin] Network f39d85d3-0173-4496-879c-2b83e234d364 is scheduled to be hosted by DHCP agent 6cf9466f-68ff-4d03-9bb6-0c8244fa88eb with binding_index 1 {{(pid=104526) bind /opt/stack/neutron/neutron/scheduler/dhcp_agent_scheduler.py:227}}
May 25 07:36:27.215536 dv-cinder-825492-15-iscsi neutron-server[104526]: DEBUG neutron_lib.callbacks.manager [None req-bd8efb82-4739-43f3-bb4f-a62aca9f7539 admin admin] Publish callbacks ['neutron.plugins.ml2.ovo_rpc._ObjectChangeHandler.handle_event-278710', 'neutron.api.rpc.agentnotifiers.dhcp_rpc_agent_api.DhcpAgentNotifyAPI._native_event_send_dhcp_notification-1612926'] for network (e9255b8f-85b1-4659-9bc1-7aaec6681338), after_create {{(pid=104526) _notify_loop /usr/local/lib/python3.8/dist-packages/neutron_lib/callbacks/manager.py:176}}
May 25 07:36:27.218644 dv-cinder-825492-15-iscsi neutron-server[104526]: DEBUG neutron.pecan_wsgi.hooks.policy_enforcement [None req-bd8efb82-4739-43f3-bb4f-a62aca9f7539 admin admin] Attributes excluded by policy engine: ['standard_attr_id', 'vlan_transparent'] {{(pid=104526) _exclude_attributes_by_policy /opt/stack/neutron/neutron/pecan_wsgi/hooks/policy_enforcement.py:259}}
May 25 07:36:27.218644 dv-cinder-825492-15-iscsi neutron-server[104526]: DEBUG neutron_lib.callbacks.manager [None req-bd8efb82-4739-43f3-bb4f-a62aca9f7539 admin admin] Publish callbacks ['neutron.api.rpc.agentnotifiers.dhcp_rpc_agent_api.DhcpAgentNotifyAPI._send_dhcp_notification-1612908'] for network (None), before_response {{(pid=104526) _notify_loop /usr/local/lib/python3.8/dist-packages/neutron_lib/callbacks/manager.py:176}}
May 25 07:36:27.303047 dv-cinder-825492-15-iscsi neutron-server[104526]: DEBUG neutron.api.rpc.handlers.resources_rpc [None req-bd8efb82-4739-43f3-bb4f-a62aca9f7539 admin admin] Pushing event updated for resources: {'Network': ['ID=e9255b8f-85b1-4659-9bc1-7aaec6681338,revision_number=1']} {{(pid=104526) push /opt/stack/neutron/neutron/api/rpc/handlers/resources_rpc.py:237}}
May 25 07:36:27.313925 dv-cinder-825492-15-iscsi neutron-server[104527]: DEBUG neutron.plugins.ml2.rpc [None req-4c581813-650f-4b4b-ac0f-82f585bea231 None None] Network e9255b8f-85b1-4659-9bc1-7aaec6681338 details requested by agent ovs-agent-dv-cinder-825492-15-iscsi with host dv-cinder-825492-15-iscsi {{(pid=104527) get_network_details /opt/stack/neutron/neutron/plugins/ml2/rpc.py:248}}
May 25 07:36:27.329858 dv-cinder-825492-15-iscsi neutron-server[104525]: DEBUG neutron.pecan_wsgi.hooks.quota_enforcement [None req-2c168771-f9dc-43cd-b556-60bcbe5d58e5 admin admin] Made reservation on behalf of 294afe2c36184564a80fb6bef7b32359 for: {'network': 1} {{(pid=104525) before /opt/stack/neutron/neutron/pecan_wsgi/hooks/quota_enforcement.py:53}}
May 25 07:36:27.333424 dv-cinder-825492-15-iscsi neutron-server[104525]: DEBUG neutron_lib.callbacks.manager [None req-2c168771-f9dc-43cd-b556-60bcbe5d58e5 admin admin] Publish callbacks ['neutron.plugins.ml2.plugin.SecurityGroupDbMixin._ensure_default_security_group_handler-616651'] for network (None), before_create {{(pid=104525) _notify_loop /usr/local/lib/python3.8/dist-packages/neutron_lib/callbacks/manager.py:176}}
May 25 07:36:27.344864 dv-cinder-825492-15-iscsi neutron-server[104525]: DEBUG neutron_lib.callbacks.manager [None req-2c168771-f9dc-43cd-b556-60bcbe5d58e5 admin admin] Publish callbacks [] for security_group (None), before_create {{(pid=104525) _notify_loop /usr/local/lib/python3.8/dist-packages/neutron_lib/callbacks/manager.py:176}}
May 25 07:36:27.387585 dv-cinder-825492-15-iscsi neutron-server[104526]: DEBUG neutron.scheduler.base_scheduler [None req-ca78fc7b-9b53-46f9-87f2-41f6f78afbd3 admin admin] Resources bound (agent type, host, resource id): (DHCP agent, dv-cinder-825492-15-iscsi, f39d85d3-0173-4496-879c-2b83e234d364) {{(pid=104526) schedule /opt/stack/neutron/neutron/scheduler/base_scheduler.py:57}}
May 25 07:36:27.400063 dv-cinder-825492-15-iscsi neutron-server[104526]: INFO neutron.wsgi [None req-bd8efb82-4739-43f3-bb4f-a62aca9f7539 admin admin] 10.222.0.24 "POST /v2.0/networks HTTP/1.1" status: 201 len: 870 time: 1.2933788
May 25 07:36:27.400063 dv-cinder-825492-15-iscsi neutron-server[104526]: DEBUG neutron.wsgi [-] (104526) accepted ('10.222.0.24', 40606) {{(pid=104526) server /usr/local/lib/python3.8/dist-packages/eventlet/wsgi.py:1004}}
May 25 07:36:27.403516 dv-cinder-825492-15-iscsi neutron-server[104527]: DEBUG neutron.api.rpc.handlers.dhcp_rpc [None req-ce9a879e-4995-4e68-b279-393231986bd5 None None] Network f39d85d3-0173-4496-879c-2b83e234d364 requested from dv-cinder-825492-15-iscsi {{(pid=104527) get_network_info /opt/stack/neutron/neutron/api/rpc/handlers/dhcp_rpc.py:191}}
May 25 07:36:27.403995 dv-cinder-825492-15-iscsi neutron-server[104525]: DEBUG neutron.pecan_wsgi.hooks.quota_enforcement [None req-0806d4c3-5b3f-41e9-9a42-ba5c7bf4c38f admin admin] Made reservation on behalf of c4406d5d0e2347f1b96c34496f5ba5ae for: {'network': 1} {{(pid=104525) before /opt/stack/neutron/neutron/pecan_wsgi/hooks/quota_enforcement.py:53}}
May 25 07:36:27.406559 dv-cinder-825492-15-iscsi neutron-server[104525]: DEBUG neutron_lib.callbacks.manager [None req-0806d4c3-5b3f-41e9-9a42-ba5c7bf4c38f admin admin] Publish callbacks ['neutron.plugins.ml2.plugin.SecurityGroupDbMixin._ensure_default_security_group_handler-616651'] for network (None), before_create {{(pid=104525) _notify_loop /usr/local/lib/python3.8/dist-packages/neutron_lib/callbacks/manager.py:176}}
May 25 07:36:27.407325 dv-cinder-825492-15-iscsi neutron-server[104526]: DEBUG neutron.api.v2.base [None req-79d91b52-093a-4d7f-974f-950f9d5cc62f admin admin] Request body: {'subnet': {'network_id': 'e9255b8f-85b1-4659-9bc1-7aaec6681338', 'cidr': '172.20.0.0/28', 'name': 'tempest-ServerRescueNegativeTestJSON-5943718-subnet', 'tenant_id': 'd4719a4804e24f27b9427e58c5cbe13b', 'enable_dhcp': True, 'ip_version': 4}} {{(pid=104526) prepare_request_body /opt/stack/neutron/neutron/api/v2/base.py:730}}
May 25 07:36:27.411787 dv-cinder-825492-15-iscsi neutron-server[104526]: DEBUG neutron.pecan_wsgi.hooks.policy_enforcement [None req-ca78fc7b-9b53-46f9-87f2-41f6f78afbd3 admin admin] Attributes excluded by policy engine: ['standard_attr_id', 'shared', 'network'] {{(pid=104526) _exclude_attributes_by_policy /opt/stack/neutron/neutron/pecan_wsgi/hooks/policy_enforcement.py:259}}
May 25 07:36:27.412604 dv-cinder-825492-15-iscsi neutron-server[104526]: DEBUG neutron_lib.callbacks.manager [None req-ca78fc7b-9b53-46f9-87f2-41f6f78afbd3 admin admin] Publish callbacks ['neutron.api.rpc.agentnotifiers.dhcp_rpc_agent_api.DhcpAgentNotifyAPI._send_dhcp_notification-1612908'] for subnet (None), before_response {{(pid=104526) _notify_loop /usr/local/lib/python3.8/dist-packages/neutron_lib/callbacks/manager.py:176}}
May 25 07:36:27.427546 dv-cinder-825492-15-iscsi neutron-server[104525]: DEBUG neutron_lib.callbacks.manager [None req-0806d4c3-5b3f-41e9-9a42-ba5c7bf4c38f admin admin] Publish callbacks [] for security_group (None), before_create {{(pid=104525) _notify_loop /usr/local/lib/python3.8/dist-packages/neutron_lib/callbacks/manager.py:176}}
May 25 07:36:27.455318 dv-cinder-825492-15-iscsi neutron-server[104525]: DEBUG neutron_lib.callbacks.manager [None req-34a10273-40bd-4c09-a01e-6828403a8122 admin admin] Publish callbacks ['neutron.plugins.ml2.ovo_rpc._ObjectChangeHandler.handle_event-280644', 'neutron.api.rpc.agentnotifiers.dhcp_rpc_agent_api.DhcpAgentNotifyAPI._native_event_send_dhcp_notification-1612926'] for subnet (4e7fa0a7-2e65-44c2-8a1b-e3bcf2fad0a3), after_create {{(pid=104525) _notify_loop /usr/local/lib/python3.8/dist-packages/neutron_lib/callbacks/manager.py:176}}
May 25 07:36:27.511162 dv-cinder-825492-15-iscsi neutron-server[104526]: INFO neutron.wsgi [None req-ca78fc7b-9b53-46f9-87f2-41f6f78afbd3 admin admin] 10.222.0.24 "POST /v2.0/subnets HTTP/1.1" status: 201 len: 851 time: 1.0552640
May 25 07:36:27.512548 dv-cinder-825492-15-iscsi neutron-server[104526]: DEBUG neutron.pecan_wsgi.hooks.quota_enforcement [None req-79d91b52-093a-4d7f-974f-950f9d5cc62f admin admin] Made reservation on behalf of d4719a4804e24f27b9427e58c5cbe13b for: {'subnet': 1} {{(pid=104526) before /opt/stack/neutron/neutron/pecan_wsgi/hooks/quota_enforcement.py:53}}
May 25 07:36:27.515639 dv-cinder-825492-15-iscsi neutron-server[104526]: DEBUG neutron_lib.callbacks.manager [None req-79d91b52-093a-4d7f-974f-950f9d5cc62f admin admin] Publish callbacks [] for subnet (None), before_create {{(pid=104526) _notify_loop /usr/local/lib/python3.8/dist-packages/neutron_lib/callbacks/manager.py:176}}
May 25 07:36:27.521408 dv-cinder-825492-15-iscsi neutron-server[104526]: DEBUG neutron.wsgi [-] (104526) accepted ('10.222.0.24', 40616) {{(pid=104526) server /usr/local/lib/python3.8/dist-packages/eventlet/wsgi.py:1004}}
May 25 07:36:27.524075 dv-cinder-825492-15-iscsi neutron-server[104525]: DEBUG neutron.api.rpc.handlers.resources_rpc [None req-34a10273-40bd-4c09-a01e-6828403a8122 admin admin] Pushing event updated for resources: {'Subnet': ['ID=4e7fa0a7-2e65-44c2-8a1b-e3bcf2fad0a3,revision_number=0']} {{(pid=104525) push /opt/stack/neutron/neutron/api/rpc/handlers/resources_rpc.py:237}}
May 25 07:36:27.538357 dv-cinder-825492-15-iscsi neutron-server[104526]: DEBUG neutron.api.v2.base [None req-19851236-9668-4fa0-a451-3c4a452bfbfd admin admin] Request body: {'router': {'name': 'tempest-AttachVolumeNegativeTest-2135659387-router', 'tenant_id': '2d8e35800ce043acbcb027ce406ed2e7', 'external_gateway_info': {'network_id': '29c629bd-3f50-4535-bfbc-a047608d6fb6'}}} {{(pid=104526) prepare_request_body /opt/stack/neutron/neutron/api/v2/base.py:730}}
May 25 07:36:27.564119 dv-cinder-825492-15-iscsi neutron-server[104526]: DEBUG dbcounter [-] [104526] Writing DB stats neutron:SELECT=82,neutron:INSERT=11,neutron:UPDATE=3,neutron:DELETE=4 {{(pid=104526) stat_writer /usr/local/lib/python3.8/dist-packages/dbcounter.py:114}}
May 25 07:36:27.567539 dv-cinder-825492-15-iscsi neutron-server[104527]: DEBUG neutron.api.rpc.handlers.dhcp_rpc [None req-5bcba0cf-69d8-4161-85a8-e467882f955c None None] Create dhcp port {'port': {'name': '', 'admin_state_up': True, 'device_id': 'dhcpffcd8e1d-abc4-5fc1-a873-fed7d59917e2-f39d85d3-0173-4496-879c-2b83e234d364', 'network_id': 'f39d85d3-0173-4496-879c-2b83e234d364', 'project_id': '2d8e35800ce043acbcb027ce406ed2e7', 'fixed_ips': [{'subnet_id': '4aef3d06-f4fb-4751-a5a8-ab68314fa54a'}]}} from dv-cinder-825492-15-iscsi. {{(pid=104527) create_dhcp_port /opt/stack/neutron/neutron/api/rpc/handlers/dhcp_rpc.py:268}}
May 25 07:36:27.569636 dv-cinder-825492-15-iscsi neutron-server[104527]: DEBUG neutron_lib.callbacks.manager [None req-5bcba0cf-69d8-4161-85a8-e467882f955c None None] Publish callbacks ['neutron.plugins.ml2.plugin.SecurityGroupDbMixin._ensure_default_security_group_handler-616651'] for port (None), before_create {{(pid=104527) _notify_loop /usr/local/lib/python3.8/dist-packages/neutron_lib/callbacks/manager.py:176}}
May 25 07:36:27.598112 dv-cinder-825492-15-iscsi neutron-server[104525]: DEBUG neutron_lib.callbacks.manager [None req-2c168771-f9dc-43cd-b556-60bcbe5d58e5 admin admin] Publish callbacks [] for security_group (5fb0f326-13cb-4a19-88e8-59ed417b9ef2), precommit_create {{(pid=104525) _notify_loop /usr/local/lib/python3.8/dist-packages/neutron_lib/callbacks/manager.py:176}}
May 25 07:36:27.606695 dv-cinder-825492-15-iscsi neutron-server[104525]: DEBUG neutron.plugins.ml2.drivers.mech_agent [None req-34a10273-40bd-4c09-a01e-6828403a8122 admin admin] Checking segment: {'id': '3f3ca2e8-0b6a-4310-9de6-1d405d8acaba', 'network_type': 'vlan', 'physical_network': 'physnet1', 'segmentation_id': 266, 'network_id': '393dac28-ed3c-466a-907d-db6538b59cca'} for mappings: {'physnet1': 'br-data'} with network types: ['local', 'flat', 'vlan'] {{(pid=104525) check_segment_for_agent /opt/stack/neutron/neutron/plugins/ml2/drivers/mech_agent.py:373}}
May 25 07:36:27.607070 dv-cinder-825492-15-iscsi neutron-server[104525]: DEBUG neutron.scheduler.dhcp_agent_scheduler [None req-34a10273-40bd-4c09-a01e-6828403a8122 admin admin] Network hostable DHCP agents. Network: 393dac28-ed3c-466a-907d-db6538b59cca, hostable agents: ['6cf9466f-68ff-4d03-9bb6-0c8244fa88eb'], hosted agents: [] {{(pid=104525) _get_network_hostable_dhcp_agents /opt/stack/neutron/neutron/scheduler/dhcp_agent_scheduler.py:329}}
May 25 07:36:27.659516 dv-cinder-825492-15-iscsi neutron-server[104525]: DEBUG neutron_lib.callbacks.manager [None req-0806d4c3-5b3f-41e9-9a42-ba5c7bf4c38f admin admin] Publish callbacks [] for security_group (6df3a27b-29a7-46ba-8b60-db76f077022b), precommit_create {{(pid=104525) _notify_loop /usr/local/lib/python3.8/dist-packages/neutron_lib/callbacks/manager.py:176}}
May 25 07:36:27.674295 dv-cinder-825492-15-iscsi neutron-server[104525]: DEBUG neutron_lib.callbacks.manager [None req-2c168771-f9dc-43cd-b556-60bcbe5d58e5 admin admin] Publish callbacks ['neutron.plugins.ml2.ovo_rpc._ObjectChangeHandler.handle_event-278753'] for security_group (5fb0f326-13cb-4a19-88e8-59ed417b9ef2), after_create {{(pid=104525) _notify_loop /usr/local/lib/python3.8/dist-packages/neutron_lib/callbacks/manager.py:176}}
May 25 07:36:27.704957 dv-cinder-825492-15-iscsi neutron-server[104525]: DEBUG neutron.plugins.ml2.drivers.helpers [None req-2c168771-f9dc-43cd-b556-60bcbe5d58e5 admin admin] vlan segment allocate from pool success with {'physical_network': 'physnet1', 'vlan_id': 255} {{(pid=104525) allocate_partially_specified_segment /opt/stack/neutron/neutron/plugins/ml2/drivers/helpers.py:153}}
May 25 07:36:27.711156 dv-cinder-825492-15-iscsi neutron-server[104525]: DEBUG neutron.api.rpc.handlers.resources_rpc [None req-2c168771-f9dc-43cd-b556-60bcbe5d58e5 admin admin] Pushing event updated for resources: {'SecurityGroup': ['ID=5fb0f326-13cb-4a19-88e8-59ed417b9ef2,revision_number=1']} {{(pid=104525) push /opt/stack/neutron/neutron/api/rpc/handlers/resources_rpc.py:237}}
May 25 07:36:27.735857 dv-cinder-825492-15-iscsi neutron-server[104525]: DEBUG neutron_lib.callbacks.manager [None req-2c168771-f9dc-43cd-b556-60bcbe5d58e5 admin admin] Publish callbacks ['neutron.services.segments.db._add_segment_host_mapping_for_segment-8754056472926', 'neutron.plugins.ml2.plugin.Ml2Plugin._handle_segment_change-1513389'] for segment (39d8adcc-894d-48bd-a642-230f02087ed7), precommit_create {{(pid=104525) _notify_loop /usr/local/lib/python3.8/dist-packages/neutron_lib/callbacks/manager.py:176}}
May 25 07:36:27.736564 dv-cinder-825492-15-iscsi neutron-server[104525]: INFO neutron.db.segments_db [None req-2c168771-f9dc-43cd-b556-60bcbe5d58e5 admin admin] Added segment 39d8adcc-894d-48bd-a642-230f02087ed7 of type vlan for network f85a9936-18a2-497c-90b9-ba6df25b9b6e
May 25 07:36:27.748824 dv-cinder-825492-15-iscsi neutron-server[104525]: DEBUG neutron.scheduler.dhcp_agent_scheduler [None req-34a10273-40bd-4c09-a01e-6828403a8122 admin admin] Network 393dac28-ed3c-466a-907d-db6538b59cca is scheduled to be hosted by DHCP agent 6cf9466f-68ff-4d03-9bb6-0c8244fa88eb with binding_index 1 {{(pid=104525) bind /opt/stack/neutron/neutron/scheduler/dhcp_agent_scheduler.py:227}}
May 25 07:36:27.759949 dv-cinder-825492-15-iscsi neutron-server[104525]: DEBUG neutron_lib.callbacks.manager [None req-0806d4c3-5b3f-41e9-9a42-ba5c7bf4c38f admin admin] Publish callbacks ['neutron.plugins.ml2.ovo_rpc._ObjectChangeHandler.handle_event-278753'] for security_group (6df3a27b-29a7-46ba-8b60-db76f077022b), after_create {{(pid=104525) _notify_loop /usr/local/lib/python3.8/dist-packages/neutron_lib/callbacks/manager.py:176}}
May 25 07:36:27.793510 dv-cinder-825492-15-iscsi neutron-server[104526]: DEBUG neutron_lib.callbacks.manager [None req-19851236-9668-4fa0-a451-3c4a452bfbfd admin admin] Publish callbacks ['neutron.services.l3_router.l3_router_plugin.L3_HA_NAT_db_mixin._before_router_create_handler-1616943', 'neutron.services.l3_router.service_providers.driver_controller.DriverController._check_router_request-4883'] for router (27856324-98d4-4244-bd01-93343ae31478), before_create {{(pid=104526) _notify_loop /usr/local/lib/python3.8/dist-packages/neutron_lib/callbacks/manager.py:176}}
May 25 07:36:27.794588 dv-cinder-825492-15-iscsi neutron-server[104526]: DEBUG neutron_lib.callbacks.manager [None req-19851236-9668-4fa0-a451-3c4a452bfbfd admin admin] Publish callbacks ['neutron.services.l3_router.l3_router_plugin.L3_HA_NAT_db_mixin._precommit_router_create-1616063', 'neutron.services.l3_router.l3_router_plugin.DVRResourceOperationHandler._set_distributed_flag-1614895', 'neutron.services.l3_router.l3_router_plugin.RouterAvailabilityZoneMixin._process_az_request-299349', 'neutron.services.l3_router.service_providers.driver_controller.DriverController._set_router_provider-4888'] for router (27856324-98d4-4244-bd01-93343ae31478), precommit_create {{(pid=104526) _notify_loop /usr/local/lib/python3.8/dist-packages/neutron_lib/callbacks/manager.py:176}}
May 25 07:36:27.815126 dv-cinder-825492-15-iscsi neutron-server[104525]: DEBUG neutron.plugins.ml2.drivers.helpers [None req-0806d4c3-5b3f-41e9-9a42-ba5c7bf4c38f admin admin] vlan segment allocate from pool success with {'physical_network': 'physnet1', 'vlan_id': 250} {{(pid=104525) allocate_partially_specified_segment /opt/stack/neutron/neutron/plugins/ml2/drivers/helpers.py:153}}
May 25 07:36:27.840804 dv-cinder-825492-15-iscsi neutron-server[104527]: DEBUG neutron.db.db_base_plugin_common [None req-5bcba0cf-69d8-4161-85a8-e467882f955c None None] Allocated IP 172.20.0.2 (f39d85d3-0173-4496-879c-2b83e234d364/4aef3d06-f4fb-4751-a5a8-ab68314fa54a/65d471ed-8b6e-49cf-8a4b-6bd705fb3fd2) {{(pid=104527) _store_ip_allocation /opt/stack/neutron/neutron/db/db_base_plugin_common.py:131}}
May 25 07:36:27.850112 dv-cinder-825492-15-iscsi neutron-server[104525]: DEBUG neutron_lib.callbacks.manager [None req-2c168771-f9dc-43cd-b556-60bcbe5d58e5 admin admin] Publish callbacks ['neutron.services.auto_allocate.db._ensure_external_network_default_value_callback-8754056145246'] for network (f85a9936-18a2-497c-90b9-ba6df25b9b6e), precommit_create {{(pid=104525) _notify_loop /usr/local/lib/python3.8/dist-packages/neutron_lib/callbacks/manager.py:176}}
May 25 07:36:27.852377 dv-cinder-825492-15-iscsi neutron-server[104526]: DEBUG neutron_lib.callbacks.manager [None req-19851236-9668-4fa0-a451-3c4a452bfbfd admin admin] Publish callbacks [] for router_controller (27856324-98d4-4244-bd01-93343ae31478), precommit_add_association {{(pid=104526) _notify_loop /usr/local/lib/python3.8/dist-packages/neutron_lib/callbacks/manager.py:176}}
May 25 07:36:27.859004 dv-cinder-825492-15-iscsi neutron-server[104525]: DEBUG neutron.api.rpc.handlers.resources_rpc [None req-0806d4c3-5b3f-41e9-9a42-ba5c7bf4c38f admin admin] Pushing event updated for resources: {'SecurityGroup': ['ID=6df3a27b-29a7-46ba-8b60-db76f077022b,revision_number=1']} {{(pid=104525) push /opt/stack/neutron/neutron/api/rpc/handlers/resources_rpc.py:237}}
May 25 07:36:27.862149 dv-cinder-825492-15-iscsi neutron-server[104525]: DEBUG neutron_lib.callbacks.manager [None req-0806d4c3-5b3f-41e9-9a42-ba5c7bf4c38f admin admin] Publish callbacks ['neutron.services.segments.db._add_segment_host_mapping_for_segment-8754056472926', 'neutron.plugins.ml2.plugin.Ml2Plugin._handle_segment_change-1513389'] for segment (5e8ca1f8-871e-422d-b246-85fba594b2cb), precommit_create {{(pid=104525) _notify_loop /usr/local/lib/python3.8/dist-packages/neutron_lib/callbacks/manager.py:176}}
May 25 07:36:27.862777 dv-cinder-825492-15-iscsi neutron-server[104525]: INFO neutron.db.segments_db [None req-0806d4c3-5b3f-41e9-9a42-ba5c7bf4c38f admin admin] Added segment 5e8ca1f8-871e-422d-b246-85fba594b2cb of type vlan for network 7eef0ae9-55de-48c4-ada3-da713e1942b9
May 25 07:36:27.878590 dv-cinder-825492-15-iscsi neutron-server[104526]: DEBUG neutron_lib.callbacks.manager [None req-79d91b52-093a-4d7f-974f-950f9d5cc62f admin admin] Publish callbacks ['neutron.plugins.ml2.ovo_rpc._ObjectChangeHandler.handle_event-280644', 'neutron.api.rpc.agentnotifiers.dhcp_rpc_agent_api.DhcpAgentNotifyAPI._native_event_send_dhcp_notification-1612926'] for subnet (2bd01566-eaf4-4493-b26a-8c7ef6fcaf51), after_create {{(pid=104526) _notify_loop /usr/local/lib/python3.8/dist-packages/neutron_lib/callbacks/manager.py:176}}
May 25 07:36:27.892071 dv-cinder-825492-15-iscsi neutron-server[104525]: DEBUG neutron.scheduler.base_scheduler [None req-34a10273-40bd-4c09-a01e-6828403a8122 admin admin] Resources bound (agent type, host, resource id): (DHCP agent, dv-cinder-825492-15-iscsi, 393dac28-ed3c-466a-907d-db6538b59cca) {{(pid=104525) schedule /opt/stack/neutron/neutron/scheduler/base_scheduler.py:57}}
May 25 07:36:27.900158 dv-cinder-825492-15-iscsi neutron-server[104527]: DEBUG neutron.api.rpc.handlers.dhcp_rpc [None req-d9d79bfb-6954-40a9-b6ec-bdbb8cf1c98e None None] Network 393dac28-ed3c-466a-907d-db6538b59cca requested from dv-cinder-825492-15-iscsi {{(pid=104527) get_network_info /opt/stack/neutron/neutron/api/rpc/handlers/dhcp_rpc.py:191}}
May 25 07:36:27.935617 dv-cinder-825492-15-iscsi neutron-server[104525]: DEBUG neutron.pecan_wsgi.hooks.policy_enforcement [None req-34a10273-40bd-4c09-a01e-6828403a8122 admin admin] Attributes excluded by policy engine: ['standard_attr_id', 'shared', 'network'] {{(pid=104525) _exclude_attributes_by_policy /opt/stack/neutron/neutron/pecan_wsgi/hooks/policy_enforcement.py:259}}
May 25 07:36:27.936310 dv-cinder-825492-15-iscsi neutron-server[104525]: DEBUG neutron_lib.callbacks.manager [None req-34a10273-40bd-4c09-a01e-6828403a8122 admin admin] Publish callbacks ['neutron.api.rpc.agentnotifiers.dhcp_rpc_agent_api.DhcpAgentNotifyAPI._send_dhcp_notification-1612908'] for subnet (None), before_response {{(pid=104525) _notify_loop /usr/local/lib/python3.8/dist-packages/neutron_lib/callbacks/manager.py:176}}
May 25 07:36:27.942705 dv-cinder-825492-15-iscsi neutron-server[104526]: DEBUG neutron.api.rpc.handlers.resources_rpc [None req-79d91b52-093a-4d7f-974f-950f9d5cc62f admin admin] Pushing event updated for resources: {'Subnet': ['ID=2bd01566-eaf4-4493-b26a-8c7ef6fcaf51,revision_number=0']} {{(pid=104526) push /opt/stack/neutron/neutron/api/rpc/handlers/resources_rpc.py:237}}
May 25 07:36:27.956448 dv-cinder-825492-15-iscsi neutron-server[104525]: DEBUG neutron_lib.callbacks.manager [None req-0806d4c3-5b3f-41e9-9a42-ba5c7bf4c38f admin admin] Publish callbacks ['neutron.services.auto_allocate.db._ensure_external_network_default_value_callback-8754056145246'] for network (7eef0ae9-55de-48c4-ada3-da713e1942b9), precommit_create {{(pid=104525) _notify_loop /usr/local/lib/python3.8/dist-packages/neutron_lib/callbacks/manager.py:176}}
May 25 07:36:28.066923 dv-cinder-825492-15-iscsi neutron-server[104525]: DEBUG neutron_lib.callbacks.manager [None req-2c168771-f9dc-43cd-b556-60bcbe5d58e5 admin admin] Publish callbacks ['neutron.plugins.ml2.ovo_rpc._ObjectChangeHandler.handle_event-278710', 'neutron.api.rpc.agentnotifiers.dhcp_rpc_agent_api.DhcpAgentNotifyAPI._native_event_send_dhcp_notification-1612926'] for network (f85a9936-18a2-497c-90b9-ba6df25b9b6e), after_create {{(pid=104525) _notify_loop /usr/local/lib/python3.8/dist-packages/neutron_lib/callbacks/manager.py:176}}
May 25 07:36:28.068280 dv-cinder-825492-15-iscsi neutron-server[104525]: DEBUG neutron.pecan_wsgi.hooks.policy_enforcement [None req-2c168771-f9dc-43cd-b556-60bcbe5d58e5 admin admin] Attributes excluded by policy engine: ['standard_attr_id', 'vlan_transparent'] {{(pid=104525) _exclude_attributes_by_policy /opt/stack/neutron/neutron/pecan_wsgi/hooks/policy_enforcement.py:259}}
May 25 07:36:28.069089 dv-cinder-825492-15-iscsi neutron-server[104525]: DEBUG neutron_lib.callbacks.manager [None req-2c168771-f9dc-43cd-b556-60bcbe5d58e5 admin admin] Publish callbacks ['neutron.api.rpc.agentnotifiers.dhcp_rpc_agent_api.DhcpAgentNotifyAPI._send_dhcp_notification-1612908'] for network (None), before_response {{(pid=104525) _notify_loop /usr/local/lib/python3.8/dist-packages/neutron_lib/callbacks/manager.py:176}}
May 25 07:36:28.091466 dv-cinder-825492-15-iscsi neutron-server[104525]: INFO neutron.wsgi [None req-34a10273-40bd-4c09-a01e-6828403a8122 admin admin] 10.222.0.24 "POST /v2.0/subnets HTTP/1.1" status: 201 len: 849 time: 1.2040474
May 25 07:36:28.118562 dv-cinder-825492-15-iscsi neutron-server[104526]: DEBUG neutron.plugins.ml2.drivers.mech_agent [None req-79d91b52-093a-4d7f-974f-950f9d5cc62f admin admin] Checking segment: {'id': '969a65dc-e069-48a8-ad7f-e38fdf9684ce', 'network_type': 'vlan', 'physical_network': 'physnet1', 'segmentation_id': 252, 'network_id': 'e9255b8f-85b1-4659-9bc1-7aaec6681338'} for mappings: {'physnet1': 'br-data'} with network types: ['local', 'flat', 'vlan'] {{(pid=104526) check_segment_for_agent /opt/stack/neutron/neutron/plugins/ml2/drivers/mech_agent.py:373}}
May 25 07:36:28.119127 dv-cinder-825492-15-iscsi neutron-server[104526]: DEBUG neutron.scheduler.dhcp_agent_scheduler [None req-79d91b52-093a-4d7f-974f-950f9d5cc62f admin admin] Network hostable DHCP agents. Network: e9255b8f-85b1-4659-9bc1-7aaec6681338, hostable agents: ['6cf9466f-68ff-4d03-9bb6-0c8244fa88eb'], hosted agents: [] {{(pid=104526) _get_network_hostable_dhcp_agents /opt/stack/neutron/neutron/scheduler/dhcp_agent_scheduler.py:329}}
May 25 07:36:28.127125 dv-cinder-825492-15-iscsi neutron-server[104527]: DEBUG neutron.api.rpc.handlers.dhcp_rpc [None req-6d3f79a5-0ab2-4b84-8125-7bc94b08a4f6 None None] Network 393dac28-ed3c-466a-907d-db6538b59cca requested from dv-cinder-825492-15-iscsi {{(pid=104527) get_network_info /opt/stack/neutron/neutron/api/rpc/handlers/dhcp_rpc.py:191}}
May 25 07:36:28.137998 dv-cinder-825492-15-iscsi neutron-server[104525]: DEBUG neutron_lib.callbacks.manager [None req-0806d4c3-5b3f-41e9-9a42-ba5c7bf4c38f admin admin] Publish callbacks ['neutron.plugins.ml2.ovo_rpc._ObjectChangeHandler.handle_event-278710', 'neutron.api.rpc.agentnotifiers.dhcp_rpc_agent_api.DhcpAgentNotifyAPI._native_event_send_dhcp_notification-1612926'] for network (7eef0ae9-55de-48c4-ada3-da713e1942b9), after_create {{(pid=104525) _notify_loop /usr/local/lib/python3.8/dist-packages/neutron_lib/callbacks/manager.py:176}}
May 25 07:36:28.141450 dv-cinder-825492-15-iscsi neutron-server[104525]: DEBUG neutron.pecan_wsgi.hooks.policy_enforcement [None req-0806d4c3-5b3f-41e9-9a42-ba5c7bf4c38f admin admin] Attributes excluded by policy engine: ['standard_attr_id', 'vlan_transparent'] {{(pid=104525) _exclude_attributes_by_policy /opt/stack/neutron/neutron/pecan_wsgi/hooks/policy_enforcement.py:259}}
May 25 07:36:28.147813 dv-cinder-825492-15-iscsi neutron-server[104525]: DEBUG neutron_lib.callbacks.manager [None req-0806d4c3-5b3f-41e9-9a42-ba5c7bf4c38f admin admin] Publish callbacks ['neutron.api.rpc.agentnotifiers.dhcp_rpc_agent_api.DhcpAgentNotifyAPI._send_dhcp_notification-1612908'] for network (None), before_response {{(pid=104525) _notify_loop /usr/local/lib/python3.8/dist-packages/neutron_lib/callbacks/manager.py:176}}
May 25 07:36:28.197862 dv-cinder-825492-15-iscsi neutron-server[104526]: DEBUG neutron_lib.callbacks.manager [None req-19851236-9668-4fa0-a451-3c4a452bfbfd admin admin] Publish callbacks [] for router_gateway (27856324-98d4-4244-bd01-93343ae31478), precommit_update {{(pid=104526) _notify_loop /usr/local/lib/python3.8/dist-packages/neutron_lib/callbacks/manager.py:176}}
May 25 07:36:28.198081 dv-cinder-825492-15-iscsi neutron-server[104527]: DEBUG neutron_lib.callbacks.manager [None req-5bcba0cf-69d8-4161-85a8-e467882f955c None None] Publish callbacks [] for port (65d471ed-8b6e-49cf-8a4b-6bd705fb3fd2), precommit_create {{(pid=104527) _notify_loop /usr/local/lib/python3.8/dist-packages/neutron_lib/callbacks/manager.py:176}}
May 25 07:36:28.222358 dv-cinder-825492-15-iscsi neutron-server[104525]: DEBUG neutron.api.rpc.handlers.resources_rpc [None req-2c168771-f9dc-43cd-b556-60bcbe5d58e5 admin admin] Pushing event updated for resources: {'Network': ['ID=f85a9936-18a2-497c-90b9-ba6df25b9b6e,revision_number=1']} {{(pid=104525) push /opt/stack/neutron/neutron/api/rpc/handlers/resources_rpc.py:237}}
May 25 07:36:28.247451 dv-cinder-825492-15-iscsi neutron-server[104527]: DEBUG neutron.plugins.ml2.rpc [None req-4c581813-650f-4b4b-ac0f-82f585bea231 None None] Network f85a9936-18a2-497c-90b9-ba6df25b9b6e details requested by agent ovs-agent-dv-cinder-825492-15-iscsi with host dv-cinder-825492-15-iscsi {{(pid=104527) get_network_details /opt/stack/neutron/neutron/plugins/ml2/rpc.py:248}}
May 25 07:36:28.291975 dv-cinder-825492-15-iscsi neutron-server[104525]: DEBUG neutron.api.rpc.handlers.resources_rpc [None req-0806d4c3-5b3f-41e9-9a42-ba5c7bf4c38f admin admin] Pushing event updated for resources: {'Network': ['ID=7eef0ae9-55de-48c4-ada3-da713e1942b9,revision_number=1']} {{(pid=104525) push /opt/stack/neutron/neutron/api/rpc/handlers/resources_rpc.py:237}}
May 25 07:36:28.295994 dv-cinder-825492-15-iscsi neutron-server[104526]: DEBUG neutron.scheduler.dhcp_agent_scheduler [None req-79d91b52-093a-4d7f-974f-950f9d5cc62f admin admin] Network e9255b8f-85b1-4659-9bc1-7aaec6681338 is scheduled to be hosted by DHCP agent 6cf9466f-68ff-4d03-9bb6-0c8244fa88eb with binding_index 1 {{(pid=104526) bind /opt/stack/neutron/neutron/scheduler/dhcp_agent_scheduler.py:227}}
May 25 07:36:28.309173 dv-cinder-825492-15-iscsi neutron-server[104525]: INFO neutron.wsgi [None req-2c168771-f9dc-43cd-b556-60bcbe5d58e5 admin admin] 10.222.0.24 "POST /v2.0/networks HTTP/1.1" status: 201 len: 864 time: 1.4984274
May 25 07:36:28.322055 dv-cinder-825492-15-iscsi neutron-server[104525]: INFO neutron.wsgi [None req-0806d4c3-5b3f-41e9-9a42-ba5c7bf4c38f admin admin] 10.222.0.24 "POST /v2.0/networks HTTP/1.1" status: 201 len: 871 time: 1.6063974
May 25 07:36:28.323254 dv-cinder-825492-15-iscsi neutron-server[104525]: DEBUG neutron.wsgi [-] (104525) accepted ('10.222.0.24', 40644) {{(pid=104525) server /usr/local/lib/python3.8/dist-packages/eventlet/wsgi.py:1004}}
May 25 07:36:28.323374 dv-cinder-825492-15-iscsi neutron-server[104526]: DEBUG neutron.wsgi [-] (104526) accepted ('10.222.0.24', 40646) {{(pid=104526) server /usr/local/lib/python3.8/dist-packages/eventlet/wsgi.py:1004}}
May 25 07:36:28.328724 dv-cinder-825492-15-iscsi neutron-server[104525]: DEBUG neutron.api.v2.base [None req-88db7542-ae12-4318-b200-811a00f3bbbf admin admin] Request body: {'subnet': {'network_id': 'f85a9936-18a2-497c-90b9-ba6df25b9b6e', 'cidr': '172.20.0.0/28', 'name': 'tempest-AttachVolumeTestJSON-679687525-subnet', 'tenant_id': '294afe2c36184564a80fb6bef7b32359', 'enable_dhcp': True, 'ip_version': 4}} {{(pid=104525) prepare_request_body /opt/stack/neutron/neutron/api/v2/base.py:730}}
May 25 07:36:28.336317 dv-cinder-825492-15-iscsi neutron-server[104526]: DEBUG neutron.api.v2.base [None req-6be0036d-20b2-4a18-9e86-93bffdc422dd admin admin] Request body: {'subnet': {'network_id': '7eef0ae9-55de-48c4-ada3-da713e1942b9', 'cidr': '172.20.0.0/28', 'name': 'tempest-AttachVolumeShelveTestJSON-1109401832-subnet', 'tenant_id': 'c4406d5d0e2347f1b96c34496f5ba5ae', 'enable_dhcp': True, 'ip_version': 4}} {{(pid=104526) prepare_request_body /opt/stack/neutron/neutron/api/v2/base.py:730}}
May 25 07:36:28.382484 dv-cinder-825492-15-iscsi neutron-server[104527]: DEBUG neutron.plugins.ml2.rpc [None req-4c581813-650f-4b4b-ac0f-82f585bea231 None None] Network 7eef0ae9-55de-48c4-ada3-da713e1942b9 details requested by agent ovs-agent-dv-cinder-825492-15-iscsi with host dv-cinder-825492-15-iscsi {{(pid=104527) get_network_details /opt/stack/neutron/neutron/plugins/ml2/rpc.py:248}}
May 25 07:36:28.479316 dv-cinder-825492-15-iscsi neutron-server[104525]: DEBUG neutron.pecan_wsgi.hooks.quota_enforcement [None req-88db7542-ae12-4318-b200-811a00f3bbbf admin admin] Made reservation on behalf of 294afe2c36184564a80fb6bef7b32359 for: {'subnet': 1} {{(pid=104525) before /opt/stack/neutron/neutron/pecan_wsgi/hooks/quota_enforcement.py:53}}
May 25 07:36:28.482710 dv-cinder-825492-15-iscsi neutron-server[104525]: DEBUG neutron_lib.callbacks.manager [None req-88db7542-ae12-4318-b200-811a00f3bbbf admin admin] Publish callbacks [] for subnet (None), before_create {{(pid=104525) _notify_loop /usr/local/lib/python3.8/dist-packages/neutron_lib/callbacks/manager.py:176}}
May 25 07:36:28.702589 dv-cinder-825492-15-iscsi neutron-server[104527]: DEBUG neutron_lib.callbacks.manager [None req-5bcba0cf-69d8-4161-85a8-e467882f955c None None] Publish callbacks ['neutron.plugins.ml2.plugin.SecurityGroupServerNotifierRpcMixin._notify_sg_on_port_change-617841', 'neutron.plugins.ml2.ovo_rpc._ObjectChangeHandler.handle_event-131689', 'neutron.api.rpc.agentnotifiers.dhcp_rpc_agent_api.DhcpAgentNotifyAPI._native_event_send_dhcp_notification-1612926', 'neutron.db.l3_dvrscheduler_db._notify_l3_agent_new_port-8754056173864'] for port (65d471ed-8b6e-49cf-8a4b-6bd705fb3fd2), after_create {{(pid=104527) _notify_loop /usr/local/lib/python3.8/dist-packages/neutron_lib/callbacks/manager.py:176}}
May 25 07:36:28.704991 dv-cinder-825492-15-iscsi neutron-server[104527]: DEBUG dbcounter [-] [104527] Writing DB stats neutron:SELECT=93,neutron:INSERT=4,neutron:UPDATE=3 {{(pid=104527) stat_writer /usr/local/lib/python3.8/dist-packages/dbcounter.py:114}}
May 25 07:36:28.750855 dv-cinder-825492-15-iscsi neutron-server[104527]: DEBUG dbcounter [-] [104527] Writing DB stats neutron:SELECT=95,neutron:INSERT=2,neutron:UPDATE=3 {{(pid=104527) stat_writer /usr/local/lib/python3.8/dist-packages/dbcounter.py:114}}
May 25 07:36:28.752513 dv-cinder-825492-15-iscsi neutron-server[104527]: DEBUG neutron.api.rpc.handlers.resources_rpc [None req-5bcba0cf-69d8-4161-85a8-e467882f955c None None] Pushing event updated for resources: {'Port': ['ID=65d471ed-8b6e-49cf-8a4b-6bd705fb3fd2,revision_number=1']} {{(pid=104527) push /opt/stack/neutron/neutron/api/rpc/handlers/resources_rpc.py:237}}
May 25 07:36:28.762038 dv-cinder-825492-15-iscsi neutron-server[104526]: DEBUG neutron_lib.callbacks.manager [None req-19851236-9668-4fa0-a451-3c4a452bfbfd admin admin] Publish callbacks [] for router_gateway (27856324-98d4-4244-bd01-93343ae31478), before_create {{(pid=104526) _notify_loop /usr/local/lib/python3.8/dist-packages/neutron_lib/callbacks/manager.py:176}}
May 25 07:36:28.765976 dv-cinder-825492-15-iscsi neutron-server[104527]: DEBUG neutron.api.rpc.callbacks.version_manager [None req-5bcba0cf-69d8-4161-85a8-e467882f955c None None] Version for resource type AddressGroup changed None to 1.2 on consumer Open vSwitch agent@dv-cinder-825492-15-iscsi {{(pid=104527) _set_version /opt/stack/neutron/neutron/api/rpc/callbacks/version_manager.py:113}}
May 25 07:36:28.766576 dv-cinder-825492-15-iscsi neutron-server[104527]: DEBUG neutron.api.rpc.callbacks.version_manager [None req-5bcba0cf-69d8-4161-85a8-e467882f955c None None] Version for resource type Agent changed None to 1.1 on consumer Open vSwitch agent@dv-cinder-825492-15-iscsi {{(pid=104527) _set_version /opt/stack/neutron/neutron/api/rpc/callbacks/version_manager.py:113}}
May 25 07:36:28.782661 dv-cinder-825492-15-iscsi neutron-server[104527]: DEBUG neutron.api.rpc.callbacks.version_manager [None req-5bcba0cf-69d8-4161-85a8-e467882f955c None None] Version for resource type ConntrackHelper changed None to 1.0 on consumer Open vSwitch agent@dv-cinder-825492-15-iscsi {{(pid=104527) _set_version /opt/stack/neutron/neutron/api/rpc/callbacks/version_manager.py:113}}
May 25 07:36:28.782661 dv-cinder-825492-15-iscsi neutron-server[104527]: DEBUG neutron.api.rpc.callbacks.version_manager [None req-5bcba0cf-69d8-4161-85a8-e467882f955c None None] Version for resource type LocalIPAssociation changed None to 1.0 on consumer Open vSwitch agent@dv-cinder-825492-15-iscsi {{(pid=104527) _set_version /opt/stack/neutron/neutron/api/rpc/callbacks/version_manager.py:113}}
May 25 07:36:28.782661 dv-cinder-825492-15-iscsi neutron-server[104527]: DEBUG neutron.api.rpc.callbacks.version_manager [None req-5bcba0cf-69d8-4161-85a8-e467882f955c None None] Version for resource type Log changed None to 1.0 on consumer Open vSwitch agent@dv-cinder-825492-15-iscsi {{(pid=104527) _set_version /opt/stack/neutron/neutron/api/rpc/callbacks/version_manager.py:113}}
May 25 07:36:28.782661 dv-cinder-825492-15-iscsi neutron-server[104527]: DEBUG neutron.api.rpc.callbacks.version_manager [None req-5bcba0cf-69d8-4161-85a8-e467882f955c None None] Version for resource type NDPProxy changed None to 1.0 on consumer Open vSwitch agent@dv-cinder-825492-15-iscsi {{(pid=104527) _set_version /opt/stack/neutron/neutron/api/rpc/callbacks/version_manager.py:113}}
May 25 07:36:28.782661 dv-cinder-825492-15-iscsi neutron-server[104527]: DEBUG neutron.api.rpc.callbacks.version_manager [None req-5bcba0cf-69d8-4161-85a8-e467882f955c None None] Version for resource type Network changed None to 1.1 on consumer Open vSwitch agent@dv-cinder-825492-15-iscsi {{(pid=104527) _set_version /opt/stack/neutron/neutron/api/rpc/callbacks/version_manager.py:113}}
May 25 07:36:28.782661 dv-cinder-825492-15-iscsi neutron-server[104527]: DEBUG neutron.api.rpc.callbacks.version_manager [None req-5bcba0cf-69d8-4161-85a8-e467882f955c None None] Version for resource type Port changed None to 1.7 on consumer Open vSwitch agent@dv-cinder-825492-15-iscsi {{(pid=104527) _set_version /opt/stack/neutron/neutron/api/rpc/callbacks/version_manager.py:113}}
May 25 07:36:28.782661 dv-cinder-825492-15-iscsi neutron-server[104527]: DEBUG neutron.api.rpc.callbacks.version_manager [None req-5bcba0cf-69d8-4161-85a8-e467882f955c None None] Version for resource type PortForwarding changed None to 1.3 on consumer Open vSwitch agent@dv-cinder-825492-15-iscsi {{(pid=104527) _set_version /opt/stack/neutron/neutron/api/rpc/callbacks/version_manager.py:113}}
May 25 07:36:28.782661 dv-cinder-825492-15-iscsi neutron-server[104527]: DEBUG neutron.api.rpc.callbacks.version_manager [None req-5bcba0cf-69d8-4161-85a8-e467882f955c None None] Version for resource type QosPolicy changed None to 1.10 on consumer Open vSwitch agent@dv-cinder-825492-15-iscsi {{(pid=104527) _set_version /opt/stack/neutron/neutron/api/rpc/callbacks/version_manager.py:113}}
May 25 07:36:28.782661 dv-cinder-825492-15-iscsi neutron-server[104527]: DEBUG neutron.api.rpc.callbacks.version_manager [None req-5bcba0cf-69d8-4161-85a8-e467882f955c None None] Version for resource type SecurityGroup changed None to 1.5 on consumer Open vSwitch agent@dv-cinder-825492-15-iscsi {{(pid=104527) _set_version /opt/stack/neutron/neutron/api/rpc/callbacks/version_manager.py:113}}
May 25 07:36:28.782661 dv-cinder-825492-15-iscsi neutron-server[104527]: DEBUG neutron.api.rpc.callbacks.version_manager [None req-5bcba0cf-69d8-4161-85a8-e467882f955c None None] Version for resource type SecurityGroupRule changed None to 1.2 on consumer Open vSwitch agent@dv-cinder-825492-15-iscsi {{(pid=104527) _set_version /opt/stack/neutron/neutron/api/rpc/callbacks/version_manager.py:113}}
May 25 07:36:28.782661 dv-cinder-825492-15-iscsi neutron-server[104527]: DEBUG neutron.api.rpc.callbacks.version_manager [None req-5bcba0cf-69d8-4161-85a8-e467882f955c None None] Version for resource type SubPort changed None to 1.0 on consumer Open vSwitch agent@dv-cinder-825492-15-iscsi {{(pid=104527) _set_version /opt/stack/neutron/neutron/api/rpc/callbacks/version_manager.py:113}}
May 25 07:36:28.782661 dv-cinder-825492-15-iscsi neutron-server[104527]: DEBUG neutron.api.rpc.callbacks.version_manager [None req-5bcba0cf-69d8-4161-85a8-e467882f955c None None] Version for resource type Subnet changed None to 1.1 on consumer Open vSwitch agent@dv-cinder-825492-15-iscsi {{(pid=104527) _set_version /opt/stack/neutron/neutron/api/rpc/callbacks/version_manager.py:113}}
May 25 07:36:28.782661 dv-cinder-825492-15-iscsi neutron-server[104527]: DEBUG neutron.api.rpc.callbacks.version_manager [None req-5bcba0cf-69d8-4161-85a8-e467882f955c None None] Version for resource type Trunk changed None to 1.1 on consumer Open vSwitch agent@dv-cinder-825492-15-iscsi {{(pid=104527) _set_version /opt/stack/neutron/neutron/api/rpc/callbacks/version_manager.py:113}}
May 25 07:36:28.791841 dv-cinder-825492-15-iscsi neutron-server[104527]: DEBUG neutron.api.rpc.callbacks.version_manager [None req-5bcba0cf-69d8-4161-85a8-e467882f955c None None] Tracked resource versions report:
May 25 07:36:28.791841 dv-cinder-825492-15-iscsi neutron-server[104527]: pushed versions:
May 25 07:36:28.791841 dv-cinder-825492-15-iscsi neutron-server[104527]: { 'AddressGroup': {'1.2'},
May 25 07:36:28.791841 dv-cinder-825492-15-iscsi neutron-server[104527]: 'Agent': {'1.1'},
May 25 07:36:28.791841 dv-cinder-825492-15-iscsi neutron-server[104527]: 'ConntrackHelper': {'1.0'},
May 25 07:36:28.791841 dv-cinder-825492-15-iscsi neutron-server[104527]: 'LocalIPAssociation': {'1.0'},
May 25 07:36:28.791841 dv-cinder-825492-15-iscsi neutron-server[104527]: 'Log': {'1.0'},
May 25 07:36:28.791841 dv-cinder-825492-15-iscsi neutron-server[104527]: 'NDPProxy': {'1.0'},
May 25 07:36:28.791841 dv-cinder-825492-15-iscsi neutron-server[104527]: 'Network': {'1.1'},
May 25 07:36:28.791841 dv-cinder-825492-15-iscsi neutron-server[104527]: 'Port': {'1.7'},
May 25 07:36:28.791841 dv-cinder-825492-15-iscsi neutron-server[104527]: 'PortForwarding': {'1.3'},
May 25 07:36:28.791841 dv-cinder-825492-15-iscsi neutron-server[104527]: 'QosPolicy': {'1.10'},
May 25 07:36:28.791841 dv-cinder-825492-15-iscsi neutron-server[104527]: 'SecurityGroup': {'1.5'},
May 25 07:36:28.791841 dv-cinder-825492-15-iscsi neutron-server[104527]: 'SecurityGroupRule': {'1.2'},
May 25 07:36:28.791841 dv-cinder-825492-15-iscsi neutron-server[104527]: 'SubPort': {'1.0'},
May 25 07:36:28.791841 dv-cinder-825492-15-iscsi neutron-server[104527]: 'Subnet': {'1.1'},
May 25 07:36:28.791841 dv-cinder-825492-15-iscsi neutron-server[104527]: 'Trunk': {'1.1'}}
May 25 07:36:28.791841 dv-cinder-825492-15-iscsi neutron-server[104527]: consumer versions:
May 25 07:36:28.791841 dv-cinder-825492-15-iscsi neutron-server[104527]: { DHCP agent@dv-cinder-825492-15-iscsi: {},
May 25 07:36:28.791841 dv-cinder-825492-15-iscsi neutron-server[104527]: HyperV agent@hv-cinder-82549: {},
May 25 07:36:28.791841 dv-cinder-825492-15-iscsi neutron-server[104527]: L3 agent@dv-cinder-825492-15-iscsi: {},
May 25 07:36:28.791841 dv-cinder-825492-15-iscsi neutron-server[104527]: Metadata agent@dv-cinder-825492-15-iscsi: {},
May 25 07:36:28.791841 dv-cinder-825492-15-iscsi neutron-server[104527]: Metering agent@dv-cinder-825492-15-iscsi: {},
May 25 07:36:28.791841 dv-cinder-825492-15-iscsi neutron-server[104527]: Open vSwitch agent@dv-cinder-825492-15-iscsi: { 'AddressGroup': '1.2',
May 25 07:36:28.791841 dv-cinder-825492-15-iscsi neutron-server[104527]: 'Agent': '1.1',
May 25 07:36:28.791841 dv-cinder-825492-15-iscsi neutron-server[104527]: 'ConntrackHelper': '1.0',
May 25 07:36:28.791841 dv-cinder-825492-15-iscsi neutron-server[104527]: 'LocalIPAssociation': '1.0',
May 25 07:36:28.791841 dv-cinder-825492-15-iscsi neutron-server[104527]: 'Log': '1.0',
May 25 07:36:28.791841 dv-cinder-825492-15-iscsi neutron-server[104527]: 'NDPProxy': '1.0',
May 25 07:36:28.791841 dv-cinder-825492-15-iscsi neutron-server[104527]: 'Network': '1.1',
May 25 07:36:28.791841 dv-cinder-825492-15-iscsi neutron-server[104527]: 'Port': '1.7',
May 25 07:36:28.791841 dv-cinder-825492-15-iscsi neutron-server[104527]: 'PortForwarding': '1.3',
May 25 07:36:28.791841 dv-cinder-825492-15-iscsi neutron-server[104527]: 'QosPolicy': '1.10',
May 25 07:36:28.791841 dv-cinder-825492-15-iscsi neutron-server[104527]: 'SecurityGroup': '1.5',
May 25 07:36:28.791841 dv-cinder-825492-15-iscsi neutron-server[104527]: 'SecurityGroupRule': '1.2',
May 25 07:36:28.791841 dv-cinder-825492-15-iscsi neutron-server[104527]: 'SubPort': '1.0',
May 25 07:36:28.791841 dv-cinder-825492-15-iscsi neutron-server[104527]: 'Subnet': '1.1',
May 25 07:36:28.791841 dv-cinder-825492-15-iscsi neutron-server[104527]: 'Trunk': '1.1'}}
May 25 07:36:28.791841 dv-cinder-825492-15-iscsi neutron-server[104527]: {{(pid=104527) report /opt/stack/neutron/neutron/api/rpc/callbacks/version_manager.py:175}}
May 25 07:36:28.795616 dv-cinder-825492-15-iscsi neutron-server[104526]: DEBUG neutron.pecan_wsgi.hooks.quota_enforcement [None req-6be0036d-20b2-4a18-9e86-93bffdc422dd admin admin] Made reservation on behalf of c4406d5d0e2347f1b96c34496f5ba5ae for: {'subnet': 1} {{(pid=104526) before /opt/stack/neutron/neutron/pecan_wsgi/hooks/quota_enforcement.py:53}}
May 25 07:36:28.803424 dv-cinder-825492-15-iscsi neutron-server[104526]: DEBUG neutron_lib.callbacks.manager [None req-6be0036d-20b2-4a18-9e86-93bffdc422dd admin admin] Publish callbacks [] for subnet (None), before_create {{(pid=104526) _notify_loop /usr/local/lib/python3.8/dist-packages/neutron_lib/callbacks/manager.py:176}}
May 25 07:36:28.809431 dv-cinder-825492-15-iscsi neutron-server[104526]: DEBUG neutron.scheduler.base_scheduler [None req-79d91b52-093a-4d7f-974f-950f9d5cc62f admin admin] Resources bound (agent type, host, resource id): (DHCP agent, dv-cinder-825492-15-iscsi, e9255b8f-85b1-4659-9bc1-7aaec6681338) {{(pid=104526) schedule /opt/stack/neutron/neutron/scheduler/base_scheduler.py:57}}
May 25 07:36:28.821511 dv-cinder-825492-15-iscsi neutron-server[104526]: DEBUG neutron.pecan_wsgi.hooks.policy_enforcement [None req-79d91b52-093a-4d7f-974f-950f9d5cc62f admin admin] Attributes excluded by policy engine: ['standard_attr_id', 'shared', 'network'] {{(pid=104526) _exclude_attributes_by_policy /opt/stack/neutron/neutron/pecan_wsgi/hooks/policy_enforcement.py:259}}
May 25 07:36:28.826565 dv-cinder-825492-15-iscsi neutron-server[104526]: DEBUG neutron_lib.callbacks.manager [None req-79d91b52-093a-4d7f-974f-950f9d5cc62f admin admin] Publish callbacks ['neutron.api.rpc.agentnotifiers.dhcp_rpc_agent_api.DhcpAgentNotifyAPI._send_dhcp_notification-1612908'] for subnet (None), before_response {{(pid=104526) _notify_loop /usr/local/lib/python3.8/dist-packages/neutron_lib/callbacks/manager.py:176}}
May 25 07:36:28.829540 dv-cinder-825492-15-iscsi neutron-server[104526]: DEBUG dbcounter [-] [104526] Writing DB stats neutron:SELECT=86,neutron:INSERT=12,neutron:UPDATE=2 {{(pid=104526) stat_writer /usr/local/lib/python3.8/dist-packages/dbcounter.py:114}}
May 25 07:36:28.832233 dv-cinder-825492-15-iscsi neutron-server[104527]: DEBUG neutron.api.rpc.handlers.dhcp_rpc [None req-11e4049e-de6c-41af-ac24-e6d82ccb9098 None None] Network e9255b8f-85b1-4659-9bc1-7aaec6681338 requested from dv-cinder-825492-15-iscsi {{(pid=104527) get_network_info /opt/stack/neutron/neutron/api/rpc/handlers/dhcp_rpc.py:191}}
May 25 07:36:28.837237 dv-cinder-825492-15-iscsi neutron-server[104526]: DEBUG neutron_lib.callbacks.manager [None req-19851236-9668-4fa0-a451-3c4a452bfbfd admin admin] Publish callbacks ['neutron.plugins.ml2.plugin.SecurityGroupDbMixin._ensure_default_security_group_handler-616651'] for port (None), before_create {{(pid=104526) _notify_loop /usr/local/lib/python3.8/dist-packages/neutron_lib/callbacks/manager.py:176}}
May 25 07:36:28.850241 dv-cinder-825492-15-iscsi neutron-server[104527]: DEBUG neutron.scheduler.dhcp_agent_scheduler [None req-5bcba0cf-69d8-4161-85a8-e467882f955c None None] Network f39d85d3-0173-4496-879c-2b83e234d364 is already hosted by enough agents. {{(pid=104527) _get_dhcp_agents_hosting_network /opt/stack/neutron/neutron/scheduler/dhcp_agent_scheduler.py:275}}
May 25 07:36:28.853689 dv-cinder-825492-15-iscsi neutron-server[104527]: DEBUG neutron.scheduler.base_scheduler [None req-5bcba0cf-69d8-4161-85a8-e467882f955c None None] Resources bound (agent type, host, resource id): {{(pid=104527) schedule /opt/stack/neutron/neutron/scheduler/base_scheduler.py:57}}
May 25 07:36:28.898831 dv-cinder-825492-15-iscsi neutron-server[104527]: DEBUG neutron.db.l3_dvrscheduler_db [None req-5bcba0cf-69d8-4161-85a8-e467882f955c None None] Received port after_create {{(pid=104527) _notify_l3_agent_new_port /opt/stack/neutron/neutron/db/l3_dvrscheduler_db.py:536}}
May 25 07:36:29.038505 dv-cinder-825492-15-iscsi neutron-server[104525]: DEBUG dbcounter [-] [104525] Writing DB stats neutron:SELECT=80,neutron:INSERT=18,neutron:UPDATE=2 {{(pid=104525) stat_writer /usr/local/lib/python3.8/dist-packages/dbcounter.py:114}}
May 25 07:36:29.044505 dv-cinder-825492-15-iscsi neutron-server[104527]: DEBUG neutron.plugins.ml2.managers [None req-5bcba0cf-69d8-4161-85a8-e467882f955c None None] Attempting to bind port 65d471ed-8b6e-49cf-8a4b-6bd705fb3fd2 on host dv-cinder-825492-15-iscsi for vnic_type normal with profile {{(pid=104527) bind_port /opt/stack/neutron/neutron/plugins/ml2/managers.py:795}}
