May 25 07:37:08.976530 dv-cinder-825492-15-iscsi devstack@c-api.service[111296]: DEBUG cinder.api.openstack.wsgi [None req-bc32210c-3026-4af8-a668-63d2005e3f73 tempest-VolumeQuotasAdminTestJSON-832015572 tempest-VolumeQuotasAdminTestJSON-832015572-project] Calling method 'show' {{(pid=111296) _process_stack /opt/stack/cinder/cinder/api/openstack/wsgi.py:868}}
May 25 07:37:09.003833 dv-cinder-825492-15-iscsi devstack@c-api.service[111296]: /usr/local/lib/python3.8/dist-packages/oslo_context/context.py:100: DeprecationWarning: Policy enforcement is depending on the value of is_admin. This key is deprecated. Please update your policy file to use the standard policy values.
May 25 07:37:09.003833 dv-cinder-825492-15-iscsi devstack@c-api.service[111296]: warnings.warn('Policy enforcement is depending on the value of '
May 25 07:37:09.026622 dv-cinder-825492-15-iscsi devstack@c-api.service[111296]: INFO cinder.volume.api [None req-bc32210c-3026-4af8-a668-63d2005e3f73 tempest-VolumeQuotasAdminTestJSON-832015572 tempest-VolumeQuotasAdminTestJSON-832015572-project] Volume info retrieved successfully.
May 25 07:37:09.036931 dv-cinder-825492-15-iscsi devstack@c-api.service[111296]: INFO cinder.api.openstack.wsgi [None req-bc32210c-3026-4af8-a668-63d2005e3f73 tempest-VolumeQuotasAdminTestJSON-832015572 tempest-VolumeQuotasAdminTestJSON-832015572-project] http://10.222.0.24/volume/v3/e060462807db4929a77dfa5236447914/volumes/520be040-cfb0-45d0-a158-ebd8d28028d8 returned with HTTP 200
May 25 07:37:09.047545 dv-cinder-825492-15-iscsi devstack@c-api.service[111296]: [pid: 111296|app: 0|req: 68/131] 10.222.0.24 () {58 vars in 1324 bytes} [Wed May 25 07:37:08 2022] GET /volume/v3/e060462807db4929a77dfa5236447914/volumes/520be040-cfb0-45d0-a158-ebd8d28028d8 => generated 892 bytes in 77 msecs (HTTP/1.1 200) 7 headers in 285 bytes (2 switches on core 0)
May 25 07:37:09.192699 dv-cinder-825492-15-iscsi devstack@c-api.service[111297]: DEBUG cinder.api.middleware.request_id [None req-32386803-2651-4db9-b874-baabf1be06ce None None] RequestId filter calling following filter/app {{(pid=111297) _context_setter /opt/stack/cinder/cinder/api/middleware/request_id.py:62}}
May 25 07:37:09.199021 dv-cinder-825492-15-iscsi devstack@c-api.service[111297]: INFO cinder.api.openstack.wsgi [None req-32386803-2651-4db9-b874-baabf1be06ce tempest-GroupsTest-156825032 tempest-GroupsTest-156825032-project] GET http://10.222.0.24/volume/v3/5a9242ea370044668df6476c0bbb5cdb/groups/c76af4cd-8e19-48c2-a7da-91f52e021952
May 25 07:37:09.199711 dv-cinder-825492-15-iscsi devstack@c-api.service[111297]: DEBUG cinder.api.openstack.wsgi [None req-32386803-2651-4db9-b874-baabf1be06ce tempest-GroupsTest-156825032 tempest-GroupsTest-156825032-project] Empty body provided in request {{(pid=111297) get_body /opt/stack/cinder/cinder/api/openstack/wsgi.py:715}}
May 25 07:37:09.200316 dv-cinder-825492-15-iscsi devstack@c-api.service[111297]: DEBUG cinder.api.openstack.wsgi [None req-32386803-2651-4db9-b874-baabf1be06ce tempest-GroupsTest-156825032 tempest-GroupsTest-156825032-project] Calling method 'version_select' {{(pid=111297) _process_stack /opt/stack/cinder/cinder/api/openstack/wsgi.py:868}}
May 25 07:37:09.200850 dv-cinder-825492-15-iscsi devstack@c-api.service[111297]: DEBUG cinder.api.v3.groups [None req-32386803-2651-4db9-b874-baabf1be06ce tempest-GroupsTest-156825032 tempest-GroupsTest-156825032-project] show called for member c76af4cd-8e19-48c2-a7da-91f52e021952 {{(pid=111297) show /opt/stack/cinder/cinder/api/v3/groups.py:58}}
May 25 07:37:09.214315 dv-cinder-825492-15-iscsi devstack@c-api.service[111297]: /usr/local/lib/python3.8/dist-packages/oslo_context/context.py:100: DeprecationWarning: Policy enforcement is depending on the value of is_admin. This key is deprecated. Please update your policy file to use the standard policy values.
May 25 07:37:09.214315 dv-cinder-825492-15-iscsi devstack@c-api.service[111297]: warnings.warn('Policy enforcement is depending on the value of '
May 25 07:37:09.247766 dv-cinder-825492-15-iscsi devstack@c-api.service[111297]: INFO cinder.api.openstack.wsgi [None req-32386803-2651-4db9-b874-baabf1be06ce tempest-GroupsTest-156825032 tempest-GroupsTest-156825032-project] http://10.222.0.24/volume/v3/5a9242ea370044668df6476c0bbb5cdb/groups/c76af4cd-8e19-48c2-a7da-91f52e021952 returned with HTTP 200
May 25 07:37:09.255457 dv-cinder-825492-15-iscsi devstack@c-api.service[111297]: [pid: 111297|app: 0|req: 64/132] 10.222.0.24 () {60 vars in 1362 bytes} [Wed May 25 07:37:09 2022] GET /volume/v3/5a9242ea370044668df6476c0bbb5cdb/groups/c76af4cd-8e19-48c2-a7da-91f52e021952 => generated 332 bytes in 61 msecs (HTTP/1.1 200) 7 headers in 286 bytes (1 switches on core 0)
May 25 07:37:09.258053 dv-cinder-825492-15-iscsi devstack@c-api.service[111296]: DEBUG cinder.api.middleware.request_id [None req-28a651d6-bab8-43f8-8e39-948aa171dc57 None None] RequestId filter calling following filter/app {{(pid=111296) _context_setter /opt/stack/cinder/cinder/api/middleware/request_id.py:62}}
May 25 07:37:09.264065 dv-cinder-825492-15-iscsi devstack@c-api.service[111296]: INFO cinder.api.openstack.wsgi [None req-28a651d6-bab8-43f8-8e39-948aa171dc57 tempest-GroupsTest-156825032 tempest-GroupsTest-156825032-project] POST http://10.222.0.24/volume/v3/5a9242ea370044668df6476c0bbb5cdb/volumes
May 25 07:37:09.265229 dv-cinder-825492-15-iscsi devstack@c-api.service[111296]: DEBUG cinder.api.openstack.wsgi [None req-28a651d6-bab8-43f8-8e39-948aa171dc57 tempest-GroupsTest-156825032 tempest-GroupsTest-156825032-project] Action: 'create', calling method: create, body: {"volume": {"volume_type": "3bde24df-014b-474a-ab56-649b595fa2cf", "group_id": "c76af4cd-8e19-48c2-a7da-91f52e021952", "size": 1, "name": "tempest-GroupsTest-Volume-1226213708"}} {{(pid=111296) _process_stack /opt/stack/cinder/cinder/api/openstack/wsgi.py:866}}
May 25 07:37:09.266401 dv-cinder-825492-15-iscsi devstack@c-api.service[111296]: DEBUG cinder.api.v3.volumes [None req-28a651d6-bab8-43f8-8e39-948aa171dc57 tempest-GroupsTest-156825032 tempest-GroupsTest-156825032-project] Create volume request body: {'volume': {'volume_type': '3bde24df-014b-474a-ab56-649b595fa2cf', 'group_id': 'c76af4cd-8e19-48c2-a7da-91f52e021952', 'size': 1, 'name': 'tempest-GroupsTest-Volume-1226213708'}} {{(pid=111296) create /opt/stack/cinder/cinder/api/v3/volumes.py:298}}
May 25 07:37:09.274218 dv-cinder-825492-15-iscsi devstack@c-api.service[111297]: DEBUG cinder.api.middleware.request_id [None req-0125033a-0121-4c59-b2a3-a5e33ad5e7e4 None None] RequestId filter calling following filter/app {{(pid=111297) _context_setter /opt/stack/cinder/cinder/api/middleware/request_id.py:62}}
May 25 07:37:09.274493 dv-cinder-825492-15-iscsi devstack@c-api.service[111297]: INFO cinder.api.openstack.wsgi [None req-0125033a-0121-4c59-b2a3-a5e33ad5e7e4 tempest-UserMessagesTest-749289902 tempest-UserMessagesTest-749289902-project] GET http://10.222.0.24/volume/v3/a7c2e4a5768c4caaa4e6cc07423f97a8/volumes/e763cf34-0446-4dd3-8589-99f023dc0043
May 25 07:37:09.275110 dv-cinder-825492-15-iscsi devstack@c-api.service[111297]: DEBUG cinder.api.openstack.wsgi [None req-0125033a-0121-4c59-b2a3-a5e33ad5e7e4 tempest-UserMessagesTest-749289902 tempest-UserMessagesTest-749289902-project] Empty body provided in request {{(pid=111297) get_body /opt/stack/cinder/cinder/api/openstack/wsgi.py:715}}
May 25 07:37:09.276223 dv-cinder-825492-15-iscsi devstack@c-api.service[111297]: DEBUG cinder.api.openstack.wsgi [None req-0125033a-0121-4c59-b2a3-a5e33ad5e7e4 tempest-UserMessagesTest-749289902 tempest-UserMessagesTest-749289902-project] Calling method 'show' {{(pid=111297) _process_stack /opt/stack/cinder/cinder/api/openstack/wsgi.py:868}}
May 25 07:37:09.295152 dv-cinder-825492-15-iscsi devstack@c-api.service[111296]: /usr/local/lib/python3.8/dist-packages/oslo_context/context.py:100: DeprecationWarning: Policy enforcement is depending on the value of is_admin. This key is deprecated. Please update your policy file to use the standard policy values.
May 25 07:37:09.295152 dv-cinder-825492-15-iscsi devstack@c-api.service[111296]: warnings.warn('Policy enforcement is depending on the value of '
May 25 07:37:09.297242 dv-cinder-825492-15-iscsi devstack@c-api.service[111296]: INFO cinder.api.v3.volumes [None req-28a651d6-bab8-43f8-8e39-948aa171dc57 tempest-GroupsTest-156825032 tempest-GroupsTest-156825032-project] Create volume of 1 GB
May 25 07:37:09.308508 dv-cinder-825492-15-iscsi devstack@c-api.service[111297]: /usr/local/lib/python3.8/dist-packages/oslo_context/context.py:100: DeprecationWarning: Policy enforcement is depending on the value of is_admin. This key is deprecated. Please update your policy file to use the standard policy values.
May 25 07:37:09.308508 dv-cinder-825492-15-iscsi devstack@c-api.service[111297]: warnings.warn('Policy enforcement is depending on the value of '
May 25 07:37:09.317487 dv-cinder-825492-15-iscsi devstack@c-api.service[111296]: INFO cinder.volume.api [None req-28a651d6-bab8-43f8-8e39-948aa171dc57 tempest-GroupsTest-156825032 tempest-GroupsTest-156825032-project] Availability Zones retrieved successfully.
May 25 07:37:09.331292 dv-cinder-825492-15-iscsi devstack@c-api.service[111297]: INFO cinder.volume.api [None req-0125033a-0121-4c59-b2a3-a5e33ad5e7e4 tempest-UserMessagesTest-749289902 tempest-UserMessagesTest-749289902-project] Volume info retrieved successfully.
May 25 07:37:09.348699 dv-cinder-825492-15-iscsi devstack@c-api.service[111297]: INFO cinder.api.openstack.wsgi [None req-0125033a-0121-4c59-b2a3-a5e33ad5e7e4 tempest-UserMessagesTest-749289902 tempest-UserMessagesTest-749289902-project] http://10.222.0.24/volume/v3/a7c2e4a5768c4caaa4e6cc07423f97a8/volumes/e763cf34-0446-4dd3-8589-99f023dc0043 returned with HTTP 200
May 25 07:37:09.350035 dv-cinder-825492-15-iscsi devstack@c-api.service[111296]: DEBUG cinder.volume.api [None req-28a651d6-bab8-43f8-8e39-948aa171dc57 tempest-GroupsTest-156825032 tempest-GroupsTest-156825032-project] Flow 'volume_create_api' (1f7b3482-02a7-46af-b338-9649ce9a8abc) transitioned into state 'RUNNING' from state 'PENDING' {{(pid=111296) _flow_receiver /usr/local/lib/python3.8/dist-packages/taskflow/listeners/logging.py:141}}
May 25 07:37:09.352593 dv-cinder-825492-15-iscsi devstack@c-api.service[111296]: DEBUG cinder.volume.api [None req-28a651d6-bab8-43f8-8e39-948aa171dc57 tempest-GroupsTest-156825032 tempest-GroupsTest-156825032-project] Task 'cinder.volume.flows.api.create_volume.ExtractVolumeRequestTask;volume:create' (7d0e807d-f45a-42ee-8bd4-3774ea7482ad) transitioned into state 'RUNNING' from state 'PENDING' {{(pid=111296) _task_receiver /usr/local/lib/python3.8/dist-packages/taskflow/listeners/logging.py:190}}
May 25 07:37:09.360150 dv-cinder-825492-15-iscsi devstack@c-api.service[111296]: /usr/local/lib/python3.8/dist-packages/oslo_context/context.py:100: DeprecationWarning: Policy enforcement is depending on the value of is_admin. This key is deprecated. Please update your policy file to use the standard policy values.
May 25 07:37:09.360150 dv-cinder-825492-15-iscsi devstack@c-api.service[111296]: warnings.warn('Policy enforcement is depending on the value of '
May 25 07:37:09.363313 dv-cinder-825492-15-iscsi devstack@c-api.service[111296]: DEBUG cinder.volume.flows.api.create_volume [None req-28a651d6-bab8-43f8-8e39-948aa171dc57 tempest-GroupsTest-156825032 tempest-GroupsTest-156825032-project] Validating volume size '1' using validate_int {{(pid=111296) _extract_size /opt/stack/cinder/cinder/volume/flows/api/create_volume.py:228}}
May 25 07:37:09.365858 dv-cinder-825492-15-iscsi devstack@c-api.service[111297]: [pid: 111297|app: 0|req: 65/133] 10.222.0.24 () {60 vars in 1364 bytes} [Wed May 25 07:37:09 2022] GET /volume/v3/a7c2e4a5768c4caaa4e6cc07423f97a8/volumes/e763cf34-0446-4dd3-8589-99f023dc0043 => generated 939 bytes in 96 msecs (HTTP/1.1 200) 7 headers in 285 bytes (1 switches on core 0)
May 25 07:37:09.371763 dv-cinder-825492-15-iscsi devstack@c-api.service[111297]: DEBUG cinder.api.middleware.request_id [None req-6e52666b-ec4d-4a95-bbd5-5792c8dcfd5b None None] RequestId filter calling following filter/app {{(pid=111297) _context_setter /opt/stack/cinder/cinder/api/middleware/request_id.py:62}}
May 25 07:37:09.381659 dv-cinder-825492-15-iscsi devstack@c-api.service[111297]: INFO cinder.api.openstack.wsgi [None req-6e52666b-ec4d-4a95-bbd5-5792c8dcfd5b tempest-UserMessagesTest-749289902 tempest-UserMessagesTest-749289902-project] GET http://10.222.0.24/volume/v3/a7c2e4a5768c4caaa4e6cc07423f97a8/messages
May 25 07:37:09.382970 dv-cinder-825492-15-iscsi devstack@c-api.service[111297]: DEBUG cinder.api.openstack.wsgi [None req-6e52666b-ec4d-4a95-bbd5-5792c8dcfd5b tempest-UserMessagesTest-749289902 tempest-UserMessagesTest-749289902-project] Empty body provided in request {{(pid=111297) get_body /opt/stack/cinder/cinder/api/openstack/wsgi.py:715}}
May 25 07:37:09.383459 dv-cinder-825492-15-iscsi devstack@c-api.service[111297]: DEBUG cinder.api.openstack.wsgi [None req-6e52666b-ec4d-4a95-bbd5-5792c8dcfd5b tempest-UserMessagesTest-749289902 tempest-UserMessagesTest-749289902-project] Calling method 'version_select' {{(pid=111297) _process_stack /opt/stack/cinder/cinder/api/openstack/wsgi.py:868}}
May 25 07:37:09.399373 dv-cinder-825492-15-iscsi devstack@c-api.service[111296]: DEBUG cinder.volume.api [None req-28a651d6-bab8-43f8-8e39-948aa171dc57 tempest-GroupsTest-156825032 tempest-GroupsTest-156825032-project] Task 'cinder.volume.flows.api.create_volume.ExtractVolumeRequestTask;volume:create' (7d0e807d-f45a-42ee-8bd4-3774ea7482ad) transitioned into state 'SUCCESS' from state 'RUNNING' with result '{'size': 1, 'snapshot_id': None, 'source_volid': None, 'volume_type': VolumeType(created_at=2022-05-25T07:37:07Z,deleted=False,deleted_at=None,description=None,extra_specs={},id=3bde24df-014b-474a-ab56-649b595fa2cf,is_public=True,name='tempest-GroupsTest-volume-type-1928163022',projects=[],qos_specs=,qos_specs_id=None,updated_at=None), 'volume_type_id': '3bde24df-014b-474a-ab56-649b595fa2cf', 'encryption_key_id': None, 'qos_specs': None, 'consistencygroup_id': None, 'cgsnapshot_id': None, 'group_id': 'c76af4cd-8e19-48c2-a7da-91f52e021952', 'replication_status': 'disabled', 'refresh_az': False, 'backup_id': None, 'multiattach': False, 'availability_zones': ['nova']}' {{(pid=111296) _task_receiver /usr/local/lib/python3.8/dist-packages/taskflow/listeners/logging.py:178}}
May 25 07:37:09.404520 dv-cinder-825492-15-iscsi devstack@c-api.service[111296]: DEBUG cinder.volume.api [None req-28a651d6-bab8-43f8-8e39-948aa171dc57 tempest-GroupsTest-156825032 tempest-GroupsTest-156825032-project] Task 'cinder.volume.flows.api.create_volume.QuotaReserveTask;volume:create' (d659d6c2-0982-44e3-bb63-cba606c67266) transitioned into state 'RUNNING' from state 'PENDING' {{(pid=111296) _task_receiver /usr/local/lib/python3.8/dist-packages/taskflow/listeners/logging.py:190}}
May 25 07:37:09.408222 dv-cinder-825492-15-iscsi devstack@c-api.service[111297]: INFO cinder.api.openstack.wsgi [None req-6e52666b-ec4d-4a95-bbd5-5792c8dcfd5b tempest-UserMessagesTest-749289902 tempest-UserMessagesTest-749289902-project] http://10.222.0.24/volume/v3/a7c2e4a5768c4caaa4e6cc07423f97a8/messages returned with HTTP 200
May 25 07:37:09.414849 dv-cinder-825492-15-iscsi devstack@c-api.service[111297]: [pid: 111297|app: 0|req: 66/134] 10.222.0.24 () {60 vars in 1256 bytes} [Wed May 25 07:37:09 2022] GET /volume/v3/a7c2e4a5768c4caaa4e6cc07423f97a8/messages => generated 736 bytes in 48 msecs (HTTP/1.1 200) 7 headers in 285 bytes (1 switches on core 0)
May 25 07:37:09.416394 dv-cinder-825492-15-iscsi devstack@c-api.service[111297]: DEBUG cinder.api.middleware.request_id [None req-f0fad48e-a2ee-41ed-87ee-a28e1af829f4 None None] RequestId filter calling following filter/app {{(pid=111297) _context_setter /opt/stack/cinder/cinder/api/middleware/request_id.py:62}}
May 25 07:37:09.420320 dv-cinder-825492-15-iscsi devstack@c-api.service[111297]: INFO cinder.api.openstack.wsgi [None req-f0fad48e-a2ee-41ed-87ee-a28e1af829f4 tempest-UserMessagesTest-749289902 tempest-UserMessagesTest-749289902-project] GET http://10.222.0.24/volume/v3/a7c2e4a5768c4caaa4e6cc07423f97a8/messages/76493c99-6b79-4792-a6c3-1b6427b4d42f
May 25 07:37:09.420914 dv-cinder-825492-15-iscsi devstack@c-api.service[111297]: DEBUG cinder.api.openstack.wsgi [None req-f0fad48e-a2ee-41ed-87ee-a28e1af829f4 tempest-UserMessagesTest-749289902 tempest-UserMessagesTest-749289902-project] Empty body provided in request {{(pid=111297) get_body /opt/stack/cinder/cinder/api/openstack/wsgi.py:715}}
May 25 07:37:09.422134 dv-cinder-825492-15-iscsi devstack@c-api.service[111297]: DEBUG cinder.api.openstack.wsgi [None req-f0fad48e-a2ee-41ed-87ee-a28e1af829f4 tempest-UserMessagesTest-749289902 tempest-UserMessagesTest-749289902-project] Calling method 'version_select' {{(pid=111297) _process_stack /opt/stack/cinder/cinder/api/openstack/wsgi.py:868}}
May 25 07:37:09.429895 dv-cinder-825492-15-iscsi devstack@c-api.service[111297]: INFO cinder.api.openstack.wsgi [None req-f0fad48e-a2ee-41ed-87ee-a28e1af829f4 tempest-UserMessagesTest-749289902 tempest-UserMessagesTest-749289902-project] http://10.222.0.24/volume/v3/a7c2e4a5768c4caaa4e6cc07423f97a8/messages/76493c99-6b79-4792-a6c3-1b6427b4d42f returned with HTTP 200
May 25 07:37:09.432222 dv-cinder-825492-15-iscsi devstack@c-api.service[111297]: [pid: 111297|app: 0|req: 67/135] 10.222.0.24 () {60 vars in 1367 bytes} [Wed May 25 07:37:09 2022] GET /volume/v3/a7c2e4a5768c4caaa4e6cc07423f97a8/messages/76493c99-6b79-4792-a6c3-1b6427b4d42f => generated 733 bytes in 17 msecs (HTTP/1.1 200) 7 headers in 285 bytes (1 switches on core 0)
May 25 07:37:09.441392 dv-cinder-825492-15-iscsi devstack@c-api.service[111297]: DEBUG cinder.api.middleware.request_id [None req-fdc5b3a3-893e-4865-9661-6ede4e082389 None None] RequestId filter calling following filter/app {{(pid=111297) _context_setter /opt/stack/cinder/cinder/api/middleware/request_id.py:62}}
May 25 07:37:09.446163 dv-cinder-825492-15-iscsi devstack@c-api.service[111297]: INFO cinder.api.openstack.wsgi [None req-fdc5b3a3-893e-4865-9661-6ede4e082389 tempest-UserMessagesTest-749289902 tempest-UserMessagesTest-749289902-project] GET http://10.222.0.24/volume/v3/a7c2e4a5768c4caaa4e6cc07423f97a8/messages
May 25 07:37:09.446814 dv-cinder-825492-15-iscsi devstack@c-api.service[111297]: DEBUG cinder.api.openstack.wsgi [None req-fdc5b3a3-893e-4865-9661-6ede4e082389 tempest-UserMessagesTest-749289902 tempest-UserMessagesTest-749289902-project] Empty body provided in request {{(pid=111297) get_body /opt/stack/cinder/cinder/api/openstack/wsgi.py:715}}
May 25 07:37:09.447639 dv-cinder-825492-15-iscsi devstack@c-api.service[111297]: DEBUG cinder.api.openstack.wsgi [None req-fdc5b3a3-893e-4865-9661-6ede4e082389 tempest-UserMessagesTest-749289902 tempest-UserMessagesTest-749289902-project] Calling method 'version_select' {{(pid=111297) _process_stack /opt/stack/cinder/cinder/api/openstack/wsgi.py:868}}
May 25 07:37:09.455947 dv-cinder-825492-15-iscsi devstack@c-api.service[111297]: INFO cinder.api.openstack.wsgi [None req-fdc5b3a3-893e-4865-9661-6ede4e082389 tempest-UserMessagesTest-749289902 tempest-UserMessagesTest-749289902-project] http://10.222.0.24/volume/v3/a7c2e4a5768c4caaa4e6cc07423f97a8/messages returned with HTTP 200
May 25 07:37:09.462767 dv-cinder-825492-15-iscsi devstack@c-api.service[111297]: [pid: 111297|app: 0|req: 68/136] 10.222.0.24 () {60 vars in 1256 bytes} [Wed May 25 07:37:09 2022] GET /volume/v3/a7c2e4a5768c4caaa4e6cc07423f97a8/messages => generated 736 bytes in 22 msecs (HTTP/1.1 200) 7 headers in 285 bytes (1 switches on core 0)
May 25 07:37:09.465475 dv-cinder-825492-15-iscsi devstack@c-api.service[111297]: DEBUG cinder.api.middleware.request_id [None req-37ff504f-bfa3-49f5-a681-600ea09a831f None None] RequestId filter calling following filter/app {{(pid=111297) _context_setter /opt/stack/cinder/cinder/api/middleware/request_id.py:62}}
May 25 07:37:09.469408 dv-cinder-825492-15-iscsi devstack@c-api.service[111297]: INFO cinder.api.openstack.wsgi [None req-37ff504f-bfa3-49f5-a681-600ea09a831f tempest-UserMessagesTest-749289902 tempest-UserMessagesTest-749289902-project] DELETE http://10.222.0.24/volume/v3/a7c2e4a5768c4caaa4e6cc07423f97a8/messages/76493c99-6b79-4792-a6c3-1b6427b4d42f
May 25 07:37:09.470633 dv-cinder-825492-15-iscsi devstack@c-api.service[111297]: DEBUG cinder.api.openstack.wsgi [None req-37ff504f-bfa3-49f5-a681-600ea09a831f tempest-UserMessagesTest-749289902 tempest-UserMessagesTest-749289902-project] Empty body provided in request {{(pid=111297) get_body /opt/stack/cinder/cinder/api/openstack/wsgi.py:715}}
May 25 07:37:09.474852 dv-cinder-825492-15-iscsi devstack@c-api.service[111297]: DEBUG cinder.api.openstack.wsgi [None req-37ff504f-bfa3-49f5-a681-600ea09a831f tempest-UserMessagesTest-749289902 tempest-UserMessagesTest-749289902-project] Calling method 'version_select' {{(pid=111297) _process_stack /opt/stack/cinder/cinder/api/openstack/wsgi.py:868}}
May 25 07:37:09.508537 dv-cinder-825492-15-iscsi devstack@c-api.service[111296]: WARNING cinder.quota [None req-28a651d6-bab8-43f8-8e39-948aa171dc57 tempest-GroupsTest-156825032 tempest-GroupsTest-156825032-project] Deprecated: Default quota for resource: volumes_tempest-GroupsTest-volume-type-1928163022 is set by the default quota flag: quota_volumes_tempest-GroupsTest-volume-type-1928163022, it is now deprecated. Please use the default quota class for default quota.
May 25 07:37:09.508537 dv-cinder-825492-15-iscsi devstack@c-api.service[111296]: WARNING cinder.quota [None req-28a651d6-bab8-43f8-8e39-948aa171dc57 tempest-GroupsTest-156825032 tempest-GroupsTest-156825032-project] Deprecated: Default quota for resource: gigabytes_tempest-GroupsTest-volume-type-1928163022 is set by the default quota flag: quota_gigabytes_tempest-GroupsTest-volume-type-1928163022, it is now deprecated. Please use the default quota class for default quota.
May 25 07:37:09.616356 dv-cinder-825492-15-iscsi devstack@c-api.service[111296]: DEBUG dbcounter [-] [111296] Writing DB stats cinder:SELECT=80,cinder:INSERT=9,cinder:UPDATE=11 {{(pid=111296) stat_writer /usr/local/lib/python3.8/dist-packages/dbcounter.py:114}}
May 25 07:37:09.643472 dv-cinder-825492-15-iscsi devstack@c-api.service[111297]: INFO cinder.api.openstack.wsgi [None req-37ff504f-bfa3-49f5-a681-600ea09a831f tempest-UserMessagesTest-749289902 tempest-UserMessagesTest-749289902-project] http://10.222.0.24/volume/v3/a7c2e4a5768c4caaa4e6cc07423f97a8/messages/76493c99-6b79-4792-a6c3-1b6427b4d42f returned with HTTP 204
May 25 07:37:09.644429 dv-cinder-825492-15-iscsi devstack@c-api.service[111297]: [pid: 111297|app: 0|req: 69/137] 10.222.0.24 () {60 vars in 1370 bytes} [Wed May 25 07:37:09 2022] DELETE /volume/v3/a7c2e4a5768c4caaa4e6cc07423f97a8/messages/76493c99-6b79-4792-a6c3-1b6427b4d42f => generated 0 bytes in 181 msecs (HTTP/1.1 204) 6 headers in 235 bytes (1 switches on core 0)
May 25 07:37:09.651161 dv-cinder-825492-15-iscsi devstack@c-api.service[111297]: DEBUG cinder.api.middleware.request_id [None req-61dd8d4b-5991-47ff-8428-041199b477c6 None None] RequestId filter calling following filter/app {{(pid=111297) _context_setter /opt/stack/cinder/cinder/api/middleware/request_id.py:62}}
May 25 07:37:09.658651 dv-cinder-825492-15-iscsi devstack@c-api.service[111297]: INFO cinder.api.openstack.wsgi [None req-61dd8d4b-5991-47ff-8428-041199b477c6 tempest-UserMessagesTest-749289902 tempest-UserMessagesTest-749289902-project] DELETE http://10.222.0.24/volume/v3/a7c2e4a5768c4caaa4e6cc07423f97a8/volumes/e763cf34-0446-4dd3-8589-99f023dc0043
May 25 07:37:09.659526 dv-cinder-825492-15-iscsi devstack@c-api.service[111297]: DEBUG cinder.api.openstack.wsgi [None req-61dd8d4b-5991-47ff-8428-041199b477c6 tempest-UserMessagesTest-749289902 tempest-UserMessagesTest-749289902-project] Empty body provided in request {{(pid=111297) get_body /opt/stack/cinder/cinder/api/openstack/wsgi.py:715}}
May 25 07:37:09.660772 dv-cinder-825492-15-iscsi devstack@c-api.service[111297]: DEBUG cinder.api.openstack.wsgi [None req-61dd8d4b-5991-47ff-8428-041199b477c6 tempest-UserMessagesTest-749289902 tempest-UserMessagesTest-749289902-project] Calling method 'delete' {{(pid=111297) _process_stack /opt/stack/cinder/cinder/api/openstack/wsgi.py:868}}
May 25 07:37:09.661373 dv-cinder-825492-15-iscsi devstack@c-api.service[111297]: INFO cinder.api.v3.volumes [None req-61dd8d4b-5991-47ff-8428-041199b477c6 tempest-UserMessagesTest-749289902 tempest-UserMessagesTest-749289902-project] Delete volume with id: e763cf34-0446-4dd3-8589-99f023dc0043
May 25 07:37:09.678037 dv-cinder-825492-15-iscsi devstack@c-api.service[111297]: /usr/local/lib/python3.8/dist-packages/oslo_context/context.py:100: DeprecationWarning: Policy enforcement is depending on the value of is_admin. This key is deprecated. Please update your policy file to use the standard policy values.
May 25 07:37:09.678037 dv-cinder-825492-15-iscsi devstack@c-api.service[111297]: warnings.warn('Policy enforcement is depending on the value of '
May 25 07:37:09.679289 dv-cinder-825492-15-iscsi devstack@c-api.service[111297]: INFO cinder.volume.api [None req-61dd8d4b-5991-47ff-8428-041199b477c6 tempest-UserMessagesTest-749289902 tempest-UserMessagesTest-749289902-project] Volume info retrieved successfully.
May 25 07:37:09.682059 dv-cinder-825492-15-iscsi devstack@c-api.service[111297]: DEBUG cinder.volume.api [None req-61dd8d4b-5991-47ff-8428-041199b477c6 tempest-UserMessagesTest-749289902 tempest-UserMessagesTest-749289902-project] Decrease volume quotas for non temporary volume in non error_managing status. {{(pid=111297) delete /opt/stack/cinder/cinder/volume/api.py:434}}
May 25 07:37:09.826347 dv-cinder-825492-15-iscsi devstack@c-api.service[111296]: DEBUG cinder.quota [None req-28a651d6-bab8-43f8-8e39-948aa171dc57 tempest-GroupsTest-156825032 tempest-GroupsTest-156825032-project] Created reservations ['4a9af902-2665-45c6-bf2d-42282b6f950d', '1b782de5-ad1a-4b8c-baaa-ef61fbff3a1a', 'f97d6483-d2b8-4c05-a93d-0c4f26268fe9', '4530a53c-b9d5-4557-9086-be820af5512c'] {{(pid=111296) reserve /opt/stack/cinder/cinder/quota.py:755}}
May 25 07:37:09.828188 dv-cinder-825492-15-iscsi devstack@c-api.service[111296]: DEBUG cinder.volume.api [None req-28a651d6-bab8-43f8-8e39-948aa171dc57 tempest-GroupsTest-156825032 tempest-GroupsTest-156825032-project] Task 'cinder.volume.flows.api.create_volume.QuotaReserveTask;volume:create' (d659d6c2-0982-44e3-bb63-cba606c67266) transitioned into state 'SUCCESS' from state 'RUNNING' with result '{'reservations': ['4a9af902-2665-45c6-bf2d-42282b6f950d', '1b782de5-ad1a-4b8c-baaa-ef61fbff3a1a', 'f97d6483-d2b8-4c05-a93d-0c4f26268fe9', '4530a53c-b9d5-4557-9086-be820af5512c']}' {{(pid=111296) _task_receiver /usr/local/lib/python3.8/dist-packages/taskflow/listeners/logging.py:178}}
May 25 07:37:09.830110 dv-cinder-825492-15-iscsi devstack@c-api.service[111296]: DEBUG cinder.volume.api [None req-28a651d6-bab8-43f8-8e39-948aa171dc57 tempest-GroupsTest-156825032 tempest-GroupsTest-156825032-project] Task 'cinder.volume.flows.api.create_volume.EntryCreateTask;volume:create' (85f5075d-e8d5-4ca3-b959-70b3216a9451) transitioned into state 'RUNNING' from state 'PENDING' {{(pid=111296) _task_receiver /usr/local/lib/python3.8/dist-packages/taskflow/listeners/logging.py:190}}
May 25 07:37:09.855589 dv-cinder-825492-15-iscsi devstack@c-api.service[111297]: DEBUG cinder.quota [None req-61dd8d4b-5991-47ff-8428-041199b477c6 tempest-UserMessagesTest-749289902 tempest-UserMessagesTest-749289902-project] Created reservations ['9164ecb0-b399-4a76-8085-23af28b1bb40', 'f5dd0820-21c8-4212-bd66-1c021e3a0a76', '64d4fa7e-76a1-4cdf-8b79-04440c5dfe16', 'f1561e92-2ae9-4a7b-ae0d-789f03ce3cc1'] {{(pid=111297) reserve /opt/stack/cinder/cinder/quota.py:755}}
May 25 07:37:09.944175 dv-cinder-825492-15-iscsi devstack@c-api.service[111296]: DEBUG cinder.volume.api [None req-28a651d6-bab8-43f8-8e39-948aa171dc57 tempest-GroupsTest-156825032 tempest-GroupsTest-156825032-project] Task 'cinder.volume.flows.api.create_volume.EntryCreateTask;volume:create' (85f5075d-e8d5-4ca3-b959-70b3216a9451) transitioned into state 'SUCCESS' from state 'RUNNING' with result '{'volume_id': '90015597-7883-469e-a9f2-1df587de50a2', 'volume_properties': VolumeProperties(attach_status='detached',availability_zone='nova',cgsnapshot_id=None,consistencygroup_id=None,display_description=None,display_name='tempest-GroupsTest-Volume-1226213708',encryption_key_id=None,group_id=c76af4cd-8e19-48c2-a7da-91f52e021952,group_type_id=,metadata={},multiattach=False,project_id='5a9242ea370044668df6476c0bbb5cdb',qos_specs=None,replication_status=,reservations=['4a9af902-2665-45c6-bf2d-42282b6f950d','1b782de5-ad1a-4b8c-baaa-ef61fbff3a1a','f97d6483-d2b8-4c05-a93d-0c4f26268fe9','4530a53c-b9d5-4557-9086-be820af5512c'],size=1,snapshot_id=None,source_replicaid=,source_volid=None,status='creating',user_id='9496d1c3fa004f9dbd9254d82c38a74e',volume_type_id=3bde24df-014b-474a-ab56-649b595fa2cf), 'volume': Volume(_name_id=None,admin_metadata=,attach_status='detached',availability_zone='nova',bootable=False,cluster=,cluster_name=None,consistencygroup=,consistencygroup_id=None,created_at=2022-05-25T07:37:09Z,deleted=False,deleted_at=None,display_description=None,display_name='tempest-GroupsTest-Volume-1226213708',ec2_id=None,encryption_key_id=None,glance_metadata=,group=,group_id=c76af4cd-8e19-48c2-a7da-91f52e021952,host=None,id=90015597-7883-469e-a9f2-1df587de50a2,launched_at=None,metadata={},migration_status=None,multiattach=False,previous_status=None,project_id='5a9242ea370044668df6476c0bbb5cdb',provider_auth=None,provider_geometry=None,provider_id=None,provider_location=None,replication_driver_data=None,replication_extended_status=None,replication_status=None,scheduled_at=None,service_uuid=None,shared_targets=True,size=1,snapshot_id=None,snapshots=,source_volid=None,status='creating',terminated_at=None,updated_at=None,use_quota=True,user_id='9496d1c3fa004f9dbd9254d82c38a74e',volume_attachment=VolumeAttachmentList,volume_type=VolumeType(3bde24df-014b-474a-ab56-649b595fa2cf),volume_type_id=3bde24df-014b-474a-ab56-649b595fa2cf)}' {{(pid=111296) _task_receiver /usr/local/lib/python3.8/dist-packages/taskflow/listeners/logging.py:178}}
May 25 07:37:09.946153 dv-cinder-825492-15-iscsi devstack@c-api.service[111296]: DEBUG cinder.volume.api [None req-28a651d6-bab8-43f8-8e39-948aa171dc57 tempest-GroupsTest-156825032 tempest-GroupsTest-156825032-project] Task 'cinder.volume.flows.api.create_volume.QuotaCommitTask;volume:create' (78257f6e-3dd3-4937-bbd2-da57b1318c58) transitioned into state 'RUNNING' from state 'PENDING' {{(pid=111296) _task_receiver /usr/local/lib/python3.8/dist-packages/taskflow/listeners/logging.py:190}}
May 25 07:37:10.065602 dv-cinder-825492-15-iscsi devstack@c-api.service[111296]: DEBUG cinder.volume.api [None req-28a651d6-bab8-43f8-8e39-948aa171dc57 tempest-GroupsTest-156825032 tempest-GroupsTest-156825032-project] Task 'cinder.volume.flows.api.create_volume.QuotaCommitTask;volume:create' (78257f6e-3dd3-4937-bbd2-da57b1318c58) transitioned into state 'SUCCESS' from state 'RUNNING' with result '{'volume_properties': VolumeProperties(attach_status='detached',availability_zone='nova',cgsnapshot_id=None,consistencygroup_id=None,display_description=None,display_name='tempest-GroupsTest-Volume-1226213708',encryption_key_id=None,group_id=c76af4cd-8e19-48c2-a7da-91f52e021952,group_type_id=,metadata={},multiattach=False,project_id='5a9242ea370044668df6476c0bbb5cdb',qos_specs=None,replication_status=,reservations=['4a9af902-2665-45c6-bf2d-42282b6f950d','1b782de5-ad1a-4b8c-baaa-ef61fbff3a1a','f97d6483-d2b8-4c05-a93d-0c4f26268fe9','4530a53c-b9d5-4557-9086-be820af5512c'],size=1,snapshot_id=None,source_replicaid=,source_volid=None,status='creating',user_id='9496d1c3fa004f9dbd9254d82c38a74e',volume_type_id=3bde24df-014b-474a-ab56-649b595fa2cf)}' {{(pid=111296) _task_receiver /usr/local/lib/python3.8/dist-packages/taskflow/listeners/logging.py:178}}
May 25 07:37:10.068414 dv-cinder-825492-15-iscsi devstack@c-api.service[111296]: DEBUG cinder.volume.api [None req-28a651d6-bab8-43f8-8e39-948aa171dc57 tempest-GroupsTest-156825032 tempest-GroupsTest-156825032-project] Task 'cinder.volume.flows.api.create_volume.VolumeCastTask;volume:create' (7cf43ab3-1245-4cbb-a0e7-6988142a2703) transitioned into state 'RUNNING' from state 'PENDING' {{(pid=111296) _task_receiver /usr/local/lib/python3.8/dist-packages/taskflow/listeners/logging.py:190}}
May 25 07:37:10.107952 dv-cinder-825492-15-iscsi devstack@c-api.service[111297]: DEBUG dbcounter [-] [111297] Writing DB stats cinder:SELECT=79,cinder:UPDATE=11,cinder:INSERT=10 {{(pid=111297) stat_writer /usr/local/lib/python3.8/dist-packages/dbcounter.py:114}}
May 25 07:37:10.200838 dv-cinder-825492-15-iscsi devstack@c-api.service[111296]: DEBUG cinder.volume.api [None req-28a651d6-bab8-43f8-8e39-948aa171dc57 tempest-GroupsTest-156825032 tempest-GroupsTest-156825032-project] Task 'cinder.volume.flows.api.create_volume.VolumeCastTask;volume:create' (7cf43ab3-1245-4cbb-a0e7-6988142a2703) transitioned into state 'SUCCESS' from state 'RUNNING' with result 'None' {{(pid=111296) _task_receiver /usr/local/lib/python3.8/dist-packages/taskflow/listeners/logging.py:178}}
May 25 07:37:10.204828 dv-cinder-825492-15-iscsi devstack@c-api.service[111296]: DEBUG cinder.volume.api [None req-28a651d6-bab8-43f8-8e39-948aa171dc57 tempest-GroupsTest-156825032 tempest-GroupsTest-156825032-project] Flow 'volume_create_api' (1f7b3482-02a7-46af-b338-9649ce9a8abc) transitioned into state 'SUCCESS' from state 'RUNNING' {{(pid=111296) _flow_receiver /usr/local/lib/python3.8/dist-packages/taskflow/listeners/logging.py:141}}
May 25 07:37:10.206407 dv-cinder-825492-15-iscsi devstack@c-api.service[111296]: INFO cinder.volume.api [None req-28a651d6-bab8-43f8-8e39-948aa171dc57 tempest-GroupsTest-156825032 tempest-GroupsTest-156825032-project] Create volume request issued successfully.
May 25 07:37:10.208667 dv-cinder-825492-15-iscsi devstack@c-api.service[111296]: WARNING stevedore.named [None req-28a651d6-bab8-43f8-8e39-948aa171dc57 tempest-GroupsTest-156825032 tempest-GroupsTest-156825032-project] Could not load cinder.keymgr.conf_key_mgr.ConfKeyManager
May 25 07:37:10.209465 dv-cinder-825492-15-iscsi devstack@c-api.service[111296]: WARNING castellan.key_manager [None req-28a651d6-bab8-43f8-8e39-948aa171dc57 tempest-GroupsTest-156825032 tempest-GroupsTest-156825032-project] Deprecation Warning : cinder.keymgr.conf_key_mgr.ConfKeyManager is not a stevedore based driver, trying to load it as a class: stevedore.exception.NoMatches: No 'castellan.drivers' driver found, looking for 'cinder.keymgr.conf_key_mgr.ConfKeyManager'
May 25 07:37:10.218697 dv-cinder-825492-15-iscsi devstack@c-api.service[111296]: DEBUG oslo_db.sqlalchemy.engines [None req-28a651d6-bab8-43f8-8e39-948aa171dc57 tempest-GroupsTest-156825032 tempest-GroupsTest-156825032-project] MySQL server mode set to STRICT_TRANS_TABLES,STRICT_ALL_TABLES,NO_ZERO_IN_DATE,NO_ZERO_DATE,ERROR_FOR_DIVISION_BY_ZERO,TRADITIONAL,NO_ENGINE_SUBSTITUTION {{(pid=111296) _check_effective_sql_mode /usr/local/lib/python3.8/dist-packages/oslo_db/sqlalchemy/engines.py:314}}
May 25 07:37:10.225497 dv-cinder-825492-15-iscsi devstack@c-api.service[111296]: /usr/local/lib/python3.8/dist-packages/oslo_context/context.py:100: DeprecationWarning: Policy enforcement is depending on the value of is_admin. This key is deprecated. Please update your policy file to use the standard policy values.
May 25 07:37:10.225497 dv-cinder-825492-15-iscsi devstack@c-api.service[111296]: warnings.warn('Policy enforcement is depending on the value of '
May 25 07:37:10.232299 dv-cinder-825492-15-iscsi devstack@c-api.service[111297]: INFO cinder.volume.api [None req-61dd8d4b-5991-47ff-8428-041199b477c6 tempest-UserMessagesTest-749289902 tempest-UserMessagesTest-749289902-project] Delete volume request issued successfully.
May 25 07:37:10.232874 dv-cinder-825492-15-iscsi devstack@c-api.service[111297]: INFO cinder.api.openstack.wsgi [None req-61dd8d4b-5991-47ff-8428-041199b477c6 tempest-UserMessagesTest-749289902 tempest-UserMessagesTest-749289902-project] http://10.222.0.24/volume/v3/a7c2e4a5768c4caaa4e6cc07423f97a8/volumes/e763cf34-0446-4dd3-8589-99f023dc0043 returned with HTTP 202
May 25 07:37:10.234110 dv-cinder-825492-15-iscsi devstack@c-api.service[111297]: [pid: 111297|app: 0|req: 70/138] 10.222.0.24 () {60 vars in 1367 bytes} [Wed May 25 07:37:09 2022] DELETE /volume/v3/a7c2e4a5768c4caaa4e6cc07423f97a8/volumes/e763cf34-0446-4dd3-8589-99f023dc0043 => generated 0 bytes in 585 msecs (HTTP/1.1 202) 6 headers in 233 bytes (2 switches on core 0)
May 25 07:37:10.236303 dv-cinder-825492-15-iscsi devstack@c-api.service[111297]: DEBUG cinder.api.middleware.request_id [None req-cee8555f-e0a6-488c-a615-5e74abbbdffd None None] RequestId filter calling following filter/app {{(pid=111297) _context_setter /opt/stack/cinder/cinder/api/middleware/request_id.py:62}}
May 25 07:37:10.238568 dv-cinder-825492-15-iscsi devstack@c-api.service[111296]: INFO cinder.api.openstack.wsgi [None req-28a651d6-bab8-43f8-8e39-948aa171dc57 tempest-GroupsTest-156825032 tempest-GroupsTest-156825032-project] http://10.222.0.24/volume/v3/5a9242ea370044668df6476c0bbb5cdb/volumes returned with HTTP 202
May 25 07:37:10.239409 dv-cinder-825492-15-iscsi devstack@c-api.service[111296]: [pid: 111296|app: 0|req: 69/139] 10.222.0.24 () {62 vars in 1276 bytes} [Wed May 25 07:37:09 2022] POST /volume/v3/5a9242ea370044668df6476c0bbb5cdb/volumes => generated 892 bytes in 982 msecs (HTTP/1.1 202) 7 headers in 292 bytes (1 switches on core 0)
May 25 07:37:10.240692 dv-cinder-825492-15-iscsi devstack@c-api.service[111296]: DEBUG cinder.api.middleware.request_id [None req-8e707c6f-48b2-4fc3-bfed-19582ef8c6e8 None None] RequestId filter calling following filter/app {{(pid=111296) _context_setter /opt/stack/cinder/cinder/api/middleware/request_id.py:62}}
May 25 07:37:10.243768 dv-cinder-825492-15-iscsi devstack@c-api.service[111297]: INFO cinder.api.openstack.wsgi [None req-cee8555f-e0a6-488c-a615-5e74abbbdffd tempest-VolumeQuotasAdminTestJSON-832015572 tempest-VolumeQuotasAdminTestJSON-832015572-project] GET http://10.222.0.24/volume/v3/e060462807db4929a77dfa5236447914/volumes/520be040-cfb0-45d0-a158-ebd8d28028d8
May 25 07:37:10.244240 dv-cinder-825492-15-iscsi devstack@c-api.service[111297]: DEBUG cinder.api.openstack.wsgi [None req-cee8555f-e0a6-488c-a615-5e74abbbdffd tempest-VolumeQuotasAdminTestJSON-832015572 tempest-VolumeQuotasAdminTestJSON-832015572-project] Empty body provided in request {{(pid=111297) get_body /opt/stack/cinder/cinder/api/openstack/wsgi.py:715}}
May 25 07:37:10.244730 dv-cinder-825492-15-iscsi devstack@c-api.service[111297]: DEBUG cinder.api.openstack.wsgi [None req-cee8555f-e0a6-488c-a615-5e74abbbdffd tempest-VolumeQuotasAdminTestJSON-832015572 tempest-VolumeQuotasAdminTestJSON-832015572-project] Calling method 'show' {{(pid=111297) _process_stack /opt/stack/cinder/cinder/api/openstack/wsgi.py:868}}
May 25 07:37:10.252127 dv-cinder-825492-15-iscsi devstack@c-api.service[111296]: INFO cinder.api.openstack.wsgi [None req-8e707c6f-48b2-4fc3-bfed-19582ef8c6e8 tempest-UserMessagesTest-749289902 tempest-UserMessagesTest-749289902-project] GET http://10.222.0.24/volume/v3/a7c2e4a5768c4caaa4e6cc07423f97a8/volumes/e763cf34-0446-4dd3-8589-99f023dc0043
May 25 07:37:10.252674 dv-cinder-825492-15-iscsi devstack@c-api.service[111296]: DEBUG cinder.api.openstack.wsgi [None req-8e707c6f-48b2-4fc3-bfed-19582ef8c6e8 tempest-UserMessagesTest-749289902 tempest-UserMessagesTest-749289902-project] Empty body provided in request {{(pid=111296) get_body /opt/stack/cinder/cinder/api/openstack/wsgi.py:715}}
May 25 07:37:10.253140 dv-cinder-825492-15-iscsi devstack@c-api.service[111296]: DEBUG cinder.api.openstack.wsgi [None req-8e707c6f-48b2-4fc3-bfed-19582ef8c6e8 tempest-UserMessagesTest-749289902 tempest-UserMessagesTest-749289902-project] Calling method 'show' {{(pid=111296) _process_stack /opt/stack/cinder/cinder/api/openstack/wsgi.py:868}}
May 25 07:37:10.284149 dv-cinder-825492-15-iscsi devstack@c-api.service[111297]: /usr/local/lib/python3.8/dist-packages/oslo_context/context.py:100: DeprecationWarning: Policy enforcement is depending on the value of is_admin. This key is deprecated. Please update your policy file to use the standard policy values.
May 25 07:37:10.284149 dv-cinder-825492-15-iscsi devstack@c-api.service[111297]: warnings.warn('Policy enforcement is depending on the value of '
May 25 07:37:10.285126 dv-cinder-825492-15-iscsi devstack@c-api.service[111296]: INFO cinder.api.openstack.wsgi [None req-8e707c6f-48b2-4fc3-bfed-19582ef8c6e8 tempest-UserMessagesTest-749289902 tempest-UserMessagesTest-749289902-project] http://10.222.0.24/volume/v3/a7c2e4a5768c4caaa4e6cc07423f97a8/volumes/e763cf34-0446-4dd3-8589-99f023dc0043 returned with HTTP 404
May 25 07:37:10.289993 dv-cinder-825492-15-iscsi devstack@c-api.service[111296]: [pid: 111296|app: 0|req: 70/140] 10.222.0.24 () {60 vars in 1364 bytes} [Wed May 25 07:37:10 2022] GET /volume/v3/a7c2e4a5768c4caaa4e6cc07423f97a8/volumes/e763cf34-0446-4dd3-8589-99f023dc0043 => generated 109 bytes in 50 msecs (HTTP/1.1 404) 7 headers in 292 bytes (1 switches on core 0)
May 25 07:37:10.293020 dv-cinder-825492-15-iscsi devstack@c-api.service[111296]: DEBUG cinder.api.middleware.request_id [None req-f3d3f1ee-aac1-43b5-ac6b-78d9fb4f4a4e None None] RequestId filter calling following filter/app {{(pid=111296) _context_setter /opt/stack/cinder/cinder/api/middleware/request_id.py:62}}
May 25 07:37:10.298120 dv-cinder-825492-15-iscsi devstack@c-api.service[111297]: INFO cinder.volume.api [None req-cee8555f-e0a6-488c-a615-5e74abbbdffd tempest-VolumeQuotasAdminTestJSON-832015572 tempest-VolumeQuotasAdminTestJSON-832015572-project] Volume info retrieved successfully.
May 25 07:37:10.298830 dv-cinder-825492-15-iscsi devstack@c-api.service[111296]: INFO cinder.api.openstack.wsgi [None req-f3d3f1ee-aac1-43b5-ac6b-78d9fb4f4a4e tempest-GroupsTest-156825032 tempest-GroupsTest-156825032-project] GET http://10.222.0.24/volume/v3/5a9242ea370044668df6476c0bbb5cdb/volumes/90015597-7883-469e-a9f2-1df587de50a2
May 25 07:37:10.300371 dv-cinder-825492-15-iscsi devstack@c-api.service[111296]: DEBUG cinder.api.openstack.wsgi [None req-f3d3f1ee-aac1-43b5-ac6b-78d9fb4f4a4e tempest-GroupsTest-156825032 tempest-GroupsTest-156825032-project] Empty body provided in request {{(pid=111296) get_body /opt/stack/cinder/cinder/api/openstack/wsgi.py:715}}
May 25 07:37:10.300993 dv-cinder-825492-15-iscsi devstack@c-api.service[111296]: DEBUG cinder.api.openstack.wsgi [None req-f3d3f1ee-aac1-43b5-ac6b-78d9fb4f4a4e tempest-GroupsTest-156825032 tempest-GroupsTest-156825032-project] Calling method 'show' {{(pid=111296) _process_stack /opt/stack/cinder/cinder/api/openstack/wsgi.py:868}}
May 25 07:37:10.308101 dv-cinder-825492-15-iscsi devstack@c-api.service[111297]: INFO cinder.api.openstack.wsgi [None req-cee8555f-e0a6-488c-a615-5e74abbbdffd tempest-VolumeQuotasAdminTestJSON-832015572 tempest-VolumeQuotasAdminTestJSON-832015572-project] http://10.222.0.24/volume/v3/e060462807db4929a77dfa5236447914/volumes/520be040-cfb0-45d0-a158-ebd8d28028d8 returned with HTTP 200
May 25 07:37:10.308897 dv-cinder-825492-15-iscsi devstack@c-api.service[111297]: [pid: 111297|app: 0|req: 71/141] 10.222.0.24 () {58 vars in 1324 bytes} [Wed May 25 07:37:10 2022] GET /volume/v3/e060462807db4929a77dfa5236447914/volumes/520be040-cfb0-45d0-a158-ebd8d28028d8 => generated 917 bytes in 74 msecs (HTTP/1.1 200) 7 headers in 285 bytes (1 switches on core 0)
May 25 07:37:10.325170 dv-cinder-825492-15-iscsi devstack@c-api.service[111297]: DEBUG cinder.api.middleware.request_id [None req-c72b1c17-b8ff-451c-b768-82968d17a3bc None None] RequestId filter calling following filter/app {{(pid=111297) _context_setter /opt/stack/cinder/cinder/api/middleware/request_id.py:62}}
May 25 07:37:10.329935 dv-cinder-825492-15-iscsi devstack@c-api.service[111297]: INFO cinder.api.openstack.wsgi [None req-c72b1c17-b8ff-451c-b768-82968d17a3bc tempest-UserMessagesTest-1992801131 tempest-UserMessagesTest-1992801131-project-admin] DELETE http://10.222.0.24/volume/v3/fe20a5994e414c35b6a803a910a23e23/types/0d5ab313-b287-4715-81f1-77ebdb10e1a1
May 25 07:37:10.330402 dv-cinder-825492-15-iscsi devstack@c-api.service[111297]: DEBUG cinder.api.openstack.wsgi [None req-c72b1c17-b8ff-451c-b768-82968d17a3bc tempest-UserMessagesTest-1992801131 tempest-UserMessagesTest-1992801131-project-admin] Empty body provided in request {{(pid=111297) get_body /opt/stack/cinder/cinder/api/openstack/wsgi.py:715}}
May 25 07:37:10.330898 dv-cinder-825492-15-iscsi devstack@c-api.service[111297]: DEBUG cinder.api.openstack.wsgi [None req-c72b1c17-b8ff-451c-b768-82968d17a3bc tempest-UserMessagesTest-1992801131 tempest-UserMessagesTest-1992801131-project-admin] Calling method '_delete' {{(pid=111297) _process_stack /opt/stack/cinder/cinder/api/openstack/wsgi.py:868}}
May 25 07:37:10.331864 dv-cinder-825492-15-iscsi devstack@c-api.service[111296]: /usr/local/lib/python3.8/dist-packages/oslo_context/context.py:100: DeprecationWarning: Policy enforcement is depending on the value of is_admin. This key is deprecated. Please update your policy file to use the standard policy values.
May 25 07:37:10.331864 dv-cinder-825492-15-iscsi devstack@c-api.service[111296]: warnings.warn('Policy enforcement is depending on the value of '
May 25 07:37:10.341528 dv-cinder-825492-15-iscsi devstack@c-api.service[111296]: INFO cinder.volume.api [None req-f3d3f1ee-aac1-43b5-ac6b-78d9fb4f4a4e tempest-GroupsTest-156825032 tempest-GroupsTest-156825032-project] Volume info retrieved successfully.
May 25 07:37:10.343425 dv-cinder-825492-15-iscsi devstack@c-api.service[111296]: WARNING stevedore.named [None req-f3d3f1ee-aac1-43b5-ac6b-78d9fb4f4a4e tempest-GroupsTest-156825032 tempest-GroupsTest-156825032-project] Could not load cinder.keymgr.conf_key_mgr.ConfKeyManager
May 25 07:37:10.344115 dv-cinder-825492-15-iscsi devstack@c-api.service[111296]: WARNING castellan.key_manager [None req-f3d3f1ee-aac1-43b5-ac6b-78d9fb4f4a4e tempest-GroupsTest-156825032 tempest-GroupsTest-156825032-project] Deprecation Warning : cinder.keymgr.conf_key_mgr.ConfKeyManager is not a stevedore based driver, trying to load it as a class: stevedore.exception.NoMatches: No 'castellan.drivers' driver found, looking for 'cinder.keymgr.conf_key_mgr.ConfKeyManager'
May 25 07:37:10.352564 dv-cinder-825492-15-iscsi devstack@c-api.service[111296]: DEBUG oslo_db.sqlalchemy.engines [None req-f3d3f1ee-aac1-43b5-ac6b-78d9fb4f4a4e tempest-GroupsTest-156825032 tempest-GroupsTest-156825032-project] MySQL server mode set to STRICT_TRANS_TABLES,STRICT_ALL_TABLES,NO_ZERO_IN_DATE,NO_ZERO_DATE,ERROR_FOR_DIVISION_BY_ZERO,TRADITIONAL,NO_ENGINE_SUBSTITUTION {{(pid=111296) _check_effective_sql_mode /usr/local/lib/python3.8/dist-packages/oslo_db/sqlalchemy/engines.py:314}}
May 25 07:37:10.378776 dv-cinder-825492-15-iscsi devstack@c-api.service[111296]: /usr/local/lib/python3.8/dist-packages/oslo_context/context.py:100: DeprecationWarning: Policy enforcement is depending on the value of is_admin. This key is deprecated. Please update your policy file to use the standard policy values.
May 25 07:37:10.378776 dv-cinder-825492-15-iscsi devstack@c-api.service[111296]: warnings.warn('Policy enforcement is depending on the value of '
May 25 07:37:10.410969 dv-cinder-825492-15-iscsi devstack@c-api.service[111296]: INFO cinder.api.openstack.wsgi [None req-f3d3f1ee-aac1-43b5-ac6b-78d9fb4f4a4e tempest-GroupsTest-156825032 tempest-GroupsTest-156825032-project] http://10.222.0.24/volume/v3/5a9242ea370044668df6476c0bbb5cdb/volumes/90015597-7883-469e-a9f2-1df587de50a2 returned with HTTP 200
May 25 07:37:10.411965 dv-cinder-825492-15-iscsi devstack@c-api.service[111296]: [pid: 111296|app: 0|req: 71/142] 10.222.0.24 () {60 vars in 1365 bytes} [Wed May 25 07:37:10 2022] GET /volume/v3/5a9242ea370044668df6476c0bbb5cdb/volumes/90015597-7883-469e-a9f2-1df587de50a2 => generated 960 bytes in 121 msecs (HTTP/1.1 200) 7 headers in 286 bytes (1 switches on core 0)
May 25 07:37:10.422717 dv-cinder-825492-15-iscsi devstack@c-api.service[111296]: DEBUG cinder.api.middleware.request_id [None req-8f52053d-667e-410c-be42-dfa5aca77ef7 None None] RequestId filter calling following filter/app {{(pid=111296) _context_setter /opt/stack/cinder/cinder/api/middleware/request_id.py:62}}
May 25 07:37:10.428353 dv-cinder-825492-15-iscsi devstack@c-api.service[111296]: INFO cinder.api.openstack.wsgi [None req-8f52053d-667e-410c-be42-dfa5aca77ef7 tempest-VolumeQuotasAdminTestJSON-1020439484 tempest-VolumeQuotasAdminTestJSON-1020439484-project-admin] GET http://10.222.0.24/volume/v3/23af2ee4f4de488783be99a38e051ec2/os-quota-sets/e060462807db4929a77dfa5236447914?usage=True
May 25 07:37:10.429081 dv-cinder-825492-15-iscsi devstack@c-api.service[111296]: DEBUG cinder.api.openstack.wsgi [None req-8f52053d-667e-410c-be42-dfa5aca77ef7 tempest-VolumeQuotasAdminTestJSON-1020439484 tempest-VolumeQuotasAdminTestJSON-1020439484-project-admin] Empty body provided in request {{(pid=111296) get_body /opt/stack/cinder/cinder/api/openstack/wsgi.py:715}}
May 25 07:37:10.430086 dv-cinder-825492-15-iscsi devstack@c-api.service[111296]: DEBUG cinder.api.openstack.wsgi [None req-8f52053d-667e-410c-be42-dfa5aca77ef7 tempest-VolumeQuotasAdminTestJSON-1020439484 tempest-VolumeQuotasAdminTestJSON-1020439484-project-admin] Calling method 'show' {{(pid=111296) _process_stack /opt/stack/cinder/cinder/api/openstack/wsgi.py:868}}
