May 19 14:59:15.748880 dv-cinder-825492-12-smb devstack@keystone.service[80311]: DEBUG keystone.server.flask.request_processing.middleware.auth_context [None req-34c87bfe-420f-4d77-af3d-b2c39aa43c0e None admin] RBAC: auth_context: {'token': , 'domain_id': None, 'trust_id': None, 'trustor_id': None, 'trustee_id': None, 'domain_name': None, 'group_ids': [], 'user_id': 'ad1f0999a98b4092adfab13583d065a7', 'user_domain_id': 'default', 'system_scope': 'all', 'project_id': None, 'project_domain_id': None, 'roles': ['admin', 'member', 'reader'], 'is_admin_project': True, 'service_user_id': None, 'service_user_domain_id': None, 'service_project_id': None, 'service_project_domain_id': None, 'service_roles': []} {{(pid=80311) fill_context /opt/stack/keystone/keystone/server/flask/request_processing/middleware/auth_context.py:478}}
May 19 14:59:15.749701 dv-cinder-825492-12-smb devstack@keystone.service[80311]: DEBUG keystone.server.flask.request_processing.req_logging [None req-34c87bfe-420f-4d77-af3d-b2c39aa43c0e None admin] REQUEST_METHOD: `GET` {{(pid=80311) log_request_info /opt/stack/keystone/keystone/server/flask/request_processing/req_logging.py:27}}
May 19 14:59:15.749990 dv-cinder-825492-12-smb devstack@keystone.service[80311]: DEBUG keystone.server.flask.request_processing.req_logging [None req-34c87bfe-420f-4d77-af3d-b2c39aa43c0e None admin] SCRIPT_NAME: `/identity` {{(pid=80311) log_request_info /opt/stack/keystone/keystone/server/flask/request_processing/req_logging.py:28}}
May 19 14:59:15.750265 dv-cinder-825492-12-smb devstack@keystone.service[80311]: DEBUG keystone.server.flask.request_processing.req_logging [None req-34c87bfe-420f-4d77-af3d-b2c39aa43c0e None admin] PATH_INFO: `/v3/role_assignments` {{(pid=80311) log_request_info /opt/stack/keystone/keystone/server/flask/request_processing/req_logging.py:29}}
May 19 14:59:15.751114 dv-cinder-825492-12-smb devstack@keystone.service[80311]: DEBUG keystone.common.rbac_enforcer.enforcer [None req-34c87bfe-420f-4d77-af3d-b2c39aa43c0e None admin] RBAC: Adding query filter params (role.id=6acf73e536d24550a6b9d16edadcb95d, scope.project.id=6a756b2935d142c287a7d44c5af29f91, user.id=9d2cb6d7a1b045fe8920ad2edcd683d1) {{(pid=80311) _extract_filter_values /opt/stack/keystone/keystone/common/rbac_enforcer/enforcer.py:167}}
May 19 14:59:15.751471 dv-cinder-825492-12-smb devstack@keystone.service[80311]: DEBUG keystone.common.rbac_enforcer.enforcer [None req-34c87bfe-420f-4d77-af3d-b2c39aa43c0e None admin] RBAC: Authorizing `identity:list_role_assignments()` {{(pid=80311) enforce_call /opt/stack/keystone/keystone/common/rbac_enforcer/enforcer.py:449}}
May 19 14:59:15.753281 dv-cinder-825492-12-smb devstack@keystone.service[80311]: DEBUG keystone.common.rbac_enforcer.enforcer [None req-34c87bfe-420f-4d77-af3d-b2c39aa43c0e None admin] RBAC: Authorization granted {{(pid=80311) enforce_call /opt/stack/keystone/keystone/common/rbac_enforcer/enforcer.py:457}}
May 19 14:59:15.761227 dv-cinder-825492-12-smb devstack@keystone.service[80311]: [pid: 80311|app: 0|req: 43/93] 10.222.0.52 () {56 vars in 1374 bytes} [Thu May 19 14:59:15 2022] GET /identity/v3/role_assignments?user.id=9d2cb6d7a1b045fe8920ad2edcd683d1&scope.project.id=6a756b2935d142c287a7d44c5af29f91&role.id=6acf73e536d24550a6b9d16edadcb95d => generated 259 bytes in 234 msecs (HTTP/1.1 200) 5 headers in 177 bytes (1 switches on core 0)
May 19 14:59:15.761547 dv-cinder-825492-12-smb devstack@keystone.service[80310]: DEBUG dbcounter [-] [80310] Writing DB stats keystone:SELECT=100 {{(pid=80310) stat_writer /usr/local/lib/python3.8/dist-packages/dbcounter.py:114}}
May 19 14:59:15.762064 dv-cinder-825492-12-smb devstack@keystone.service[80311]: DEBUG keystone.server.flask.request_processing.middleware.auth_context [None req-34c87bfe-420f-4d77-af3d-b2c39aa43c0e None admin] Authenticating user token {{(pid=80311) process_request /usr/local/lib/python3.8/dist-packages/keystonemiddleware/auth_token/__init__.py:407}}
May 19 14:59:15.862101 dv-cinder-825492-12-smb devstack@keystone.service[80310]: DEBUG keystone.server.flask.request_processing.middleware.auth_context [None req-609c3cad-025c-47e4-b5ee-d997632d7caa None admin] Validating token access rules against request {{(pid=80310) validate_allowed_request /usr/local/lib/python3.8/dist-packages/keystonemiddleware/auth_token/__init__.py:545}}
May 19 14:59:15.949798 dv-cinder-825492-12-smb devstack@keystone.service[80311]: DEBUG keystone.server.flask.request_processing.middleware.auth_context [None req-34c87bfe-420f-4d77-af3d-b2c39aa43c0e None admin] Validating token access rules against request {{(pid=80311) validate_allowed_request /usr/local/lib/python3.8/dist-packages/keystonemiddleware/auth_token/__init__.py:545}}
May 19 14:59:15.951830 dv-cinder-825492-12-smb devstack@keystone.service[80310]: DEBUG keystone.server.flask.request_processing.middleware.auth_context [None req-a34d1023-ae3a-4ef0-83af-add66a1d1b11 None admin] RBAC: auth_context: {'token': , 'domain_id': None, 'trust_id': None, 'trustor_id': None, 'trustee_id': None, 'domain_name': None, 'group_ids': [], 'user_id': 'ad1f0999a98b4092adfab13583d065a7', 'user_domain_id': 'default', 'system_scope': 'all', 'project_id': None, 'project_domain_id': None, 'roles': ['admin', 'member', 'reader'], 'is_admin_project': True, 'service_user_id': None, 'service_user_domain_id': None, 'service_project_id': None, 'service_project_domain_id': None, 'service_roles': []} {{(pid=80310) fill_context /opt/stack/keystone/keystone/server/flask/request_processing/middleware/auth_context.py:478}}
May 19 14:59:15.952827 dv-cinder-825492-12-smb devstack@keystone.service[80310]: DEBUG keystone.server.flask.request_processing.req_logging [None req-a34d1023-ae3a-4ef0-83af-add66a1d1b11 None admin] REQUEST_METHOD: `GET` {{(pid=80310) log_request_info /opt/stack/keystone/keystone/server/flask/request_processing/req_logging.py:27}}
May 19 14:59:15.953072 dv-cinder-825492-12-smb devstack@keystone.service[80310]: DEBUG keystone.server.flask.request_processing.req_logging [None req-a34d1023-ae3a-4ef0-83af-add66a1d1b11 None admin] SCRIPT_NAME: `/identity` {{(pid=80310) log_request_info /opt/stack/keystone/keystone/server/flask/request_processing/req_logging.py:28}}
May 19 14:59:15.953430 dv-cinder-825492-12-smb devstack@keystone.service[80310]: DEBUG keystone.server.flask.request_processing.req_logging [None req-a34d1023-ae3a-4ef0-83af-add66a1d1b11 None admin] PATH_INFO: `/v3/projects/6a756b2935d142c287a7d44c5af29f91` {{(pid=80310) log_request_info /opt/stack/keystone/keystone/server/flask/request_processing/req_logging.py:29}}
May 19 14:59:15.957492 dv-cinder-825492-12-smb devstack@keystone.service[80310]: DEBUG keystone.common.rbac_enforcer.enforcer [None req-a34d1023-ae3a-4ef0-83af-add66a1d1b11 None admin] RBAC: Authorizing `identity:get_project(project_id=6a756b2935d142c287a7d44c5af29f91)` {{(pid=80310) enforce_call /opt/stack/keystone/keystone/common/rbac_enforcer/enforcer.py:449}}
May 19 14:59:15.958983 dv-cinder-825492-12-smb devstack@keystone.service[80310]: DEBUG keystone.common.rbac_enforcer.enforcer [None req-a34d1023-ae3a-4ef0-83af-add66a1d1b11 None admin] RBAC: Authorization granted {{(pid=80310) enforce_call /opt/stack/keystone/keystone/common/rbac_enforcer/enforcer.py:457}}
May 19 14:59:15.960957 dv-cinder-825492-12-smb devstack@keystone.service[80310]: [pid: 80310|app: 0|req: 51/94] 10.222.0.52 () {56 vars in 1186 bytes} [Thu May 19 14:59:15 2022] GET /identity/v3/projects/6a756b2935d142c287a7d44c5af29f91 => generated 298 bytes in 350 msecs (HTTP/1.1 200) 5 headers in 177 bytes (1 switches on core 0)
May 19 14:59:15.967775 dv-cinder-825492-12-smb devstack@keystone.service[80310]: DEBUG keystone.server.flask.request_processing.middleware.auth_context [None req-a34d1023-ae3a-4ef0-83af-add66a1d1b11 None admin] Authenticating user token {{(pid=80310) process_request /usr/local/lib/python3.8/dist-packages/keystonemiddleware/auth_token/__init__.py:407}}
May 19 14:59:15.994825 dv-cinder-825492-12-smb devstack@keystone.service[80311]: DEBUG dbcounter [-] [80311] Writing DB stats keystone:SELECT=100 {{(pid=80311) stat_writer /usr/local/lib/python3.8/dist-packages/dbcounter.py:114}}
May 19 14:59:16.049465 dv-cinder-825492-12-smb devstack@keystone.service[80311]: DEBUG keystone.server.flask.request_processing.middleware.auth_context [None req-01809dd6-2ac2-4817-b986-17642672fd38 None admin] RBAC: auth_context: {'token': , 'domain_id': None, 'trust_id': None, 'trustor_id': None, 'trustee_id': None, 'domain_name': None, 'group_ids': [], 'user_id': 'ad1f0999a98b4092adfab13583d065a7', 'user_domain_id': 'default', 'system_scope': 'all', 'project_id': None, 'project_domain_id': None, 'roles': ['admin', 'member', 'reader'], 'is_admin_project': True, 'service_user_id': None, 'service_user_domain_id': None, 'service_project_id': None, 'service_project_domain_id': None, 'service_roles': []} {{(pid=80311) fill_context /opt/stack/keystone/keystone/server/flask/request_processing/middleware/auth_context.py:478}}
May 19 14:59:16.051212 dv-cinder-825492-12-smb devstack@keystone.service[80311]: DEBUG keystone.server.flask.request_processing.req_logging [None req-01809dd6-2ac2-4817-b986-17642672fd38 None admin] REQUEST_METHOD: `GET` {{(pid=80311) log_request_info /opt/stack/keystone/keystone/server/flask/request_processing/req_logging.py:27}}
May 19 14:59:16.051731 dv-cinder-825492-12-smb devstack@keystone.service[80311]: DEBUG keystone.server.flask.request_processing.req_logging [None req-01809dd6-2ac2-4817-b986-17642672fd38 None admin] SCRIPT_NAME: `/identity` {{(pid=80311) log_request_info /opt/stack/keystone/keystone/server/flask/request_processing/req_logging.py:28}}
May 19 14:59:16.052206 dv-cinder-825492-12-smb devstack@keystone.service[80311]: DEBUG keystone.server.flask.request_processing.req_logging [None req-01809dd6-2ac2-4817-b986-17642672fd38 None admin] PATH_INFO: `/v3/projects/34ddc0289b364ec98fad94ec2af404a3` {{(pid=80311) log_request_info /opt/stack/keystone/keystone/server/flask/request_processing/req_logging.py:29}}
May 19 14:59:16.056214 dv-cinder-825492-12-smb devstack@keystone.service[80311]: DEBUG keystone.common.rbac_enforcer.enforcer [None req-01809dd6-2ac2-4817-b986-17642672fd38 None admin] RBAC: Authorizing `identity:get_project(project_id=34ddc0289b364ec98fad94ec2af404a3)` {{(pid=80311) enforce_call /opt/stack/keystone/keystone/common/rbac_enforcer/enforcer.py:449}}
May 19 14:59:16.058539 dv-cinder-825492-12-smb devstack@keystone.service[80311]: DEBUG keystone.common.rbac_enforcer.enforcer [None req-01809dd6-2ac2-4817-b986-17642672fd38 None admin] RBAC: Authorization granted {{(pid=80311) enforce_call /opt/stack/keystone/keystone/common/rbac_enforcer/enforcer.py:457}}
May 19 14:59:16.061057 dv-cinder-825492-12-smb devstack@keystone.service[80311]: [pid: 80311|app: 0|req: 44/95] 10.222.0.52 () {56 vars in 1186 bytes} [Thu May 19 14:59:15 2022] GET /identity/v3/projects/34ddc0289b364ec98fad94ec2af404a3 => generated 312 bytes in 299 msecs (HTTP/1.1 200) 5 headers in 177 bytes (1 switches on core 0)
May 19 14:59:16.066904 dv-cinder-825492-12-smb devstack@keystone.service[80311]: DEBUG keystone.server.flask.request_processing.middleware.auth_context [None req-01809dd6-2ac2-4817-b986-17642672fd38 None admin] Authenticating user token {{(pid=80311) process_request /usr/local/lib/python3.8/dist-packages/keystonemiddleware/auth_token/__init__.py:407}}
May 19 14:59:16.138131 dv-cinder-825492-12-smb devstack@keystone.service[80310]: DEBUG keystone.server.flask.request_processing.middleware.auth_context [None req-a34d1023-ae3a-4ef0-83af-add66a1d1b11 None admin] Validating token access rules against request {{(pid=80310) validate_allowed_request /usr/local/lib/python3.8/dist-packages/keystonemiddleware/auth_token/__init__.py:545}}
May 19 14:59:16.168974 dv-cinder-825492-12-smb devstack@keystone.service[80310]: DEBUG dbcounter [-] [80310] Writing DB stats keystone:SELECT=100 {{(pid=80310) stat_writer /usr/local/lib/python3.8/dist-packages/dbcounter.py:114}}
May 19 14:59:16.193852 dv-cinder-825492-12-smb devstack@keystone.service[80310]: DEBUG keystone.server.flask.request_processing.middleware.auth_context [None req-4b8a411b-f5b8-49df-bbc3-4c1d61daf0bc None admin] RBAC: auth_context: {'token': , 'domain_id': None, 'trust_id': None, 'trustor_id': None, 'trustee_id': None, 'domain_name': None, 'group_ids': [], 'user_id': 'ad1f0999a98b4092adfab13583d065a7', 'user_domain_id': 'default', 'system_scope': 'all', 'project_id': None, 'project_domain_id': None, 'roles': ['admin', 'member', 'reader'], 'is_admin_project': True, 'service_user_id': None, 'service_user_domain_id': None, 'service_project_id': None, 'service_project_domain_id': None, 'service_roles': []} {{(pid=80310) fill_context /opt/stack/keystone/keystone/server/flask/request_processing/middleware/auth_context.py:478}}
May 19 14:59:16.194521 dv-cinder-825492-12-smb devstack@keystone.service[80310]: DEBUG keystone.server.flask.request_processing.req_logging [None req-4b8a411b-f5b8-49df-bbc3-4c1d61daf0bc None admin] REQUEST_METHOD: `GET` {{(pid=80310) log_request_info /opt/stack/keystone/keystone/server/flask/request_processing/req_logging.py:27}}
May 19 14:59:16.194808 dv-cinder-825492-12-smb devstack@keystone.service[80310]: DEBUG keystone.server.flask.request_processing.req_logging [None req-4b8a411b-f5b8-49df-bbc3-4c1d61daf0bc None admin] SCRIPT_NAME: `/identity` {{(pid=80310) log_request_info /opt/stack/keystone/keystone/server/flask/request_processing/req_logging.py:28}}
May 19 14:59:16.195084 dv-cinder-825492-12-smb devstack@keystone.service[80310]: DEBUG keystone.server.flask.request_processing.req_logging [None req-4b8a411b-f5b8-49df-bbc3-4c1d61daf0bc None admin] PATH_INFO: `/v3/role_assignments` {{(pid=80310) log_request_info /opt/stack/keystone/keystone/server/flask/request_processing/req_logging.py:29}}
May 19 14:59:16.195964 dv-cinder-825492-12-smb devstack@keystone.service[80310]: DEBUG keystone.common.rbac_enforcer.enforcer [None req-4b8a411b-f5b8-49df-bbc3-4c1d61daf0bc None admin] RBAC: Adding query filter params (role.id=386fd18bbe43493db9ab125f45457901, scope.project.id=6a756b2935d142c287a7d44c5af29f91, user.id=ad1f0999a98b4092adfab13583d065a7) {{(pid=80310) _extract_filter_values /opt/stack/keystone/keystone/common/rbac_enforcer/enforcer.py:167}}
May 19 14:59:16.196280 dv-cinder-825492-12-smb devstack@keystone.service[80310]: DEBUG keystone.common.rbac_enforcer.enforcer [None req-4b8a411b-f5b8-49df-bbc3-4c1d61daf0bc None admin] RBAC: Authorizing `identity:list_role_assignments()` {{(pid=80310) enforce_call /opt/stack/keystone/keystone/common/rbac_enforcer/enforcer.py:449}}
May 19 14:59:16.198465 dv-cinder-825492-12-smb devstack@keystone.service[80310]: DEBUG keystone.common.rbac_enforcer.enforcer [None req-4b8a411b-f5b8-49df-bbc3-4c1d61daf0bc None admin] RBAC: Authorization granted {{(pid=80310) enforce_call /opt/stack/keystone/keystone/common/rbac_enforcer/enforcer.py:457}}
May 19 14:59:16.208888 dv-cinder-825492-12-smb devstack@keystone.service[80310]: [pid: 80310|app: 0|req: 52/96] 10.222.0.52 () {56 vars in 1374 bytes} [Thu May 19 14:59:15 2022] GET /identity/v3/role_assignments?user.id=ad1f0999a98b4092adfab13583d065a7&scope.project.id=6a756b2935d142c287a7d44c5af29f91&role.id=386fd18bbe43493db9ab125f45457901 => generated 259 bytes in 241 msecs (HTTP/1.1 200) 5 headers in 177 bytes (1 switches on core 0)
May 19 14:59:16.265610 dv-cinder-825492-12-smb devstack@keystone.service[80311]: DEBUG keystone.server.flask.request_processing.middleware.auth_context [None req-01809dd6-2ac2-4817-b986-17642672fd38 None admin] Validating token access rules against request {{(pid=80311) validate_allowed_request /usr/local/lib/python3.8/dist-packages/keystonemiddleware/auth_token/__init__.py:545}}
May 19 14:59:16.322920 dv-cinder-825492-12-smb devstack@keystone.service[80311]: DEBUG keystone.server.flask.request_processing.middleware.auth_context [None req-cf66b237-c6b1-4368-9bc3-3b01d7f1a7e5 None admin] RBAC: auth_context: {'token': , 'domain_id': None, 'trust_id': None, 'trustor_id': None, 'trustee_id': None, 'domain_name': None, 'group_ids': [], 'user_id': 'ad1f0999a98b4092adfab13583d065a7', 'user_domain_id': 'default', 'system_scope': 'all', 'project_id': None, 'project_domain_id': None, 'roles': ['admin', 'member', 'reader'], 'is_admin_project': True, 'service_user_id': None, 'service_user_domain_id': None, 'service_project_id': None, 'service_project_domain_id': None, 'service_roles': []} {{(pid=80311) fill_context /opt/stack/keystone/keystone/server/flask/request_processing/middleware/auth_context.py:478}}
May 19 14:59:16.323624 dv-cinder-825492-12-smb devstack@keystone.service[80311]: DEBUG keystone.server.flask.request_processing.req_logging [None req-cf66b237-c6b1-4368-9bc3-3b01d7f1a7e5 None admin] REQUEST_METHOD: `GET` {{(pid=80311) log_request_info /opt/stack/keystone/keystone/server/flask/request_processing/req_logging.py:27}}
May 19 14:59:16.323910 dv-cinder-825492-12-smb devstack@keystone.service[80311]: DEBUG keystone.server.flask.request_processing.req_logging [None req-cf66b237-c6b1-4368-9bc3-3b01d7f1a7e5 None admin] SCRIPT_NAME: `/identity` {{(pid=80311) log_request_info /opt/stack/keystone/keystone/server/flask/request_processing/req_logging.py:28}}
May 19 14:59:16.324185 dv-cinder-825492-12-smb devstack@keystone.service[80311]: DEBUG keystone.server.flask.request_processing.req_logging [None req-cf66b237-c6b1-4368-9bc3-3b01d7f1a7e5 None admin] PATH_INFO: `/v3/role_assignments` {{(pid=80311) log_request_info /opt/stack/keystone/keystone/server/flask/request_processing/req_logging.py:29}}
May 19 14:59:16.325029 dv-cinder-825492-12-smb devstack@keystone.service[80311]: DEBUG keystone.common.rbac_enforcer.enforcer [None req-cf66b237-c6b1-4368-9bc3-3b01d7f1a7e5 None admin] RBAC: Adding query filter params (role.id=5c2b35ca151c411daee2aa9c2b5bb802, scope.project.id=34ddc0289b364ec98fad94ec2af404a3, user.id=9d2cb6d7a1b045fe8920ad2edcd683d1) {{(pid=80311) _extract_filter_values /opt/stack/keystone/keystone/common/rbac_enforcer/enforcer.py:167}}
May 19 14:59:16.325342 dv-cinder-825492-12-smb devstack@keystone.service[80311]: DEBUG keystone.common.rbac_enforcer.enforcer [None req-cf66b237-c6b1-4368-9bc3-3b01d7f1a7e5 None admin] RBAC: Authorizing `identity:list_role_assignments()` {{(pid=80311) enforce_call /opt/stack/keystone/keystone/common/rbac_enforcer/enforcer.py:449}}
May 19 14:59:16.326810 dv-cinder-825492-12-smb devstack@keystone.service[80311]: DEBUG keystone.common.rbac_enforcer.enforcer [None req-cf66b237-c6b1-4368-9bc3-3b01d7f1a7e5 None admin] RBAC: Authorization granted {{(pid=80311) enforce_call /opt/stack/keystone/keystone/common/rbac_enforcer/enforcer.py:457}}
May 19 14:59:16.333672 dv-cinder-825492-12-smb devstack@keystone.service[80311]: [pid: 80311|app: 0|req: 45/97] 10.222.0.52 () {56 vars in 1374 bytes} [Thu May 19 14:59:16 2022] GET /identity/v3/role_assignments?user.id=9d2cb6d7a1b045fe8920ad2edcd683d1&scope.project.id=34ddc0289b364ec98fad94ec2af404a3&role.id=5c2b35ca151c411daee2aa9c2b5bb802 => generated 259 bytes in 267 msecs (HTTP/1.1 200) 5 headers in 177 bytes (2 switches on core 0)
May 19 14:59:17.950005 dv-cinder-825492-12-smb devstack@keystone.service[80310]: DEBUG keystone.server.flask.request_processing.req_logging [None req-dc62fea7-46f6-4f0d-ad04-2b9c0cc9e385 None None] REQUEST_METHOD: `GET` {{(pid=80310) log_request_info /opt/stack/keystone/keystone/server/flask/request_processing/req_logging.py:27}}
May 19 14:59:17.950581 dv-cinder-825492-12-smb devstack@keystone.service[80310]: DEBUG keystone.server.flask.request_processing.req_logging [None req-dc62fea7-46f6-4f0d-ad04-2b9c0cc9e385 None None] SCRIPT_NAME: `/identity` {{(pid=80310) log_request_info /opt/stack/keystone/keystone/server/flask/request_processing/req_logging.py:28}}
May 19 14:59:17.950581 dv-cinder-825492-12-smb devstack@keystone.service[80310]: DEBUG keystone.server.flask.request_processing.req_logging [None req-dc62fea7-46f6-4f0d-ad04-2b9c0cc9e385 None None] PATH_INFO: `/` {{(pid=80310) log_request_info /opt/stack/keystone/keystone/server/flask/request_processing/req_logging.py:29}}
May 19 14:59:17.952084 dv-cinder-825492-12-smb devstack@keystone.service[80310]: [pid: 80310|app: 0|req: 53/98] 10.222.0.52 () {54 vars in 926 bytes} [Thu May 19 14:59:17 2022] GET /identity => generated 270 bytes in 3 msecs (HTTP/1.1 300) 6 headers in 234 bytes (1 switches on core 0)
May 19 14:59:17.957612 dv-cinder-825492-12-smb devstack@keystone.service[80311]: DEBUG keystone.server.flask.request_processing.req_logging [None req-9fc2d90c-973c-4c75-9917-f9fb04b9aae8 None None] REQUEST_METHOD: `POST` {{(pid=80311) log_request_info /opt/stack/keystone/keystone/server/flask/request_processing/req_logging.py:27}}
May 19 14:59:17.958443 dv-cinder-825492-12-smb devstack@keystone.service[80311]: DEBUG keystone.server.flask.request_processing.req_logging [None req-9fc2d90c-973c-4c75-9917-f9fb04b9aae8 None None] SCRIPT_NAME: `/identity` {{(pid=80311) log_request_info /opt/stack/keystone/keystone/server/flask/request_processing/req_logging.py:28}}
May 19 14:59:17.958933 dv-cinder-825492-12-smb devstack@keystone.service[80311]: DEBUG keystone.server.flask.request_processing.req_logging [None req-9fc2d90c-973c-4c75-9917-f9fb04b9aae8 None None] PATH_INFO: `/v3/auth/tokens` {{(pid=80311) log_request_info /opt/stack/keystone/keystone/server/flask/request_processing/req_logging.py:29}}
May 19 14:59:17.974909 dv-cinder-825492-12-smb devstack@keystone.service[80310]: DEBUG keystone.server.flask.request_processing.req_logging [None req-c8888331-e533-4517-b3d1-828f2ffb8ab1 None None] REQUEST_METHOD: `GET` {{(pid=80310) log_request_info /opt/stack/keystone/keystone/server/flask/request_processing/req_logging.py:27}}
May 19 14:59:17.975219 dv-cinder-825492-12-smb devstack@keystone.service[80310]: DEBUG keystone.server.flask.request_processing.req_logging [None req-c8888331-e533-4517-b3d1-828f2ffb8ab1 None None] SCRIPT_NAME: `/identity` {{(pid=80310) log_request_info /opt/stack/keystone/keystone/server/flask/request_processing/req_logging.py:28}}
May 19 14:59:17.975505 dv-cinder-825492-12-smb devstack@keystone.service[80310]: DEBUG keystone.server.flask.request_processing.req_logging [None req-c8888331-e533-4517-b3d1-828f2ffb8ab1 None None] PATH_INFO: `/` {{(pid=80310) log_request_info /opt/stack/keystone/keystone/server/flask/request_processing/req_logging.py:29}}
May 19 14:59:17.976899 dv-cinder-825492-12-smb devstack@keystone.service[80310]: [pid: 80310|app: 0|req: 54/99] 10.222.0.52 () {54 vars in 926 bytes} [Thu May 19 14:59:17 2022] GET /identity => generated 270 bytes in 3 msecs (HTTP/1.1 300) 6 headers in 234 bytes (1 switches on core 0)
May 19 14:59:17.979901 dv-cinder-825492-12-smb devstack@keystone.service[80311]: DEBUG keystone.auth.core [None req-9fc2d90c-973c-4c75-9917-f9fb04b9aae8 None None] MFA Rules not processed for user `ad1f0999a98b4092adfab13583d065a7`. Rule list: `[]` (Enabled: `True`). {{(pid=80311) check_auth_methods_against_rules /opt/stack/keystone/keystone/auth/core.py:438}}
May 19 14:59:17.981434 dv-cinder-825492-12-smb devstack@keystone.service[80311]: DEBUG keystone.common.fernet_utils [None req-9fc2d90c-973c-4c75-9917-f9fb04b9aae8 None None] Loaded 2 Fernet keys from /etc/keystone/fernet-keys/, but `[fernet_tokens] max_active_keys = 3`; perhaps there have not been enough key rotations to reach `max_active_keys` yet? {{(pid=80311) load_keys /opt/stack/keystone/keystone/common/fernet_utils.py:286}}
May 19 14:59:17.982201 dv-cinder-825492-12-smb devstack@keystone.service[80310]: DEBUG keystone.server.flask.request_processing.req_logging [None req-d3b3526d-63c7-40ca-aef6-091b0cedc3a9 None None] REQUEST_METHOD: `POST` {{(pid=80310) log_request_info /opt/stack/keystone/keystone/server/flask/request_processing/req_logging.py:27}}
May 19 14:59:17.982494 dv-cinder-825492-12-smb devstack@keystone.service[80310]: DEBUG keystone.server.flask.request_processing.req_logging [None req-d3b3526d-63c7-40ca-aef6-091b0cedc3a9 None None] SCRIPT_NAME: `/identity` {{(pid=80310) log_request_info /opt/stack/keystone/keystone/server/flask/request_processing/req_logging.py:28}}
May 19 14:59:17.982773 dv-cinder-825492-12-smb devstack@keystone.service[80310]: DEBUG keystone.server.flask.request_processing.req_logging [None req-d3b3526d-63c7-40ca-aef6-091b0cedc3a9 None None] PATH_INFO: `/v3/auth/tokens` {{(pid=80310) log_request_info /opt/stack/keystone/keystone/server/flask/request_processing/req_logging.py:29}}
May 19 14:59:18.020338 dv-cinder-825492-12-smb devstack@keystone.service[80310]: DEBUG keystone.auth.core [None req-d3b3526d-63c7-40ca-aef6-091b0cedc3a9 None None] MFA Rules not processed for user `ad1f0999a98b4092adfab13583d065a7`. Rule list: `[]` (Enabled: `True`). {{(pid=80310) check_auth_methods_against_rules /opt/stack/keystone/keystone/auth/core.py:438}}
May 19 14:59:18.021577 dv-cinder-825492-12-smb devstack@keystone.service[80310]: DEBUG keystone.common.fernet_utils [None req-d3b3526d-63c7-40ca-aef6-091b0cedc3a9 None None] Loaded 2 Fernet keys from /etc/keystone/fernet-keys/, but `[fernet_tokens] max_active_keys = 3`; perhaps there have not been enough key rotations to reach `max_active_keys` yet? {{(pid=80310) load_keys /opt/stack/keystone/keystone/common/fernet_utils.py:286}}
May 19 14:59:18.063329 dv-cinder-825492-12-smb devstack@keystone.service[80311]: DEBUG dbcounter [-] [80311] Writing DB stats keystone:SELECT=100 {{(pid=80311) stat_writer /usr/local/lib/python3.8/dist-packages/dbcounter.py:114}}
May 19 14:59:18.116717 dv-cinder-825492-12-smb devstack@keystone.service[80311]: [pid: 80311|app: 0|req: 46/100] 10.222.0.52 () {58 vars in 1023 bytes} [Thu May 19 14:59:17 2022] POST /identity/v3/auth/tokens => generated 799 bytes in 160 msecs (HTTP/1.1 201) 6 headers in 363 bytes (1 switches on core 0)
May 19 14:59:18.132091 dv-cinder-825492-12-smb devstack@keystone.service[80310]: [pid: 80310|app: 0|req: 55/101] 10.222.0.52 () {58 vars in 1023 bytes} [Thu May 19 14:59:17 2022] POST /identity/v3/auth/tokens => generated 799 bytes in 150 msecs (HTTP/1.1 201) 6 headers in 363 bytes (2 switches on core 0)
May 19 14:59:18.148298 dv-cinder-825492-12-smb devstack@keystone.service[80311]: DEBUG keystone.server.flask.request_processing.middleware.auth_context [None req-9fc2d90c-973c-4c75-9917-f9fb04b9aae8 None None] Authenticating user token {{(pid=80311) process_request /usr/local/lib/python3.8/dist-packages/keystonemiddleware/auth_token/__init__.py:407}}
May 19 14:59:18.160443 dv-cinder-825492-12-smb devstack@keystone.service[80310]: DEBUG keystone.server.flask.request_processing.middleware.auth_context [None req-d3b3526d-63c7-40ca-aef6-091b0cedc3a9 None None] Authenticating user token {{(pid=80310) process_request /usr/local/lib/python3.8/dist-packages/keystonemiddleware/auth_token/__init__.py:407}}
May 19 14:59:18.329158 dv-cinder-825492-12-smb devstack@keystone.service[80310]: DEBUG keystone.server.flask.request_processing.middleware.auth_context [None req-d3b3526d-63c7-40ca-aef6-091b0cedc3a9 None None] Validating token access rules against request {{(pid=80310) validate_allowed_request /usr/local/lib/python3.8/dist-packages/keystonemiddleware/auth_token/__init__.py:545}}
May 19 14:59:18.354225 dv-cinder-825492-12-smb devstack@keystone.service[80311]: DEBUG keystone.server.flask.request_processing.middleware.auth_context [None req-9fc2d90c-973c-4c75-9917-f9fb04b9aae8 None None] Validating token access rules against request {{(pid=80311) validate_allowed_request /usr/local/lib/python3.8/dist-packages/keystonemiddleware/auth_token/__init__.py:545}}
May 19 14:59:18.367310 dv-cinder-825492-12-smb devstack@keystone.service[80310]: DEBUG dbcounter [-] [80310] Writing DB stats keystone:SELECT=100 {{(pid=80310) stat_writer /usr/local/lib/python3.8/dist-packages/dbcounter.py:114}}
May 19 14:59:18.398922 dv-cinder-825492-12-smb devstack@keystone.service[80310]: DEBUG keystone.server.flask.request_processing.middleware.auth_context [None req-0adb828d-2d4d-44ff-9360-6f2ec85667f5 None admin] RBAC: auth_context: {'token': , 'domain_id': None, 'trust_id': None, 'trustor_id': None, 'trustee_id': None, 'domain_name': None, 'group_ids': [], 'user_id': 'ad1f0999a98b4092adfab13583d065a7', 'user_domain_id': 'default', 'system_scope': 'all', 'project_id': None, 'project_domain_id': None, 'roles': ['admin', 'member', 'reader'], 'is_admin_project': True, 'service_user_id': None, 'service_user_domain_id': None, 'service_project_id': None, 'service_project_domain_id': None, 'service_roles': []} {{(pid=80310) fill_context /opt/stack/keystone/keystone/server/flask/request_processing/middleware/auth_context.py:478}}
May 19 14:59:18.400057 dv-cinder-825492-12-smb devstack@keystone.service[80310]: DEBUG keystone.server.flask.request_processing.req_logging [None req-0adb828d-2d4d-44ff-9360-6f2ec85667f5 None admin] REQUEST_METHOD: `GET` {{(pid=80310) log_request_info /opt/stack/keystone/keystone/server/flask/request_processing/req_logging.py:27}}
May 19 14:59:18.400975 dv-cinder-825492-12-smb devstack@keystone.service[80310]: DEBUG keystone.server.flask.request_processing.req_logging [None req-0adb828d-2d4d-44ff-9360-6f2ec85667f5 None admin] SCRIPT_NAME: `/identity` {{(pid=80310) log_request_info /opt/stack/keystone/keystone/server/flask/request_processing/req_logging.py:28}}
May 19 14:59:18.401397 dv-cinder-825492-12-smb devstack@keystone.service[80310]: DEBUG keystone.server.flask.request_processing.req_logging [None req-0adb828d-2d4d-44ff-9360-6f2ec85667f5 None admin] PATH_INFO: `/v3/domains/default` {{(pid=80310) log_request_info /opt/stack/keystone/keystone/server/flask/request_processing/req_logging.py:29}}
May 19 14:59:18.402750 dv-cinder-825492-12-smb devstack@keystone.service[80310]: DEBUG keystone.common.rbac_enforcer.enforcer [None req-0adb828d-2d4d-44ff-9360-6f2ec85667f5 None admin] RBAC: Authorizing `identity:get_domain(domain_id=default)` {{(pid=80310) enforce_call /opt/stack/keystone/keystone/common/rbac_enforcer/enforcer.py:449}}
May 19 14:59:18.404676 dv-cinder-825492-12-smb devstack@keystone.service[80310]: DEBUG keystone.common.rbac_enforcer.enforcer [None req-0adb828d-2d4d-44ff-9360-6f2ec85667f5 None admin] RBAC: Authorization granted {{(pid=80310) enforce_call /opt/stack/keystone/keystone/common/rbac_enforcer/enforcer.py:457}}
May 19 14:59:18.406807 dv-cinder-825492-12-smb devstack@keystone.service[80310]: [pid: 80310|app: 0|req: 56/102] 10.222.0.52 () {56 vars in 1108 bytes} [Thu May 19 14:59:18 2022] GET /identity/v3/domains/default => generated 199 bytes in 247 msecs (HTTP/1.1 200) 5 headers in 177 bytes (2 switches on core 0)
May 19 14:59:18.412370 dv-cinder-825492-12-smb devstack@keystone.service[80310]: DEBUG keystone.server.flask.request_processing.middleware.auth_context [None req-0adb828d-2d4d-44ff-9360-6f2ec85667f5 None admin] Authenticating user token {{(pid=80310) process_request /usr/local/lib/python3.8/dist-packages/keystonemiddleware/auth_token/__init__.py:407}}
May 19 14:59:18.425637 dv-cinder-825492-12-smb devstack@keystone.service[80311]: DEBUG keystone.server.flask.request_processing.middleware.auth_context [None req-5275ccf7-8ba6-4716-86cd-8e97fa9d2db5 None admin] RBAC: auth_context: {'token': , 'domain_id': None, 'trust_id': None, 'trustor_id': None, 'trustee_id': None, 'domain_name': None, 'group_ids': [], 'user_id': 'ad1f0999a98b4092adfab13583d065a7', 'user_domain_id': 'default', 'system_scope': 'all', 'project_id': None, 'project_domain_id': None, 'roles': ['admin', 'member', 'reader'], 'is_admin_project': True, 'service_user_id': None, 'service_user_domain_id': None, 'service_project_id': None, 'service_project_domain_id': None, 'service_roles': []} {{(pid=80311) fill_context /opt/stack/keystone/keystone/server/flask/request_processing/middleware/auth_context.py:478}}
May 19 14:59:18.426277 dv-cinder-825492-12-smb devstack@keystone.service[80311]: DEBUG keystone.server.flask.request_processing.req_logging [None req-5275ccf7-8ba6-4716-86cd-8e97fa9d2db5 None admin] REQUEST_METHOD: `GET` {{(pid=80311) log_request_info /opt/stack/keystone/keystone/server/flask/request_processing/req_logging.py:27}}
May 19 14:59:18.426562 dv-cinder-825492-12-smb devstack@keystone.service[80311]: DEBUG keystone.server.flask.request_processing.req_logging [None req-5275ccf7-8ba6-4716-86cd-8e97fa9d2db5 None admin] SCRIPT_NAME: `/identity` {{(pid=80311) log_request_info /opt/stack/keystone/keystone/server/flask/request_processing/req_logging.py:28}}
May 19 14:59:18.426856 dv-cinder-825492-12-smb devstack@keystone.service[80311]: DEBUG keystone.server.flask.request_processing.req_logging [None req-5275ccf7-8ba6-4716-86cd-8e97fa9d2db5 None admin] PATH_INFO: `/v3/roles/reader` {{(pid=80311) log_request_info /opt/stack/keystone/keystone/server/flask/request_processing/req_logging.py:29}}
May 19 14:59:18.449759 dv-cinder-825492-12-smb devstack@keystone.service[80311]: DEBUG keystone.common.rbac_enforcer.enforcer [None req-5275ccf7-8ba6-4716-86cd-8e97fa9d2db5 None admin] Extracting inferred target data resulted in "NOT FOUND (404)". {{(pid=80311) enforce_call /opt/stack/keystone/keystone/common/rbac_enforcer/enforcer.py:409}}
May 19 14:59:18.457874 dv-cinder-825492-12-smb devstack@keystone.service[80311]: ERROR keystone.server.flask.application [None req-5275ccf7-8ba6-4716-86cd-8e97fa9d2db5 None admin] Could not find role: reader.: keystone.exception.RoleNotFound: Could not find role: reader.
May 19 14:59:18.457874 dv-cinder-825492-12-smb devstack@keystone.service[80311]: ERROR keystone.server.flask.application
Traceback (most recent call last):
May 19 14:59:18.457874 dv-cinder-825492-12-smb devstack@keystone.service[80311]: ERROR keystone.server.flask.application
File "/usr/local/lib/python3.8/dist-packages/flask/app.py", line 1523, in full_dispatch_request
May 19 14:59:18.457874 dv-cinder-825492-12-smb devstack@keystone.service[80311]: ERROR keystone.server.flask.application rv = self.dispatch_request()
May 19 14:59:18.457874 dv-cinder-825492-12-smb devstack@keystone.service[80311]: ERROR keystone.server.flask.application
File "/usr/local/lib/python3.8/dist-packages/flask/app.py", line 1509, in dispatch_request
May 19 14:59:18.457874 dv-cinder-825492-12-smb devstack@keystone.service[80311]: ERROR keystone.server.flask.application return self.ensure_sync(self.view_functions[rule.endpoint])(**req.view_args)
May 19 14:59:18.457874 dv-cinder-825492-12-smb devstack@keystone.service[80311]: ERROR keystone.server.flask.application
File "/usr/local/lib/python3.8/dist-packages/flask_restful/__init__.py", line 467, in wrapper
May 19 14:59:18.457874 dv-cinder-825492-12-smb devstack@keystone.service[80311]: ERROR keystone.server.flask.application resp = resource(*args, **kwargs)
May 19 14:59:18.457874 dv-cinder-825492-12-smb devstack@keystone.service[80311]: ERROR keystone.server.flask.application
File "/usr/local/lib/python3.8/dist-packages/flask/views.py", line 84, in view
May 19 14:59:18.457874 dv-cinder-825492-12-smb devstack@keystone.service[80311]: ERROR keystone.server.flask.application return current_app.ensure_sync(self.dispatch_request)(*args, **kwargs)
May 19 14:59:18.457874 dv-cinder-825492-12-smb devstack@keystone.service[80311]: ERROR keystone.server.flask.application
File "/usr/local/lib/python3.8/dist-packages/flask_restful/__init__.py", line 582, in dispatch_request
May 19 14:59:18.457874 dv-cinder-825492-12-smb devstack@keystone.service[80311]: ERROR keystone.server.flask.application resp = meth(*args, **kwargs)
May 19 14:59:18.457874 dv-cinder-825492-12-smb devstack@keystone.service[80311]: ERROR keystone.server.flask.application
File "/opt/stack/keystone/keystone/api/roles.py", line 50, in get
May 19 14:59:18.457874 dv-cinder-825492-12-smb devstack@keystone.service[80311]: ERROR keystone.server.flask.application return self._get_role(role_id)
May 19 14:59:18.457874 dv-cinder-825492-12-smb devstack@keystone.service[80311]: ERROR keystone.server.flask.application
File "/opt/stack/keystone/keystone/api/roles.py", line 70, in _get_role
May 19 14:59:18.457874 dv-cinder-825492-12-smb devstack@keystone.service[80311]: ERROR keystone.server.flask.application ENFORCER.enforce_call(action='identity:get_role')
May 19 14:59:18.458969 dv-cinder-825492-12-smb devstack@keystone.service[80311]: ERROR keystone.server.flask.application
File "/opt/stack/keystone/keystone/common/rbac_enforcer/enforcer.py", line 402, in enforce_call
May 19 14:59:18.458969 dv-cinder-825492-12-smb devstack@keystone.service[80311]: ERROR keystone.server.flask.application policy_dict.update(cls._extract_member_target_data(
May 19 14:59:18.458969 dv-cinder-825492-12-smb devstack@keystone.service[80311]: ERROR keystone.server.flask.application
File "/opt/stack/keystone/keystone/common/rbac_enforcer/enforcer.py", line 234, in _extract_member_target_data
May 19 14:59:18.458969 dv-cinder-825492-12-smb devstack@keystone.service[80311]: ERROR keystone.server.flask.application member_name: func(flask.request.view_args[key])
May 19 14:59:18.458969 dv-cinder-825492-12-smb devstack@keystone.service[80311]: ERROR keystone.server.flask.application
File "/opt/stack/keystone/keystone/common/manager.py", line 115, in wrapped
May 19 14:59:18.458969 dv-cinder-825492-12-smb devstack@keystone.service[80311]: ERROR keystone.server.flask.application __ret_val = __f(*args, **kwargs)
May 19 14:59:18.458969 dv-cinder-825492-12-smb devstack@keystone.service[80311]: ERROR keystone.server.flask.application
File "/usr/local/lib/python3.8/dist-packages/decorator.py", line 232, in fun
May 19 14:59:18.458969 dv-cinder-825492-12-smb devstack@keystone.service[80311]: ERROR keystone.server.flask.application return caller(func, *(extras + args), **kw)
May 19 14:59:18.458969 dv-cinder-825492-12-smb devstack@keystone.service[80311]: ERROR keystone.server.flask.application
File "/usr/local/lib/python3.8/dist-packages/dogpile/cache/region.py", line 1577, in get_or_create_for_user_func
May 19 14:59:18.458969 dv-cinder-825492-12-smb devstack@keystone.service[80311]: ERROR keystone.server.flask.application return self.get_or_create(
May 19 14:59:18.458969 dv-cinder-825492-12-smb devstack@keystone.service[80311]: ERROR keystone.server.flask.application
File "/usr/local/lib/python3.8/dist-packages/dogpile/cache/region.py", line 1042, in get_or_create
May 19 14:59:18.458969 dv-cinder-825492-12-smb devstack@keystone.service[80311]: ERROR keystone.server.flask.application with Lock(
May 19 14:59:18.458969 dv-cinder-825492-12-smb devstack@keystone.service[80311]: ERROR keystone.server.flask.application
File "/usr/local/lib/python3.8/dist-packages/dogpile/lock.py", line 185, in __enter__
May 19 14:59:18.458969 dv-cinder-825492-12-smb devstack@keystone.service[80311]: ERROR keystone.server.flask.application return self._enter()
May 19 14:59:18.458969 dv-cinder-825492-12-smb devstack@keystone.service[80311]: ERROR keystone.server.flask.application
File "/usr/local/lib/python3.8/dist-packages/dogpile/lock.py", line 94, in _enter
May 19 14:59:18.458969 dv-cinder-825492-12-smb devstack@keystone.service[80311]: ERROR keystone.server.flask.application generated = self._enter_create(value, createdtime)
May 19 14:59:18.459983 dv-cinder-825492-12-smb devstack@keystone.service[80311]: ERROR keystone.server.flask.application
File "/usr/local/lib/python3.8/dist-packages/dogpile/lock.py", line 178, in _enter_create
May 19 14:59:18.459983 dv-cinder-825492-12-smb devstack@keystone.service[80311]: ERROR keystone.server.flask.application return self.creator()
May 19 14:59:18.459983 dv-cinder-825492-12-smb devstack@keystone.service[80311]: ERROR keystone.server.flask.application
File "/usr/local/lib/python3.8/dist-packages/dogpile/cache/region.py", line 995, in gen_value
May 19 14:59:18.459983 dv-cinder-825492-12-smb devstack@keystone.service[80311]: ERROR keystone.server.flask.application created_value = creator(
May 19 14:59:18.459983 dv-cinder-825492-12-smb devstack@keystone.service[80311]: ERROR keystone.server.flask.application
File "/opt/stack/keystone/keystone/assignment/core.py", line 1276, in get_role
May 19 14:59:18.459983 dv-cinder-825492-12-smb devstack@keystone.service[80311]: ERROR keystone.server.flask.application return self.driver.get_role(role_id)
May 19 14:59:18.459983 dv-cinder-825492-12-smb devstack@keystone.service[80311]: ERROR keystone.server.flask.application
File "/opt/stack/keystone/keystone/assignment/role_backends/sql.py", line 70, in get_role
May 19 14:59:18.459983 dv-cinder-825492-12-smb devstack@keystone.service[80311]: ERROR keystone.server.flask.application return self._get_role(session, role_id).to_dict()
May 19 14:59:18.459983 dv-cinder-825492-12-smb devstack@keystone.service[80311]: ERROR keystone.server.flask.application
File "/opt/stack/keystone/keystone/assignment/role_backends/sql.py", line 65, in _get_role
May 19 14:59:18.459983 dv-cinder-825492-12-smb devstack@keystone.service[80311]: ERROR keystone.server.flask.application raise exception.RoleNotFound(role_id=role_id)
May 19 14:59:18.459983 dv-cinder-825492-12-smb devstack@keystone.service[80311]: ERROR keystone.server.flask.application keystone.exception.RoleNotFound: Could not find role: reader.
May 19 14:59:18.459983 dv-cinder-825492-12-smb devstack@keystone.service[80311]: ERROR keystone.server.flask.application
May 19 14:59:18.463544 dv-cinder-825492-12-smb devstack@keystone.service[80311]: [pid: 80311|app: 0|req: 47/103] 10.222.0.52 () {56 vars in 1099 bytes} [Thu May 19 14:59:18 2022] GET /identity/v3/roles/reader => generated 84 bytes in 312 msecs (HTTP/1.1 404) 5 headers in 183 bytes (1 switches on core 0)
May 19 14:59:18.464915 dv-cinder-825492-12-smb devstack@keystone.service[80311]: DEBUG keystone.server.flask.request_processing.middleware.auth_context [None req-5275ccf7-8ba6-4716-86cd-8e97fa9d2db5 None admin] Authenticating user token {{(pid=80311) process_request /usr/local/lib/python3.8/dist-packages/keystonemiddleware/auth_token/__init__.py:407}}
May 19 14:59:18.526714 dv-cinder-825492-12-smb devstack@keystone.service[80310]: DEBUG keystone.server.flask.request_processing.middleware.auth_context [None req-0adb828d-2d4d-44ff-9360-6f2ec85667f5 None admin] Validating token access rules against request {{(pid=80310) validate_allowed_request /usr/local/lib/python3.8/dist-packages/keystonemiddleware/auth_token/__init__.py:545}}
May 19 14:59:18.551647 dv-cinder-825492-12-smb devstack@keystone.service[80311]: DEBUG dbcounter [-] [80311] Writing DB stats keystone:SELECT=100 {{(pid=80311) stat_writer /usr/local/lib/python3.8/dist-packages/dbcounter.py:114}}
May 19 14:59:18.567747 dv-cinder-825492-12-smb devstack@keystone.service[80310]: DEBUG keystone.server.flask.request_processing.middleware.auth_context [None req-bffc7356-d29e-4905-bfcb-3aae8990439a None admin] RBAC: auth_context: {'token': , 'domain_id': None, 'trust_id': None, 'trustor_id': None, 'trustee_id': None, 'domain_name': None, 'group_ids': [], 'user_id': 'ad1f0999a98b4092adfab13583d065a7', 'user_domain_id': 'default', 'system_scope': 'all', 'project_id': None, 'project_domain_id': None, 'roles': ['admin', 'member', 'reader'], 'is_admin_project': True, 'service_user_id': None, 'service_user_domain_id': None, 'service_project_id': None, 'service_project_domain_id': None, 'service_roles': []} {{(pid=80310) fill_context /opt/stack/keystone/keystone/server/flask/request_processing/middleware/auth_context.py:478}}
May 19 14:59:18.568424 dv-cinder-825492-12-smb devstack@keystone.service[80310]: DEBUG keystone.server.flask.request_processing.req_logging [None req-bffc7356-d29e-4905-bfcb-3aae8990439a None admin] REQUEST_METHOD: `POST` {{(pid=80310) log_request_info /opt/stack/keystone/keystone/server/flask/request_processing/req_logging.py:27}}
May 19 14:59:18.568857 dv-cinder-825492-12-smb devstack@keystone.service[80310]: DEBUG keystone.server.flask.request_processing.req_logging [None req-bffc7356-d29e-4905-bfcb-3aae8990439a None admin] SCRIPT_NAME: `/identity` {{(pid=80310) log_request_info /opt/stack/keystone/keystone/server/flask/request_processing/req_logging.py:28}}
May 19 14:59:18.569308 dv-cinder-825492-12-smb devstack@keystone.service[80310]: DEBUG keystone.server.flask.request_processing.req_logging [None req-bffc7356-d29e-4905-bfcb-3aae8990439a None admin] PATH_INFO: `/v3/projects` {{(pid=80310) log_request_info /opt/stack/keystone/keystone/server/flask/request_processing/req_logging.py:29}}
May 19 14:59:18.570477 dv-cinder-825492-12-smb devstack@keystone.service[80310]: DEBUG keystone.common.rbac_enforcer.enforcer [None req-bffc7356-d29e-4905-bfcb-3aae8990439a None admin] RBAC: Authorizing `identity:create_project()` {{(pid=80310) enforce_call /opt/stack/keystone/keystone/common/rbac_enforcer/enforcer.py:449}}
May 19 14:59:18.572138 dv-cinder-825492-12-smb devstack@keystone.service[80310]: DEBUG keystone.common.rbac_enforcer.enforcer [None req-bffc7356-d29e-4905-bfcb-3aae8990439a None admin] RBAC: Authorization granted {{(pid=80310) enforce_call /opt/stack/keystone/keystone/common/rbac_enforcer/enforcer.py:457}}
May 19 14:59:18.623982 dv-cinder-825492-12-smb devstack@keystone.service[80310]: [pid: 80310|app: 0|req: 57/104] 10.222.0.52 () {60 vars in 1141 bytes} [Thu May 19 14:59:18 2022] POST /identity/v3/projects => generated 302 bytes in 212 msecs (HTTP/1.1 201) 5 headers in 182 bytes (1 switches on core 0)
May 19 14:59:18.655610 dv-cinder-825492-12-smb devstack@keystone.service[80311]: DEBUG keystone.server.flask.request_processing.middleware.auth_context [None req-5275ccf7-8ba6-4716-86cd-8e97fa9d2db5 None admin] Validating token access rules against request {{(pid=80311) validate_allowed_request /usr/local/lib/python3.8/dist-packages/keystonemiddleware/auth_token/__init__.py:545}}
May 19 14:59:18.721683 dv-cinder-825492-12-smb devstack@keystone.service[80311]: DEBUG keystone.server.flask.request_processing.middleware.auth_context [None req-520eb32e-1c32-4037-b91f-eea94cf10da4 None admin] RBAC: auth_context: {'token': , 'domain_id': None, 'trust_id': None, 'trustor_id': None, 'trustee_id': None, 'domain_name': None, 'group_ids': [], 'user_id': 'ad1f0999a98b4092adfab13583d065a7', 'user_domain_id': 'default', 'system_scope': 'all', 'project_id': None, 'project_domain_id': None, 'roles': ['admin', 'member', 'reader'], 'is_admin_project': True, 'service_user_id': None, 'service_user_domain_id': None, 'service_project_id': None, 'service_project_domain_id': None, 'service_roles': []} {{(pid=80311) fill_context /opt/stack/keystone/keystone/server/flask/request_processing/middleware/auth_context.py:478}}
May 19 14:59:18.722712 dv-cinder-825492-12-smb devstack@keystone.service[80311]: DEBUG keystone.server.flask.request_processing.req_logging [None req-520eb32e-1c32-4037-b91f-eea94cf10da4 None admin] REQUEST_METHOD: `GET` {{(pid=80311) log_request_info /opt/stack/keystone/keystone/server/flask/request_processing/req_logging.py:27}}
May 19 14:59:18.723143 dv-cinder-825492-12-smb devstack@keystone.service[80311]: DEBUG keystone.server.flask.request_processing.req_logging [None req-520eb32e-1c32-4037-b91f-eea94cf10da4 None admin] SCRIPT_NAME: `/identity` {{(pid=80311) log_request_info /opt/stack/keystone/keystone/server/flask/request_processing/req_logging.py:28}}
May 19 14:59:18.723589 dv-cinder-825492-12-smb devstack@keystone.service[80311]: DEBUG keystone.server.flask.request_processing.req_logging [None req-520eb32e-1c32-4037-b91f-eea94cf10da4 None admin] PATH_INFO: `/v3/roles` {{(pid=80311) log_request_info /opt/stack/keystone/keystone/server/flask/request_processing/req_logging.py:29}}
May 19 14:59:18.724505 dv-cinder-825492-12-smb devstack@keystone.service[80311]: DEBUG keystone.common.rbac_enforcer.enforcer [None req-520eb32e-1c32-4037-b91f-eea94cf10da4 None admin] RBAC: Adding query filter params (name=reader) {{(pid=80311) _extract_filter_values /opt/stack/keystone/keystone/common/rbac_enforcer/enforcer.py:167}}
May 19 14:59:18.725266 dv-cinder-825492-12-smb devstack@keystone.service[80311]: DEBUG keystone.common.rbac_enforcer.enforcer [None req-520eb32e-1c32-4037-b91f-eea94cf10da4 None admin] RBAC: Authorizing `identity:list_roles()` {{(pid=80311) enforce_call /opt/stack/keystone/keystone/common/rbac_enforcer/enforcer.py:449}}
May 19 14:59:18.726803 dv-cinder-825492-12-smb devstack@keystone.service[80310]: DEBUG keystone.server.flask.request_processing.req_logging [None req-a7dff72b-f2b2-44ce-90de-6484b775baa9 None None] REQUEST_METHOD: `GET` {{(pid=80310) log_request_info /opt/stack/keystone/keystone/server/flask/request_processing/req_logging.py:27}}
May 19 14:59:18.726945 dv-cinder-825492-12-smb devstack@keystone.service[80311]: DEBUG keystone.common.rbac_enforcer.enforcer [None req-520eb32e-1c32-4037-b91f-eea94cf10da4 None admin] RBAC: Authorization granted {{(pid=80311) enforce_call /opt/stack/keystone/keystone/common/rbac_enforcer/enforcer.py:457}}
May 19 14:59:18.727404 dv-cinder-825492-12-smb devstack@keystone.service[80310]: DEBUG keystone.server.flask.request_processing.req_logging [None req-a7dff72b-f2b2-44ce-90de-6484b775baa9 None None] SCRIPT_NAME: `/identity` {{(pid=80310) log_request_info /opt/stack/keystone/keystone/server/flask/request_processing/req_logging.py:28}}
May 19 14:59:18.727839 dv-cinder-825492-12-smb devstack@keystone.service[80310]: DEBUG keystone.server.flask.request_processing.req_logging [None req-a7dff72b-f2b2-44ce-90de-6484b775baa9 None None] PATH_INFO: `/` {{(pid=80310) log_request_info /opt/stack/keystone/keystone/server/flask/request_processing/req_logging.py:29}}
May 19 14:59:18.729494 dv-cinder-825492-12-smb devstack@keystone.service[80310]: [pid: 80310|app: 0|req: 58/105] 10.222.0.52 () {54 vars in 926 bytes} [Thu May 19 14:59:18 2022] GET /identity => generated 270 bytes in 4 msecs (HTTP/1.1 300) 6 headers in 234 bytes (2 switches on core 0)
