Feb 09 15:43:23.866983 dv-cinder-825105-1-iscsi devstack@c-api.service[89794]: DEBUG cinder.api.openstack.wsgi [None req-05febf96-181f-46f5-9a68-fc512883039d tempest-GroupsTest-583601580 tempest-GroupsTest-583601580-project] Empty body provided in request {{(pid=89794) get_body /opt/stack/cinder/cinder/api/openstack/wsgi.py:714}}
Feb 09 15:43:23.867597 dv-cinder-825105-1-iscsi devstack@c-api.service[89794]: DEBUG cinder.api.openstack.wsgi [None req-05febf96-181f-46f5-9a68-fc512883039d tempest-GroupsTest-583601580 tempest-GroupsTest-583601580-project] Calling method 'version_select' {{(pid=89794) _process_stack /opt/stack/cinder/cinder/api/openstack/wsgi.py:867}}
Feb 09 15:43:23.868040 dv-cinder-825105-1-iscsi devstack@c-api.service[89794]: DEBUG cinder.api.v3.groups [None req-05febf96-181f-46f5-9a68-fc512883039d tempest-GroupsTest-583601580 tempest-GroupsTest-583601580-project] show called for member c9b4f4aa-5e3c-4205-ba8f-1c36f878c84f {{(pid=89794) show /opt/stack/cinder/cinder/api/v3/groups.py:58}}
Feb 09 15:43:23.886833 dv-cinder-825105-1-iscsi devstack@c-api.service[89794]: /usr/local/lib/python3.8/dist-packages/oslo_context/context.py:105: DeprecationWarning: Policy enforcement is depending on the value of is_admin. This key is deprecated. Please update your policy file to use the standard policy values.
Feb 09 15:43:23.886833 dv-cinder-825105-1-iscsi devstack@c-api.service[89794]: warnings.warn('Policy enforcement is depending on the value of '
Feb 09 15:43:23.952849 dv-cinder-825105-1-iscsi devstack@c-api.service[89794]: INFO cinder.api.openstack.wsgi [None req-05febf96-181f-46f5-9a68-fc512883039d tempest-GroupsTest-583601580 tempest-GroupsTest-583601580-project] http://10.222.0.67/volume/v3/20bda768eb854032949e7ea5c75c3652/groups/c9b4f4aa-5e3c-4205-ba8f-1c36f878c84f returned with HTTP 200
Feb 09 15:43:23.953684 dv-cinder-825105-1-iscsi devstack@c-api.service[89794]: [pid: 89794|app: 0|req: 169/325] 10.222.0.67 () {60 vars in 1362 bytes} [Wed Feb 9 15:43:23 2022] GET /volume/v3/20bda768eb854032949e7ea5c75c3652/groups/c9b4f4aa-5e3c-4205-ba8f-1c36f878c84f => generated 333 bytes in 94 msecs (HTTP/1.1 200) 7 headers in 286 bytes (1 switches on core 0)
Feb 09 15:43:23.963500 dv-cinder-825105-1-iscsi devstack@c-api.service[89794]: INFO cinder.api.openstack.wsgi [None req-478e33c4-fed4-4e89-8e00-7ec1c270a86a tempest-GroupsTest-583601580 tempest-GroupsTest-583601580-project] POST http://10.222.0.67/volume/v3/20bda768eb854032949e7ea5c75c3652/volumes
Feb 09 15:43:23.964063 dv-cinder-825105-1-iscsi devstack@c-api.service[89794]: /usr/local/lib/python3.8/dist-packages/webob/acceptparse.py:1047: DeprecationWarning: The behavior of AcceptValidHeader.best_match is currently being maintained for backward compatibility, but it will be deprecated in the future, as it does not conform to the RFC.
Feb 09 15:43:23.964063 dv-cinder-825105-1-iscsi devstack@c-api.service[89794]: warnings.warn(
Feb 09 15:43:23.964609 dv-cinder-825105-1-iscsi devstack@c-api.service[89794]: DEBUG cinder.api.openstack.wsgi [None req-478e33c4-fed4-4e89-8e00-7ec1c270a86a tempest-GroupsTest-583601580 tempest-GroupsTest-583601580-project] Action: 'create', calling method: create, body: {"volume": {"volume_type": "27fd90ee-79aa-4c37-bf37-16a8df822df1", "group_id": "c9b4f4aa-5e3c-4205-ba8f-1c36f878c84f", "size": 1, "name": "tempest-GroupsTest-Volume-341133067"}} {{(pid=89794) _process_stack /opt/stack/cinder/cinder/api/openstack/wsgi.py:865}}
Feb 09 15:43:23.965686 dv-cinder-825105-1-iscsi devstack@c-api.service[89794]: DEBUG cinder.api.v3.volumes [None req-478e33c4-fed4-4e89-8e00-7ec1c270a86a tempest-GroupsTest-583601580 tempest-GroupsTest-583601580-project] Create volume request body: {'volume': {'volume_type': '27fd90ee-79aa-4c37-bf37-16a8df822df1', 'group_id': 'c9b4f4aa-5e3c-4205-ba8f-1c36f878c84f', 'size': 1, 'name': 'tempest-GroupsTest-Volume-341133067'}} {{(pid=89794) create /opt/stack/cinder/cinder/api/v3/volumes.py:290}}
Feb 09 15:43:23.995734 dv-cinder-825105-1-iscsi devstack@c-api.service[89795]: INFO cinder.api.openstack.wsgi [None req-e1ed57c6-dd19-482e-ab51-300c315ac813 tempest-GroupSnapshotsTest-708942062 tempest-GroupSnapshotsTest-708942062-project] http://10.222.0.67/volume/v3/694c48cc8d574a4e8d81661373392721/volumes/9885e399-3cb4-4419-8186-777819074869 returned with HTTP 404
Feb 09 15:43:23.995894 dv-cinder-825105-1-iscsi devstack@c-api.service[89794]: /usr/local/lib/python3.8/dist-packages/oslo_context/context.py:105: DeprecationWarning: Policy enforcement is depending on the value of is_admin. This key is deprecated. Please update your policy file to use the standard policy values.
Feb 09 15:43:23.995894 dv-cinder-825105-1-iscsi devstack@c-api.service[89794]: warnings.warn('Policy enforcement is depending on the value of '
Feb 09 15:43:23.996933 dv-cinder-825105-1-iscsi devstack@c-api.service[89794]: INFO cinder.api.v3.volumes [None req-478e33c4-fed4-4e89-8e00-7ec1c270a86a tempest-GroupsTest-583601580 tempest-GroupsTest-583601580-project] Create volume of 1 GB
Feb 09 15:43:23.997299 dv-cinder-825105-1-iscsi devstack@c-api.service[89795]: [pid: 89795|app: 0|req: 157/326] 10.222.0.67 () {60 vars in 1365 bytes} [Wed Feb 9 15:43:23 2022] GET /volume/v3/694c48cc8d574a4e8d81661373392721/volumes/9885e399-3cb4-4419-8186-777819074869 => generated 109 bytes in 138 msecs (HTTP/1.1 404) 7 headers in 293 bytes (1 switches on core 0)
Feb 09 15:43:24.009010 dv-cinder-825105-1-iscsi devstack@c-api.service[89795]: INFO cinder.api.openstack.wsgi [None req-d6176944-138d-485b-a07c-7ec01979bbd7 tempest-GroupSnapshotsTest-708942062 tempest-GroupSnapshotsTest-708942062-project] GET http://10.222.0.67/volume/v3/694c48cc8d574a4e8d81661373392721/groups/b6d7929a-951d-4528-a07b-7a10241f8621
Feb 09 15:43:24.010162 dv-cinder-825105-1-iscsi devstack@c-api.service[89795]: DEBUG cinder.api.openstack.wsgi [None req-d6176944-138d-485b-a07c-7ec01979bbd7 tempest-GroupSnapshotsTest-708942062 tempest-GroupSnapshotsTest-708942062-project] Empty body provided in request {{(pid=89795) get_body /opt/stack/cinder/cinder/api/openstack/wsgi.py:714}}
Feb 09 15:43:24.010771 dv-cinder-825105-1-iscsi devstack@c-api.service[89795]: DEBUG cinder.api.openstack.wsgi [None req-d6176944-138d-485b-a07c-7ec01979bbd7 tempest-GroupSnapshotsTest-708942062 tempest-GroupSnapshotsTest-708942062-project] Calling method 'version_select' {{(pid=89795) _process_stack /opt/stack/cinder/cinder/api/openstack/wsgi.py:867}}
Feb 09 15:43:24.011333 dv-cinder-825105-1-iscsi devstack@c-api.service[89795]: DEBUG cinder.api.v3.groups [None req-d6176944-138d-485b-a07c-7ec01979bbd7 tempest-GroupSnapshotsTest-708942062 tempest-GroupSnapshotsTest-708942062-project] show called for member b6d7929a-951d-4528-a07b-7a10241f8621 {{(pid=89795) show /opt/stack/cinder/cinder/api/v3/groups.py:58}}
Feb 09 15:43:24.019296 dv-cinder-825105-1-iscsi devstack@c-api.service[89795]: INFO cinder.api.openstack.wsgi [None req-d6176944-138d-485b-a07c-7ec01979bbd7 tempest-GroupSnapshotsTest-708942062 tempest-GroupSnapshotsTest-708942062-project] http://10.222.0.67/volume/v3/694c48cc8d574a4e8d81661373392721/groups/b6d7929a-951d-4528-a07b-7a10241f8621 returned with HTTP 404
Feb 09 15:43:24.020887 dv-cinder-825105-1-iscsi devstack@c-api.service[89795]: [pid: 89795|app: 0|req: 158/327] 10.222.0.67 () {60 vars in 1362 bytes} [Wed Feb 9 15:43:24 2022] GET /volume/v3/694c48cc8d574a4e8d81661373392721/groups/b6d7929a-951d-4528-a07b-7a10241f8621 => generated 108 bytes in 18 msecs (HTTP/1.1 404) 7 headers in 293 bytes (1 switches on core 0)
Feb 09 15:43:24.028282 dv-cinder-825105-1-iscsi devstack@c-api.service[89795]: INFO cinder.api.openstack.wsgi [None req-b15b599a-a237-4e23-a657-6230f8b414f1 tempest-GroupSnapshotsTest-1989634880 tempest-GroupSnapshotsTest-1989634880-project-admin] DELETE http://10.222.0.67/volume/v3/6fad2f717e6446d0a7aab07e77e2161b/group_types/5ed1c63c-464d-406f-b60a-6070a28bfef0
Feb 09 15:43:24.029156 dv-cinder-825105-1-iscsi devstack@c-api.service[89795]: DEBUG cinder.api.openstack.wsgi [None req-b15b599a-a237-4e23-a657-6230f8b414f1 tempest-GroupSnapshotsTest-1989634880 tempest-GroupSnapshotsTest-1989634880-project-admin] Empty body provided in request {{(pid=89795) get_body /opt/stack/cinder/cinder/api/openstack/wsgi.py:714}}
Feb 09 15:43:24.029778 dv-cinder-825105-1-iscsi devstack@c-api.service[89795]: DEBUG cinder.api.openstack.wsgi [None req-b15b599a-a237-4e23-a657-6230f8b414f1 tempest-GroupSnapshotsTest-1989634880 tempest-GroupSnapshotsTest-1989634880-project-admin] Calling method 'version_select' {{(pid=89795) _process_stack /opt/stack/cinder/cinder/api/openstack/wsgi.py:867}}
Feb 09 15:43:24.030623 dv-cinder-825105-1-iscsi devstack@c-api.service[89795]: /usr/local/lib/python3.8/dist-packages/oslo_context/context.py:105: DeprecationWarning: Policy enforcement is depending on the value of is_admin. This key is deprecated. Please update your policy file to use the standard policy values.
Feb 09 15:43:24.030623 dv-cinder-825105-1-iscsi devstack@c-api.service[89795]: warnings.warn('Policy enforcement is depending on the value of '
Feb 09 15:43:24.044838 dv-cinder-825105-1-iscsi devstack@c-api.service[89794]: INFO cinder.volume.api [None req-478e33c4-fed4-4e89-8e00-7ec1c270a86a tempest-GroupsTest-583601580 tempest-GroupsTest-583601580-project] Availability Zones retrieved successfully.
Feb 09 15:43:24.061175 dv-cinder-825105-1-iscsi devstack@c-api.service[89795]: /usr/local/lib/python3.8/dist-packages/sqlalchemy/orm/evaluator.py:95: SAWarning: Evaluating non-mapped column expression 'updated_at' onto ORM instances; this is a deprecated use case. Please make use of the actual mapped columns in ORM-evaluated UPDATE / DELETE expressions.
Feb 09 15:43:24.061175 dv-cinder-825105-1-iscsi devstack@c-api.service[89795]: util.warn(
Feb 09 15:43:24.075539 dv-cinder-825105-1-iscsi devstack@c-api.service[89795]: INFO cinder.api.openstack.wsgi [None req-b15b599a-a237-4e23-a657-6230f8b414f1 tempest-GroupSnapshotsTest-1989634880 tempest-GroupSnapshotsTest-1989634880-project-admin] http://10.222.0.67/volume/v3/6fad2f717e6446d0a7aab07e77e2161b/group_types/5ed1c63c-464d-406f-b60a-6070a28bfef0 returned with HTTP 202
Feb 09 15:43:24.076656 dv-cinder-825105-1-iscsi devstack@c-api.service[89794]: DEBUG cinder.volume.api [None req-478e33c4-fed4-4e89-8e00-7ec1c270a86a tempest-GroupsTest-583601580 tempest-GroupsTest-583601580-project] Flow 'volume_create_api' (788af9da-650d-48ad-9285-5a33627948d4) transitioned into state 'RUNNING' from state 'PENDING' {{(pid=89794) _flow_receiver /usr/local/lib/python3.8/dist-packages/taskflow/listeners/logging.py:141}}
Feb 09 15:43:24.077328 dv-cinder-825105-1-iscsi devstack@c-api.service[89795]: [pid: 89795|app: 0|req: 159/328] 10.222.0.67 () {60 vars in 1380 bytes} [Wed Feb 9 15:43:24 2022] DELETE /volume/v3/6fad2f717e6446d0a7aab07e77e2161b/group_types/5ed1c63c-464d-406f-b60a-6070a28bfef0 => generated 0 bytes in 53 msecs (HTTP/1.1 202) 6 headers in 234 bytes (1 switches on core 0)
Feb 09 15:43:24.080551 dv-cinder-825105-1-iscsi devstack@c-api.service[89794]: DEBUG cinder.volume.api [None req-478e33c4-fed4-4e89-8e00-7ec1c270a86a tempest-GroupsTest-583601580 tempest-GroupsTest-583601580-project] Task 'cinder.volume.flows.api.create_volume.ExtractVolumeRequestTask;volume:create' (bdf001c4-07f9-4d9e-b09f-1be37a1a60af) transitioned into state 'RUNNING' from state 'PENDING' {{(pid=89794) _task_receiver /usr/local/lib/python3.8/dist-packages/taskflow/listeners/logging.py:190}}
Feb 09 15:43:24.085403 dv-cinder-825105-1-iscsi devstack@c-api.service[89794]: /usr/local/lib/python3.8/dist-packages/oslo_context/context.py:105: DeprecationWarning: Policy enforcement is depending on the value of is_admin. This key is deprecated. Please update your policy file to use the standard policy values.
Feb 09 15:43:24.085403 dv-cinder-825105-1-iscsi devstack@c-api.service[89794]: warnings.warn('Policy enforcement is depending on the value of '
Feb 09 15:43:24.085403 dv-cinder-825105-1-iscsi devstack@c-api.service[89794]: DEBUG cinder.volume.flows.api.create_volume [None req-478e33c4-fed4-4e89-8e00-7ec1c270a86a tempest-GroupsTest-583601580 tempest-GroupsTest-583601580-project] Validating volume size '1' using validate_int {{(pid=89794) _extract_size /opt/stack/cinder/cinder/volume/flows/api/create_volume.py:202}}
Feb 09 15:43:24.097572 dv-cinder-825105-1-iscsi devstack@c-api.service[89795]: INFO cinder.api.openstack.wsgi [None req-9f9f49bd-62c1-4332-af9c-d234da4293ba tempest-GroupSnapshotsTest-1989634880 tempest-GroupSnapshotsTest-1989634880-project-admin] POST http://10.222.0.67/volume/v3/6fad2f717e6446d0a7aab07e77e2161b/types
Feb 09 15:43:24.100337 dv-cinder-825105-1-iscsi devstack@c-api.service[89795]: DEBUG cinder.api.openstack.wsgi [None req-9f9f49bd-62c1-4332-af9c-d234da4293ba tempest-GroupSnapshotsTest-1989634880 tempest-GroupSnapshotsTest-1989634880-project-admin] Action: 'create', calling method: _create, body: {"volume_type": {"name": "tempest-GroupSnapshotsTest-volume-type-1217400502"}} {{(pid=89795) _process_stack /opt/stack/cinder/cinder/api/openstack/wsgi.py:865}}
Feb 09 15:43:24.152471 dv-cinder-825105-1-iscsi devstack@c-api.service[89794]: DEBUG cinder.volume.api [None req-478e33c4-fed4-4e89-8e00-7ec1c270a86a tempest-GroupsTest-583601580 tempest-GroupsTest-583601580-project] Task 'cinder.volume.flows.api.create_volume.ExtractVolumeRequestTask;volume:create' (bdf001c4-07f9-4d9e-b09f-1be37a1a60af) transitioned into state 'SUCCESS' from state 'RUNNING' with result '{'size': 1, 'snapshot_id': None, 'source_volid': None, 'volume_type': VolumeType(created_at=2022-02-09T15:43:22Z,deleted=False,deleted_at=None,description=None,extra_specs={},id=27fd90ee-79aa-4c37-bf37-16a8df822df1,is_public=True,name='tempest-GroupsTest-volume-type-436934063',projects=[],qos_specs=,qos_specs_id=None,updated_at=None), 'volume_type_id': '27fd90ee-79aa-4c37-bf37-16a8df822df1', 'encryption_key_id': None, 'qos_specs': None, 'consistencygroup_id': None, 'cgsnapshot_id': None, 'group_id': 'c9b4f4aa-5e3c-4205-ba8f-1c36f878c84f', 'replication_status': 'disabled', 'refresh_az': False, 'backup_id': None, 'multiattach': False, 'availability_zones': ['nova']}' {{(pid=89794) _task_receiver /usr/local/lib/python3.8/dist-packages/taskflow/listeners/logging.py:178}}
Feb 09 15:43:24.155676 dv-cinder-825105-1-iscsi devstack@c-api.service[89794]: DEBUG cinder.volume.api [None req-478e33c4-fed4-4e89-8e00-7ec1c270a86a tempest-GroupsTest-583601580 tempest-GroupsTest-583601580-project] Task 'cinder.volume.flows.api.create_volume.QuotaReserveTask;volume:create' (8ed1d493-9f73-4741-9eb2-bd917a1da889) transitioned into state 'RUNNING' from state 'PENDING' {{(pid=89794) _task_receiver /usr/local/lib/python3.8/dist-packages/taskflow/listeners/logging.py:190}}
Feb 09 15:43:24.182735 dv-cinder-825105-1-iscsi devstack@c-api.service[89795]: INFO cinder.api.openstack.wsgi [None req-9f9f49bd-62c1-4332-af9c-d234da4293ba tempest-GroupSnapshotsTest-1989634880 tempest-GroupSnapshotsTest-1989634880-project-admin] http://10.222.0.67/volume/v3/6fad2f717e6446d0a7aab07e77e2161b/types returned with HTTP 200
Feb 09 15:43:24.183510 dv-cinder-825105-1-iscsi devstack@c-api.service[89795]: [pid: 89795|app: 0|req: 160/329] 10.222.0.67 () {60 vars in 1228 bytes} [Wed Feb 9 15:43:24 2022] POST /volume/v3/6fad2f717e6446d0a7aab07e77e2161b/types => generated 224 bytes in 92 msecs (HTTP/1.1 200) 7 headers in 285 bytes (1 switches on core 0)
Feb 09 15:43:24.194384 dv-cinder-825105-1-iscsi devstack@c-api.service[89795]: INFO cinder.api.openstack.wsgi [None req-14d2507c-0a79-4a5b-bea7-5c7d1eb2cc31 tempest-GroupSnapshotsTest-1989634880 tempest-GroupSnapshotsTest-1989634880-project-admin] POST http://10.222.0.67/volume/v3/6fad2f717e6446d0a7aab07e77e2161b/group_types
Feb 09 15:43:24.195100 dv-cinder-825105-1-iscsi devstack@c-api.service[89795]: DEBUG cinder.api.openstack.wsgi [None req-14d2507c-0a79-4a5b-bea7-5c7d1eb2cc31 tempest-GroupSnapshotsTest-1989634880 tempest-GroupSnapshotsTest-1989634880-project-admin] Action: 'create', calling method: version_select, body: {"group_type": {"name": "tempest-GroupSnapshotsTest-group-type-1250896846"}} {{(pid=89795) _process_stack /opt/stack/cinder/cinder/api/openstack/wsgi.py:865}}
Feb 09 15:43:24.223088 dv-cinder-825105-1-iscsi devstack@c-api.service[89794]: WARNING cinder.quota [None req-478e33c4-fed4-4e89-8e00-7ec1c270a86a tempest-GroupsTest-583601580 tempest-GroupsTest-583601580-project] Deprecated: Default quota for resource: volumes_tempest-GroupsTest-volume-type-436934063 is set by the default quota flag: quota_volumes_tempest-GroupsTest-volume-type-436934063, it is now deprecated. Please use the default quota class for default quota.
Feb 09 15:43:24.224161 dv-cinder-825105-1-iscsi devstack@c-api.service[89794]: WARNING cinder.quota [None req-478e33c4-fed4-4e89-8e00-7ec1c270a86a tempest-GroupsTest-583601580 tempest-GroupsTest-583601580-project] Deprecated: Default quota for resource: gigabytes_tempest-GroupsTest-volume-type-436934063 is set by the default quota flag: quota_gigabytes_tempest-GroupsTest-volume-type-436934063, it is now deprecated. Please use the default quota class for default quota.
Feb 09 15:43:24.260202 dv-cinder-825105-1-iscsi devstack@c-api.service[89795]: INFO cinder.api.openstack.wsgi [None req-14d2507c-0a79-4a5b-bea7-5c7d1eb2cc31 tempest-GroupSnapshotsTest-1989634880 tempest-GroupSnapshotsTest-1989634880-project-admin] http://10.222.0.67/volume/v3/6fad2f717e6446d0a7aab07e77e2161b/group_types returned with HTTP 202
Feb 09 15:43:24.261304 dv-cinder-825105-1-iscsi devstack@c-api.service[89795]: [pid: 89795|app: 0|req: 161/330] 10.222.0.67 () {62 vars in 1287 bytes} [Wed Feb 9 15:43:24 2022] POST /volume/v3/6fad2f717e6446d0a7aab07e77e2161b/group_types => generated 181 bytes in 72 msecs (HTTP/1.1 202) 7 headers in 292 bytes (2 switches on core 0)
Feb 09 15:43:24.272621 dv-cinder-825105-1-iscsi devstack@c-api.service[89795]: INFO cinder.api.openstack.wsgi [None req-0bfbcdf8-6aad-400c-b278-ae5d295c6be6 tempest-GroupSnapshotsTest-708942062 tempest-GroupSnapshotsTest-708942062-project] POST http://10.222.0.67/volume/v3/694c48cc8d574a4e8d81661373392721/groups
Feb 09 15:43:24.274153 dv-cinder-825105-1-iscsi devstack@c-api.service[89795]: DEBUG cinder.api.openstack.wsgi [None req-0bfbcdf8-6aad-400c-b278-ae5d295c6be6 tempest-GroupSnapshotsTest-708942062 tempest-GroupSnapshotsTest-708942062-project] Action: 'create', calling method: version_select, body: {"group": {"group_type": "e868cdac-1977-4d9b-8431-4e6735276bdb", "volume_types": ["bb0c59e0-2fba-491b-95d7-63f2ed3a0ca9"], "name": "tempest-GroupSnapshotsTest-Group-1445764641"}} {{(pid=89795) _process_stack /opt/stack/cinder/cinder/api/openstack/wsgi.py:865}}
Feb 09 15:43:24.275706 dv-cinder-825105-1-iscsi devstack@c-api.service[89795]: DEBUG cinder.api.v3.groups [None req-0bfbcdf8-6aad-400c-b278-ae5d295c6be6 tempest-GroupSnapshotsTest-708942062 tempest-GroupSnapshotsTest-708942062-project] Creating new group {'group': {'group_type': 'e868cdac-1977-4d9b-8431-4e6735276bdb', 'volume_types': ['bb0c59e0-2fba-491b-95d7-63f2ed3a0ca9'], 'name': 'tempest-GroupSnapshotsTest-Group-1445764641'}} {{(pid=89795) create /opt/stack/cinder/cinder/api/v3/groups.py:190}}
Feb 09 15:43:24.294144 dv-cinder-825105-1-iscsi devstack@c-api.service[89795]: INFO cinder.api.v3.groups [None req-0bfbcdf8-6aad-400c-b278-ae5d295c6be6 tempest-GroupSnapshotsTest-708942062 tempest-GroupSnapshotsTest-708942062-project] Creating group tempest-GroupSnapshotsTest-Group-1445764641.
Feb 09 15:43:24.303949 dv-cinder-825105-1-iscsi devstack@c-api.service[89794]: DEBUG cinder.quota [None req-478e33c4-fed4-4e89-8e00-7ec1c270a86a tempest-GroupsTest-583601580 tempest-GroupsTest-583601580-project] Created reservations ['3efcfa8a-72cc-49e3-b893-48296bfaf5b3', '3d64e0b5-688d-440b-8d69-e6eff81823e8', '381944be-76c5-42d6-8f43-85ce729cb591', '6535d800-5c1d-4212-9ce0-45befc0f4233'] {{(pid=89794) reserve /opt/stack/cinder/cinder/quota.py:1036}}
Feb 09 15:43:24.306020 dv-cinder-825105-1-iscsi devstack@c-api.service[89794]: DEBUG cinder.volume.api [None req-478e33c4-fed4-4e89-8e00-7ec1c270a86a tempest-GroupsTest-583601580 tempest-GroupsTest-583601580-project] Task 'cinder.volume.flows.api.create_volume.QuotaReserveTask;volume:create' (8ed1d493-9f73-4741-9eb2-bd917a1da889) transitioned into state 'SUCCESS' from state 'RUNNING' with result '{'reservations': ['3efcfa8a-72cc-49e3-b893-48296bfaf5b3', '3d64e0b5-688d-440b-8d69-e6eff81823e8', '381944be-76c5-42d6-8f43-85ce729cb591', '6535d800-5c1d-4212-9ce0-45befc0f4233']}' {{(pid=89794) _task_receiver /usr/local/lib/python3.8/dist-packages/taskflow/listeners/logging.py:178}}
Feb 09 15:43:24.312254 dv-cinder-825105-1-iscsi devstack@c-api.service[89794]: DEBUG cinder.volume.api [None req-478e33c4-fed4-4e89-8e00-7ec1c270a86a tempest-GroupsTest-583601580 tempest-GroupsTest-583601580-project] Task 'cinder.volume.flows.api.create_volume.EntryCreateTask;volume:create' (e82f4fca-5307-498e-be45-f6a3b5ba63c1) transitioned into state 'RUNNING' from state 'PENDING' {{(pid=89794) _task_receiver /usr/local/lib/python3.8/dist-packages/taskflow/listeners/logging.py:190}}
Feb 09 15:43:24.334626 dv-cinder-825105-1-iscsi devstack@c-api.service[89795]: INFO cinder.volume.api [None req-0bfbcdf8-6aad-400c-b278-ae5d295c6be6 tempest-GroupSnapshotsTest-708942062 tempest-GroupSnapshotsTest-708942062-project] Availability Zones retrieved successfully.
Feb 09 15:43:24.364962 dv-cinder-825105-1-iscsi devstack@c-api.service[89795]: DEBUG cinder.quota [None req-0bfbcdf8-6aad-400c-b278-ae5d295c6be6 tempest-GroupSnapshotsTest-708942062 tempest-GroupSnapshotsTest-708942062-project] Created reservations ['8c4e46cf-1369-4983-8e5f-f94ceee26439'] {{(pid=89795) reserve /opt/stack/cinder/cinder/quota.py:1036}}
Feb 09 15:43:24.478694 dv-cinder-825105-1-iscsi devstack@c-api.service[89795]: INFO cinder.api.openstack.wsgi [None req-0bfbcdf8-6aad-400c-b278-ae5d295c6be6 tempest-GroupSnapshotsTest-708942062 tempest-GroupSnapshotsTest-708942062-project] http://10.222.0.67/volume/v3/694c48cc8d574a4e8d81661373392721/groups returned with HTTP 202
Feb 09 15:43:24.480261 dv-cinder-825105-1-iscsi devstack@c-api.service[89795]: [pid: 89795|app: 0|req: 162/331] 10.222.0.67 () {62 vars in 1273 bytes} [Wed Feb 9 15:43:24 2022] POST /volume/v3/694c48cc8d574a4e8d81661373392721/groups => generated 112 bytes in 214 msecs (HTTP/1.1 202) 7 headers in 292 bytes (1 switches on core 0)
Feb 09 15:43:24.492175 dv-cinder-825105-1-iscsi devstack@c-api.service[89795]: INFO cinder.api.openstack.wsgi [None req-701992b6-53f0-43a9-82b2-be2ab0405c08 tempest-GroupSnapshotsTest-708942062 tempest-GroupSnapshotsTest-708942062-project] GET http://10.222.0.67/volume/v3/694c48cc8d574a4e8d81661373392721/groups/9e3bb50c-c243-40b1-b22c-2a55c4a20cdc
Feb 09 15:43:24.493125 dv-cinder-825105-1-iscsi devstack@c-api.service[89795]: DEBUG cinder.api.openstack.wsgi [None req-701992b6-53f0-43a9-82b2-be2ab0405c08 tempest-GroupSnapshotsTest-708942062 tempest-GroupSnapshotsTest-708942062-project] Empty body provided in request {{(pid=89795) get_body /opt/stack/cinder/cinder/api/openstack/wsgi.py:714}}
Feb 09 15:43:24.493373 dv-cinder-825105-1-iscsi devstack@c-api.service[89795]: /usr/local/lib/python3.8/dist-packages/webob/acceptparse.py:1047: DeprecationWarning: The behavior of AcceptValidHeader.best_match is currently being maintained for backward compatibility, but it will be deprecated in the future, as it does not conform to the RFC.
Feb 09 15:43:24.493373 dv-cinder-825105-1-iscsi devstack@c-api.service[89795]: warnings.warn(
Feb 09 15:43:24.493905 dv-cinder-825105-1-iscsi devstack@c-api.service[89795]: DEBUG cinder.api.openstack.wsgi [None req-701992b6-53f0-43a9-82b2-be2ab0405c08 tempest-GroupSnapshotsTest-708942062 tempest-GroupSnapshotsTest-708942062-project] Calling method 'version_select' {{(pid=89795) _process_stack /opt/stack/cinder/cinder/api/openstack/wsgi.py:867}}
Feb 09 15:43:24.494378 dv-cinder-825105-1-iscsi devstack@c-api.service[89795]: DEBUG cinder.api.v3.groups [None req-701992b6-53f0-43a9-82b2-be2ab0405c08 tempest-GroupSnapshotsTest-708942062 tempest-GroupSnapshotsTest-708942062-project] show called for member 9e3bb50c-c243-40b1-b22c-2a55c4a20cdc {{(pid=89795) show /opt/stack/cinder/cinder/api/v3/groups.py:58}}
Feb 09 15:43:24.505936 dv-cinder-825105-1-iscsi devstack@c-api.service[89795]: /usr/local/lib/python3.8/dist-packages/oslo_context/context.py:105: DeprecationWarning: Policy enforcement is depending on the value of is_admin. This key is deprecated. Please update your policy file to use the standard policy values.
Feb 09 15:43:24.505936 dv-cinder-825105-1-iscsi devstack@c-api.service[89795]: warnings.warn('Policy enforcement is depending on the value of '
Feb 09 15:43:24.517421 dv-cinder-825105-1-iscsi devstack@c-api.service[89794]: DEBUG cinder.volume.api [None req-478e33c4-fed4-4e89-8e00-7ec1c270a86a tempest-GroupsTest-583601580 tempest-GroupsTest-583601580-project] Task 'cinder.volume.flows.api.create_volume.EntryCreateTask;volume:create' (e82f4fca-5307-498e-be45-f6a3b5ba63c1) transitioned into state 'SUCCESS' from state 'RUNNING' with result '{'volume_id': 'a8d14a74-6f69-45d3-a459-94165bc38468', 'volume_properties': VolumeProperties(attach_status='detached',availability_zone='nova',cgsnapshot_id=None,consistencygroup_id=None,display_description=None,display_name='tempest-GroupsTest-Volume-341133067',encryption_key_id=None,group_id=c9b4f4aa-5e3c-4205-ba8f-1c36f878c84f,group_type_id=,metadata={},multiattach=False,project_id='20bda768eb854032949e7ea5c75c3652',qos_specs=None,replication_status=,reservations=['3efcfa8a-72cc-49e3-b893-48296bfaf5b3','3d64e0b5-688d-440b-8d69-e6eff81823e8','381944be-76c5-42d6-8f43-85ce729cb591','6535d800-5c1d-4212-9ce0-45befc0f4233'],size=1,snapshot_id=None,source_replicaid=,source_volid=None,status='creating',user_id='7865158f2f864181a7d4f2b1d0a7413b',volume_type_id=27fd90ee-79aa-4c37-bf37-16a8df822df1), 'volume': Volume(_name_id=None,admin_metadata=,attach_status='detached',availability_zone='nova',bootable=False,cluster=,cluster_name=None,consistencygroup=,consistencygroup_id=None,created_at=2022-02-09T15:43:24Z,deleted=False,deleted_at=None,display_description=None,display_name='tempest-GroupsTest-Volume-341133067',ec2_id=None,encryption_key_id=None,glance_metadata=,group=,group_id=c9b4f4aa-5e3c-4205-ba8f-1c36f878c84f,host=None,id=a8d14a74-6f69-45d3-a459-94165bc38468,launched_at=None,metadata={},migration_status=None,multiattach=False,previous_status=None,project_id='20bda768eb854032949e7ea5c75c3652',provider_auth=None,provider_geometry=None,provider_id=None,provider_location=None,replication_driver_data=None,replication_extended_status=None,replication_status=None,scheduled_at=None,service_uuid=None,shared_targets=True,size=1,snapshot_id=None,snapshots=,source_volid=None,status='creating',terminated_at=None,updated_at=None,user_id='7865158f2f864181a7d4f2b1d0a7413b',volume_attachment=,volume_type=,volume_type_id=27fd90ee-79aa-4c37-bf37-16a8df822df1)}' {{(pid=89794) _task_receiver /usr/local/lib/python3.8/dist-packages/taskflow/listeners/logging.py:178}}
Feb 09 15:43:24.523446 dv-cinder-825105-1-iscsi devstack@c-api.service[89794]: DEBUG cinder.volume.api [None req-478e33c4-fed4-4e89-8e00-7ec1c270a86a tempest-GroupsTest-583601580 tempest-GroupsTest-583601580-project] Task 'cinder.volume.flows.api.create_volume.QuotaCommitTask;volume:create' (7f6da436-a8ea-4817-aac4-b667e5ac02f6) transitioned into state 'RUNNING' from state 'PENDING' {{(pid=89794) _task_receiver /usr/local/lib/python3.8/dist-packages/taskflow/listeners/logging.py:190}}
Feb 09 15:43:24.540215 dv-cinder-825105-1-iscsi devstack@c-api.service[89795]: INFO cinder.api.openstack.wsgi [None req-701992b6-53f0-43a9-82b2-be2ab0405c08 tempest-GroupSnapshotsTest-708942062 tempest-GroupSnapshotsTest-708942062-project] http://10.222.0.67/volume/v3/694c48cc8d574a4e8d81661373392721/groups/9e3bb50c-c243-40b1-b22c-2a55c4a20cdc returned with HTTP 200
Feb 09 15:43:24.542348 dv-cinder-825105-1-iscsi devstack@c-api.service[89795]: [pid: 89795|app: 0|req: 163/332] 10.222.0.67 () {60 vars in 1362 bytes} [Wed Feb 9 15:43:24 2022] GET /volume/v3/694c48cc8d574a4e8d81661373392721/groups/9e3bb50c-c243-40b1-b22c-2a55c4a20cdc => generated 392 bytes in 57 msecs (HTTP/1.1 200) 7 headers in 286 bytes (2 switches on core 0)
Feb 09 15:43:24.576942 dv-cinder-825105-1-iscsi devstack@c-api.service[89794]: DEBUG cinder.volume.api [None req-478e33c4-fed4-4e89-8e00-7ec1c270a86a tempest-GroupsTest-583601580 tempest-GroupsTest-583601580-project] Task 'cinder.volume.flows.api.create_volume.QuotaCommitTask;volume:create' (7f6da436-a8ea-4817-aac4-b667e5ac02f6) transitioned into state 'SUCCESS' from state 'RUNNING' with result '{'volume_properties': VolumeProperties(attach_status='detached',availability_zone='nova',cgsnapshot_id=None,consistencygroup_id=None,display_description=None,display_name='tempest-GroupsTest-Volume-341133067',encryption_key_id=None,group_id=c9b4f4aa-5e3c-4205-ba8f-1c36f878c84f,group_type_id=,metadata={},multiattach=False,project_id='20bda768eb854032949e7ea5c75c3652',qos_specs=None,replication_status=,reservations=['3efcfa8a-72cc-49e3-b893-48296bfaf5b3','3d64e0b5-688d-440b-8d69-e6eff81823e8','381944be-76c5-42d6-8f43-85ce729cb591','6535d800-5c1d-4212-9ce0-45befc0f4233'],size=1,snapshot_id=None,source_replicaid=,source_volid=None,status='creating',user_id='7865158f2f864181a7d4f2b1d0a7413b',volume_type_id=27fd90ee-79aa-4c37-bf37-16a8df822df1)}' {{(pid=89794) _task_receiver /usr/local/lib/python3.8/dist-packages/taskflow/listeners/logging.py:178}}
Feb 09 15:43:24.581654 dv-cinder-825105-1-iscsi devstack@c-api.service[89794]: DEBUG cinder.volume.api [None req-478e33c4-fed4-4e89-8e00-7ec1c270a86a tempest-GroupsTest-583601580 tempest-GroupsTest-583601580-project] Task 'cinder.volume.flows.api.create_volume.VolumeCastTask;volume:create' (5301a884-e290-44b6-8e99-14d0620c8cfb) transitioned into state 'RUNNING' from state 'PENDING' {{(pid=89794) _task_receiver /usr/local/lib/python3.8/dist-packages/taskflow/listeners/logging.py:190}}
Feb 09 15:43:24.616734 dv-cinder-825105-1-iscsi devstack@c-api.service[89794]: DEBUG cinder.volume.api [None req-478e33c4-fed4-4e89-8e00-7ec1c270a86a tempest-GroupsTest-583601580 tempest-GroupsTest-583601580-project] Task 'cinder.volume.flows.api.create_volume.VolumeCastTask;volume:create' (5301a884-e290-44b6-8e99-14d0620c8cfb) transitioned into state 'SUCCESS' from state 'RUNNING' with result 'None' {{(pid=89794) _task_receiver /usr/local/lib/python3.8/dist-packages/taskflow/listeners/logging.py:178}}
Feb 09 15:43:24.622159 dv-cinder-825105-1-iscsi devstack@c-api.service[89794]: DEBUG cinder.volume.api [None req-478e33c4-fed4-4e89-8e00-7ec1c270a86a tempest-GroupsTest-583601580 tempest-GroupsTest-583601580-project] Flow 'volume_create_api' (788af9da-650d-48ad-9285-5a33627948d4) transitioned into state 'SUCCESS' from state 'RUNNING' {{(pid=89794) _flow_receiver /usr/local/lib/python3.8/dist-packages/taskflow/listeners/logging.py:141}}
Feb 09 15:43:24.721134 dv-cinder-825105-1-iscsi devstack@c-api.service[89794]: INFO cinder.volume.api [None req-478e33c4-fed4-4e89-8e00-7ec1c270a86a tempest-GroupsTest-583601580 tempest-GroupsTest-583601580-project] Create volume request issued successfully.
Feb 09 15:43:24.746270 dv-cinder-825105-1-iscsi devstack@c-api.service[89794]: WARNING stevedore.named [None req-478e33c4-fed4-4e89-8e00-7ec1c270a86a tempest-GroupsTest-583601580 tempest-GroupsTest-583601580-project] Could not load cinder.keymgr.conf_key_mgr.ConfKeyManager
Feb 09 15:43:24.761078 dv-cinder-825105-1-iscsi devstack@c-api.service[89794]: WARNING castellan.key_manager [None req-478e33c4-fed4-4e89-8e00-7ec1c270a86a tempest-GroupsTest-583601580 tempest-GroupsTest-583601580-project] Deprecation Warning : cinder.keymgr.conf_key_mgr.ConfKeyManager is not a stevedore based driver, trying to load it as a class: stevedore.exception.NoMatches: No 'castellan.drivers' driver found, looking for 'cinder.keymgr.conf_key_mgr.ConfKeyManager'
Feb 09 15:43:24.775457 dv-cinder-825105-1-iscsi devstack@c-api.service[89794]: DEBUG oslo_db.sqlalchemy.engines [None req-478e33c4-fed4-4e89-8e00-7ec1c270a86a tempest-GroupsTest-583601580 tempest-GroupsTest-583601580-project] MySQL server mode set to STRICT_TRANS_TABLES,STRICT_ALL_TABLES,NO_ZERO_IN_DATE,NO_ZERO_DATE,ERROR_FOR_DIVISION_BY_ZERO,TRADITIONAL,NO_ENGINE_SUBSTITUTION {{(pid=89794) _check_effective_sql_mode /usr/local/lib/python3.8/dist-packages/oslo_db/sqlalchemy/engines.py:304}}
Feb 09 15:43:24.784559 dv-cinder-825105-1-iscsi devstack@c-api.service[89794]: /usr/local/lib/python3.8/dist-packages/oslo_context/context.py:105: DeprecationWarning: Policy enforcement is depending on the value of is_admin. This key is deprecated. Please update your policy file to use the standard policy values.
Feb 09 15:43:24.784559 dv-cinder-825105-1-iscsi devstack@c-api.service[89794]: warnings.warn('Policy enforcement is depending on the value of '
Feb 09 15:43:24.805213 dv-cinder-825105-1-iscsi devstack@c-api.service[89794]: INFO cinder.api.openstack.wsgi [None req-478e33c4-fed4-4e89-8e00-7ec1c270a86a tempest-GroupsTest-583601580 tempest-GroupsTest-583601580-project] http://10.222.0.67/volume/v3/20bda768eb854032949e7ea5c75c3652/volumes returned with HTTP 202
Feb 09 15:43:24.806226 dv-cinder-825105-1-iscsi devstack@c-api.service[89794]: [pid: 89794|app: 0|req: 170/333] 10.222.0.67 () {62 vars in 1276 bytes} [Wed Feb 9 15:43:23 2022] POST /volume/v3/20bda768eb854032949e7ea5c75c3652/volumes => generated 890 bytes in 846 msecs (HTTP/1.1 202) 7 headers in 292 bytes (1 switches on core 0)
Feb 09 15:43:24.820868 dv-cinder-825105-1-iscsi devstack@c-api.service[89795]: INFO cinder.api.openstack.wsgi [None req-5efc118f-a81d-49a1-afe9-84b5dec7318c tempest-GroupsTest-583601580 tempest-GroupsTest-583601580-project] GET http://10.222.0.67/volume/v3/20bda768eb854032949e7ea5c75c3652/volumes/a8d14a74-6f69-45d3-a459-94165bc38468
Feb 09 15:43:24.821902 dv-cinder-825105-1-iscsi devstack@c-api.service[89795]: DEBUG cinder.api.openstack.wsgi [None req-5efc118f-a81d-49a1-afe9-84b5dec7318c tempest-GroupsTest-583601580 tempest-GroupsTest-583601580-project] Empty body provided in request {{(pid=89795) get_body /opt/stack/cinder/cinder/api/openstack/wsgi.py:714}}
Feb 09 15:43:24.822090 dv-cinder-825105-1-iscsi devstack@c-api.service[89795]: /usr/local/lib/python3.8/dist-packages/webob/acceptparse.py:1047: DeprecationWarning: The behavior of AcceptValidHeader.best_match is currently being maintained for backward compatibility, but it will be deprecated in the future, as it does not conform to the RFC.
Feb 09 15:43:24.822090 dv-cinder-825105-1-iscsi devstack@c-api.service[89795]: warnings.warn(
Feb 09 15:43:24.822405 dv-cinder-825105-1-iscsi devstack@c-api.service[89795]: DEBUG cinder.api.openstack.wsgi [None req-5efc118f-a81d-49a1-afe9-84b5dec7318c tempest-GroupsTest-583601580 tempest-GroupsTest-583601580-project] Calling method 'show' {{(pid=89795) _process_stack /opt/stack/cinder/cinder/api/openstack/wsgi.py:867}}
Feb 09 15:43:24.881338 dv-cinder-825105-1-iscsi devstack@c-api.service[89795]: /usr/local/lib/python3.8/dist-packages/oslo_context/context.py:105: DeprecationWarning: Policy enforcement is depending on the value of is_admin. This key is deprecated. Please update your policy file to use the standard policy values.
Feb 09 15:43:24.881338 dv-cinder-825105-1-iscsi devstack@c-api.service[89795]: warnings.warn('Policy enforcement is depending on the value of '
Feb 09 15:43:24.891345 dv-cinder-825105-1-iscsi devstack@c-api.service[89795]: INFO cinder.volume.api [None req-5efc118f-a81d-49a1-afe9-84b5dec7318c tempest-GroupsTest-583601580 tempest-GroupsTest-583601580-project] Volume info retrieved successfully.
Feb 09 15:43:24.930463 dv-cinder-825105-1-iscsi devstack@c-api.service[89795]: WARNING stevedore.named [None req-5efc118f-a81d-49a1-afe9-84b5dec7318c tempest-GroupsTest-583601580 tempest-GroupsTest-583601580-project] Could not load cinder.keymgr.conf_key_mgr.ConfKeyManager
Feb 09 15:43:24.931083 dv-cinder-825105-1-iscsi devstack@c-api.service[89795]: WARNING castellan.key_manager [None req-5efc118f-a81d-49a1-afe9-84b5dec7318c tempest-GroupsTest-583601580 tempest-GroupsTest-583601580-project] Deprecation Warning : cinder.keymgr.conf_key_mgr.ConfKeyManager is not a stevedore based driver, trying to load it as a class: stevedore.exception.NoMatches: No 'castellan.drivers' driver found, looking for 'cinder.keymgr.conf_key_mgr.ConfKeyManager'
Feb 09 15:43:24.939980 dv-cinder-825105-1-iscsi devstack@c-api.service[89795]: DEBUG oslo_db.sqlalchemy.engines [None req-5efc118f-a81d-49a1-afe9-84b5dec7318c tempest-GroupsTest-583601580 tempest-GroupsTest-583601580-project] MySQL server mode set to STRICT_TRANS_TABLES,STRICT_ALL_TABLES,NO_ZERO_IN_DATE,NO_ZERO_DATE,ERROR_FOR_DIVISION_BY_ZERO,TRADITIONAL,NO_ENGINE_SUBSTITUTION {{(pid=89795) _check_effective_sql_mode /usr/local/lib/python3.8/dist-packages/oslo_db/sqlalchemy/engines.py:304}}
Feb 09 15:43:24.947917 dv-cinder-825105-1-iscsi devstack@c-api.service[89795]: /usr/local/lib/python3.8/dist-packages/oslo_context/context.py:105: DeprecationWarning: Policy enforcement is depending on the value of is_admin. This key is deprecated. Please update your policy file to use the standard policy values.
Feb 09 15:43:24.947917 dv-cinder-825105-1-iscsi devstack@c-api.service[89795]: warnings.warn('Policy enforcement is depending on the value of '
Feb 09 15:43:24.970414 dv-cinder-825105-1-iscsi devstack@c-api.service[89795]: INFO cinder.api.openstack.wsgi [None req-5efc118f-a81d-49a1-afe9-84b5dec7318c tempest-GroupsTest-583601580 tempest-GroupsTest-583601580-project] http://10.222.0.67/volume/v3/20bda768eb854032949e7ea5c75c3652/volumes/a8d14a74-6f69-45d3-a459-94165bc38468 returned with HTTP 200
Feb 09 15:43:24.975502 dv-cinder-825105-1-iscsi devstack@c-api.service[89795]: [pid: 89795|app: 0|req: 164/334] 10.222.0.67 () {60 vars in 1365 bytes} [Wed Feb 9 15:43:24 2022] GET /volume/v3/20bda768eb854032949e7ea5c75c3652/volumes/a8d14a74-6f69-45d3-a459-94165bc38468 => generated 982 bytes in 156 msecs (HTTP/1.1 200) 7 headers in 286 bytes (1 switches on core 0)
Feb 09 15:43:25.552669 dv-cinder-825105-1-iscsi devstack@c-api.service[89794]: INFO cinder.api.openstack.wsgi [None req-e3139113-c256-4b09-99ac-c4d4815a3add tempest-GroupSnapshotsTest-708942062 tempest-GroupSnapshotsTest-708942062-project] GET http://10.222.0.67/volume/v3/694c48cc8d574a4e8d81661373392721/groups/9e3bb50c-c243-40b1-b22c-2a55c4a20cdc
Feb 09 15:43:25.553088 dv-cinder-825105-1-iscsi devstack@c-api.service[89794]: DEBUG cinder.api.openstack.wsgi [None req-e3139113-c256-4b09-99ac-c4d4815a3add tempest-GroupSnapshotsTest-708942062 tempest-GroupSnapshotsTest-708942062-project] Empty body provided in request {{(pid=89794) get_body /opt/stack/cinder/cinder/api/openstack/wsgi.py:714}}
Feb 09 15:43:25.553266 dv-cinder-825105-1-iscsi devstack@c-api.service[89794]: /usr/local/lib/python3.8/dist-packages/webob/acceptparse.py:1047: DeprecationWarning: The behavior of AcceptValidHeader.best_match is currently being maintained for backward compatibility, but it will be deprecated in the future, as it does not conform to the RFC.
Feb 09 15:43:25.553266 dv-cinder-825105-1-iscsi devstack@c-api.service[89794]: warnings.warn(
Feb 09 15:43:25.553568 dv-cinder-825105-1-iscsi devstack@c-api.service[89794]: DEBUG cinder.api.openstack.wsgi [None req-e3139113-c256-4b09-99ac-c4d4815a3add tempest-GroupSnapshotsTest-708942062 tempest-GroupSnapshotsTest-708942062-project] Calling method 'version_select' {{(pid=89794) _process_stack /opt/stack/cinder/cinder/api/openstack/wsgi.py:867}}
Feb 09 15:43:25.553908 dv-cinder-825105-1-iscsi devstack@c-api.service[89794]: DEBUG cinder.api.v3.groups [None req-e3139113-c256-4b09-99ac-c4d4815a3add tempest-GroupSnapshotsTest-708942062 tempest-GroupSnapshotsTest-708942062-project] show called for member 9e3bb50c-c243-40b1-b22c-2a55c4a20cdc {{(pid=89794) show /opt/stack/cinder/cinder/api/v3/groups.py:58}}
Feb 09 15:43:25.575219 dv-cinder-825105-1-iscsi devstack@c-api.service[89794]: /usr/local/lib/python3.8/dist-packages/oslo_context/context.py:105: DeprecationWarning: Policy enforcement is depending on the value of is_admin. This key is deprecated. Please update your policy file to use the standard policy values.
Feb 09 15:43:25.575219 dv-cinder-825105-1-iscsi devstack@c-api.service[89794]: warnings.warn('Policy enforcement is depending on the value of '
Feb 09 15:43:25.644326 dv-cinder-825105-1-iscsi devstack@c-api.service[89794]: INFO cinder.api.openstack.wsgi [None req-e3139113-c256-4b09-99ac-c4d4815a3add tempest-GroupSnapshotsTest-708942062 tempest-GroupSnapshotsTest-708942062-project] http://10.222.0.67/volume/v3/694c48cc8d574a4e8d81661373392721/groups/9e3bb50c-c243-40b1-b22c-2a55c4a20cdc returned with HTTP 200
Feb 09 15:43:25.648510 dv-cinder-825105-1-iscsi devstack@c-api.service[89794]: [pid: 89794|app: 0|req: 171/335] 10.222.0.67 () {60 vars in 1362 bytes} [Wed Feb 9 15:43:25 2022] GET /volume/v3/694c48cc8d574a4e8d81661373392721/groups/9e3bb50c-c243-40b1-b22c-2a55c4a20cdc => generated 393 bytes in 100 msecs (HTTP/1.1 200) 7 headers in 286 bytes (1 switches on core 0)
Feb 09 15:43:25.657026 dv-cinder-825105-1-iscsi devstack@c-api.service[89795]: INFO cinder.api.openstack.wsgi [None req-743aab2b-6fc3-4af8-86d2-ccae6e592ea5 tempest-GroupSnapshotsTest-708942062 tempest-GroupSnapshotsTest-708942062-project] POST http://10.222.0.67/volume/v3/694c48cc8d574a4e8d81661373392721/volumes
Feb 09 15:43:25.657838 dv-cinder-825105-1-iscsi devstack@c-api.service[89795]: /usr/local/lib/python3.8/dist-packages/webob/acceptparse.py:1047: DeprecationWarning: The behavior of AcceptValidHeader.best_match is currently being maintained for backward compatibility, but it will be deprecated in the future, as it does not conform to the RFC.
Feb 09 15:43:25.657838 dv-cinder-825105-1-iscsi devstack@c-api.service[89795]: warnings.warn(
Feb 09 15:43:25.659597 dv-cinder-825105-1-iscsi devstack@c-api.service[89795]: DEBUG cinder.api.openstack.wsgi [None req-743aab2b-6fc3-4af8-86d2-ccae6e592ea5 tempest-GroupSnapshotsTest-708942062 tempest-GroupSnapshotsTest-708942062-project] Action: 'create', calling method: create, body: {"volume": {"volume_type": "bb0c59e0-2fba-491b-95d7-63f2ed3a0ca9", "group_id": "9e3bb50c-c243-40b1-b22c-2a55c4a20cdc", "size": 1, "name": "tempest-GroupSnapshotsTest-Volume-30601032"}} {{(pid=89795) _process_stack /opt/stack/cinder/cinder/api/openstack/wsgi.py:865}}
Feb 09 15:43:25.661621 dv-cinder-825105-1-iscsi devstack@c-api.service[89795]: DEBUG cinder.api.v3.volumes [None req-743aab2b-6fc3-4af8-86d2-ccae6e592ea5 tempest-GroupSnapshotsTest-708942062 tempest-GroupSnapshotsTest-708942062-project] Create volume request body: {'volume': {'volume_type': 'bb0c59e0-2fba-491b-95d7-63f2ed3a0ca9', 'group_id': '9e3bb50c-c243-40b1-b22c-2a55c4a20cdc', 'size': 1, 'name': 'tempest-GroupSnapshotsTest-Volume-30601032'}} {{(pid=89795) create /opt/stack/cinder/cinder/api/v3/volumes.py:290}}
Feb 09 15:43:25.720199 dv-cinder-825105-1-iscsi devstack@c-api.service[89795]: /usr/local/lib/python3.8/dist-packages/oslo_context/context.py:105: DeprecationWarning: Policy enforcement is depending on the value of is_admin. This key is deprecated. Please update your policy file to use the standard policy values.
Feb 09 15:43:25.720199 dv-cinder-825105-1-iscsi devstack@c-api.service[89795]: warnings.warn('Policy enforcement is depending on the value of '
Feb 09 15:43:25.724982 dv-cinder-825105-1-iscsi devstack@c-api.service[89795]: INFO cinder.api.v3.volumes [None req-743aab2b-6fc3-4af8-86d2-ccae6e592ea5 tempest-GroupSnapshotsTest-708942062 tempest-GroupSnapshotsTest-708942062-project] Create volume of 1 GB
Feb 09 15:43:25.752533 dv-cinder-825105-1-iscsi devstack@c-api.service[89795]: INFO cinder.volume.api [None req-743aab2b-6fc3-4af8-86d2-ccae6e592ea5 tempest-GroupSnapshotsTest-708942062 tempest-GroupSnapshotsTest-708942062-project] Availability Zones retrieved successfully.
Feb 09 15:43:25.769631 dv-cinder-825105-1-iscsi devstack@c-api.service[89795]: DEBUG cinder.volume.api [None req-743aab2b-6fc3-4af8-86d2-ccae6e592ea5 tempest-GroupSnapshotsTest-708942062 tempest-GroupSnapshotsTest-708942062-project] Flow 'volume_create_api' (06c3d800-ffb6-4ea8-b5ca-e2968bb518f5) transitioned into state 'RUNNING' from state 'PENDING' {{(pid=89795) _flow_receiver /usr/local/lib/python3.8/dist-packages/taskflow/listeners/logging.py:141}}
Feb 09 15:43:25.772552 dv-cinder-825105-1-iscsi devstack@c-api.service[89795]: DEBUG cinder.volume.api [None req-743aab2b-6fc3-4af8-86d2-ccae6e592ea5 tempest-GroupSnapshotsTest-708942062 tempest-GroupSnapshotsTest-708942062-project] Task 'cinder.volume.flows.api.create_volume.ExtractVolumeRequestTask;volume:create' (c7e624bc-7958-4573-9924-a16ab4bd98fc) transitioned into state 'RUNNING' from state 'PENDING' {{(pid=89795) _task_receiver /usr/local/lib/python3.8/dist-packages/taskflow/listeners/logging.py:190}}
Feb 09 15:43:25.774410 dv-cinder-825105-1-iscsi devstack@c-api.service[89795]: /usr/local/lib/python3.8/dist-packages/oslo_context/context.py:105: DeprecationWarning: Policy enforcement is depending on the value of is_admin. This key is deprecated. Please update your policy file to use the standard policy values.
Feb 09 15:43:25.774410 dv-cinder-825105-1-iscsi devstack@c-api.service[89795]: warnings.warn('Policy enforcement is depending on the value of '
Feb 09 15:43:25.775154 dv-cinder-825105-1-iscsi devstack@c-api.service[89795]: DEBUG cinder.volume.flows.api.create_volume [None req-743aab2b-6fc3-4af8-86d2-ccae6e592ea5 tempest-GroupSnapshotsTest-708942062 tempest-GroupSnapshotsTest-708942062-project] Validating volume size '1' using validate_int {{(pid=89795) _extract_size /opt/stack/cinder/cinder/volume/flows/api/create_volume.py:202}}
Feb 09 15:43:25.854857 dv-cinder-825105-1-iscsi devstack@c-api.service[89795]: DEBUG cinder.volume.api [None req-743aab2b-6fc3-4af8-86d2-ccae6e592ea5 tempest-GroupSnapshotsTest-708942062 tempest-GroupSnapshotsTest-708942062-project] Task 'cinder.volume.flows.api.create_volume.ExtractVolumeRequestTask;volume:create' (c7e624bc-7958-4573-9924-a16ab4bd98fc) transitioned into state 'SUCCESS' from state 'RUNNING' with result '{'size': 1, 'snapshot_id': None, 'source_volid': None, 'volume_type': VolumeType(created_at=2022-02-09T15:43:24Z,deleted=False,deleted_at=None,description=None,extra_specs={},id=bb0c59e0-2fba-491b-95d7-63f2ed3a0ca9,is_public=True,name='tempest-GroupSnapshotsTest-volume-type-1217400502',projects=[],qos_specs=,qos_specs_id=None,updated_at=None), 'volume_type_id': 'bb0c59e0-2fba-491b-95d7-63f2ed3a0ca9', 'encryption_key_id': None, 'qos_specs': None, 'consistencygroup_id': None, 'cgsnapshot_id': None, 'group_id': '9e3bb50c-c243-40b1-b22c-2a55c4a20cdc', 'replication_status': 'disabled', 'refresh_az': False, 'backup_id': None, 'multiattach': False, 'availability_zones': ['nova']}' {{(pid=89795) _task_receiver /usr/local/lib/python3.8/dist-packages/taskflow/listeners/logging.py:178}}
Feb 09 15:43:25.857426 dv-cinder-825105-1-iscsi devstack@c-api.service[89795]: DEBUG cinder.volume.api [None req-743aab2b-6fc3-4af8-86d2-ccae6e592ea5 tempest-GroupSnapshotsTest-708942062 tempest-GroupSnapshotsTest-708942062-project] Task 'cinder.volume.flows.api.create_volume.QuotaReserveTask;volume:create' (6964f36d-15ef-4c86-9354-a028cdcdf594) transitioned into state 'RUNNING' from state 'PENDING' {{(pid=89795) _task_receiver /usr/local/lib/python3.8/dist-packages/taskflow/listeners/logging.py:190}}
Feb 09 15:43:25.935372 dv-cinder-825105-1-iscsi devstack@c-api.service[89795]: WARNING cinder.quota [None req-743aab2b-6fc3-4af8-86d2-ccae6e592ea5 tempest-GroupSnapshotsTest-708942062 tempest-GroupSnapshotsTest-708942062-project] Deprecated: Default quota for resource: volumes_tempest-GroupSnapshotsTest-volume-type-1217400502 is set by the default quota flag: quota_volumes_tempest-GroupSnapshotsTest-volume-type-1217400502, it is now deprecated. Please use the default quota class for default quota.
Feb 09 15:43:25.937214 dv-cinder-825105-1-iscsi devstack@c-api.service[89795]: WARNING cinder.quota [None req-743aab2b-6fc3-4af8-86d2-ccae6e592ea5 tempest-GroupSnapshotsTest-708942062 tempest-GroupSnapshotsTest-708942062-project] Deprecated: Default quota for resource: gigabytes_tempest-GroupSnapshotsTest-volume-type-1217400502 is set by the default quota flag: quota_gigabytes_tempest-GroupSnapshotsTest-volume-type-1217400502, it is now deprecated. Please use the default quota class for default quota.
Feb 09 15:43:25.975836 dv-cinder-825105-1-iscsi devstack@c-api.service[89795]: DEBUG cinder.quota [None req-743aab2b-6fc3-4af8-86d2-ccae6e592ea5 tempest-GroupSnapshotsTest-708942062 tempest-GroupSnapshotsTest-708942062-project] Created reservations ['3e35fe04-a5e5-4c36-bbb4-ad5d66ddc0a9', '1ed5c6a7-d8e1-4012-8280-e67cb2370207', 'c5f60562-502d-451e-89eb-77d408762743', 'c3d69ca5-449d-476f-b037-7f06088836c6'] {{(pid=89795) reserve /opt/stack/cinder/cinder/quota.py:1036}}
Feb 09 15:43:25.980999 dv-cinder-825105-1-iscsi devstack@c-api.service[89795]: DEBUG cinder.volume.api [None req-743aab2b-6fc3-4af8-86d2-ccae6e592ea5 tempest-GroupSnapshotsTest-708942062 tempest-GroupSnapshotsTest-708942062-project] Task 'cinder.volume.flows.api.create_volume.QuotaReserveTask;volume:create' (6964f36d-15ef-4c86-9354-a028cdcdf594) transitioned into state 'SUCCESS' from state 'RUNNING' with result '{'reservations': ['3e35fe04-a5e5-4c36-bbb4-ad5d66ddc0a9', '1ed5c6a7-d8e1-4012-8280-e67cb2370207', 'c5f60562-502d-451e-89eb-77d408762743', 'c3d69ca5-449d-476f-b037-7f06088836c6']}' {{(pid=89795) _task_receiver /usr/local/lib/python3.8/dist-packages/taskflow/listeners/logging.py:178}}
