Jan 18 12:50:03.082044 dv-cinder-825103-1-iscsi neutron-server[82756]: DEBUG neutron.plugins.ml2.managers [req-88f11f7e-2af4-435a-b9d2-3afec1d17fef req-b132054b-7209-4367-9508-12d4a045adb6 service neutron] Bound port: 41a212cc-1855-454f-975e-97f19d1db277, host: hv-cinder-82510, vif_type: hyperv, vif_details: {"connectivity": "legacy", "port_filter": false}, binding_levels: [{'bound_driver': 'hyperv', 'bound_segment': {'id': 'b35974eb-73ba-4577-bd01-65e7420182fa', 'network_type': 'vlan', 'physical_network': 'physnet1', 'segmentation_id': 1069, 'network_id': '58e6ebf2-6fe6-41ea-b6b1-ca4d732ddf72'}}] {{(pid=82756) _bind_port_level /opt/stack/neutron/neutron/plugins/ml2/managers.py:928}}
Jan 18 12:50:03.082461 dv-cinder-825103-1-iscsi neutron-server[82756]: DEBUG neutron_lib.callbacks.manager [req-88f11f7e-2af4-435a-b9d2-3afec1d17fef req-b132054b-7209-4367-9508-12d4a045adb6 service neutron] Notify callbacks ['neutron.plugins.ml2.plugin.SecurityGroupDbMixin._ensure_default_security_group_handler-704150'] for port, before_update {{(pid=82756) _notify_loop /usr/local/lib/python3.8/dist-packages/neutron_lib/callbacks/manager.py:192}}
Jan 18 12:50:03.128346 dv-cinder-825103-1-iscsi neutron-server[82756]: DEBUG neutron.quota.resource [req-99629734-44cc-4a00-a8a3-ee3dbabd37f1 req-87afdc94-1862-45aa-b71e-d55724a41a2b tempest-VolumesSnapshotTestJSON-1380584661 tempest-VolumesSnapshotTestJSON-1380584661-project] Unset dirty status for tenant:f57a5761ea3b4b6ebfc881a4b5a7d527 on resource:port {{(pid=82756) _resync /opt/stack/neutron/neutron/quota/resource.py:233}}
Jan 18 12:50:03.129493 dv-cinder-825103-1-iscsi neutron-server[82756]: INFO neutron.wsgi [req-99629734-44cc-4a00-a8a3-ee3dbabd37f1 req-87afdc94-1862-45aa-b71e-d55724a41a2b tempest-VolumesSnapshotTestJSON-1380584661 tempest-VolumesSnapshotTestJSON-1380584661-project] 10.222.0.84 "GET /v2.0/ports?device_id=19046548-5886-4560-854e-59cd966b0a9a HTTP/1.1" status: 200 len: 943 time: 0.1916373
Jan 18 12:50:03.129628 dv-cinder-825103-1-iscsi neutron-server[82757]: DEBUG neutron.pecan_wsgi.hooks.policy_enforcement [req-6a9c88f2-8ef6-45a7-ac46-6e94a86f901b req-dd7eab45-6fb4-4f38-b283-144ba0610d53 tempest-ServerRescueNegativeTestJSON-264194708 tempest-ServerRescueNegativeTestJSON-264194708-project] Attributes excluded by policy engine: ['binding:profile', 'binding:host_id', 'binding:vif_type', 'binding:vif_details'] {{(pid=82757) _exclude_attributes_by_policy /opt/stack/neutron/neutron/pecan_wsgi/hooks/policy_enforcement.py:255}}
Jan 18 12:50:03.139346 dv-cinder-825103-1-iscsi neutron-server[82757]: INFO neutron.wsgi [req-6a9c88f2-8ef6-45a7-ac46-6e94a86f901b req-dd7eab45-6fb4-4f38-b283-144ba0610d53 tempest-ServerRescueNegativeTestJSON-264194708 tempest-ServerRescueNegativeTestJSON-264194708-project] 10.222.0.84 "GET /v2.0/ports?device_id=e99a128b-933b-48e0-a535-cee349266ece HTTP/1.1" status: 200 len: 945 time: 0.1205089
Jan 18 12:50:03.191655 dv-cinder-825103-1-iscsi neutron-server[82757]: INFO neutron.wsgi [req-6a9c88f2-8ef6-45a7-ac46-6e94a86f901b req-159fdad9-a60d-47d7-a6c5-0a677cac321d tempest-ServerRescueNegativeTestJSON-264194708 tempest-ServerRescueNegativeTestJSON-264194708-project] 10.222.0.84 "GET /v2.0/security-groups?id=8970b97c-11a5-4822-935c-7737f00ddfe7&fields=id&fields=name HTTP/1.1" status: 200 len: 286 time: 0.0508757
Jan 18 12:50:03.275550 dv-cinder-825103-1-iscsi neutron-server[82756]: DEBUG neutron_lib.callbacks.manager [None req-54bfffe8-928d-4046-a7a0-e68b44717c54 admin admin] Notify callbacks [] for security_group, before_delete {{(pid=82756) _notify_loop /usr/local/lib/python3.8/dist-packages/neutron_lib/callbacks/manager.py:192}}
Jan 18 12:50:03.281133 dv-cinder-825103-1-iscsi neutron-server[82756]: DEBUG neutron.plugins.ml2.db [req-88f11f7e-2af4-435a-b9d2-3afec1d17fef req-b132054b-7209-4367-9508-12d4a045adb6 service neutron] For port 41a212cc-1855-454f-975e-97f19d1db277, host hv-cinder-82510, cleared binding levels {{(pid=82756) clear_binding_levels /opt/stack/neutron/neutron/plugins/ml2/db.py:87}}
Jan 18 12:50:03.284022 dv-cinder-825103-1-iscsi neutron-server[82756]: DEBUG neutron.quota.resource [req-99629734-44cc-4a00-a8a3-ee3dbabd37f1 req-b8d75ee4-ded2-4223-9dcc-aa873e012942 tempest-VolumesSnapshotTestJSON-1380584661 tempest-VolumesSnapshotTestJSON-1380584661-project] Synchronizing usage tracker for tenant:f57a5761ea3b4b6ebfc881a4b5a7d527 on resource:security_group {{(pid=82756) resync /opt/stack/neutron/neutron/quota/resource.py:241}}
Jan 18 12:50:03.290789 dv-cinder-825103-1-iscsi neutron-server[82756]: DEBUG neutron.plugins.ml2.db [req-88f11f7e-2af4-435a-b9d2-3afec1d17fef req-b132054b-7209-4367-9508-12d4a045adb6 service neutron] For port 41a212cc-1855-454f-975e-97f19d1db277, host hv-cinder-82510, set binding levels [PortBindingLevel(driver='hyperv',host='hv-cinder-82510',level=0,port_id=41a212cc-1855-454f-975e-97f19d1db277,segment=NetworkSegment(b35974eb-73ba-4577-bd01-65e7420182fa),segment_id=b35974eb-73ba-4577-bd01-65e7420182fa)] {{(pid=82756) set_binding_levels /opt/stack/neutron/neutron/plugins/ml2/db.py:59}}
Jan 18 12:50:03.314742 dv-cinder-825103-1-iscsi neutron-server[82756]: DEBUG neutron_lib.callbacks.manager [req-88f11f7e-2af4-435a-b9d2-3afec1d17fef req-b132054b-7209-4367-9508-12d4a045adb6 service neutron] Notify callbacks ['neutron.plugins.ml2.plugin.SecurityGroupServerNotifierRpcMixin.notify_sg_on_port_change-702470', 'neutron.plugins.ml2.ovo_rpc._ObjectChangeHandler.handle_event-100936', 'neutron.api.rpc.agentnotifiers.dhcp_rpc_agent_api.DhcpAgentNotifyAPI._native_event_send_dhcp_notification-15336192', 'neutron.db.l3_db.L3RpcNotifierMixin._notify_gateway_port_ip_changed-8736039315460', 'neutron.db.l3_dvrscheduler_db._notify_l3_agent_port_update-8736038956261', 'neutron.db.l3_hascheduler_db._notify_l3_agent_ha_port_update-8736038957334', 'neutron.services.segments.plugin.NovaSegmentNotifier._notify_port_updated-15336997'] for port, after_update {{(pid=82756) _notify_loop /usr/local/lib/python3.8/dist-packages/neutron_lib/callbacks/manager.py:192}}
Jan 18 12:50:03.376136 dv-cinder-825103-1-iscsi neutron-server[82756]: DEBUG neutron_lib.callbacks.manager [None req-54bfffe8-928d-4046-a7a0-e68b44717c54 admin admin] Notify callbacks [] for security_group, precommit_delete {{(pid=82756) _notify_loop /usr/local/lib/python3.8/dist-packages/neutron_lib/callbacks/manager.py:192}}
Jan 18 12:50:03.419169 dv-cinder-825103-1-iscsi neutron-server[82756]: DEBUG neutron.quota.resource [req-99629734-44cc-4a00-a8a3-ee3dbabd37f1 req-b8d75ee4-ded2-4223-9dcc-aa873e012942 tempest-VolumesSnapshotTestJSON-1380584661 tempest-VolumesSnapshotTestJSON-1380584661-project] Unset dirty status for tenant:f57a5761ea3b4b6ebfc881a4b5a7d527 on resource:security_group {{(pid=82756) _resync /opt/stack/neutron/neutron/quota/resource.py:233}}
Jan 18 12:50:03.420554 dv-cinder-825103-1-iscsi neutron-server[82756]: INFO neutron.wsgi [req-99629734-44cc-4a00-a8a3-ee3dbabd37f1 req-b8d75ee4-ded2-4223-9dcc-aa873e012942 tempest-VolumesSnapshotTestJSON-1380584661 tempest-VolumesSnapshotTestJSON-1380584661-project] 10.222.0.84 "GET /v2.0/security-groups?id=aa95e1db-4b83-44bc-8ac8-398dca75ef3a&fields=id&fields=name HTTP/1.1" status: 200 len: 286 time: 0.2501593
Jan 18 12:50:03.426156 dv-cinder-825103-1-iscsi neutron-server[82756]: DEBUG neutron_lib.callbacks.manager [req-88f11f7e-2af4-435a-b9d2-3afec1d17fef req-b132054b-7209-4367-9508-12d4a045adb6 service neutron] Notify callbacks ['neutron.notifiers.nova.Notifier._send_nova_notification-42052'] for port, before_response {{(pid=82756) _notify_loop /usr/local/lib/python3.8/dist-packages/neutron_lib/callbacks/manager.py:192}}
Jan 18 12:50:03.427491 dv-cinder-825103-1-iscsi neutron-server[82756]: INFO neutron.wsgi [req-88f11f7e-2af4-435a-b9d2-3afec1d17fef req-b132054b-7209-4367-9508-12d4a045adb6 service neutron] 10.222.0.35 "PUT /v2.0/ports/41a212cc-1855-454f-975e-97f19d1db277 HTTP/1.1" status: 200 len: 1093 time: 1.2947354
Jan 18 12:50:03.430796 dv-cinder-825103-1-iscsi neutron-server[82756]: DEBUG neutron.notifiers.nova [-] Sending events: [{'name': 'network-changed', 'server_uuid': '19046548-5886-4560-854e-59cd966b0a9a', 'tag': '41a212cc-1855-454f-975e-97f19d1db277'}] {{(pid=82756) send_events /opt/stack/neutron/neutron/notifiers/nova.py:262}}
Jan 18 12:50:03.459384 dv-cinder-825103-1-iscsi neutron-server[82756]: DEBUG neutron.api.rpc.handlers.resources_rpc [None req-b132054b-7209-4367-9508-12d4a045adb6 service neutron] Pushing event updated for resources: {'Port': ['ID=41a212cc-1855-454f-975e-97f19d1db277,revision_number=3']} {{(pid=82756) push /opt/stack/neutron/neutron/api/rpc/handlers/resources_rpc.py:237}}
Jan 18 12:50:03.502349 dv-cinder-825103-1-iscsi neutron-server[82756]: DEBUG neutron_lib.callbacks.manager [None req-54bfffe8-928d-4046-a7a0-e68b44717c54 admin admin] Notify callbacks ['neutron.plugins.ml2.ovo_rpc._ObjectChangeHandler.handle_event-16443690'] for security_group, after_delete {{(pid=82756) _notify_loop /usr/local/lib/python3.8/dist-packages/neutron_lib/callbacks/manager.py:192}}
Jan 18 12:50:03.573890 dv-cinder-825103-1-iscsi neutron-server[82756]: DEBUG neutron.api.rpc.handlers.resources_rpc [None req-54bfffe8-928d-4046-a7a0-e68b44717c54 admin admin] Pushing event deleted for resources: {'SecurityGroup': ['ID=8d78ee49-2b1c-4138-921b-c00798866a7f,revision_number=None']} {{(pid=82756) push /opt/stack/neutron/neutron/api/rpc/handlers/resources_rpc.py:237}}
Jan 18 12:50:03.585903 dv-cinder-825103-1-iscsi neutron-server[82756]: DEBUG neutron_lib.callbacks.manager [None req-54bfffe8-928d-4046-a7a0-e68b44717c54 admin admin] Notify callbacks [] for security_group, before_response {{(pid=82756) _notify_loop /usr/local/lib/python3.8/dist-packages/neutron_lib/callbacks/manager.py:192}}
Jan 18 12:50:03.587158 dv-cinder-825103-1-iscsi neutron-server[82756]: INFO neutron.wsgi [None req-54bfffe8-928d-4046-a7a0-e68b44717c54 admin admin] 10.222.0.84 "DELETE /v2.0/security-groups/8d78ee49-2b1c-4138-921b-c00798866a7f HTTP/1.1" status: 204 len: 168 time: 0.5088513
Jan 18 12:50:03.629316 dv-cinder-825103-1-iscsi neutron-server[82756]: INFO neutron.wsgi [req-88f11f7e-2af4-435a-b9d2-3afec1d17fef req-2666c13c-cb38-4108-b02f-a76afd5c339c service neutron] 10.222.0.35 "GET /v2.0/ports?tenant_id=f57a5761ea3b4b6ebfc881a4b5a7d527&device_id=19046548-5886-4560-854e-59cd966b0a9a HTTP/1.1" status: 200 len: 1096 time: 0.1088047
Jan 18 12:50:03.642523 dv-cinder-825103-1-iscsi neutron-server[82757]: DEBUG neutron.wsgi [-] (82757) accepted ('10.222.0.84', 47192) {{(pid=82757) server /usr/local/lib/python3.8/dist-packages/eventlet/wsgi.py:992}}
Jan 18 12:50:03.749924 dv-cinder-825103-1-iscsi neutron-server[82757]: DEBUG neutron.db.db_base_plugin_v2 [None req-8ac88e23-9706-4073-b437-e3eca7f9c459 admin admin] Deleting subnet f2dc87e7-7a7a-4070-b8c2-a50d9c226810 {{(pid=82757) delete_subnet /opt/stack/neutron/neutron/db/db_base_plugin_v2.py:1047}}
Jan 18 12:50:03.753677 dv-cinder-825103-1-iscsi neutron-server[82757]: DEBUG neutron_lib.callbacks.manager [None req-8ac88e23-9706-4073-b437-e3eca7f9c459 admin admin] Notify callbacks [] for subnet, before_delete {{(pid=82757) _notify_loop /usr/local/lib/python3.8/dist-packages/neutron_lib/callbacks/manager.py:192}}
Jan 18 12:50:03.775271 dv-cinder-825103-1-iscsi neutron-server[82756]: INFO neutron.notifiers.nova [-] Nova event response: {'name': 'network-changed', 'server_uuid': '19046548-5886-4560-854e-59cd966b0a9a', 'tag': '41a212cc-1855-454f-975e-97f19d1db277', 'status': 'completed', 'code': 200}
Jan 18 12:50:03.793713 dv-cinder-825103-1-iscsi neutron-server[82756]: INFO neutron.wsgi [req-88f11f7e-2af4-435a-b9d2-3afec1d17fef req-799d106a-cdbf-4cb8-ad8a-32b751566022 service neutron] 10.222.0.35 "GET /v2.0/floatingips?fixed_ip_address=172.20.0.9&port_id=41a212cc-1855-454f-975e-97f19d1db277 HTTP/1.1" status: 200 len: 217 time: 0.1499248
Jan 18 12:50:03.821558 dv-cinder-825103-1-iscsi neutron-server[82757]: DEBUG neutron_lib.callbacks.manager [None req-8ac88e23-9706-4073-b437-e3eca7f9c459 admin admin] Notify callbacks [] for subnet, precommit_delete_associations {{(pid=82757) _notify_loop /usr/local/lib/python3.8/dist-packages/neutron_lib/callbacks/manager.py:192}}
Jan 18 12:50:03.830325 dv-cinder-825103-1-iscsi neutron-server[82757]: DEBUG neutron_lib.callbacks.manager [None req-8ac88e23-9706-4073-b437-e3eca7f9c459 admin admin] Notify callbacks ['neutron.plugins.ml2.plugin.Ml2Plugin._subnet_delete_precommit_handler-562804'] for subnet, precommit_delete {{(pid=82757) _notify_loop /usr/local/lib/python3.8/dist-packages/neutron_lib/callbacks/manager.py:192}}
Jan 18 12:50:03.911799 dv-cinder-825103-1-iscsi neutron-server[82756]: DEBUG neutron.pecan_wsgi.hooks.policy_enforcement [req-88f11f7e-2af4-435a-b9d2-3afec1d17fef req-e9c86708-4e5b-4e36-87f9-40a4d5829ab2 service neutron] Attributes excluded by policy engine: ['shared', 'segment_id'] {{(pid=82756) _exclude_attributes_by_policy /opt/stack/neutron/neutron/pecan_wsgi/hooks/policy_enforcement.py:255}}
Jan 18 12:50:03.913580 dv-cinder-825103-1-iscsi neutron-server[82756]: INFO neutron.wsgi [req-88f11f7e-2af4-435a-b9d2-3afec1d17fef req-e9c86708-4e5b-4e36-87f9-40a4d5829ab2 service neutron] 10.222.0.35 "GET /v2.0/subnets?id=f70909e0-87f3-49af-9ce4-5709c59c89a7 HTTP/1.1" status: 200 len: 854 time: 0.1128240
Jan 18 12:50:03.937043 dv-cinder-825103-1-iscsi neutron-server[82757]: DEBUG neutron_lib.callbacks.manager [None req-8ac88e23-9706-4073-b437-e3eca7f9c459 admin admin] Notify callbacks ['neutron.plugins.ml2.plugin.Ml2Plugin._subnet_delete_after_delete_handler-562797', 'neutron.plugins.ml2.ovo_rpc._ObjectChangeHandler.handle_event-16443890', 'neutron.api.rpc.agentnotifiers.dhcp_rpc_agent_api.DhcpAgentNotifyAPI._native_event_send_dhcp_notification-15336192'] for subnet, after_delete {{(pid=82757) _notify_loop /usr/local/lib/python3.8/dist-packages/neutron_lib/callbacks/manager.py:192}}
Jan 18 12:50:03.982897 dv-cinder-825103-1-iscsi neutron-server[82756]: INFO neutron.wsgi [req-88f11f7e-2af4-435a-b9d2-3afec1d17fef req-4e9f5d88-06b8-47e4-95da-0fc04e61533e service neutron] 10.222.0.35 "GET /v2.0/ports?network_id=58e6ebf2-6fe6-41ea-b6b1-ca4d732ddf72&device_owner=network%3Adhcp HTTP/1.1" status: 200 len: 210 time: 0.0597022
Jan 18 12:50:04.033674 dv-cinder-825103-1-iscsi neutron-server[82757]: DEBUG neutron_lib.callbacks.manager [None req-8ac88e23-9706-4073-b437-e3eca7f9c459 admin admin] Notify callbacks [] for subnet, before_response {{(pid=82757) _notify_loop /usr/local/lib/python3.8/dist-packages/neutron_lib/callbacks/manager.py:192}}
Jan 18 12:50:04.050058 dv-cinder-825103-1-iscsi neutron-server[82757]: DEBUG neutron.api.rpc.handlers.resources_rpc [None req-8ac88e23-9706-4073-b437-e3eca7f9c459 admin admin] Pushing event deleted for resources: {'Subnet': ['ID=f2dc87e7-7a7a-4070-b8c2-a50d9c226810,revision_number=None']} {{(pid=82757) push /opt/stack/neutron/neutron/api/rpc/handlers/resources_rpc.py:237}}
Jan 18 12:50:04.066309 dv-cinder-825103-1-iscsi neutron-server[82757]: INFO neutron.wsgi [None req-8ac88e23-9706-4073-b437-e3eca7f9c459 admin admin] 10.222.0.84 "DELETE /v2.0/subnets/f2dc87e7-7a7a-4070-b8c2-a50d9c226810 HTTP/1.1" status: 204 len: 168 time: 0.4201970
Jan 18 12:50:04.066590 dv-cinder-825103-1-iscsi neutron-server[82757]: DEBUG neutron.wsgi [-] (82757) accepted ('10.222.0.84', 47204) {{(pid=82757) server /usr/local/lib/python3.8/dist-packages/eventlet/wsgi.py:992}}
Jan 18 12:50:04.117073 dv-cinder-825103-1-iscsi neutron-server[82756]: DEBUG neutron.wsgi [-] (82756) accepted ('10.222.0.84', 47208) {{(pid=82756) server /usr/local/lib/python3.8/dist-packages/eventlet/wsgi.py:992}}
Jan 18 12:50:04.141675 dv-cinder-825103-1-iscsi neutron-server[82756]: DEBUG neutron_lib.callbacks.manager [None req-c47881fd-7dde-44a4-b15e-9602c14ca737 admin admin] Notify callbacks [] for security_group, before_create {{(pid=82756) _notify_loop /usr/local/lib/python3.8/dist-packages/neutron_lib/callbacks/manager.py:192}}
Jan 18 12:50:04.200670 dv-cinder-825103-1-iscsi neutron-server[82756]: INFO neutron.wsgi [req-88f11f7e-2af4-435a-b9d2-3afec1d17fef req-7a2bb336-aea0-4b49-b345-cf8bea4a3c69 service neutron] 10.222.0.35 "GET /v2.0/networks/58e6ebf2-6fe6-41ea-b6b1-ca4d732ddf72?fields=segments HTTP/1.1" status: 200 len: 212 time: 0.2121325
Jan 18 12:50:04.201811 dv-cinder-825103-1-iscsi neutron-server[82757]: DEBUG neutron_lib.callbacks.manager [None req-81a7820e-43e5-4d86-8eea-cef2c93bcf14 admin admin] Notify callbacks ['neutron.plugins.ml2.plugin.External_net_db_mixin._before_network_delete_handler-653206'] for network, before_delete {{(pid=82757) _notify_loop /usr/local/lib/python3.8/dist-packages/neutron_lib/callbacks/manager.py:192}}
Jan 18 12:50:04.332669 dv-cinder-825103-1-iscsi neutron-server[82757]: DEBUG neutron_lib.callbacks.manager [None req-81a7820e-43e5-4d86-8eea-cef2c93bcf14 admin admin] Notify callbacks ['neutron.plugins.ml2.plugin.Ml2Plugin._network_delete_precommit_handler-561661', 'neutron.services.segments.db._delete_segments_for_network-8736039390428'] for network, precommit_delete {{(pid=82757) _notify_loop /usr/local/lib/python3.8/dist-packages/neutron_lib/callbacks/manager.py:192}}
Jan 18 12:50:04.346566 dv-cinder-825103-1-iscsi neutron-server[82756]: DEBUG neutron.db.quota.driver [None req-c47881fd-7dde-44a4-b15e-9602c14ca737 admin admin] Resources subnetpool have unlimited quota limit. It is not required to calculate headroom {{(pid=82756) make_reservation /opt/stack/neutron/neutron/db/quota/driver.py:219}}
Jan 18 12:50:04.353544 dv-cinder-825103-1-iscsi neutron-server[82756]: DEBUG neutron.quota.resource [None req-c47881fd-7dde-44a4-b15e-9602c14ca737 admin admin] Usage tracker for resource:security_group_rule and tenant:b03ed1e371f149b08aece1b6bbf94b12 is out of sync, need to count used quota {{(pid=82756) count_used /opt/stack/neutron/neutron/quota/resource.py:270}}
Jan 18 12:50:04.358707 dv-cinder-825103-1-iscsi neutron-server[82756]: INFO neutron.wsgi [req-88f11f7e-2af4-435a-b9d2-3afec1d17fef req-eb2d557f-f885-4c8d-861d-5ef6bdb7e733 service neutron] 10.222.0.35 "GET /v2.0/networks/58e6ebf2-6fe6-41ea-b6b1-ca4d732ddf72?fields=provider%3Aphysical_network&fields=provider%3Anetwork_type HTTP/1.1" status: 200 len: 281 time: 0.1511848
Jan 18 12:50:04.359514 dv-cinder-825103-1-iscsi neutron-server[82756]: DEBUG neutron.quota.resource [None req-c47881fd-7dde-44a4-b15e-9602c14ca737 admin admin] Quota usage for security_group_rule was recalculated. Used quota:0. {{(pid=82756) count_used /opt/stack/neutron/neutron/quota/resource.py:290}}
Jan 18 12:50:04.365542 dv-cinder-825103-1-iscsi neutron-server[82756]: DEBUG neutron.db.quota.driver [None req-c47881fd-7dde-44a4-b15e-9602c14ca737 admin admin] Attempting to reserve 4 items for resource security_group_rule. Total usage: 0; quota limit: 100; headroom:100 {{(pid=82756) make_reservation /opt/stack/neutron/neutron/db/quota/driver.py:246}}
Jan 18 12:50:04.393856 dv-cinder-825103-1-iscsi neutron-server[82757]: DEBUG neutron_lib.callbacks.manager [None req-81a7820e-43e5-4d86-8eea-cef2c93bcf14 admin admin] Subscribe: > segment before_delete 55550000 {{(pid=82757) subscribe /usr/local/lib/python3.8/dist-packages/neutron_lib/callbacks/manager.py:45}}
Jan 18 12:50:04.394260 dv-cinder-825103-1-iscsi neutron-server[82757]: DEBUG neutron_lib.callbacks.manager [None req-81a7820e-43e5-4d86-8eea-cef2c93bcf14 admin admin] Subscribe: > subnet precommit_delete_associations 55550000 {{(pid=82757) subscribe /usr/local/lib/python3.8/dist-packages/neutron_lib/callbacks/manager.py:45}}
Jan 18 12:50:04.394964 dv-cinder-825103-1-iscsi neutron-server[82757]: DEBUG neutron_lib.callbacks.manager [None req-81a7820e-43e5-4d86-8eea-cef2c93bcf14 admin admin] Subscribe: > segment_host_mapping after_create 55550000 {{(pid=82757) subscribe /usr/local/lib/python3.8/dist-packages/neutron_lib/callbacks/manager.py:45}}
Jan 18 12:50:04.395296 dv-cinder-825103-1-iscsi neutron-server[82757]: DEBUG neutron_lib.callbacks.manager [None req-81a7820e-43e5-4d86-8eea-cef2c93bcf14 admin admin] Subscribe: > port after_create 55550000 {{(pid=82757) subscribe /usr/local/lib/python3.8/dist-packages/neutron_lib/callbacks/manager.py:45}}
Jan 18 12:50:04.395613 dv-cinder-825103-1-iscsi neutron-server[82757]: DEBUG neutron_lib.callbacks.manager [None req-81a7820e-43e5-4d86-8eea-cef2c93bcf14 admin admin] Subscribe: > port after_delete 55550000 {{(pid=82757) subscribe /usr/local/lib/python3.8/dist-packages/neutron_lib/callbacks/manager.py:45}}
Jan 18 12:50:04.396075 dv-cinder-825103-1-iscsi neutron-server[82757]: DEBUG neutron_lib.callbacks.manager [None req-81a7820e-43e5-4d86-8eea-cef2c93bcf14 admin admin] Subscribe: > port after_update 55550000 {{(pid=82757) subscribe /usr/local/lib/python3.8/dist-packages/neutron_lib/callbacks/manager.py:45}}
Jan 18 12:50:04.396273 dv-cinder-825103-1-iscsi neutron-server[82757]: DEBUG neutron_lib.callbacks.manager [None req-81a7820e-43e5-4d86-8eea-cef2c93bcf14 admin admin] Subscribe: > segment after_delete 55550000 {{(pid=82757) subscribe /usr/local/lib/python3.8/dist-packages/neutron_lib/callbacks/manager.py:45}}
Jan 18 12:50:04.396625 dv-cinder-825103-1-iscsi neutron-server[82757]: DEBUG neutron_lib.callbacks.manager [None req-81a7820e-43e5-4d86-8eea-cef2c93bcf14 admin admin] Subscribe: > subnet after_create 55550000 {{(pid=82757) subscribe /usr/local/lib/python3.8/dist-packages/neutron_lib/callbacks/manager.py:45}}
Jan 18 12:50:04.397024 dv-cinder-825103-1-iscsi neutron-server[82757]: DEBUG neutron_lib.callbacks.manager [None req-81a7820e-43e5-4d86-8eea-cef2c93bcf14 admin admin] Subscribe: > subnet after_delete 55550000 {{(pid=82757) subscribe /usr/local/lib/python3.8/dist-packages/neutron_lib/callbacks/manager.py:45}}
Jan 18 12:50:04.397282 dv-cinder-825103-1-iscsi neutron-server[82757]: DEBUG neutron_lib.callbacks.manager [None req-81a7820e-43e5-4d86-8eea-cef2c93bcf14 admin admin] Subscribe: > subnet after_update 55550000 {{(pid=82757) subscribe /usr/local/lib/python3.8/dist-packages/neutron_lib/callbacks/manager.py:45}}
Jan 18 12:50:04.450251 dv-cinder-825103-1-iscsi neutron-server[82756]: DEBUG neutron_lib.callbacks.manager [None req-c47881fd-7dde-44a4-b15e-9602c14ca737 admin admin] Notify callbacks [] for security_group, precommit_create {{(pid=82756) _notify_loop /usr/local/lib/python3.8/dist-packages/neutron_lib/callbacks/manager.py:192}}
Jan 18 12:50:04.456106 dv-cinder-825103-1-iscsi neutron-server[82756]: DEBUG neutron_lib.callbacks.manager [None req-c47881fd-7dde-44a4-b15e-9602c14ca737 admin admin] Notify callbacks ['neutron.plugins.ml2.ovo_rpc._ObjectChangeHandler.handle_event-16443690'] for security_group, after_create {{(pid=82756) _notify_loop /usr/local/lib/python3.8/dist-packages/neutron_lib/callbacks/manager.py:192}}
Jan 18 12:50:04.549295 dv-cinder-825103-1-iscsi neutron-server[82756]: DEBUG neutron.api.rpc.handlers.resources_rpc [None req-c47881fd-7dde-44a4-b15e-9602c14ca737 admin admin] Pushing event updated for resources: {'SecurityGroup': ['ID=e90ede8a-503f-45a5-af3e-fd5e8b4393b1,revision_number=1']} {{(pid=82756) push /opt/stack/neutron/neutron/api/rpc/handlers/resources_rpc.py:237}}
Jan 18 12:50:04.556402 dv-cinder-825103-1-iscsi neutron-server[82756]: INFO neutron.wsgi [None req-c47881fd-7dde-44a4-b15e-9602c14ca737 admin admin] 10.222.0.84 "GET /v2.0/security-groups?tenant_id=b03ed1e371f149b08aece1b6bbf94b12&name=default HTTP/1.1" status: 200 len: 2647 time: 0.4360032
Jan 18 12:50:04.559166 dv-cinder-825103-1-iscsi neutron-server[82756]: DEBUG neutron.wsgi [-] (82756) accepted ('10.222.0.84', 47222) {{(pid=82756) server /usr/local/lib/python3.8/dist-packages/eventlet/wsgi.py:992}}
Jan 18 12:50:04.639059 dv-cinder-825103-1-iscsi neutron-server[82757]: DEBUG neutron_lib.callbacks.manager [None req-81a7820e-43e5-4d86-8eea-cef2c93bcf14 admin admin] Subscribe: > subnet after_create 55550000 {{(pid=82757) subscribe /usr/local/lib/python3.8/dist-packages/neutron_lib/callbacks/manager.py:45}}
Jan 18 12:50:04.639665 dv-cinder-825103-1-iscsi neutron-server[82757]: DEBUG neutron_lib.callbacks.manager [None req-81a7820e-43e5-4d86-8eea-cef2c93bcf14 admin admin] Subscribe: > subnet after_delete 55550000 {{(pid=82757) subscribe /usr/local/lib/python3.8/dist-packages/neutron_lib/callbacks/manager.py:45}}
Jan 18 12:50:04.640095 dv-cinder-825103-1-iscsi neutron-server[82757]: DEBUG neutron_lib.callbacks.manager [None req-81a7820e-43e5-4d86-8eea-cef2c93bcf14 admin admin] Subscribe: > subnet before_create 55550000 {{(pid=82757) subscribe /usr/local/lib/python3.8/dist-packages/neutron_lib/callbacks/manager.py:45}}
Jan 18 12:50:04.640523 dv-cinder-825103-1-iscsi neutron-server[82757]: DEBUG neutron_lib.callbacks.manager [None req-81a7820e-43e5-4d86-8eea-cef2c93bcf14 admin admin] Subscribe: > subnet before_update 55550000 {{(pid=82757) subscribe /usr/local/lib/python3.8/dist-packages/neutron_lib/callbacks/manager.py:45}}
Jan 18 12:50:04.640903 dv-cinder-825103-1-iscsi neutron-server[82757]: DEBUG neutron.services.segments.db [None req-81a7820e-43e5-4d86-8eea-cef2c93bcf14 admin admin] neutron.services.segments.plugin.Plugin method get_segments called with arguments (,) {'filters': {'network_id': ['d3543a02-5a58-40de-8593-2e7eba7bca47']}} {{(pid=82757) wrapper /usr/local/lib/python3.8/dist-packages/oslo_log/helpers.py:65}}
Jan 18 12:50:04.662965 dv-cinder-825103-1-iscsi neutron-server[82757]: DEBUG neutron.services.segments.db [None req-81a7820e-43e5-4d86-8eea-cef2c93bcf14 admin admin] neutron.services.segments.plugin.Plugin method delete_segment called with arguments (, 'da39013a-bf0a-4608-b567-bf7ade6a95d7') {'for_net_delete': True} {{(pid=82757) wrapper /usr/local/lib/python3.8/dist-packages/oslo_log/helpers.py:65}}
Jan 18 12:50:04.663261 dv-cinder-825103-1-iscsi neutron-server[82757]: DEBUG neutron.services.segments.db [None req-81a7820e-43e5-4d86-8eea-cef2c93bcf14 admin admin] neutron.services.segments.plugin.Plugin method get_segment called with arguments (, 'da39013a-bf0a-4608-b567-bf7ade6a95d7') {} {{(pid=82757) wrapper /usr/local/lib/python3.8/dist-packages/oslo_log/helpers.py:65}}
Jan 18 12:50:04.673143 dv-cinder-825103-1-iscsi neutron-server[82756]: INFO neutron.wsgi [req-f22defc8-922e-45b7-982a-af2de1f75c9f req-03417f01-ab17-4da1-91ed-dc775862e027 service neutron] 10.222.0.35 "GET /v2.0/ports?tenant_id=f57a5761ea3b4b6ebfc881a4b5a7d527&device_id=19046548-5886-4560-854e-59cd966b0a9a HTTP/1.1" status: 200 len: 1096 time: 0.1917555
Jan 18 12:50:04.677938 dv-cinder-825103-1-iscsi neutron-server[82757]: DEBUG neutron_lib.callbacks.manager [None req-81a7820e-43e5-4d86-8eea-cef2c93bcf14 admin admin] Notify callbacks ['neutron.plugins.ml2.db._prevent_segment_delete_with_port_bound-8736039390311', 'neutron.services.segments.plugin.Plugin._prevent_segment_delete_with_subnet_associated-16182528'] for segment, before_delete {{(pid=82757) _notify_loop /usr/local/lib/python3.8/dist-packages/neutron_lib/callbacks/manager.py:192}}
Jan 18 12:50:04.706929 dv-cinder-825103-1-iscsi neutron-server[82757]: DEBUG neutron_lib.callbacks.manager [None req-81a7820e-43e5-4d86-8eea-cef2c93bcf14 admin admin] Notify callbacks ['neutron.plugins.ml2.plugin.Ml2Plugin._handle_segment_change-557774'] for segment, precommit_delete {{(pid=82757) _notify_loop /usr/local/lib/python3.8/dist-packages/neutron_lib/callbacks/manager.py:192}}
Jan 18 12:50:04.717024 dv-cinder-825103-1-iscsi neutron-server[82757]: DEBUG neutron.plugins.ml2.drivers.type_vlan [None req-81a7820e-43e5-4d86-8eea-cef2c93bcf14 admin admin] Releasing vlan 1090 on physical network physnet1 to pool {{(pid=82757) release_segment /opt/stack/neutron/neutron/plugins/ml2/drivers/type_vlan.py:310}}
Jan 18 12:50:04.717423 dv-cinder-825103-1-iscsi neutron-server[82757]: DEBUG neutron_lib.callbacks.manager [None req-81a7820e-43e5-4d86-8eea-cef2c93bcf14 admin admin] Notify callbacks ['neutron.plugins.ml2.plugin.Ml2Plugin._handle_after_delete_segment_change-557785', 'neutron.services.segments.plugin.NovaSegmentNotifier._notify_segment_deleted-15894021'] for segment, after_delete {{(pid=82757) _notify_loop /usr/local/lib/python3.8/dist-packages/neutron_lib/callbacks/manager.py:192}}
Jan 18 12:50:04.719756 dv-cinder-825103-1-iscsi neutron-server[82756]: DEBUG neutron_lib.callbacks.manager [None req-506ab9ee-28ea-4c5e-8ffb-f6796f5669b4 admin admin] Notify callbacks [] for security_group, before_delete {{(pid=82756) _notify_loop /usr/local/lib/python3.8/dist-packages/neutron_lib/callbacks/manager.py:192}}
Jan 18 12:50:04.737633 dv-cinder-825103-1-iscsi neutron-server[82757]: /usr/local/lib/python3.8/dist-packages/sqlalchemy/orm/relationships.py:1993: SAWarning: Setting backref / back_populates on relationship QosNetworkPolicyBinding.port to refer to viewonly relationship Port.qos_network_policy_binding should include sync_backref=False set on the QosNetworkPolicyBinding.port relationship. (this warning may be suppressed after 10 occurrences)
Jan 18 12:50:04.737633 dv-cinder-825103-1-iscsi neutron-server[82757]: util.warn_limited(
Jan 18 12:50:04.737633 dv-cinder-825103-1-iscsi neutron-server[82757]: /usr/local/lib/python3.8/dist-packages/sqlalchemy/orm/relationships.py:1993: SAWarning: Setting backref / back_populates on relationship Tag.standard_attr to refer to viewonly relationship StandardAttribute.tags should include sync_backref=False set on the Tag.standard_attr relationship. (this warning may be suppressed after 10 occurrences)
Jan 18 12:50:04.737633 dv-cinder-825103-1-iscsi neutron-server[82757]: util.warn_limited(
Jan 18 12:50:04.737633 dv-cinder-825103-1-iscsi neutron-server[82757]: Traceback (most recent call last):
Jan 18 12:50:04.737633 dv-cinder-825103-1-iscsi neutron-server[82757]: File "/usr/local/lib/python3.8/dist-packages/eventlet/hubs/hub.py", line 461, in fire_timers
Jan 18 12:50:04.737633 dv-cinder-825103-1-iscsi neutron-server[82757]: timer()
Jan 18 12:50:04.737633 dv-cinder-825103-1-iscsi neutron-server[82757]: File "/usr/local/lib/python3.8/dist-packages/eventlet/hubs/timer.py", line 59, in __call__
Jan 18 12:50:04.737633 dv-cinder-825103-1-iscsi neutron-server[82757]: cb(*args, **kw)
Jan 18 12:50:04.737633 dv-cinder-825103-1-iscsi neutron-server[82757]: File "/opt/stack/neutron/neutron/common/utils.py", line 912, in wrapper
Jan 18 12:50:04.737633 dv-cinder-825103-1-iscsi neutron-server[82757]: return func(*args, **kwargs)
Jan 18 12:50:04.737633 dv-cinder-825103-1-iscsi neutron-server[82757]: File "/opt/stack/neutron/neutron/notifiers/batch_notifier.py", line 58, in synced_send
Jan 18 12:50:04.737633 dv-cinder-825103-1-iscsi neutron-server[82757]: self._notify()
Jan 18 12:50:04.737633 dv-cinder-825103-1-iscsi neutron-server[82757]: File "/opt/stack/neutron/neutron/notifiers/batch_notifier.py", line 69, in _notify
Jan 18 12:50:04.737633 dv-cinder-825103-1-iscsi neutron-server[82757]: self.callback(batched_events)
Jan 18 12:50:04.737633 dv-cinder-825103-1-iscsi neutron-server[82757]: File "/opt/stack/neutron/neutron/services/segments/plugin.py", line 211, in _send_notifications
Jan 18 12:50:04.737633 dv-cinder-825103-1-iscsi neutron-server[82757]: event.method(event)
Jan 18 12:50:04.737633 dv-cinder-825103-1-iscsi neutron-server[82757]: File "/opt/stack/neutron/neutron/services/segments/plugin.py", line 379, in _delete_nova_inventory
Jan 18 12:50:04.737633 dv-cinder-825103-1-iscsi neutron-server[82757]: aggregate_id = self._get_aggregate_id(event.segment_id)
Jan 18 12:50:04.737633 dv-cinder-825103-1-iscsi neutron-server[82757]: File "/opt/stack/neutron/neutron/services/segments/plugin.py", line 366, in _get_aggregate_id
Jan 18 12:50:04.737633 dv-cinder-825103-1-iscsi neutron-server[82757]: aggregate_uuid = self.p_client.list_aggregates(
Jan 18 12:50:04.737633 dv-cinder-825103-1-iscsi neutron-server[82757]: File "/usr/local/lib/python3.8/dist-packages/neutron_lib/placement/client.py", line 57, in wrapper
Jan 18 12:50:04.737633 dv-cinder-825103-1-iscsi neutron-server[82757]: return f(self, *a, **k)
Jan 18 12:50:04.737633 dv-cinder-825103-1-iscsi neutron-server[82757]: File "/usr/local/lib/python3.8/dist-packages/neutron_lib/placement/client.py", line 554, in list_aggregates
Jan 18 12:50:04.737633 dv-cinder-825103-1-iscsi neutron-server[82757]: return self._get(url).json()
Jan 18 12:50:04.737633 dv-cinder-825103-1-iscsi neutron-server[82757]: File "/usr/local/lib/python3.8/dist-packages/neutron_lib/placement/client.py", line 190, in _get
Jan 18 12:50:04.737633 dv-cinder-825103-1-iscsi neutron-server[82757]: return self._client.get(url, endpoint_filter=self._ks_filter,
Jan 18 12:50:04.737633 dv-cinder-825103-1-iscsi neutron-server[82757]: File "/usr/local/lib/python3.8/dist-packages/keystoneauth1/session.py", line 1131, in get
Jan 18 12:50:04.737633 dv-cinder-825103-1-iscsi neutron-server[82757]: return self.request(url, 'GET', **kwargs)
Jan 18 12:50:04.737633 dv-cinder-825103-1-iscsi neutron-server[82757]: File "/usr/local/lib/python3.8/dist-packages/keystoneauth1/session.py", line 801, in request
Jan 18 12:50:04.737633 dv-cinder-825103-1-iscsi neutron-server[82757]: base_url = self.get_endpoint(auth, allow=allow,
Jan 18 12:50:04.737633 dv-cinder-825103-1-iscsi neutron-server[82757]: File "/usr/local/lib/python3.8/dist-packages/keystoneauth1/session.py", line 1231, in get_endpoint
Jan 18 12:50:04.737633 dv-cinder-825103-1-iscsi neutron-server[82757]: auth = self._auth_required(auth, 'determine endpoint URL')
Jan 18 12:50:04.737633 dv-cinder-825103-1-iscsi neutron-server[82757]: File "/usr/local/lib/python3.8/dist-packages/keystoneauth1/session.py", line 1171, in _auth_required
Jan 18 12:50:04.737633 dv-cinder-825103-1-iscsi neutron-server[82757]: raise exceptions.MissingAuthPlugin(msg_fmt % msg)
Jan 18 12:50:04.737633 dv-cinder-825103-1-iscsi neutron-server[82757]: keystoneauth1.exceptions.auth_plugins.MissingAuthPlugin: An auth plugin is required to determine endpoint URL
Jan 18 12:50:04.819398 dv-cinder-825103-1-iscsi neutron-server[82756]: DEBUG neutron_lib.callbacks.manager [None req-506ab9ee-28ea-4c5e-8ffb-f6796f5669b4 admin admin] Notify callbacks [] for security_group, precommit_delete {{(pid=82756) _notify_loop /usr/local/lib/python3.8/dist-packages/neutron_lib/callbacks/manager.py:192}}
Jan 18 12:50:04.826960 dv-cinder-825103-1-iscsi neutron-server[82757]: DEBUG neutron.pecan_wsgi.hooks.policy_enforcement [req-39d3fc22-01db-47c2-8756-f18feb517c47 req-c714c5ec-d899-473e-b191-0b786c2a937a tempest-ServerRescueNegativeTestJSON-264194708 tempest-ServerRescueNegativeTestJSON-264194708-project] Attributes excluded by policy engine: ['binding:profile', 'binding:host_id', 'binding:vif_type', 'binding:vif_details'] {{(pid=82757) _exclude_attributes_by_policy /opt/stack/neutron/neutron/pecan_wsgi/hooks/policy_enforcement.py:255}}
Jan 18 12:50:04.831176 dv-cinder-825103-1-iscsi neutron-server[82757]: INFO neutron.wsgi [req-39d3fc22-01db-47c2-8756-f18feb517c47 req-c714c5ec-d899-473e-b191-0b786c2a937a tempest-ServerRescueNegativeTestJSON-264194708 tempest-ServerRescueNegativeTestJSON-264194708-project] 10.222.0.84 "GET /v2.0/ports?device_id=e99a128b-933b-48e0-a535-cee349266ece HTTP/1.1" status: 200 len: 945 time: 0.4738569
Jan 18 12:50:04.840618 dv-cinder-825103-1-iscsi neutron-server[82756]: DEBUG neutron.pecan_wsgi.hooks.policy_enforcement [req-dd226684-6efb-4b6c-bc76-3aaa614b01df req-30d576ab-64ba-40d1-b830-9688f7eb03c5 tempest-VolumesSnapshotTestJSON-1380584661 tempest-VolumesSnapshotTestJSON-1380584661-project] Attributes excluded by policy engine: ['binding:profile', 'binding:host_id', 'binding:vif_type', 'binding:vif_details'] {{(pid=82756) _exclude_attributes_by_policy /opt/stack/neutron/neutron/pecan_wsgi/hooks/policy_enforcement.py:255}}
Jan 18 12:50:04.842173 dv-cinder-825103-1-iscsi neutron-server[82756]: INFO neutron.wsgi [req-dd226684-6efb-4b6c-bc76-3aaa614b01df req-30d576ab-64ba-40d1-b830-9688f7eb03c5 tempest-VolumesSnapshotTestJSON-1380584661 tempest-VolumesSnapshotTestJSON-1380584661-project] 10.222.0.84 "GET /v2.0/ports?device_id=19046548-5886-4560-854e-59cd966b0a9a HTTP/1.1" status: 200 len: 943 time: 0.2571676
Jan 18 12:50:04.856076 dv-cinder-825103-1-iscsi neutron-server[82757]: DEBUG neutron_lib.callbacks.manager [None req-81a7820e-43e5-4d86-8eea-cef2c93bcf14 admin admin] Notify callbacks ['neutron.plugins.ml2.plugin.Ml2Plugin._network_delete_after_delete_handler-561650', 'neutron.plugins.ml2.ovo_rpc._ObjectChangeHandler.handle_event-16443799', 'neutron.api.rpc.agentnotifiers.dhcp_rpc_agent_api.DhcpAgentNotifyAPI._native_event_send_dhcp_notification-15336192', 'neutron.services.l3_router.l3_router_plugin.DVRResourceOperationHandler.delete_fip_namespaces_for_ext_net-16439389'] for network, after_delete {{(pid=82757) _notify_loop /usr/local/lib/python3.8/dist-packages/neutron_lib/callbacks/manager.py:192}}
Jan 18 12:50:04.862463 dv-cinder-825103-1-iscsi neutron-server[82757]: DEBUG neutron_lib.callbacks.manager [None req-81a7820e-43e5-4d86-8eea-cef2c93bcf14 admin admin] Notify callbacks ['neutron.api.rpc.agentnotifiers.dhcp_rpc_agent_api.DhcpAgentNotifyAPI._send_dhcp_notification-15336412'] for network, before_response {{(pid=82757) _notify_loop /usr/local/lib/python3.8/dist-packages/neutron_lib/callbacks/manager.py:192}}
Jan 18 12:50:04.898715 dv-cinder-825103-1-iscsi neutron-server[82757]: DEBUG neutron.api.rpc.handlers.resources_rpc [None req-81a7820e-43e5-4d86-8eea-cef2c93bcf14 admin admin] Pushing event deleted for resources: {'Network': ['ID=d3543a02-5a58-40de-8593-2e7eba7bca47,revision_number=None']} {{(pid=82757) push /opt/stack/neutron/neutron/api/rpc/handlers/resources_rpc.py:237}}
Jan 18 12:50:04.908081 dv-cinder-825103-1-iscsi neutron-server[82756]: DEBUG neutron.pecan_wsgi.hooks.policy_enforcement [req-f22defc8-922e-45b7-982a-af2de1f75c9f req-a3513e0a-3c9d-4c8e-ad45-4083fc170cc7 service neutron] Attributes excluded by policy engine: ['vlan_transparent'] {{(pid=82756) _exclude_attributes_by_policy /opt/stack/neutron/neutron/pecan_wsgi/hooks/policy_enforcement.py:255}}
Jan 18 12:50:04.909559 dv-cinder-825103-1-iscsi neutron-server[82756]: INFO neutron.wsgi [req-f22defc8-922e-45b7-982a-af2de1f75c9f req-a3513e0a-3c9d-4c8e-ad45-4083fc170cc7 service neutron] 10.222.0.35 "GET /v2.0/networks?id=58e6ebf2-6fe6-41ea-b6b1-ca4d732ddf72 HTTP/1.1" status: 200 len: 916 time: 0.2198551
Jan 18 12:50:04.913311 dv-cinder-825103-1-iscsi neutron-server[82757]: INFO neutron.wsgi [None req-81a7820e-43e5-4d86-8eea-cef2c93bcf14 admin admin] 10.222.0.84 "DELETE /v2.0/networks/d3543a02-5a58-40de-8593-2e7eba7bca47 HTTP/1.1" status: 204 len: 168 time: 0.8455842
Jan 18 12:50:04.923556 dv-cinder-825103-1-iscsi neutron-server[82757]: INFO neutron.wsgi [req-39d3fc22-01db-47c2-8756-f18feb517c47 req-b03144c5-3d89-4556-838e-692c8bf2ce6c tempest-ServerRescueNegativeTestJSON-264194708 tempest-ServerRescueNegativeTestJSON-264194708-project] 10.222.0.84 "GET /v2.0/security-groups?id=8970b97c-11a5-4822-935c-7737f00ddfe7&fields=id&fields=name HTTP/1.1" status: 200 len: 286 time: 0.0887558
Jan 18 12:50:05.003030 dv-cinder-825103-1-iscsi neutron-server[82756]: INFO neutron.wsgi [req-f22defc8-922e-45b7-982a-af2de1f75c9f req-f72d798a-f13b-48b7-a222-8235ddf7bf43 service neutron] 10.222.0.35 "GET /v2.0/floatingips?fixed_ip_address=172.20.0.9&port_id=41a212cc-1855-454f-975e-97f19d1db277 HTTP/1.1" status: 200 len: 217 time: 0.0815029
Jan 18 12:50:05.015681 dv-cinder-825103-1-iscsi neutron-server[82756]: INFO neutron.wsgi [req-dd226684-6efb-4b6c-bc76-3aaa614b01df req-32d4a024-5192-41b8-9c3a-b6bfb91a4907 tempest-VolumesSnapshotTestJSON-1380584661 tempest-VolumesSnapshotTestJSON-1380584661-project] 10.222.0.84 "GET /v2.0/security-groups?id=aa95e1db-4b83-44bc-8ac8-398dca75ef3a&fields=id&fields=name HTTP/1.1" status: 200 len: 286 time: 0.1526029
Jan 18 12:50:05.078564 dv-cinder-825103-1-iscsi neutron-server[82756]: DEBUG neutron_lib.callbacks.manager [None req-506ab9ee-28ea-4c5e-8ffb-f6796f5669b4 admin admin] Notify callbacks ['neutron.plugins.ml2.ovo_rpc._ObjectChangeHandler.handle_event-16443690'] for security_group, after_delete {{(pid=82756) _notify_loop /usr/local/lib/python3.8/dist-packages/neutron_lib/callbacks/manager.py:192}}
Jan 18 12:50:05.100507 dv-cinder-825103-1-iscsi neutron-server[82756]: DEBUG neutron.api.rpc.handlers.resources_rpc [None req-506ab9ee-28ea-4c5e-8ffb-f6796f5669b4 admin admin] Pushing event deleted for resources: {'SecurityGroup': ['ID=e90ede8a-503f-45a5-af3e-fd5e8b4393b1,revision_number=None']} {{(pid=82756) push /opt/stack/neutron/neutron/api/rpc/handlers/resources_rpc.py:237}}
Jan 18 12:50:05.113456 dv-cinder-825103-1-iscsi neutron-server[82756]: DEBUG neutron.pecan_wsgi.hooks.policy_enforcement [req-f22defc8-922e-45b7-982a-af2de1f75c9f req-03eacb86-82ae-4470-8ec9-e5b1cd9eb0d9 service neutron] Attributes excluded by policy engine: ['shared', 'segment_id'] {{(pid=82756) _exclude_attributes_by_policy /opt/stack/neutron/neutron/pecan_wsgi/hooks/policy_enforcement.py:255}}
Jan 18 12:50:05.116156 dv-cinder-825103-1-iscsi neutron-server[82756]: INFO neutron.wsgi [req-f22defc8-922e-45b7-982a-af2de1f75c9f req-03eacb86-82ae-4470-8ec9-e5b1cd9eb0d9 service neutron] 10.222.0.35 "GET /v2.0/subnets?id=f70909e0-87f3-49af-9ce4-5709c59c89a7 HTTP/1.1" status: 200 len: 854 time: 0.0973451
Jan 18 12:50:05.121242 dv-cinder-825103-1-iscsi neutron-server[82756]: DEBUG neutron_lib.callbacks.manager [None req-506ab9ee-28ea-4c5e-8ffb-f6796f5669b4 admin admin] Notify callbacks [] for security_group, before_response {{(pid=82756) _notify_loop /usr/local/lib/python3.8/dist-packages/neutron_lib/callbacks/manager.py:192}}
Jan 18 12:50:05.123298 dv-cinder-825103-1-iscsi neutron-server[82756]: INFO neutron.wsgi [None req-506ab9ee-28ea-4c5e-8ffb-f6796f5669b4 admin admin] 10.222.0.84 "DELETE /v2.0/security-groups/e90ede8a-503f-45a5-af3e-fd5e8b4393b1 HTTP/1.1" status: 204 len: 168 time: 0.5583634
Jan 18 12:50:05.197956 dv-cinder-825103-1-iscsi neutron-server[82756]: INFO neutron.wsgi [req-f22defc8-922e-45b7-982a-af2de1f75c9f req-4badbf9e-4ce6-4028-835c-c506a562f009 service neutron] 10.222.0.35 "GET /v2.0/ports?network_id=58e6ebf2-6fe6-41ea-b6b1-ca4d732ddf72&device_owner=network%3Adhcp HTTP/1.1" status: 200 len: 210 time: 0.0448582
Jan 18 12:50:05.227777 dv-cinder-825103-1-iscsi neutron-server[82757]: DEBUG neutron.wsgi [-] (82757) accepted ('10.222.0.84', 47234) {{(pid=82757) server /usr/local/lib/python3.8/dist-packages/eventlet/wsgi.py:992}}
Jan 18 12:50:05.314714 dv-cinder-825103-1-iscsi neutron-server[82757]: INFO neutron.wsgi [None req-1295d05a-06ab-49a0-b6ef-ad93795c33c5 admin admin] 10.222.0.84 "GET /v2.0/security-groups?tenant_id=52010a3b3bab49cb91a1f91eb4c227cd&name=default HTTP/1.1" status: 200 len: 2647 time: 0.0845776
Jan 18 12:50:05.316480 dv-cinder-825103-1-iscsi neutron-server[82757]: DEBUG neutron.wsgi [-] (82757) accepted ('10.222.0.84', 47242) {{(pid=82757) server /usr/local/lib/python3.8/dist-packages/eventlet/wsgi.py:992}}
Jan 18 12:50:05.421880 dv-cinder-825103-1-iscsi neutron-server[82756]: INFO neutron.wsgi [req-f22defc8-922e-45b7-982a-af2de1f75c9f req-e28a4eaf-e51f-476b-998c-c0899997411e service neutron] 10.222.0.35 "GET /v2.0/networks/58e6ebf2-6fe6-41ea-b6b1-ca4d732ddf72?fields=segments HTTP/1.1" status: 200 len: 212 time: 0.2154970
Jan 18 12:50:05.436469 dv-cinder-825103-1-iscsi neutron-server[82757]: DEBUG neutron_lib.callbacks.manager [None req-883d931c-8bc7-4441-886a-a55ffe012883 admin admin] Notify callbacks [] for security_group, before_delete {{(pid=82757) _notify_loop /usr/local/lib/python3.8/dist-packages/neutron_lib/callbacks/manager.py:192}}
Jan 18 12:50:05.471636 dv-cinder-825103-1-iscsi neutron-server[82757]: DEBUG neutron_lib.callbacks.manager [None req-883d931c-8bc7-4441-886a-a55ffe012883 admin admin] Notify callbacks [] for security_group, precommit_delete {{(pid=82757) _notify_loop /usr/local/lib/python3.8/dist-packages/neutron_lib/callbacks/manager.py:192}}
Jan 18 12:50:05.545384 dv-cinder-825103-1-iscsi neutron-server[82757]: DEBUG neutron_lib.callbacks.manager [None req-883d931c-8bc7-4441-886a-a55ffe012883 admin admin] Notify callbacks ['neutron.plugins.ml2.ovo_rpc._ObjectChangeHandler.handle_event-16443690'] for security_group, after_delete {{(pid=82757) _notify_loop /usr/local/lib/python3.8/dist-packages/neutron_lib/callbacks/manager.py:192}}
Jan 18 12:50:05.565472 dv-cinder-825103-1-iscsi neutron-server[82757]: DEBUG neutron.api.rpc.handlers.resources_rpc [None req-883d931c-8bc7-4441-886a-a55ffe012883 admin admin] Pushing event deleted for resources: {'SecurityGroup': ['ID=57daca05-1cf8-49a8-b68f-8797fbd2d9c7,revision_number=None']} {{(pid=82757) push /opt/stack/neutron/neutron/api/rpc/handlers/resources_rpc.py:237}}
Jan 18 12:50:05.592100 dv-cinder-825103-1-iscsi neutron-server[82757]: DEBUG neutron_lib.callbacks.manager [None req-883d931c-8bc7-4441-886a-a55ffe012883 admin admin] Notify callbacks [] for security_group, before_response {{(pid=82757) _notify_loop /usr/local/lib/python3.8/dist-packages/neutron_lib/callbacks/manager.py:192}}
Jan 18 12:50:05.595130 dv-cinder-825103-1-iscsi neutron-server[82757]: INFO neutron.wsgi [None req-883d931c-8bc7-4441-886a-a55ffe012883 admin admin] 10.222.0.84 "DELETE /v2.0/security-groups/57daca05-1cf8-49a8-b68f-8797fbd2d9c7 HTTP/1.1" status: 204 len: 168 time: 0.2768111
Jan 18 12:50:05.686976 dv-cinder-825103-1-iscsi neutron-server[82756]: INFO neutron.wsgi [req-f22defc8-922e-45b7-982a-af2de1f75c9f req-57b2964b-958b-442b-a6ea-09ed68dfdfb8 service neutron] 10.222.0.35 "GET /v2.0/networks/58e6ebf2-6fe6-41ea-b6b1-ca4d732ddf72?fields=provider%3Aphysical_network&fields=provider%3Anetwork_type HTTP/1.1" status: 200 len: 281 time: 0.2525949
Jan 18 12:50:06.144683 dv-cinder-825103-1-iscsi neutron-server[82757]: DEBUG neutron.pecan_wsgi.hooks.policy_enforcement [req-3e619440-066a-4c09-b85f-39a0cbeca501 req-d6e8a30c-c8d5-4114-9992-fae95b4d0f21 tempest-ServerRescueNegativeTestJSON-264194708 tempest-ServerRescueNegativeTestJSON-264194708-project] Attributes excluded by policy engine: ['binding:profile', 'binding:host_id', 'binding:vif_type', 'binding:vif_details'] {{(pid=82757) _exclude_attributes_by_policy /opt/stack/neutron/neutron/pecan_wsgi/hooks/policy_enforcement.py:255}}
Jan 18 12:50:06.146184 dv-cinder-825103-1-iscsi neutron-server[82757]: INFO neutron.wsgi [req-3e619440-066a-4c09-b85f-39a0cbeca501 req-d6e8a30c-c8d5-4114-9992-fae95b4d0f21 tempest-ServerRescueNegativeTestJSON-264194708 tempest-ServerRescueNegativeTestJSON-264194708-project] 10.222.0.84 "GET /v2.0/ports?device_id=e99a128b-933b-48e0-a535-cee349266ece HTTP/1.1" status: 200 len: 945 time: 0.0891564
Jan 18 12:50:06.207975 dv-cinder-825103-1-iscsi neutron-server[82757]: INFO neutron.wsgi [req-3e619440-066a-4c09-b85f-39a0cbeca501 req-1538b992-ac4e-4619-8718-2e3a3a3ac96f tempest-ServerRescueNegativeTestJSON-264194708 tempest-ServerRescueNegativeTestJSON-264194708-project] 10.222.0.84 "GET /v2.0/security-groups?id=8970b97c-11a5-4822-935c-7737f00ddfe7&fields=id&fields=name HTTP/1.1" status: 200 len: 286 time: 0.0557556
Jan 18 12:50:06.299358 dv-cinder-825103-1-iscsi neutron-server[82756]: DEBUG neutron.pecan_wsgi.hooks.policy_enforcement [req-0dd216ec-6b43-4aeb-9d96-b2a0071b4e8d req-9e287523-8f2f-4141-8738-acbdeaa8c887 tempest-VolumesSnapshotTestJSON-1380584661 tempest-VolumesSnapshotTestJSON-1380584661-project] Attributes excluded by policy engine: ['binding:profile', 'binding:host_id', 'binding:vif_type', 'binding:vif_details'] {{(pid=82756) _exclude_attributes_by_policy /opt/stack/neutron/neutron/pecan_wsgi/hooks/policy_enforcement.py:255}}
Jan 18 12:50:06.301394 dv-cinder-825103-1-iscsi neutron-server[82756]: INFO neutron.wsgi [req-0dd216ec-6b43-4aeb-9d96-b2a0071b4e8d req-9e287523-8f2f-4141-8738-acbdeaa8c887 tempest-VolumesSnapshotTestJSON-1380584661 tempest-VolumesSnapshotTestJSON-1380584661-project] 10.222.0.84 "GET /v2.0/ports?device_id=19046548-5886-4560-854e-59cd966b0a9a HTTP/1.1" status: 200 len: 943 time: 0.1232777
Jan 18 12:50:06.403217 dv-cinder-825103-1-iscsi neutron-server[82756]: INFO neutron.wsgi [req-0dd216ec-6b43-4aeb-9d96-b2a0071b4e8d req-756ec963-118b-4a6c-88ae-9355023af81a tempest-VolumesSnapshotTestJSON-1380584661 tempest-VolumesSnapshotTestJSON-1380584661-project] 10.222.0.84 "GET /v2.0/security-groups?id=aa95e1db-4b83-44bc-8ac8-398dca75ef3a&fields=id&fields=name HTTP/1.1" status: 200 len: 286 time: 0.0957305
Jan 18 12:50:06.761223 dv-cinder-825103-1-iscsi neutron-server[82756]: DEBUG neutron.wsgi [-] (82756) accepted ('10.222.0.84', 47308) {{(pid=82756) server /usr/local/lib/python3.8/dist-packages/eventlet/wsgi.py:992}}
Jan 18 12:50:06.921871 dv-cinder-825103-1-iscsi neutron-server[82756]: DEBUG neutron_lib.callbacks.manager [None req-3c7ab973-cbbb-4fa6-b881-8c0d642814ac admin admin] Notify callbacks [] for security_group, before_create {{(pid=82756) _notify_loop /usr/local/lib/python3.8/dist-packages/neutron_lib/callbacks/manager.py:192}}
Jan 18 12:50:06.960662 dv-cinder-825103-1-iscsi neutron-server[82756]: DEBUG neutron.db.quota.driver [None req-3c7ab973-cbbb-4fa6-b881-8c0d642814ac admin admin] Resources subnetpool have unlimited quota limit. It is not required to calculate headroom {{(pid=82756) make_reservation /opt/stack/neutron/neutron/db/quota/driver.py:219}}
Jan 18 12:50:06.964920 dv-cinder-825103-1-iscsi neutron-server[82756]: DEBUG neutron.quota.resource [None req-3c7ab973-cbbb-4fa6-b881-8c0d642814ac admin admin] Usage tracker for resource:security_group_rule and tenant:5c20f1ff79d54fe8b81cba93d9d31ef2 is out of sync, need to count used quota {{(pid=82756) count_used /opt/stack/neutron/neutron/quota/resource.py:270}}
Jan 18 12:50:06.967791 dv-cinder-825103-1-iscsi neutron-server[82756]: DEBUG neutron.quota.resource [None req-3c7ab973-cbbb-4fa6-b881-8c0d642814ac admin admin] Quota usage for security_group_rule was recalculated. Used quota:0. {{(pid=82756) count_used /opt/stack/neutron/neutron/quota/resource.py:290}}
