Jan 17 21:34:12.518271 dv-cinder-825012-3-smb devstack@n-api.service[123272]: DEBUG nova.compute.api [None req-453ce725-9fc1-48fd-bee5-47dee22af7d6 tempest-DeleteServersTestJSON-348961105 tempest-DeleteServersTestJSON-348961105-project] Going to run 1 instances... {{(pid=123272) _provision_instances /opt/stack/nova/nova/compute/api.py:1350}}
Jan 17 21:34:12.522177 dv-cinder-825012-3-smb devstack@n-api.service[123272]: DEBUG nova.compute.api [None req-453ce725-9fc1-48fd-bee5-47dee22af7d6 tempest-DeleteServersTestJSON-348961105 tempest-DeleteServersTestJSON-348961105-project] [instance: 2e1c9dbe-1163-4b8d-8f19-8a6491d20ce0] block_device_mapping [BlockDeviceMapping(attachment_id=,boot_index=0,connection_info=None,created_at=,delete_on_termination=True,deleted=,deleted_at=,destination_type='local',device_name=None,device_type='disk',disk_bus=None,guest_format=None,id=,image_id='6ab1957e-2295-4dc0-8cd2-8d5e9a49848e',instance=,instance_uuid=,no_device=False,snapshot_id=None,source_type='image',tag=None,updated_at=,uuid=,volume_id=None,volume_size=None,volume_type=None)] {{(pid=123272) _bdm_validate_set_size_and_instance /opt/stack/nova/nova/compute/api.py:1757}}
Jan 17 21:34:12.692229 dv-cinder-825012-3-smb devstack@n-api.service[123272]: INFO nova.api.openstack.requestlog [None req-453ce725-9fc1-48fd-bee5-47dee22af7d6 tempest-DeleteServersTestJSON-348961105 tempest-DeleteServersTestJSON-348961105-project] 10.222.0.71 "POST /compute/v2.1/servers" status: 202 len: 380 microversion: 2.1 time: 2.225095
Jan 17 21:34:12.692865 dv-cinder-825012-3-smb devstack@n-api.service[123272]: [pid: 123272|app: 0|req: 3/4] 10.222.0.71 () {60 vars in 1146 bytes} [Mon Jan 17 21:34:10 2022] POST /compute/v2.1/servers => generated 380 bytes in 2226 msecs (HTTP/1.1 202) 10 headers in 451 bytes (1 switches on core 0)
Jan 17 21:34:12.718830 dv-cinder-825012-3-smb devstack@n-api.service[123272]: DEBUG nova.api.openstack.wsgi [None req-099fd0be-3af0-41a5-89bb-7ddbfe4d7559 tempest-VolumesGetTestJSON-873059794 tempest-VolumesGetTestJSON-873059794-project] Calling method '.version_select at 0x7f305c3773a0>' {{(pid=123272) _process_stack /opt/stack/nova/nova/api/openstack/wsgi.py:513}}
Jan 17 21:34:12.842500 dv-cinder-825012-3-smb devstack@n-api.service[123272]: INFO nova.api.openstack.requestlog [None req-099fd0be-3af0-41a5-89bb-7ddbfe4d7559 tempest-VolumesGetTestJSON-873059794 tempest-VolumesGetTestJSON-873059794-project] 10.222.0.71 "GET /compute/v2.1/os-volumes/ee1a3a31-4cd7-4fc4-9978-47122f714e54" status: 200 len: 354 microversion: 2.1 time: 0.123139
Jan 17 21:34:12.842500 dv-cinder-825012-3-smb devstack@n-api.service[123272]: [pid: 123272|app: 0|req: 4/5] 10.222.0.71 () {58 vars in 1244 bytes} [Mon Jan 17 21:34:12 2022] GET /compute/v2.1/os-volumes/ee1a3a31-4cd7-4fc4-9978-47122f714e54 => generated 354 bytes in 125 msecs (HTTP/1.1 200) 9 headers in 357 bytes (1 switches on core 0)
Jan 17 21:34:12.845626 dv-cinder-825012-3-smb devstack@n-api.service[123272]: DEBUG nova.api.openstack.wsgi [None req-96a51a22-111c-4bba-9ab3-91a9d2864555 tempest-VolumesSnapshotsTestJSON-995708906 tempest-VolumesSnapshotsTestJSON-995708906-project] Calling method '.version_select at 0x7f305bb0c040>' {{(pid=123272) _process_stack /opt/stack/nova/nova/api/openstack/wsgi.py:513}}
Jan 17 21:34:12.942359 dv-cinder-825012-3-smb devstack@n-api.service[123272]: INFO nova.api.openstack.requestlog [None req-96a51a22-111c-4bba-9ab3-91a9d2864555 tempest-VolumesSnapshotsTestJSON-995708906 tempest-VolumesSnapshotsTestJSON-995708906-project] 10.222.0.71 "GET /compute/v2.1/os-volumes/bd59aa7d-e45b-4124-8261-d857835eedd1" status: 200 len: 346 microversion: 2.1 time: 0.095632
Jan 17 21:34:12.942359 dv-cinder-825012-3-smb devstack@n-api.service[123272]: [pid: 123272|app: 0|req: 5/6] 10.222.0.71 () {58 vars in 1244 bytes} [Mon Jan 17 21:34:12 2022] GET /compute/v2.1/os-volumes/bd59aa7d-e45b-4124-8261-d857835eedd1 => generated 346 bytes in 97 msecs (HTTP/1.1 200) 9 headers in 357 bytes (1 switches on core 0)
Jan 17 21:34:12.942359 dv-cinder-825012-3-smb devstack@n-api.service[123272]: DEBUG nova.api.openstack.wsgi [None req-f3365150-4872-45e7-9dda-a4a60332e29b tempest-DeleteServersTestJSON-348961105 tempest-DeleteServersTestJSON-348961105-project] Calling method '>' {{(pid=123272) _process_stack /opt/stack/nova/nova/api/openstack/wsgi.py:513}}
Jan 17 21:34:12.942359 dv-cinder-825012-3-smb devstack@n-api.service[123272]: DEBUG nova.compute.api [None req-f3365150-4872-45e7-9dda-a4a60332e29b tempest-DeleteServersTestJSON-348961105 tempest-DeleteServersTestJSON-348961105-project] [instance: 2e1c9dbe-1163-4b8d-8f19-8a6491d20ce0] Fetching instance by UUID {{(pid=123272) get /opt/stack/nova/nova/compute/api.py:2865}}
Jan 17 21:34:13.088360 dv-cinder-825012-3-smb devstack@n-api.service[123272]: DEBUG nova.policy [None req-f3365150-4872-45e7-9dda-a4a60332e29b tempest-DeleteServersTestJSON-348961105 tempest-DeleteServersTestJSON-348961105-project] Policy check for os_compute_api:os-extended-server-attributes failed with credentials {'is_admin': False, 'user_id': '001234cd64194d66ab0f15a32aed7f1f', 'user_domain_id': 'default', 'system_scope': None, 'domain_id': None, 'project_id': '6c43aac239cd4d4e87bf13f864200302', 'project_domain_id': 'default', 'roles': ['reader', 'member'], 'is_admin_project': True, 'service_user_id': None, 'service_user_domain_id': None, 'service_project_id': None, 'service_project_domain_id': None, 'service_roles': []} {{(pid=123272) authorize /opt/stack/nova/nova/policy.py:199}}
Jan 17 21:34:13.114049 dv-cinder-825012-3-smb devstack@n-api.service[123272]: INFO nova.api.openstack.requestlog [None req-f3365150-4872-45e7-9dda-a4a60332e29b tempest-DeleteServersTestJSON-348961105 tempest-DeleteServersTestJSON-348961105-project] 10.222.0.71 "GET /compute/v2.1/servers/2e1c9dbe-1163-4b8d-8f19-8a6491d20ce0" status: 200 len: 1214 microversion: 2.1 time: 0.177509
Jan 17 21:34:13.115459 dv-cinder-825012-3-smb devstack@n-api.service[123272]: [pid: 123272|app: 0|req: 6/7] 10.222.0.71 () {58 vars in 1235 bytes} [Mon Jan 17 21:34:12 2022] GET /compute/v2.1/servers/2e1c9dbe-1163-4b8d-8f19-8a6491d20ce0 => generated 1214 bytes in 180 msecs (HTTP/1.1 200) 9 headers in 358 bytes (1 switches on core 0)
Jan 17 21:34:13.134207 dv-cinder-825012-3-smb devstack@n-api.service[123272]: DEBUG nova.api.openstack.wsgi [None req-e6defa55-ed1e-45ef-9e16-8d507c214c28 tempest-VolumesGetTestJSON-873059794 tempest-VolumesGetTestJSON-873059794-project] Calling method '.version_select at 0x7f305bb0cdc0>' {{(pid=123272) _process_stack /opt/stack/nova/nova/api/openstack/wsgi.py:513}}
Jan 17 21:34:13.237306 dv-cinder-825012-3-smb devstack@n-api.service[123272]: INFO nova.api.openstack.requestlog [None req-e6defa55-ed1e-45ef-9e16-8d507c214c28 tempest-VolumesGetTestJSON-873059794 tempest-VolumesGetTestJSON-873059794-project] 10.222.0.71 "GET /compute/v2.1/os-volumes/ee1a3a31-4cd7-4fc4-9978-47122f714e54" status: 200 len: 354 microversion: 2.1 time: 0.120380
Jan 17 21:34:13.254862 dv-cinder-825012-3-smb devstack@n-api.service[123272]: [pid: 123272|app: 0|req: 7/8] 10.222.0.71 () {58 vars in 1244 bytes} [Mon Jan 17 21:34:13 2022] GET /compute/v2.1/os-volumes/ee1a3a31-4cd7-4fc4-9978-47122f714e54 => generated 354 bytes in 138 msecs (HTTP/1.1 200) 9 headers in 357 bytes (1 switches on core 0)
Jan 17 21:34:13.259982 dv-cinder-825012-3-smb devstack@n-api.service[123272]: DEBUG nova.api.openstack.wsgi [None req-4bf6ee0d-acc3-40ca-ba98-df13ba04f264 tempest-VolumesSnapshotsTestJSON-995708906 tempest-VolumesSnapshotsTestJSON-995708906-project] Action: 'create', calling method: .version_select at 0x7f305bb28ee0>, body: {"snapshot": {"volume_id": "bd59aa7d-e45b-4124-8261-d857835eedd1", "display_name": "tempest-VolumesSnapshotsTestJSON-Snapshot-1573415739"}} {{(pid=123272) _process_stack /opt/stack/nova/nova/api/openstack/wsgi.py:511}}
Jan 17 21:34:13.333823 dv-cinder-825012-3-smb devstack@n-api.service[123273]: DEBUG nova.virt.hardware [None req-de9c6bf5-b619-434f-bf86-00883f9fdf7b tempest-AttachVolumeNegativeTest-987597697 tempest-AttachVolumeNegativeTest-987597697-project] Flavor limits 0:0:0 {{(pid=123273) get_cpu_topology_constraints /opt/stack/nova/nova/virt/hardware.py:343}}
Jan 17 21:34:13.334385 dv-cinder-825012-3-smb devstack@n-api.service[123273]: DEBUG nova.virt.hardware [None req-de9c6bf5-b619-434f-bf86-00883f9fdf7b tempest-AttachVolumeNegativeTest-987597697 tempest-AttachVolumeNegativeTest-987597697-project] Image limits 0:0:0 {{(pid=123273) get_cpu_topology_constraints /opt/stack/nova/nova/virt/hardware.py:347}}
Jan 17 21:34:13.334936 dv-cinder-825012-3-smb devstack@n-api.service[123273]: DEBUG nova.virt.hardware [None req-de9c6bf5-b619-434f-bf86-00883f9fdf7b tempest-AttachVolumeNegativeTest-987597697 tempest-AttachVolumeNegativeTest-987597697-project] Flavor pref 0:0:0 {{(pid=123273) get_cpu_topology_constraints /opt/stack/nova/nova/virt/hardware.py:383}}
Jan 17 21:34:13.335637 dv-cinder-825012-3-smb devstack@n-api.service[123273]: DEBUG nova.virt.hardware [None req-de9c6bf5-b619-434f-bf86-00883f9fdf7b tempest-AttachVolumeNegativeTest-987597697 tempest-AttachVolumeNegativeTest-987597697-project] Image pref 0:0:0 {{(pid=123273) get_cpu_topology_constraints /opt/stack/nova/nova/virt/hardware.py:387}}
Jan 17 21:34:13.336219 dv-cinder-825012-3-smb devstack@n-api.service[123273]: DEBUG nova.virt.hardware [None req-de9c6bf5-b619-434f-bf86-00883f9fdf7b tempest-AttachVolumeNegativeTest-987597697 tempest-AttachVolumeNegativeTest-987597697-project] Chose sockets=0, cores=0, threads=0; limits were sockets=65536, cores=65536, threads=65536 {{(pid=123273) get_cpu_topology_constraints /opt/stack/nova/nova/virt/hardware.py:425}}
Jan 17 21:34:13.374585 dv-cinder-825012-3-smb devstack@n-api.service[123273]: DEBUG oslo_concurrency.lockutils [None req-de9c6bf5-b619-434f-bf86-00883f9fdf7b tempest-AttachVolumeNegativeTest-987597697 tempest-AttachVolumeNegativeTest-987597697-project] Lock "00000000-0000-0000-0000-000000000000" acquired by "nova.context.set_target_cell..get_or_set_cached_cell_and_set_connections" :: waited 0.000s {{(pid=123273) inner /usr/local/lib/python3.8/dist-packages/oslo_concurrency/lockutils.py:386}}
Jan 17 21:34:13.375453 dv-cinder-825012-3-smb devstack@n-api.service[123273]: DEBUG oslo_concurrency.lockutils [None req-de9c6bf5-b619-434f-bf86-00883f9fdf7b tempest-AttachVolumeNegativeTest-987597697 tempest-AttachVolumeNegativeTest-987597697-project] Lock "00000000-0000-0000-0000-000000000000" "released" by "nova.context.set_target_cell..get_or_set_cached_cell_and_set_connections" :: held 0.005s {{(pid=123273) inner /usr/local/lib/python3.8/dist-packages/oslo_concurrency/lockutils.py:400}}
Jan 17 21:34:13.376518 dv-cinder-825012-3-smb devstack@n-api.service[123273]: DEBUG oslo_concurrency.lockutils [None req-de9c6bf5-b619-434f-bf86-00883f9fdf7b tempest-AttachVolumeNegativeTest-987597697 tempest-AttachVolumeNegativeTest-987597697-project] Lock "1922dfd4-833f-4714-adda-dcfe9ae79cf0" acquired by "nova.context.set_target_cell..get_or_set_cached_cell_and_set_connections" :: waited 0.000s {{(pid=123273) inner /usr/local/lib/python3.8/dist-packages/oslo_concurrency/lockutils.py:386}}
Jan 17 21:34:13.378632 dv-cinder-825012-3-smb devstack@n-api.service[123273]: DEBUG oslo_concurrency.lockutils [None req-de9c6bf5-b619-434f-bf86-00883f9fdf7b tempest-AttachVolumeNegativeTest-987597697 tempest-AttachVolumeNegativeTest-987597697-project] Lock "1922dfd4-833f-4714-adda-dcfe9ae79cf0" "released" by "nova.context.set_target_cell..get_or_set_cached_cell_and_set_connections" :: held 0.002s {{(pid=123273) inner /usr/local/lib/python3.8/dist-packages/oslo_concurrency/lockutils.py:400}}
Jan 17 21:34:13.486493 dv-cinder-825012-3-smb devstack@n-api.service[123273]: DEBUG nova.quota [None req-de9c6bf5-b619-434f-bf86-00883f9fdf7b tempest-AttachVolumeNegativeTest-987597697 tempest-AttachVolumeNegativeTest-987597697-project] Getting quotas for project 0f1afa5fcd224f3dba688657bf05d2b6. Resources: {'cores', 'ram', 'instances'} {{(pid=123273) _get_quotas /opt/stack/nova/nova/quota.py:387}}
Jan 17 21:34:13.495091 dv-cinder-825012-3-smb devstack@n-api.service[123273]: DEBUG nova.quota [None req-de9c6bf5-b619-434f-bf86-00883f9fdf7b tempest-AttachVolumeNegativeTest-987597697 tempest-AttachVolumeNegativeTest-987597697-project] Getting quotas for user a27984db69d7450bb0b8d453b656e010 and project 0f1afa5fcd224f3dba688657bf05d2b6. Resources: {'cores', 'ram', 'instances'} {{(pid=123273) _get_quotas /opt/stack/nova/nova/quota.py:377}}
Jan 17 21:34:13.510396 dv-cinder-825012-3-smb devstack@n-api.service[123273]: DEBUG nova.compute.api [None req-de9c6bf5-b619-434f-bf86-00883f9fdf7b tempest-AttachVolumeNegativeTest-987597697 tempest-AttachVolumeNegativeTest-987597697-project] Going to run 1 instances... {{(pid=123273) _provision_instances /opt/stack/nova/nova/compute/api.py:1350}}
Jan 17 21:34:13.515046 dv-cinder-825012-3-smb devstack@n-api.service[123273]: DEBUG nova.compute.api [None req-de9c6bf5-b619-434f-bf86-00883f9fdf7b tempest-AttachVolumeNegativeTest-987597697 tempest-AttachVolumeNegativeTest-987597697-project] [instance: a512755c-91b9-4c0d-a3fa-bd82fb3fc4a5] block_device_mapping [BlockDeviceMapping(attachment_id=,boot_index=0,connection_info=None,created_at=,delete_on_termination=True,deleted=,deleted_at=,destination_type='local',device_name=None,device_type='disk',disk_bus=None,guest_format=None,id=,image_id='6ab1957e-2295-4dc0-8cd2-8d5e9a49848e',instance=,instance_uuid=,no_device=False,snapshot_id=None,source_type='image',tag=None,updated_at=,uuid=,volume_id=None,volume_size=None,volume_type=None)] {{(pid=123273) _bdm_validate_set_size_and_instance /opt/stack/nova/nova/compute/api.py:1757}}
Jan 17 21:34:13.716833 dv-cinder-825012-3-smb devstack@n-api.service[123273]: INFO nova.api.openstack.requestlog [None req-de9c6bf5-b619-434f-bf86-00883f9fdf7b tempest-AttachVolumeNegativeTest-987597697 tempest-AttachVolumeNegativeTest-987597697-project] 10.222.0.71 "POST /compute/v2.1/servers" status: 202 len: 380 microversion: 2.1 time: 2.064040
Jan 17 21:34:13.718787 dv-cinder-825012-3-smb devstack@n-api.service[123273]: [pid: 123273|app: 0|req: 2/9] 10.222.0.71 () {60 vars in 1146 bytes} [Mon Jan 17 21:34:11 2022] POST /compute/v2.1/servers => generated 380 bytes in 2075 msecs (HTTP/1.1 202) 10 headers in 451 bytes (1 switches on core 0)
Jan 17 21:34:13.733699 dv-cinder-825012-3-smb devstack@n-api.service[123273]: DEBUG nova.api.openstack.wsgi [None req-bf29a167-5de6-43b8-9d15-f6d796c1199f tempest-VolumesGetTestJSON-873059794 tempest-VolumesGetTestJSON-873059794-project] Calling method '.version_select at 0x7f305c36a820>' {{(pid=123273) _process_stack /opt/stack/nova/nova/api/openstack/wsgi.py:513}}
Jan 17 21:34:13.988299 dv-cinder-825012-3-smb devstack@n-api.service[123272]: INFO nova.api.openstack.requestlog [None req-4bf6ee0d-acc3-40ca-ba98-df13ba04f264 tempest-VolumesSnapshotsTestJSON-995708906 tempest-VolumesSnapshotsTestJSON-995708906-project] 10.222.0.71 "POST /compute/v2.1/os-snapshots" status: 200 len: 287 microversion: 2.1 time: 0.731459
Jan 17 21:34:13.989684 dv-cinder-825012-3-smb devstack@n-api.service[123272]: [pid: 123272|app: 0|req: 8/10] 10.222.0.71 () {60 vars in 1161 bytes} [Mon Jan 17 21:34:13 2022] POST /compute/v2.1/os-snapshots => generated 287 bytes in 734 msecs (HTTP/1.1 200) 9 headers in 357 bytes (1 switches on core 0)
Jan 17 21:34:13.994915 dv-cinder-825012-3-smb devstack@n-api.service[123272]: DEBUG nova.api.openstack.wsgi [None req-fb62d1ec-8239-4135-816b-ef334f2b9745 tempest-AttachVolumeNegativeTest-987597697 tempest-AttachVolumeNegativeTest-987597697-project] Calling method '>' {{(pid=123272) _process_stack /opt/stack/nova/nova/api/openstack/wsgi.py:513}}
Jan 17 21:34:13.995703 dv-cinder-825012-3-smb devstack@n-api.service[123272]: DEBUG nova.compute.api [None req-fb62d1ec-8239-4135-816b-ef334f2b9745 tempest-AttachVolumeNegativeTest-987597697 tempest-AttachVolumeNegativeTest-987597697-project] [instance: a512755c-91b9-4c0d-a3fa-bd82fb3fc4a5] Fetching instance by UUID {{(pid=123272) get /opt/stack/nova/nova/compute/api.py:2865}}
Jan 17 21:34:14.019137 dv-cinder-825012-3-smb devstack@n-api.service[123273]: INFO nova.api.openstack.requestlog [None req-bf29a167-5de6-43b8-9d15-f6d796c1199f tempest-VolumesGetTestJSON-873059794 tempest-VolumesGetTestJSON-873059794-project] 10.222.0.71 "DELETE /compute/v2.1/os-volumes/ee1a3a31-4cd7-4fc4-9978-47122f714e54" status: 202 len: 0 microversion: 2.1 time: 0.298641
Jan 17 21:34:14.019724 dv-cinder-825012-3-smb devstack@n-api.service[123273]: [pid: 123273|app: 0|req: 3/11] 10.222.0.71 () {58 vars in 1247 bytes} [Mon Jan 17 21:34:13 2022] DELETE /compute/v2.1/os-volumes/ee1a3a31-4cd7-4fc4-9978-47122f714e54 => generated 0 bytes in 300 msecs (HTTP/1.1 202) 9 headers in 361 bytes (1 switches on core 0)
Jan 17 21:34:14.028327 dv-cinder-825012-3-smb devstack@n-api.service[123273]: DEBUG nova.api.openstack.wsgi [None req-b7bee7b3-6b8b-4097-82d9-16bed726e5c0 tempest-VolumesSnapshotsTestJSON-995708906 tempest-VolumesSnapshotsTestJSON-995708906-project] Calling method '.version_select at 0x7f305bb07310>' {{(pid=123273) _process_stack /opt/stack/nova/nova/api/openstack/wsgi.py:513}}
Jan 17 21:34:14.093731 dv-cinder-825012-3-smb devstack@n-api.service[123273]: INFO nova.api.openstack.requestlog [None req-b7bee7b3-6b8b-4097-82d9-16bed726e5c0 tempest-VolumesSnapshotsTestJSON-995708906 tempest-VolumesSnapshotsTestJSON-995708906-project] 10.222.0.71 "GET /compute/v2.1/os-snapshots/fffadbda-508e-46a4-8f49-2d0b108ff47c" status: 200 len: 287 microversion: 2.1 time: 0.069480
Jan 17 21:34:14.094318 dv-cinder-825012-3-smb devstack@n-api.service[123273]: [pid: 123273|app: 0|req: 4/12] 10.222.0.71 () {58 vars in 1250 bytes} [Mon Jan 17 21:34:14 2022] GET /compute/v2.1/os-snapshots/fffadbda-508e-46a4-8f49-2d0b108ff47c => generated 287 bytes in 74 msecs (HTTP/1.1 200) 9 headers in 357 bytes (1 switches on core 0)
Jan 17 21:34:14.108766 dv-cinder-825012-3-smb devstack@n-api.service[123273]: DEBUG nova.api.openstack.wsgi [None req-75c82f8b-3da7-4a19-a50b-ca494e9e515c tempest-VolumesGetTestJSON-873059794 tempest-VolumesGetTestJSON-873059794-project] Calling method '.version_select at 0x7f305bb07c10>' {{(pid=123273) _process_stack /opt/stack/nova/nova/api/openstack/wsgi.py:513}}
Jan 17 21:34:14.150604 dv-cinder-825012-3-smb devstack@n-api.service[123272]: DEBUG nova.policy [None req-fb62d1ec-8239-4135-816b-ef334f2b9745 tempest-AttachVolumeNegativeTest-987597697 tempest-AttachVolumeNegativeTest-987597697-project] Policy check for os_compute_api:os-extended-server-attributes failed with credentials {'is_admin': False, 'user_id': 'a27984db69d7450bb0b8d453b656e010', 'user_domain_id': 'default', 'system_scope': None, 'domain_id': None, 'project_id': '0f1afa5fcd224f3dba688657bf05d2b6', 'project_domain_id': 'default', 'roles': ['reader', 'member'], 'is_admin_project': True, 'service_user_id': None, 'service_user_domain_id': None, 'service_project_id': None, 'service_project_domain_id': None, 'service_roles': []} {{(pid=123272) authorize /opt/stack/nova/nova/policy.py:199}}
Jan 17 21:34:14.157881 dv-cinder-825012-3-smb devstack@n-api.service[123272]: INFO nova.api.openstack.requestlog [None req-fb62d1ec-8239-4135-816b-ef334f2b9745 tempest-AttachVolumeNegativeTest-987597697 tempest-AttachVolumeNegativeTest-987597697-project] 10.222.0.71 "GET /compute/v2.1/servers/a512755c-91b9-4c0d-a3fa-bd82fb3fc4a5" status: 200 len: 1218 microversion: 2.1 time: 0.167089
Jan 17 21:34:14.170145 dv-cinder-825012-3-smb devstack@n-api.service[123272]: [pid: 123272|app: 0|req: 9/13] 10.222.0.71 () {58 vars in 1235 bytes} [Mon Jan 17 21:34:13 2022] GET /compute/v2.1/servers/a512755c-91b9-4c0d-a3fa-bd82fb3fc4a5 => generated 1218 bytes in 180 msecs (HTTP/1.1 200) 9 headers in 358 bytes (1 switches on core 0)
Jan 17 21:34:14.181224 dv-cinder-825012-3-smb devstack@n-api.service[123272]: DEBUG nova.api.openstack.wsgi [None req-6600583f-d040-484e-84cf-f4341b320a46 tempest-VolumesSnapshotsTestJSON-995708906 tempest-VolumesSnapshotsTestJSON-995708906-project] Calling method '.version_select at 0x7f305bb30280>' {{(pid=123272) _process_stack /opt/stack/nova/nova/api/openstack/wsgi.py:513}}
Jan 17 21:34:14.213428 dv-cinder-825012-3-smb devstack@n-api.service[123273]: INFO nova.api.openstack.requestlog [None req-75c82f8b-3da7-4a19-a50b-ca494e9e515c tempest-VolumesGetTestJSON-873059794 tempest-VolumesGetTestJSON-873059794-project] 10.222.0.71 "GET /compute/v2.1/os-volumes/ee1a3a31-4cd7-4fc4-9978-47122f714e54" status: 200 len: 353 microversion: 2.1 time: 0.112300
Jan 17 21:34:14.214018 dv-cinder-825012-3-smb devstack@n-api.service[123273]: [pid: 123273|app: 0|req: 5/14] 10.222.0.71 () {58 vars in 1244 bytes} [Mon Jan 17 21:34:14 2022] GET /compute/v2.1/os-volumes/ee1a3a31-4cd7-4fc4-9978-47122f714e54 => generated 353 bytes in 119 msecs (HTTP/1.1 200) 9 headers in 357 bytes (1 switches on core 0)
Jan 17 21:34:14.226153 dv-cinder-825012-3-smb devstack@n-api.service[123273]: DEBUG nova.api.openstack.wsgi [None req-6f08bb4d-fd89-432d-991e-a02f02de2ffe tempest-DeleteServersTestJSON-348961105 tempest-DeleteServersTestJSON-348961105-project] Calling method '>' {{(pid=123273) _process_stack /opt/stack/nova/nova/api/openstack/wsgi.py:513}}
Jan 17 21:34:14.226964 dv-cinder-825012-3-smb devstack@n-api.service[123273]: DEBUG nova.compute.api [None req-6f08bb4d-fd89-432d-991e-a02f02de2ffe tempest-DeleteServersTestJSON-348961105 tempest-DeleteServersTestJSON-348961105-project] [instance: 2e1c9dbe-1163-4b8d-8f19-8a6491d20ce0] Fetching instance by UUID {{(pid=123273) get /opt/stack/nova/nova/compute/api.py:2865}}
Jan 17 21:34:14.264757 dv-cinder-825012-3-smb devstack@n-api.service[123272]: INFO nova.api.openstack.requestlog [None req-6600583f-d040-484e-84cf-f4341b320a46 tempest-VolumesSnapshotsTestJSON-995708906 tempest-VolumesSnapshotsTestJSON-995708906-project] 10.222.0.71 "GET /compute/v2.1/os-snapshots" status: 200 len: 290 microversion: 2.1 time: 0.093207
Jan 17 21:34:14.265612 dv-cinder-825012-3-smb devstack@n-api.service[123272]: [pid: 123272|app: 0|req: 10/15] 10.222.0.71 () {58 vars in 1139 bytes} [Mon Jan 17 21:34:14 2022] GET /compute/v2.1/os-snapshots => generated 290 bytes in 95 msecs (HTTP/1.1 200) 9 headers in 357 bytes (1 switches on core 0)
Jan 17 21:34:14.277316 dv-cinder-825012-3-smb devstack@n-api.service[123272]: DEBUG nova.api.openstack.wsgi [None req-b31d28f6-1561-4468-896a-8e0716b868b3 tempest-VolumesSnapshotsTestJSON-995708906 tempest-VolumesSnapshotsTestJSON-995708906-project] Calling method '.version_select at 0x7f305bb291f0>' {{(pid=123272) _process_stack /opt/stack/nova/nova/api/openstack/wsgi.py:513}}
Jan 17 21:34:14.425732 dv-cinder-825012-3-smb devstack@n-api.service[123272]: INFO nova.api.openstack.requestlog [None req-b31d28f6-1561-4468-896a-8e0716b868b3 tempest-VolumesSnapshotsTestJSON-995708906 tempest-VolumesSnapshotsTestJSON-995708906-project] 10.222.0.71 "GET /compute/v2.1/os-snapshots/fffadbda-508e-46a4-8f49-2d0b108ff47c" status: 200 len: 287 microversion: 2.1 time: 0.152962
Jan 17 21:34:14.430126 dv-cinder-825012-3-smb devstack@n-api.service[123272]: [pid: 123272|app: 0|req: 11/16] 10.222.0.71 () {58 vars in 1250 bytes} [Mon Jan 17 21:34:14 2022] GET /compute/v2.1/os-snapshots/fffadbda-508e-46a4-8f49-2d0b108ff47c => generated 287 bytes in 155 msecs (HTTP/1.1 200) 9 headers in 357 bytes (2 switches on core 0)
Jan 17 21:34:14.444723 dv-cinder-825012-3-smb devstack@n-api.service[123273]: DEBUG nova.policy [None req-6f08bb4d-fd89-432d-991e-a02f02de2ffe tempest-DeleteServersTestJSON-348961105 tempest-DeleteServersTestJSON-348961105-project] Policy check for os_compute_api:os-extended-server-attributes failed with credentials {'is_admin': False, 'user_id': '001234cd64194d66ab0f15a32aed7f1f', 'user_domain_id': 'default', 'system_scope': None, 'domain_id': None, 'project_id': '6c43aac239cd4d4e87bf13f864200302', 'project_domain_id': 'default', 'roles': ['reader', 'member'], 'is_admin_project': True, 'service_user_id': None, 'service_user_domain_id': None, 'service_project_id': None, 'service_project_domain_id': None, 'service_roles': []} {{(pid=123273) authorize /opt/stack/nova/nova/policy.py:199}}
Jan 17 21:34:14.486667 dv-cinder-825012-3-smb devstack@n-api.service[123273]: INFO nova.api.openstack.requestlog [None req-6f08bb4d-fd89-432d-991e-a02f02de2ffe tempest-DeleteServersTestJSON-348961105 tempest-DeleteServersTestJSON-348961105-project] 10.222.0.71 "GET /compute/v2.1/servers/2e1c9dbe-1163-4b8d-8f19-8a6491d20ce0" status: 200 len: 1214 microversion: 2.1 time: 0.266001
Jan 17 21:34:14.500775 dv-cinder-825012-3-smb devstack@n-api.service[123273]: [pid: 123273|app: 0|req: 6/17] 10.222.0.71 () {58 vars in 1235 bytes} [Mon Jan 17 21:34:14 2022] GET /compute/v2.1/servers/2e1c9dbe-1163-4b8d-8f19-8a6491d20ce0 => generated 1214 bytes in 286 msecs (HTTP/1.1 200) 9 headers in 358 bytes (1 switches on core 0)
Jan 17 21:34:15.176227 dv-cinder-825012-3-smb devstack@n-api.service[123272]: DEBUG nova.api.openstack.wsgi [None req-735630c6-888f-46c9-8c1a-ba471551f083 tempest-AttachVolumeNegativeTest-987597697 tempest-AttachVolumeNegativeTest-987597697-project] Calling method '>' {{(pid=123272) _process_stack /opt/stack/nova/nova/api/openstack/wsgi.py:513}}
Jan 17 21:34:15.177665 dv-cinder-825012-3-smb devstack@n-api.service[123272]: DEBUG nova.compute.api [None req-735630c6-888f-46c9-8c1a-ba471551f083 tempest-AttachVolumeNegativeTest-987597697 tempest-AttachVolumeNegativeTest-987597697-project] [instance: a512755c-91b9-4c0d-a3fa-bd82fb3fc4a5] Fetching instance by UUID {{(pid=123272) get /opt/stack/nova/nova/compute/api.py:2865}}
Jan 17 21:34:15.226031 dv-cinder-825012-3-smb devstack@n-api.service[123273]: DEBUG nova.api.openstack.wsgi [None req-290920c7-8b4d-4665-9a61-ff0e4db9aad2 tempest-VolumesGetTestJSON-873059794 tempest-VolumesGetTestJSON-873059794-project] Calling method '.version_select at 0x7f305bb20310>' {{(pid=123273) _process_stack /opt/stack/nova/nova/api/openstack/wsgi.py:513}}
Jan 17 21:34:15.282399 dv-cinder-825012-3-smb devstack@n-api.service[123272]: DEBUG nova.policy [None req-735630c6-888f-46c9-8c1a-ba471551f083 tempest-AttachVolumeNegativeTest-987597697 tempest-AttachVolumeNegativeTest-987597697-project] Policy check for os_compute_api:os-extended-server-attributes failed with credentials {'is_admin': False, 'user_id': 'a27984db69d7450bb0b8d453b656e010', 'user_domain_id': 'default', 'system_scope': None, 'domain_id': None, 'project_id': '0f1afa5fcd224f3dba688657bf05d2b6', 'project_domain_id': 'default', 'roles': ['reader', 'member'], 'is_admin_project': True, 'service_user_id': None, 'service_user_domain_id': None, 'service_project_id': None, 'service_project_domain_id': None, 'service_roles': []} {{(pid=123272) authorize /opt/stack/nova/nova/policy.py:199}}
Jan 17 21:34:15.288040 dv-cinder-825012-3-smb devstack@n-api.service[123273]: INFO nova.api.openstack.wsgi [None req-290920c7-8b4d-4665-9a61-ff0e4db9aad2 tempest-VolumesGetTestJSON-873059794 tempest-VolumesGetTestJSON-873059794-project] HTTP exception thrown: Volume ee1a3a31-4cd7-4fc4-9978-47122f714e54 could not be found.
Jan 17 21:34:15.288645 dv-cinder-825012-3-smb devstack@n-api.service[123273]: DEBUG nova.api.openstack.wsgi [None req-290920c7-8b4d-4665-9a61-ff0e4db9aad2 tempest-VolumesGetTestJSON-873059794 tempest-VolumesGetTestJSON-873059794-project] Returning 404 to user: Volume ee1a3a31-4cd7-4fc4-9978-47122f714e54 could not be found. {{(pid=123273) __call__ /opt/stack/nova/nova/api/openstack/wsgi.py:936}}
Jan 17 21:34:15.289494 dv-cinder-825012-3-smb devstack@n-api.service[123273]: INFO nova.api.openstack.requestlog [None req-290920c7-8b4d-4665-9a61-ff0e4db9aad2 tempest-VolumesGetTestJSON-873059794 tempest-VolumesGetTestJSON-873059794-project] 10.222.0.71 "GET /compute/v2.1/os-volumes/ee1a3a31-4cd7-4fc4-9978-47122f714e54" status: 404 len: 109 microversion: 2.1 time: 0.068167
Jan 17 21:34:15.290052 dv-cinder-825012-3-smb devstack@n-api.service[123273]: [pid: 123273|app: 0|req: 7/18] 10.222.0.71 () {58 vars in 1244 bytes} [Mon Jan 17 21:34:15 2022] GET /compute/v2.1/os-volumes/ee1a3a31-4cd7-4fc4-9978-47122f714e54 => generated 109 bytes in 69 msecs (HTTP/1.1 404) 9 headers in 379 bytes (2 switches on core 0)
Jan 17 21:34:15.294802 dv-cinder-825012-3-smb devstack@n-api.service[123272]: INFO nova.api.openstack.requestlog [None req-735630c6-888f-46c9-8c1a-ba471551f083 tempest-AttachVolumeNegativeTest-987597697 tempest-AttachVolumeNegativeTest-987597697-project] 10.222.0.71 "GET /compute/v2.1/servers/a512755c-91b9-4c0d-a3fa-bd82fb3fc4a5" status: 200 len: 1218 microversion: 2.1 time: 0.123069
Jan 17 21:34:15.296283 dv-cinder-825012-3-smb devstack@n-api.service[123272]: [pid: 123272|app: 0|req: 12/19] 10.222.0.71 () {58 vars in 1235 bytes} [Mon Jan 17 21:34:15 2022] GET /compute/v2.1/servers/a512755c-91b9-4c0d-a3fa-bd82fb3fc4a5 => generated 1218 bytes in 125 msecs (HTTP/1.1 200) 9 headers in 358 bytes (1 switches on core 0)
Jan 17 21:34:15.439039 dv-cinder-825012-3-smb devstack@n-api.service[123273]: DEBUG nova.api.openstack.wsgi [None req-7bff7d9b-8f90-4d44-88dc-6413de757cf0 tempest-VolumesSnapshotsTestJSON-995708906 tempest-VolumesSnapshotsTestJSON-995708906-project] Calling method '.version_select at 0x7f305bb07940>' {{(pid=123273) _process_stack /opt/stack/nova/nova/api/openstack/wsgi.py:513}}
Jan 17 21:34:15.504506 dv-cinder-825012-3-smb devstack@n-api.service[123272]: DEBUG nova.api.openstack.wsgi [None req-0a9960fa-5b2f-4b87-ba36-fcc24098f46f tempest-DeleteServersTestJSON-348961105 tempest-DeleteServersTestJSON-348961105-project] Calling method '>' {{(pid=123272) _process_stack /opt/stack/nova/nova/api/openstack/wsgi.py:513}}
Jan 17 21:34:15.507221 dv-cinder-825012-3-smb devstack@n-api.service[123273]: INFO nova.api.openstack.requestlog [None req-7bff7d9b-8f90-4d44-88dc-6413de757cf0 tempest-VolumesSnapshotsTestJSON-995708906 tempest-VolumesSnapshotsTestJSON-995708906-project] 10.222.0.71 "GET /compute/v2.1/os-snapshots/fffadbda-508e-46a4-8f49-2d0b108ff47c" status: 200 len: 288 microversion: 2.1 time: 0.073596
Jan 17 21:34:15.508352 dv-cinder-825012-3-smb devstack@n-api.service[123273]: [pid: 123273|app: 0|req: 8/20] 10.222.0.71 () {58 vars in 1250 bytes} [Mon Jan 17 21:34:15 2022] GET /compute/v2.1/os-snapshots/fffadbda-508e-46a4-8f49-2d0b108ff47c => generated 288 bytes in 75 msecs (HTTP/1.1 200) 9 headers in 357 bytes (1 switches on core 0)
Jan 17 21:34:15.508914 dv-cinder-825012-3-smb devstack@n-api.service[123272]: DEBUG nova.compute.api [None req-0a9960fa-5b2f-4b87-ba36-fcc24098f46f tempest-DeleteServersTestJSON-348961105 tempest-DeleteServersTestJSON-348961105-project] [instance: 2e1c9dbe-1163-4b8d-8f19-8a6491d20ce0] Fetching instance by UUID {{(pid=123272) get /opt/stack/nova/nova/compute/api.py:2865}}
Jan 17 21:34:15.530990 dv-cinder-825012-3-smb devstack@n-api.service[123273]: DEBUG nova.api.openstack.wsgi [None req-0ed570ff-d643-4b18-a3ce-f464a0bc248b tempest-VolumesSnapshotsTestJSON-995708906 tempest-VolumesSnapshotsTestJSON-995708906-project] Calling method '.version_select at 0x7f305bb2c940>' {{(pid=123273) _process_stack /opt/stack/nova/nova/api/openstack/wsgi.py:513}}
Jan 17 21:34:15.689000 dv-cinder-825012-3-smb devstack@n-api.service[123272]: DEBUG nova.policy [None req-0a9960fa-5b2f-4b87-ba36-fcc24098f46f tempest-DeleteServersTestJSON-348961105 tempest-DeleteServersTestJSON-348961105-project] Policy check for os_compute_api:os-extended-server-attributes failed with credentials {'is_admin': False, 'user_id': '001234cd64194d66ab0f15a32aed7f1f', 'user_domain_id': 'default', 'system_scope': None, 'domain_id': None, 'project_id': '6c43aac239cd4d4e87bf13f864200302', 'project_domain_id': 'default', 'roles': ['reader', 'member'], 'is_admin_project': True, 'service_user_id': None, 'service_user_domain_id': None, 'service_project_id': None, 'service_project_domain_id': None, 'service_roles': []} {{(pid=123272) authorize /opt/stack/nova/nova/policy.py:199}}
Jan 17 21:34:15.698636 dv-cinder-825012-3-smb devstack@n-api.service[123272]: INFO nova.api.openstack.requestlog [None req-0a9960fa-5b2f-4b87-ba36-fcc24098f46f tempest-DeleteServersTestJSON-348961105 tempest-DeleteServersTestJSON-348961105-project] 10.222.0.71 "GET /compute/v2.1/servers/2e1c9dbe-1163-4b8d-8f19-8a6491d20ce0" status: 200 len: 1214 microversion: 2.1 time: 0.198521
Jan 17 21:34:15.701787 dv-cinder-825012-3-smb devstack@n-api.service[123272]: [pid: 123272|app: 0|req: 13/21] 10.222.0.71 () {58 vars in 1235 bytes} [Mon Jan 17 21:34:15 2022] GET /compute/v2.1/servers/2e1c9dbe-1163-4b8d-8f19-8a6491d20ce0 => generated 1214 bytes in 202 msecs (HTTP/1.1 200) 9 headers in 358 bytes (2 switches on core 0)
Jan 17 21:34:15.914895 dv-cinder-825012-3-smb devstack@n-api.service[123273]: INFO nova.api.openstack.requestlog [None req-0ed570ff-d643-4b18-a3ce-f464a0bc248b tempest-VolumesSnapshotsTestJSON-995708906 tempest-VolumesSnapshotsTestJSON-995708906-project] 10.222.0.71 "DELETE /compute/v2.1/os-snapshots/fffadbda-508e-46a4-8f49-2d0b108ff47c" status: 202 len: 0 microversion: 2.1 time: 0.208040
Jan 17 21:34:15.914895 dv-cinder-825012-3-smb devstack@n-api.service[123273]: [pid: 123273|app: 0|req: 9/22] 10.222.0.71 () {58 vars in 1253 bytes} [Mon Jan 17 21:34:15 2022] DELETE /compute/v2.1/os-snapshots/fffadbda-508e-46a4-8f49-2d0b108ff47c => generated 0 bytes in 210 msecs (HTTP/1.1 202) 9 headers in 361 bytes (2 switches on core 0)
Jan 17 21:34:15.916163 dv-cinder-825012-3-smb devstack@n-api.service[123272]: DEBUG nova.api.openstack.wsgi [None req-45607b9f-5082-4772-8b12-92d1f46e7ccf tempest-VolumesSnapshotsTestJSON-995708906 tempest-VolumesSnapshotsTestJSON-995708906-project] Calling method '.version_select at 0x7f305bb28b80>' {{(pid=123272) _process_stack /opt/stack/nova/nova/api/openstack/wsgi.py:513}}
Jan 17 21:34:15.916163 dv-cinder-825012-3-smb devstack@n-api.service[123272]: INFO nova.api.openstack.requestlog [None req-45607b9f-5082-4772-8b12-92d1f46e7ccf tempest-VolumesSnapshotsTestJSON-995708906 tempest-VolumesSnapshotsTestJSON-995708906-project] 10.222.0.71 "GET /compute/v2.1/os-snapshots/fffadbda-508e-46a4-8f49-2d0b108ff47c" status: 200 len: 287 microversion: 2.1 time: 0.044843
Jan 17 21:34:15.916163 dv-cinder-825012-3-smb devstack@n-api.service[123272]: [pid: 123272|app: 0|req: 14/23] 10.222.0.71 () {58 vars in 1250 bytes} [Mon Jan 17 21:34:15 2022] GET /compute/v2.1/os-snapshots/fffadbda-508e-46a4-8f49-2d0b108ff47c => generated 287 bytes in 46 msecs (HTTP/1.1 200) 9 headers in 357 bytes (1 switches on core 0)
Jan 17 21:34:16.317993 dv-cinder-825012-3-smb devstack@n-api.service[123273]: DEBUG nova.api.openstack.wsgi [None req-61bd1fc6-ae96-44e4-95c7-752cc100d835 tempest-AttachVolumeNegativeTest-987597697 tempest-AttachVolumeNegativeTest-987597697-project] Calling method '>' {{(pid=123273) _process_stack /opt/stack/nova/nova/api/openstack/wsgi.py:513}}
Jan 17 21:34:16.319502 dv-cinder-825012-3-smb devstack@n-api.service[123273]: DEBUG nova.compute.api [None req-61bd1fc6-ae96-44e4-95c7-752cc100d835 tempest-AttachVolumeNegativeTest-987597697 tempest-AttachVolumeNegativeTest-987597697-project] [instance: a512755c-91b9-4c0d-a3fa-bd82fb3fc4a5] Fetching instance by UUID {{(pid=123273) get /opt/stack/nova/nova/compute/api.py:2865}}
Jan 17 21:34:16.557608 dv-cinder-825012-3-smb devstack@n-api.service[123273]: DEBUG nova.policy [None req-61bd1fc6-ae96-44e4-95c7-752cc100d835 tempest-AttachVolumeNegativeTest-987597697 tempest-AttachVolumeNegativeTest-987597697-project] Policy check for os_compute_api:os-extended-server-attributes failed with credentials {'is_admin': False, 'user_id': 'a27984db69d7450bb0b8d453b656e010', 'user_domain_id': 'default', 'system_scope': None, 'domain_id': None, 'project_id': '0f1afa5fcd224f3dba688657bf05d2b6', 'project_domain_id': 'default', 'roles': ['reader', 'member'], 'is_admin_project': True, 'service_user_id': None, 'service_user_domain_id': None, 'service_project_id': None, 'service_project_domain_id': None, 'service_roles': []} {{(pid=123273) authorize /opt/stack/nova/nova/policy.py:199}}
Jan 17 21:34:16.588402 dv-cinder-825012-3-smb devstack@n-api.service[123273]: INFO nova.api.openstack.requestlog [None req-61bd1fc6-ae96-44e4-95c7-752cc100d835 tempest-AttachVolumeNegativeTest-987597697 tempest-AttachVolumeNegativeTest-987597697-project] 10.222.0.71 "GET /compute/v2.1/servers/a512755c-91b9-4c0d-a3fa-bd82fb3fc4a5" status: 200 len: 1218 microversion: 2.1 time: 0.270077
Jan 17 21:34:16.590885 dv-cinder-825012-3-smb devstack@n-api.service[123273]: [pid: 123273|app: 0|req: 10/24] 10.222.0.71 () {58 vars in 1235 bytes} [Mon Jan 17 21:34:16 2022] GET /compute/v2.1/servers/a512755c-91b9-4c0d-a3fa-bd82fb3fc4a5 => generated 1218 bytes in 279 msecs (HTTP/1.1 200) 9 headers in 358 bytes (1 switches on core 0)
Jan 17 21:34:16.718821 dv-cinder-825012-3-smb devstack@n-api.service[123272]: DEBUG nova.api.openstack.wsgi [None req-94b5252c-5082-4a31-b5f6-4a01d3347c86 tempest-DeleteServersTestJSON-348961105 tempest-DeleteServersTestJSON-348961105-project] Calling method '>' {{(pid=123272) _process_stack /opt/stack/nova/nova/api/openstack/wsgi.py:513}}
Jan 17 21:34:16.721248 dv-cinder-825012-3-smb devstack@n-api.service[123272]: DEBUG nova.compute.api [None req-94b5252c-5082-4a31-b5f6-4a01d3347c86 tempest-DeleteServersTestJSON-348961105 tempest-DeleteServersTestJSON-348961105-project] [instance: 2e1c9dbe-1163-4b8d-8f19-8a6491d20ce0] Fetching instance by UUID {{(pid=123272) get /opt/stack/nova/nova/compute/api.py:2865}}
Jan 17 21:34:16.740693 dv-cinder-825012-3-smb devstack@n-api.service[123272]: DEBUG oslo_concurrency.lockutils [None req-94b5252c-5082-4a31-b5f6-4a01d3347c86 tempest-DeleteServersTestJSON-348961105 tempest-DeleteServersTestJSON-348961105-project] Lock "1922dfd4-833f-4714-adda-dcfe9ae79cf0" acquired by "nova.context.set_target_cell..get_or_set_cached_cell_and_set_connections" :: waited 0.000s {{(pid=123272) inner /usr/local/lib/python3.8/dist-packages/oslo_concurrency/lockutils.py:386}}
Jan 17 21:34:16.742096 dv-cinder-825012-3-smb devstack@n-api.service[123272]: DEBUG oslo_concurrency.lockutils [None req-94b5252c-5082-4a31-b5f6-4a01d3347c86 tempest-DeleteServersTestJSON-348961105 tempest-DeleteServersTestJSON-348961105-project] Lock "1922dfd4-833f-4714-adda-dcfe9ae79cf0" "released" by "nova.context.set_target_cell..get_or_set_cached_cell_and_set_connections" :: held 0.001s {{(pid=123272) inner /usr/local/lib/python3.8/dist-packages/oslo_concurrency/lockutils.py:400}}
Jan 17 21:34:16.744568 dv-cinder-825012-3-smb devstack@n-api.service[123272]: DEBUG oslo_concurrency.lockutils [None req-94b5252c-5082-4a31-b5f6-4a01d3347c86 tempest-DeleteServersTestJSON-348961105 tempest-DeleteServersTestJSON-348961105-project] Lock "1922dfd4-833f-4714-adda-dcfe9ae79cf0" acquired by "nova.context.set_target_cell..get_or_set_cached_cell_and_set_connections" :: waited 0.000s {{(pid=123272) inner /usr/local/lib/python3.8/dist-packages/oslo_concurrency/lockutils.py:386}}
Jan 17 21:34:16.745820 dv-cinder-825012-3-smb devstack@n-api.service[123272]: DEBUG oslo_concurrency.lockutils [None req-94b5252c-5082-4a31-b5f6-4a01d3347c86 tempest-DeleteServersTestJSON-348961105 tempest-DeleteServersTestJSON-348961105-project] Lock "1922dfd4-833f-4714-adda-dcfe9ae79cf0" "released" by "nova.context.set_target_cell..get_or_set_cached_cell_and_set_connections" :: held 0.001s {{(pid=123272) inner /usr/local/lib/python3.8/dist-packages/oslo_concurrency/lockutils.py:400}}
Jan 17 21:34:16.786143 dv-cinder-825012-3-smb devstack@n-api.service[123273]: DEBUG nova.api.openstack.wsgi [None req-b18d4bff-84c0-4c99-85bd-e9899b4cee33 tempest-VolumesSnapshotsTestJSON-995708906 tempest-VolumesSnapshotsTestJSON-995708906-project] Calling method '.version_select at 0x7f305bb2c3a0>' {{(pid=123273) _process_stack /opt/stack/nova/nova/api/openstack/wsgi.py:513}}
Jan 17 21:34:16.836987 dv-cinder-825012-3-smb devstack@n-api.service[123273]: INFO nova.api.openstack.wsgi [None req-b18d4bff-84c0-4c99-85bd-e9899b4cee33 tempest-VolumesSnapshotsTestJSON-995708906 tempest-VolumesSnapshotsTestJSON-995708906-project] HTTP exception thrown: Snapshot fffadbda-508e-46a4-8f49-2d0b108ff47c could not be found.
Jan 17 21:34:16.838039 dv-cinder-825012-3-smb devstack@n-api.service[123273]: DEBUG nova.api.openstack.wsgi [None req-b18d4bff-84c0-4c99-85bd-e9899b4cee33 tempest-VolumesSnapshotsTestJSON-995708906 tempest-VolumesSnapshotsTestJSON-995708906-project] Returning 404 to user: Snapshot fffadbda-508e-46a4-8f49-2d0b108ff47c could not be found. {{(pid=123273) __call__ /opt/stack/nova/nova/api/openstack/wsgi.py:936}}
Jan 17 21:34:16.840684 dv-cinder-825012-3-smb devstack@n-api.service[123273]: INFO nova.api.openstack.requestlog [None req-b18d4bff-84c0-4c99-85bd-e9899b4cee33 tempest-VolumesSnapshotsTestJSON-995708906 tempest-VolumesSnapshotsTestJSON-995708906-project] 10.222.0.71 "GET /compute/v2.1/os-snapshots/fffadbda-508e-46a4-8f49-2d0b108ff47c" status: 404 len: 111 microversion: 2.1 time: 0.058208
Jan 17 21:34:16.842217 dv-cinder-825012-3-smb devstack@n-api.service[123273]: [pid: 123273|app: 0|req: 11/25] 10.222.0.71 () {58 vars in 1250 bytes} [Mon Jan 17 21:34:16 2022] GET /compute/v2.1/os-snapshots/fffadbda-508e-46a4-8f49-2d0b108ff47c => generated 111 bytes in 61 msecs (HTTP/1.1 404) 9 headers in 379 bytes (1 switches on core 0)
Jan 17 21:34:16.852917 dv-cinder-825012-3-smb devstack@n-api.service[123273]: DEBUG nova.api.openstack.wsgi [None req-73b986d7-a943-4fcc-a661-c7e949652c52 tempest-VolumesSnapshotsTestJSON-995708906 tempest-VolumesSnapshotsTestJSON-995708906-project] Calling method '.version_select at 0x7f305b2beb80>' {{(pid=123273) _process_stack /opt/stack/nova/nova/api/openstack/wsgi.py:513}}
Jan 17 21:34:17.087657 dv-cinder-825012-3-smb devstack@n-api.service[123272]: DEBUG nova.policy [None req-94b5252c-5082-4a31-b5f6-4a01d3347c86 tempest-DeleteServersTestJSON-348961105 tempest-DeleteServersTestJSON-348961105-project] Policy check for os_compute_api:os-extended-server-attributes failed with credentials {'is_admin': False, 'user_id': '001234cd64194d66ab0f15a32aed7f1f', 'user_domain_id': 'default', 'system_scope': None, 'domain_id': None, 'project_id': '6c43aac239cd4d4e87bf13f864200302', 'project_domain_id': 'default', 'roles': ['reader', 'member'], 'is_admin_project': True, 'service_user_id': None, 'service_user_domain_id': None, 'service_project_id': None, 'service_project_domain_id': None, 'service_roles': []} {{(pid=123272) authorize /opt/stack/nova/nova/policy.py:199}}
Jan 17 21:34:17.113695 dv-cinder-825012-3-smb devstack@n-api.service[123272]: INFO nova.api.openstack.requestlog [None req-94b5252c-5082-4a31-b5f6-4a01d3347c86 tempest-DeleteServersTestJSON-348961105 tempest-DeleteServersTestJSON-348961105-project] 10.222.0.71 "GET /compute/v2.1/servers/2e1c9dbe-1163-4b8d-8f19-8a6491d20ce0" status: 200 len: 1218 microversion: 2.1 time: 0.398392
Jan 17 21:34:17.126387 dv-cinder-825012-3-smb devstack@n-api.service[123272]: [pid: 123272|app: 0|req: 15/26] 10.222.0.71 () {58 vars in 1235 bytes} [Mon Jan 17 21:34:16 2022] GET /compute/v2.1/servers/2e1c9dbe-1163-4b8d-8f19-8a6491d20ce0 => generated 1218 bytes in 405 msecs (HTTP/1.1 200) 9 headers in 358 bytes (1 switches on core 0)
Jan 17 21:34:17.171899 dv-cinder-825012-3-smb devstack@n-api.service[123273]: INFO nova.api.openstack.requestlog [None req-73b986d7-a943-4fcc-a661-c7e949652c52 tempest-VolumesSnapshotsTestJSON-995708906 tempest-VolumesSnapshotsTestJSON-995708906-project] 10.222.0.71 "DELETE /compute/v2.1/os-volumes/bd59aa7d-e45b-4124-8261-d857835eedd1" status: 202 len: 0 microversion: 2.1 time: 0.325250
Jan 17 21:34:17.176705 dv-cinder-825012-3-smb devstack@n-api.service[123273]: [pid: 123273|app: 0|req: 12/27] 10.222.0.71 () {58 vars in 1247 bytes} [Mon Jan 17 21:34:16 2022] DELETE /compute/v2.1/os-volumes/bd59aa7d-e45b-4124-8261-d857835eedd1 => generated 0 bytes in 327 msecs (HTTP/1.1 202) 9 headers in 361 bytes (1 switches on core 0)
Jan 17 21:34:17.182079 dv-cinder-825012-3-smb devstack@n-api.service[123272]: DEBUG nova.api.openstack.wsgi [None req-13029adf-e64c-4fea-9eba-8e182ac017e0 tempest-VolumesSnapshotsTestJSON-995708906 tempest-VolumesSnapshotsTestJSON-995708906-project] Calling method '.version_select at 0x7f305b2b2790>' {{(pid=123272) _process_stack /opt/stack/nova/nova/api/openstack/wsgi.py:513}}
Jan 17 21:34:17.607416 dv-cinder-825012-3-smb devstack@n-api.service[123272]: INFO nova.api.openstack.requestlog [None req-13029adf-e64c-4fea-9eba-8e182ac017e0 tempest-VolumesSnapshotsTestJSON-995708906 tempest-VolumesSnapshotsTestJSON-995708906-project] 10.222.0.71 "GET /compute/v2.1/os-volumes/bd59aa7d-e45b-4124-8261-d857835eedd1" status: 200 len: 345 microversion: 2.1 time: 0.429129
Jan 17 21:34:17.607997 dv-cinder-825012-3-smb devstack@n-api.service[123272]: [pid: 123272|app: 0|req: 16/28] 10.222.0.71 () {58 vars in 1244 bytes} [Mon Jan 17 21:34:17 2022] GET /compute/v2.1/os-volumes/bd59aa7d-e45b-4124-8261-d857835eedd1 => generated 345 bytes in 430 msecs (HTTP/1.1 200) 9 headers in 357 bytes (1 switches on core 0)
Jan 17 21:34:17.616434 dv-cinder-825012-3-smb devstack@n-api.service[123273]: DEBUG nova.api.openstack.wsgi [None req-1633b5b7-c578-4a83-87fe-206d36474afe tempest-AttachVolumeNegativeTest-987597697 tempest-AttachVolumeNegativeTest-987597697-project] Calling method '>' {{(pid=123273) _process_stack /opt/stack/nova/nova/api/openstack/wsgi.py:513}}
Jan 17 21:34:17.616434 dv-cinder-825012-3-smb devstack@n-api.service[123273]: DEBUG nova.compute.api [None req-1633b5b7-c578-4a83-87fe-206d36474afe tempest-AttachVolumeNegativeTest-987597697 tempest-AttachVolumeNegativeTest-987597697-project] [instance: a512755c-91b9-4c0d-a3fa-bd82fb3fc4a5] Fetching instance by UUID {{(pid=123273) get /opt/stack/nova/nova/compute/api.py:2865}}
Jan 17 21:34:17.625809 dv-cinder-825012-3-smb devstack@n-api.service[123273]: DEBUG oslo_concurrency.lockutils [None req-1633b5b7-c578-4a83-87fe-206d36474afe tempest-AttachVolumeNegativeTest-987597697 tempest-AttachVolumeNegativeTest-987597697-project] Lock "1922dfd4-833f-4714-adda-dcfe9ae79cf0" acquired by "nova.context.set_target_cell..get_or_set_cached_cell_and_set_connections" :: waited 0.000s {{(pid=123273) inner /usr/local/lib/python3.8/dist-packages/oslo_concurrency/lockutils.py:386}}
Jan 17 21:34:17.640770 dv-cinder-825012-3-smb devstack@n-api.service[123273]: DEBUG oslo_concurrency.lockutils [None req-1633b5b7-c578-4a83-87fe-206d36474afe tempest-AttachVolumeNegativeTest-987597697 tempest-AttachVolumeNegativeTest-987597697-project] Lock "1922dfd4-833f-4714-adda-dcfe9ae79cf0" "released" by "nova.context.set_target_cell..get_or_set_cached_cell_and_set_connections" :: held 0.002s {{(pid=123273) inner /usr/local/lib/python3.8/dist-packages/oslo_concurrency/lockutils.py:400}}
Jan 17 21:34:17.644967 dv-cinder-825012-3-smb devstack@n-api.service[123273]: DEBUG oslo_concurrency.lockutils [None req-1633b5b7-c578-4a83-87fe-206d36474afe tempest-AttachVolumeNegativeTest-987597697 tempest-AttachVolumeNegativeTest-987597697-project] Lock "1922dfd4-833f-4714-adda-dcfe9ae79cf0" acquired by "nova.context.set_target_cell..get_or_set_cached_cell_and_set_connections" :: waited 0.000s {{(pid=123273) inner /usr/local/lib/python3.8/dist-packages/oslo_concurrency/lockutils.py:386}}
Jan 17 21:34:17.644967 dv-cinder-825012-3-smb devstack@n-api.service[123273]: DEBUG oslo_concurrency.lockutils [None req-1633b5b7-c578-4a83-87fe-206d36474afe tempest-AttachVolumeNegativeTest-987597697 tempest-AttachVolumeNegativeTest-987597697-project] Lock "1922dfd4-833f-4714-adda-dcfe9ae79cf0" "released" by "nova.context.set_target_cell..get_or_set_cached_cell_and_set_connections" :: held 0.001s {{(pid=123273) inner /usr/local/lib/python3.8/dist-packages/oslo_concurrency/lockutils.py:400}}
Jan 17 21:34:17.873675 dv-cinder-825012-3-smb devstack@n-api.service[123273]: DEBUG nova.policy [None req-1633b5b7-c578-4a83-87fe-206d36474afe tempest-AttachVolumeNegativeTest-987597697 tempest-AttachVolumeNegativeTest-987597697-project] Policy check for os_compute_api:os-extended-server-attributes failed with credentials {'is_admin': False, 'user_id': 'a27984db69d7450bb0b8d453b656e010', 'user_domain_id': 'default', 'system_scope': None, 'domain_id': None, 'project_id': '0f1afa5fcd224f3dba688657bf05d2b6', 'project_domain_id': 'default', 'roles': ['reader', 'member'], 'is_admin_project': True, 'service_user_id': None, 'service_user_domain_id': None, 'service_project_id': None, 'service_project_domain_id': None, 'service_roles': []} {{(pid=123273) authorize /opt/stack/nova/nova/policy.py:199}}
Jan 17 21:34:17.892607 dv-cinder-825012-3-smb devstack@n-api.service[123273]: INFO nova.api.openstack.requestlog [None req-1633b5b7-c578-4a83-87fe-206d36474afe tempest-AttachVolumeNegativeTest-987597697 tempest-AttachVolumeNegativeTest-987597697-project] 10.222.0.71 "GET /compute/v2.1/servers/a512755c-91b9-4c0d-a3fa-bd82fb3fc4a5" status: 200 len: 1214 microversion: 2.1 time: 0.288619
Jan 17 21:34:17.893212 dv-cinder-825012-3-smb devstack@n-api.service[123273]: [pid: 123273|app: 0|req: 13/29] 10.222.0.71 () {58 vars in 1235 bytes} [Mon Jan 17 21:34:17 2022] GET /compute/v2.1/servers/a512755c-91b9-4c0d-a3fa-bd82fb3fc4a5 => generated 1214 bytes in 290 msecs (HTTP/1.1 200) 9 headers in 358 bytes (1 switches on core 0)
Jan 17 21:34:18.134397 dv-cinder-825012-3-smb devstack@n-api.service[123272]: DEBUG nova.api.openstack.wsgi [None req-dc919b94-b731-494e-a390-aaf0ebd23f51 tempest-DeleteServersTestJSON-348961105 tempest-DeleteServersTestJSON-348961105-project] Calling method '>' {{(pid=123272) _process_stack /opt/stack/nova/nova/api/openstack/wsgi.py:513}}
