Jan 28 02:01:33.750310 dv-cinder-824979-1-iscsi devstack@n-api.service[115761]: DEBUG nova.compute.api [None req-c8fe801b-fdab-4daf-9e28-b7d88932a34a tempest-AttachVolumeNegativeTest-579488824 tempest-AttachVolumeNegativeTest-579488824-project] [instance: 0c7e70ce-ff2e-4323-baec-1455763bb95f] Fetching instance by UUID {{(pid=115761) get /opt/stack/nova/nova/compute/api.py:2863}}
Jan 28 02:01:33.772670 dv-cinder-824979-1-iscsi devstack@n-api.service[115761]: DEBUG oslo_concurrency.lockutils [None req-c8fe801b-fdab-4daf-9e28-b7d88932a34a tempest-AttachVolumeNegativeTest-579488824 tempest-AttachVolumeNegativeTest-579488824-project] Lock "7348e7ae-6880-4f81-9ff6-b2f30a471bee" acquired by "nova.context.set_target_cell..get_or_set_cached_cell_and_set_connections" :: waited 0.000s {{(pid=115761) inner /usr/local/lib/python3.8/dist-packages/oslo_concurrency/lockutils.py:355}}
Jan 28 02:01:33.774611 dv-cinder-824979-1-iscsi devstack@n-api.service[115761]: DEBUG oslo_concurrency.lockutils [None req-c8fe801b-fdab-4daf-9e28-b7d88932a34a tempest-AttachVolumeNegativeTest-579488824 tempest-AttachVolumeNegativeTest-579488824-project] Lock "7348e7ae-6880-4f81-9ff6-b2f30a471bee" released by "nova.context.set_target_cell..get_or_set_cached_cell_and_set_connections" :: held 0.001s {{(pid=115761) inner /usr/local/lib/python3.8/dist-packages/oslo_concurrency/lockutils.py:367}}
Jan 28 02:01:33.777849 dv-cinder-824979-1-iscsi devstack@n-api.service[115761]: DEBUG oslo_concurrency.lockutils [None req-c8fe801b-fdab-4daf-9e28-b7d88932a34a tempest-AttachVolumeNegativeTest-579488824 tempest-AttachVolumeNegativeTest-579488824-project] Lock "7348e7ae-6880-4f81-9ff6-b2f30a471bee" acquired by "nova.context.set_target_cell..get_or_set_cached_cell_and_set_connections" :: waited 0.000s {{(pid=115761) inner /usr/local/lib/python3.8/dist-packages/oslo_concurrency/lockutils.py:355}}
Jan 28 02:01:33.779437 dv-cinder-824979-1-iscsi devstack@n-api.service[115761]: DEBUG oslo_concurrency.lockutils [None req-c8fe801b-fdab-4daf-9e28-b7d88932a34a tempest-AttachVolumeNegativeTest-579488824 tempest-AttachVolumeNegativeTest-579488824-project] Lock "7348e7ae-6880-4f81-9ff6-b2f30a471bee" released by "nova.context.set_target_cell..get_or_set_cached_cell_and_set_connections" :: held 0.002s {{(pid=115761) inner /usr/local/lib/python3.8/dist-packages/oslo_concurrency/lockutils.py:367}}
Jan 28 02:01:34.453113 dv-cinder-824979-1-iscsi devstack@n-api.service[115760]: DEBUG nova.policy [None req-29723c30-cead-4184-9dea-5ce7fb406558 tempest-DeleteServersTestJSON-682355776 tempest-DeleteServersTestJSON-682355776-project] Policy check for os_compute_api:os-extended-server-attributes failed with credentials {'is_admin': False, 'user_id': '3bf94c1b148942939821bdd801d4f907', 'user_domain_id': 'default', 'system_scope': None, 'domain_id': None, 'project_id': 'e903984909674521a44fe37d95d94b8c', 'project_domain_id': 'default', 'roles': ['member', 'reader'], 'is_admin_project': True, 'service_user_id': None, 'service_user_domain_id': None, 'service_project_id': None, 'service_project_domain_id': None, 'service_roles': []} {{(pid=115760) authorize /opt/stack/nova/nova/policy.py:199}}
Jan 28 02:01:34.468206 dv-cinder-824979-1-iscsi devstack@n-api.service[115760]: INFO nova.api.openstack.requestlog [None req-29723c30-cead-4184-9dea-5ce7fb406558 tempest-DeleteServersTestJSON-682355776 tempest-DeleteServersTestJSON-682355776-project] 10.222.0.77 "GET /compute/v2.1/servers/aaf2b320-c2a2-40d6-afca-73668bda7933" status: 200 len: 1315 microversion: 2.1 time: 0.785189
Jan 28 02:01:34.470397 dv-cinder-824979-1-iscsi devstack@n-api.service[115760]: [pid: 115760|app: 0|req: 15/25] 10.222.0.77 () {58 vars in 1235 bytes} [Fri Jan 28 02:01:33 2022] GET /compute/v2.1/servers/aaf2b320-c2a2-40d6-afca-73668bda7933 => generated 1315 bytes in 789 msecs (HTTP/1.1 200) 9 headers in 358 bytes (1 switches on core 0)
Jan 28 02:01:34.498505 dv-cinder-824979-1-iscsi devstack@n-api.service[115760]: DEBUG nova.api.openstack.wsgi [None req-4e26b8ee-f127-4ddc-bfb1-30afd1024211 tempest-ServerRescueNegativeTestJSON-1068127003 tempest-ServerRescueNegativeTestJSON-1068127003-project] Calling method '>' {{(pid=115760) _process_stack /opt/stack/nova/nova/api/openstack/wsgi.py:513}}
Jan 28 02:01:34.499907 dv-cinder-824979-1-iscsi devstack@n-api.service[115760]: DEBUG nova.compute.api [None req-4e26b8ee-f127-4ddc-bfb1-30afd1024211 tempest-ServerRescueNegativeTestJSON-1068127003 tempest-ServerRescueNegativeTestJSON-1068127003-project] [instance: c8d62c44-4ca6-4d5a-bd60-2f5e9e821199] Fetching instance by UUID {{(pid=115760) get /opt/stack/nova/nova/compute/api.py:2863}}
Jan 28 02:01:34.515209 dv-cinder-824979-1-iscsi devstack@n-api.service[115760]: DEBUG oslo_concurrency.lockutils [None req-4e26b8ee-f127-4ddc-bfb1-30afd1024211 tempest-ServerRescueNegativeTestJSON-1068127003 tempest-ServerRescueNegativeTestJSON-1068127003-project] Lock "7348e7ae-6880-4f81-9ff6-b2f30a471bee" acquired by "nova.context.set_target_cell..get_or_set_cached_cell_and_set_connections" :: waited 0.000s {{(pid=115760) inner /usr/local/lib/python3.8/dist-packages/oslo_concurrency/lockutils.py:355}}
Jan 28 02:01:34.516827 dv-cinder-824979-1-iscsi devstack@n-api.service[115760]: DEBUG oslo_concurrency.lockutils [None req-4e26b8ee-f127-4ddc-bfb1-30afd1024211 tempest-ServerRescueNegativeTestJSON-1068127003 tempest-ServerRescueNegativeTestJSON-1068127003-project] Lock "7348e7ae-6880-4f81-9ff6-b2f30a471bee" released by "nova.context.set_target_cell..get_or_set_cached_cell_and_set_connections" :: held 0.002s {{(pid=115760) inner /usr/local/lib/python3.8/dist-packages/oslo_concurrency/lockutils.py:367}}
Jan 28 02:01:34.518249 dv-cinder-824979-1-iscsi devstack@n-api.service[115760]: DEBUG oslo_concurrency.lockutils [None req-4e26b8ee-f127-4ddc-bfb1-30afd1024211 tempest-ServerRescueNegativeTestJSON-1068127003 tempest-ServerRescueNegativeTestJSON-1068127003-project] Lock "7348e7ae-6880-4f81-9ff6-b2f30a471bee" acquired by "nova.context.set_target_cell..get_or_set_cached_cell_and_set_connections" :: waited 0.000s {{(pid=115760) inner /usr/local/lib/python3.8/dist-packages/oslo_concurrency/lockutils.py:355}}
Jan 28 02:01:34.520880 dv-cinder-824979-1-iscsi devstack@n-api.service[115760]: DEBUG oslo_concurrency.lockutils [None req-4e26b8ee-f127-4ddc-bfb1-30afd1024211 tempest-ServerRescueNegativeTestJSON-1068127003 tempest-ServerRescueNegativeTestJSON-1068127003-project] Lock "7348e7ae-6880-4f81-9ff6-b2f30a471bee" released by "nova.context.set_target_cell..get_or_set_cached_cell_and_set_connections" :: held 0.002s {{(pid=115760) inner /usr/local/lib/python3.8/dist-packages/oslo_concurrency/lockutils.py:367}}
Jan 28 02:01:34.565851 dv-cinder-824979-1-iscsi devstack@n-api.service[115761]: DEBUG nova.policy [None req-c8fe801b-fdab-4daf-9e28-b7d88932a34a tempest-AttachVolumeNegativeTest-579488824 tempest-AttachVolumeNegativeTest-579488824-project] Policy check for os_compute_api:os-extended-server-attributes failed with credentials {'is_admin': False, 'user_id': '9717e2ab2be74631aba4b196112bf984', 'user_domain_id': 'default', 'system_scope': None, 'domain_id': None, 'project_id': '6639261ee8ee46e0a4e3a01eb63b9ab4', 'project_domain_id': 'default', 'roles': ['member', 'reader'], 'is_admin_project': True, 'service_user_id': None, 'service_user_domain_id': None, 'service_project_id': None, 'service_project_domain_id': None, 'service_roles': []} {{(pid=115761) authorize /opt/stack/nova/nova/policy.py:199}}
Jan 28 02:01:34.574640 dv-cinder-824979-1-iscsi devstack@n-api.service[115761]: INFO nova.api.openstack.requestlog [None req-c8fe801b-fdab-4daf-9e28-b7d88932a34a tempest-AttachVolumeNegativeTest-579488824 tempest-AttachVolumeNegativeTest-579488824-project] 10.222.0.77 "GET /compute/v2.1/servers/0c7e70ce-ff2e-4323-baec-1455763bb95f" status: 200 len: 1318 microversion: 2.1 time: 0.837847
Jan 28 02:01:34.578982 dv-cinder-824979-1-iscsi devstack@n-api.service[115761]: [pid: 115761|app: 0|req: 11/26] 10.222.0.77 () {58 vars in 1235 bytes} [Fri Jan 28 02:01:33 2022] GET /compute/v2.1/servers/0c7e70ce-ff2e-4323-baec-1455763bb95f => generated 1318 bytes in 843 msecs (HTTP/1.1 200) 9 headers in 358 bytes (2 switches on core 0)
Jan 28 02:01:34.722003 dv-cinder-824979-1-iscsi devstack@n-api.service[115760]: DEBUG nova.policy [None req-4e26b8ee-f127-4ddc-bfb1-30afd1024211 tempest-ServerRescueNegativeTestJSON-1068127003 tempest-ServerRescueNegativeTestJSON-1068127003-project] Policy check for os_compute_api:os-extended-server-attributes failed with credentials {'is_admin': False, 'user_id': 'a7dc50f676f942319f779d8f141502f4', 'user_domain_id': 'default', 'system_scope': None, 'domain_id': None, 'project_id': 'a830c3a19c3740619ece0b4ca820490e', 'project_domain_id': 'default', 'roles': ['member', 'reader'], 'is_admin_project': True, 'service_user_id': None, 'service_user_domain_id': None, 'service_project_id': None, 'service_project_domain_id': None, 'service_roles': []} {{(pid=115760) authorize /opt/stack/nova/nova/policy.py:199}}
Jan 28 02:01:34.731794 dv-cinder-824979-1-iscsi devstack@n-api.service[115760]: INFO nova.api.openstack.requestlog [None req-4e26b8ee-f127-4ddc-bfb1-30afd1024211 tempest-ServerRescueNegativeTestJSON-1068127003 tempest-ServerRescueNegativeTestJSON-1068127003-project] 10.222.0.77 "GET /compute/v2.1/servers/c8d62c44-4ca6-4d5a-bd60-2f5e9e821199" status: 200 len: 1225 microversion: 2.1 time: 0.244814
Jan 28 02:01:34.736183 dv-cinder-824979-1-iscsi devstack@n-api.service[115760]: [pid: 115760|app: 0|req: 16/27] 10.222.0.77 () {58 vars in 1235 bytes} [Fri Jan 28 02:01:34 2022] GET /compute/v2.1/servers/c8d62c44-4ca6-4d5a-bd60-2f5e9e821199 => generated 1225 bytes in 265 msecs (HTTP/1.1 200) 9 headers in 358 bytes (1 switches on core 0)
Jan 28 02:01:35.487427 dv-cinder-824979-1-iscsi devstack@n-api.service[115761]: DEBUG nova.api.openstack.wsgi [None req-4e89d145-8fb3-45bd-92d2-58aef33eb3a3 tempest-DeleteServersTestJSON-682355776 tempest-DeleteServersTestJSON-682355776-project] Calling method '>' {{(pid=115761) _process_stack /opt/stack/nova/nova/api/openstack/wsgi.py:513}}
Jan 28 02:01:35.488968 dv-cinder-824979-1-iscsi devstack@n-api.service[115761]: DEBUG nova.compute.api [None req-4e89d145-8fb3-45bd-92d2-58aef33eb3a3 tempest-DeleteServersTestJSON-682355776 tempest-DeleteServersTestJSON-682355776-project] [instance: aaf2b320-c2a2-40d6-afca-73668bda7933] Fetching instance by UUID {{(pid=115761) get /opt/stack/nova/nova/compute/api.py:2863}}
Jan 28 02:01:35.506776 dv-cinder-824979-1-iscsi devstack@n-api.service[115761]: DEBUG oslo_concurrency.lockutils [None req-4e89d145-8fb3-45bd-92d2-58aef33eb3a3 tempest-DeleteServersTestJSON-682355776 tempest-DeleteServersTestJSON-682355776-project] Lock "7348e7ae-6880-4f81-9ff6-b2f30a471bee" acquired by "nova.context.set_target_cell..get_or_set_cached_cell_and_set_connections" :: waited 0.000s {{(pid=115761) inner /usr/local/lib/python3.8/dist-packages/oslo_concurrency/lockutils.py:355}}
Jan 28 02:01:35.511369 dv-cinder-824979-1-iscsi devstack@n-api.service[115761]: DEBUG oslo_concurrency.lockutils [None req-4e89d145-8fb3-45bd-92d2-58aef33eb3a3 tempest-DeleteServersTestJSON-682355776 tempest-DeleteServersTestJSON-682355776-project] Lock "7348e7ae-6880-4f81-9ff6-b2f30a471bee" released by "nova.context.set_target_cell..get_or_set_cached_cell_and_set_connections" :: held 0.006s {{(pid=115761) inner /usr/local/lib/python3.8/dist-packages/oslo_concurrency/lockutils.py:367}}
Jan 28 02:01:35.512638 dv-cinder-824979-1-iscsi devstack@n-api.service[115761]: DEBUG oslo_concurrency.lockutils [None req-4e89d145-8fb3-45bd-92d2-58aef33eb3a3 tempest-DeleteServersTestJSON-682355776 tempest-DeleteServersTestJSON-682355776-project] Lock "7348e7ae-6880-4f81-9ff6-b2f30a471bee" acquired by "nova.context.set_target_cell..get_or_set_cached_cell_and_set_connections" :: waited 0.000s {{(pid=115761) inner /usr/local/lib/python3.8/dist-packages/oslo_concurrency/lockutils.py:355}}
Jan 28 02:01:35.513837 dv-cinder-824979-1-iscsi devstack@n-api.service[115761]: DEBUG oslo_concurrency.lockutils [None req-4e89d145-8fb3-45bd-92d2-58aef33eb3a3 tempest-DeleteServersTestJSON-682355776 tempest-DeleteServersTestJSON-682355776-project] Lock "7348e7ae-6880-4f81-9ff6-b2f30a471bee" released by "nova.context.set_target_cell..get_or_set_cached_cell_and_set_connections" :: held 0.001s {{(pid=115761) inner /usr/local/lib/python3.8/dist-packages/oslo_concurrency/lockutils.py:367}}
Jan 28 02:01:35.595690 dv-cinder-824979-1-iscsi devstack@n-api.service[115760]: DEBUG nova.api.openstack.wsgi [None req-f867cddd-eb07-4b18-9331-665fc56fa63b tempest-AttachVolumeNegativeTest-579488824 tempest-AttachVolumeNegativeTest-579488824-project] Calling method '>' {{(pid=115760) _process_stack /opt/stack/nova/nova/api/openstack/wsgi.py:513}}
Jan 28 02:01:35.597533 dv-cinder-824979-1-iscsi devstack@n-api.service[115760]: DEBUG nova.compute.api [None req-f867cddd-eb07-4b18-9331-665fc56fa63b tempest-AttachVolumeNegativeTest-579488824 tempest-AttachVolumeNegativeTest-579488824-project] [instance: 0c7e70ce-ff2e-4323-baec-1455763bb95f] Fetching instance by UUID {{(pid=115760) get /opt/stack/nova/nova/compute/api.py:2863}}
Jan 28 02:01:35.606583 dv-cinder-824979-1-iscsi devstack@n-api.service[115760]: DEBUG oslo_concurrency.lockutils [None req-f867cddd-eb07-4b18-9331-665fc56fa63b tempest-AttachVolumeNegativeTest-579488824 tempest-AttachVolumeNegativeTest-579488824-project] Lock "7348e7ae-6880-4f81-9ff6-b2f30a471bee" acquired by "nova.context.set_target_cell..get_or_set_cached_cell_and_set_connections" :: waited 0.000s {{(pid=115760) inner /usr/local/lib/python3.8/dist-packages/oslo_concurrency/lockutils.py:355}}
Jan 28 02:01:35.608537 dv-cinder-824979-1-iscsi devstack@n-api.service[115760]: DEBUG oslo_concurrency.lockutils [None req-f867cddd-eb07-4b18-9331-665fc56fa63b tempest-AttachVolumeNegativeTest-579488824 tempest-AttachVolumeNegativeTest-579488824-project] Lock "7348e7ae-6880-4f81-9ff6-b2f30a471bee" released by "nova.context.set_target_cell..get_or_set_cached_cell_and_set_connections" :: held 0.002s {{(pid=115760) inner /usr/local/lib/python3.8/dist-packages/oslo_concurrency/lockutils.py:367}}
Jan 28 02:01:35.610404 dv-cinder-824979-1-iscsi devstack@n-api.service[115760]: DEBUG oslo_concurrency.lockutils [None req-f867cddd-eb07-4b18-9331-665fc56fa63b tempest-AttachVolumeNegativeTest-579488824 tempest-AttachVolumeNegativeTest-579488824-project] Lock "7348e7ae-6880-4f81-9ff6-b2f30a471bee" acquired by "nova.context.set_target_cell..get_or_set_cached_cell_and_set_connections" :: waited 0.000s {{(pid=115760) inner /usr/local/lib/python3.8/dist-packages/oslo_concurrency/lockutils.py:355}}
Jan 28 02:01:35.611602 dv-cinder-824979-1-iscsi devstack@n-api.service[115760]: DEBUG oslo_concurrency.lockutils [None req-f867cddd-eb07-4b18-9331-665fc56fa63b tempest-AttachVolumeNegativeTest-579488824 tempest-AttachVolumeNegativeTest-579488824-project] Lock "7348e7ae-6880-4f81-9ff6-b2f30a471bee" released by "nova.context.set_target_cell..get_or_set_cached_cell_and_set_connections" :: held 0.001s {{(pid=115760) inner /usr/local/lib/python3.8/dist-packages/oslo_concurrency/lockutils.py:367}}
Jan 28 02:01:36.662023 dv-cinder-824979-1-iscsi devstack@n-api.service[115761]: DEBUG nova.policy [None req-4e89d145-8fb3-45bd-92d2-58aef33eb3a3 tempest-DeleteServersTestJSON-682355776 tempest-DeleteServersTestJSON-682355776-project] Policy check for os_compute_api:os-extended-server-attributes failed with credentials {'is_admin': False, 'user_id': '3bf94c1b148942939821bdd801d4f907', 'user_domain_id': 'default', 'system_scope': None, 'domain_id': None, 'project_id': 'e903984909674521a44fe37d95d94b8c', 'project_domain_id': 'default', 'roles': ['member', 'reader'], 'is_admin_project': True, 'service_user_id': None, 'service_user_domain_id': None, 'service_project_id': None, 'service_project_domain_id': None, 'service_roles': []} {{(pid=115761) authorize /opt/stack/nova/nova/policy.py:199}}
Jan 28 02:01:36.674621 dv-cinder-824979-1-iscsi devstack@n-api.service[115761]: INFO nova.api.openstack.requestlog [None req-4e89d145-8fb3-45bd-92d2-58aef33eb3a3 tempest-DeleteServersTestJSON-682355776 tempest-DeleteServersTestJSON-682355776-project] 10.222.0.77 "GET /compute/v2.1/servers/aaf2b320-c2a2-40d6-afca-73668bda7933" status: 200 len: 1315 microversion: 2.1 time: 1.189854
Jan 28 02:01:36.690407 dv-cinder-824979-1-iscsi devstack@n-api.service[115761]: [pid: 115761|app: 0|req: 12/28] 10.222.0.77 () {58 vars in 1235 bytes} [Fri Jan 28 02:01:35 2022] GET /compute/v2.1/servers/aaf2b320-c2a2-40d6-afca-73668bda7933 => generated 1315 bytes in 1208 msecs (HTTP/1.1 200) 9 headers in 358 bytes (1 switches on core 0)
Jan 28 02:01:36.700214 dv-cinder-824979-1-iscsi devstack@n-api.service[115761]: DEBUG nova.api.openstack.wsgi [None req-82940756-7430-4153-aa45-4a55c08e28ed tempest-ServerRescueNegativeTestJSON-1068127003 tempest-ServerRescueNegativeTestJSON-1068127003-project] Calling method '>' {{(pid=115761) _process_stack /opt/stack/nova/nova/api/openstack/wsgi.py:513}}
Jan 28 02:01:36.701948 dv-cinder-824979-1-iscsi devstack@n-api.service[115761]: DEBUG nova.compute.api [None req-82940756-7430-4153-aa45-4a55c08e28ed tempest-ServerRescueNegativeTestJSON-1068127003 tempest-ServerRescueNegativeTestJSON-1068127003-project] [instance: c8d62c44-4ca6-4d5a-bd60-2f5e9e821199] Fetching instance by UUID {{(pid=115761) get /opt/stack/nova/nova/compute/api.py:2863}}
Jan 28 02:01:36.707398 dv-cinder-824979-1-iscsi devstack@n-api.service[115760]: DEBUG nova.policy [None req-f867cddd-eb07-4b18-9331-665fc56fa63b tempest-AttachVolumeNegativeTest-579488824 tempest-AttachVolumeNegativeTest-579488824-project] Policy check for os_compute_api:os-extended-server-attributes failed with credentials {'is_admin': False, 'user_id': '9717e2ab2be74631aba4b196112bf984', 'user_domain_id': 'default', 'system_scope': None, 'domain_id': None, 'project_id': '6639261ee8ee46e0a4e3a01eb63b9ab4', 'project_domain_id': 'default', 'roles': ['member', 'reader'], 'is_admin_project': True, 'service_user_id': None, 'service_user_domain_id': None, 'service_project_id': None, 'service_project_domain_id': None, 'service_roles': []} {{(pid=115760) authorize /opt/stack/nova/nova/policy.py:199}}
Jan 28 02:01:36.716746 dv-cinder-824979-1-iscsi devstack@n-api.service[115760]: INFO nova.api.openstack.requestlog [None req-f867cddd-eb07-4b18-9331-665fc56fa63b tempest-AttachVolumeNegativeTest-579488824 tempest-AttachVolumeNegativeTest-579488824-project] 10.222.0.77 "GET /compute/v2.1/servers/0c7e70ce-ff2e-4323-baec-1455763bb95f" status: 200 len: 1318 microversion: 2.1 time: 1.125424
Jan 28 02:01:36.735233 dv-cinder-824979-1-iscsi devstack@n-api.service[115760]: [pid: 115760|app: 0|req: 17/29] 10.222.0.77 () {58 vars in 1235 bytes} [Fri Jan 28 02:01:35 2022] GET /compute/v2.1/servers/0c7e70ce-ff2e-4323-baec-1455763bb95f => generated 1318 bytes in 1144 msecs (HTTP/1.1 200) 9 headers in 358 bytes (2 switches on core 0)
Jan 28 02:01:36.744073 dv-cinder-824979-1-iscsi devstack@n-api.service[115761]: DEBUG oslo_concurrency.lockutils [None req-82940756-7430-4153-aa45-4a55c08e28ed tempest-ServerRescueNegativeTestJSON-1068127003 tempest-ServerRescueNegativeTestJSON-1068127003-project] Lock "7348e7ae-6880-4f81-9ff6-b2f30a471bee" acquired by "nova.context.set_target_cell..get_or_set_cached_cell_and_set_connections" :: waited 0.000s {{(pid=115761) inner /usr/local/lib/python3.8/dist-packages/oslo_concurrency/lockutils.py:355}}
Jan 28 02:01:36.745297 dv-cinder-824979-1-iscsi devstack@n-api.service[115761]: DEBUG oslo_concurrency.lockutils [None req-82940756-7430-4153-aa45-4a55c08e28ed tempest-ServerRescueNegativeTestJSON-1068127003 tempest-ServerRescueNegativeTestJSON-1068127003-project] Lock "7348e7ae-6880-4f81-9ff6-b2f30a471bee" released by "nova.context.set_target_cell..get_or_set_cached_cell_and_set_connections" :: held 0.001s {{(pid=115761) inner /usr/local/lib/python3.8/dist-packages/oslo_concurrency/lockutils.py:367}}
Jan 28 02:01:36.747581 dv-cinder-824979-1-iscsi devstack@n-api.service[115761]: DEBUG oslo_concurrency.lockutils [None req-82940756-7430-4153-aa45-4a55c08e28ed tempest-ServerRescueNegativeTestJSON-1068127003 tempest-ServerRescueNegativeTestJSON-1068127003-project] Lock "7348e7ae-6880-4f81-9ff6-b2f30a471bee" acquired by "nova.context.set_target_cell..get_or_set_cached_cell_and_set_connections" :: waited 0.000s {{(pid=115761) inner /usr/local/lib/python3.8/dist-packages/oslo_concurrency/lockutils.py:355}}
Jan 28 02:01:36.749375 dv-cinder-824979-1-iscsi devstack@n-api.service[115761]: DEBUG oslo_concurrency.lockutils [None req-82940756-7430-4153-aa45-4a55c08e28ed tempest-ServerRescueNegativeTestJSON-1068127003 tempest-ServerRescueNegativeTestJSON-1068127003-project] Lock "7348e7ae-6880-4f81-9ff6-b2f30a471bee" released by "nova.context.set_target_cell..get_or_set_cached_cell_and_set_connections" :: held 0.002s {{(pid=115761) inner /usr/local/lib/python3.8/dist-packages/oslo_concurrency/lockutils.py:367}}
Jan 28 02:01:36.937830 dv-cinder-824979-1-iscsi devstack@n-api.service[115761]: DEBUG nova.policy [None req-82940756-7430-4153-aa45-4a55c08e28ed tempest-ServerRescueNegativeTestJSON-1068127003 tempest-ServerRescueNegativeTestJSON-1068127003-project] Policy check for os_compute_api:os-extended-server-attributes failed with credentials {'is_admin': False, 'user_id': 'a7dc50f676f942319f779d8f141502f4', 'user_domain_id': 'default', 'system_scope': None, 'domain_id': None, 'project_id': 'a830c3a19c3740619ece0b4ca820490e', 'project_domain_id': 'default', 'roles': ['member', 'reader'], 'is_admin_project': True, 'service_user_id': None, 'service_user_domain_id': None, 'service_project_id': None, 'service_project_domain_id': None, 'service_roles': []} {{(pid=115761) authorize /opt/stack/nova/nova/policy.py:199}}
Jan 28 02:01:36.949231 dv-cinder-824979-1-iscsi devstack@n-api.service[115761]: INFO nova.api.openstack.requestlog [None req-82940756-7430-4153-aa45-4a55c08e28ed tempest-ServerRescueNegativeTestJSON-1068127003 tempest-ServerRescueNegativeTestJSON-1068127003-project] 10.222.0.77 "GET /compute/v2.1/servers/c8d62c44-4ca6-4d5a-bd60-2f5e9e821199" status: 200 len: 1279 microversion: 2.1 time: 0.255986
Jan 28 02:01:36.950867 dv-cinder-824979-1-iscsi devstack@n-api.service[115761]: [pid: 115761|app: 0|req: 13/30] 10.222.0.77 () {58 vars in 1235 bytes} [Fri Jan 28 02:01:36 2022] GET /compute/v2.1/servers/c8d62c44-4ca6-4d5a-bd60-2f5e9e821199 => generated 1279 bytes in 260 msecs (HTTP/1.1 200) 9 headers in 358 bytes (1 switches on core 0)
Jan 28 02:01:37.197686 dv-cinder-824979-1-iscsi devstack@n-api.service[115760]: DEBUG nova.api.openstack.wsgi [None req-8e647025-4177-4dc4-af96-a20e2de7dfcd tempest-AttachVolumeShelveTestJSON-236520737 tempest-AttachVolumeShelveTestJSON-236520737-project] Action: 'create', calling method: >, body: {"server": {"name": "tempest-AttachVolumeShelveTestJSON-server-601022982", "imageRef": "51201cf9-5e9a-482b-be83-568bdfd019b1", "flavorRef": "452", "adminPass": "***", "networks": [{"uuid": "34615009-fca5-44cc-84b3-0752c6a7e426"}], "security_groups": [{"name": "tempest-securitygroup--181446349"}], "key_name": "tempest-keypair-656139416", "user_data": "}} {{(pid=115760) _process_stack /opt/stack/nova/nova/api/openstack/wsgi.py:511}}
Jan 28 02:01:37.414323 dv-cinder-824979-1-iscsi devstack@n-api.service[115760]: DEBUG nova.network.neutron [None req-8e647025-4177-4dc4-af96-a20e2de7dfcd tempest-AttachVolumeShelveTestJSON-236520737 tempest-AttachVolumeShelveTestJSON-236520737-project] validate_networks() for [('34615009-fca5-44cc-84b3-0752c6a7e426', None, None, None, None, None)] {{(pid=115760) validate_networks /opt/stack/nova/nova/network/neutron.py:2481}}
Jan 28 02:01:37.700196 dv-cinder-824979-1-iscsi devstack@n-api.service[115761]: DEBUG nova.api.openstack.wsgi [None req-34a36d4b-39bd-4e98-a7dc-761ca9922ffe tempest-DeleteServersTestJSON-682355776 tempest-DeleteServersTestJSON-682355776-project] Calling method '>' {{(pid=115761) _process_stack /opt/stack/nova/nova/api/openstack/wsgi.py:513}}
Jan 28 02:01:37.710103 dv-cinder-824979-1-iscsi devstack@n-api.service[115761]: DEBUG nova.compute.api [None req-34a36d4b-39bd-4e98-a7dc-761ca9922ffe tempest-DeleteServersTestJSON-682355776 tempest-DeleteServersTestJSON-682355776-project] [instance: aaf2b320-c2a2-40d6-afca-73668bda7933] Fetching instance by UUID {{(pid=115761) get /opt/stack/nova/nova/compute/api.py:2863}}
Jan 28 02:01:37.718601 dv-cinder-824979-1-iscsi devstack@n-api.service[115761]: DEBUG oslo_concurrency.lockutils [None req-34a36d4b-39bd-4e98-a7dc-761ca9922ffe tempest-DeleteServersTestJSON-682355776 tempest-DeleteServersTestJSON-682355776-project] Lock "7348e7ae-6880-4f81-9ff6-b2f30a471bee" acquired by "nova.context.set_target_cell..get_or_set_cached_cell_and_set_connections" :: waited 0.000s {{(pid=115761) inner /usr/local/lib/python3.8/dist-packages/oslo_concurrency/lockutils.py:355}}
Jan 28 02:01:37.719923 dv-cinder-824979-1-iscsi devstack@n-api.service[115761]: DEBUG oslo_concurrency.lockutils [None req-34a36d4b-39bd-4e98-a7dc-761ca9922ffe tempest-DeleteServersTestJSON-682355776 tempest-DeleteServersTestJSON-682355776-project] Lock "7348e7ae-6880-4f81-9ff6-b2f30a471bee" released by "nova.context.set_target_cell..get_or_set_cached_cell_and_set_connections" :: held 0.001s {{(pid=115761) inner /usr/local/lib/python3.8/dist-packages/oslo_concurrency/lockutils.py:367}}
Jan 28 02:01:37.721574 dv-cinder-824979-1-iscsi devstack@n-api.service[115761]: DEBUG oslo_concurrency.lockutils [None req-34a36d4b-39bd-4e98-a7dc-761ca9922ffe tempest-DeleteServersTestJSON-682355776 tempest-DeleteServersTestJSON-682355776-project] Lock "7348e7ae-6880-4f81-9ff6-b2f30a471bee" acquired by "nova.context.set_target_cell..get_or_set_cached_cell_and_set_connections" :: waited 0.000s {{(pid=115761) inner /usr/local/lib/python3.8/dist-packages/oslo_concurrency/lockutils.py:355}}
Jan 28 02:01:37.722303 dv-cinder-824979-1-iscsi devstack@n-api.service[115761]: DEBUG oslo_concurrency.lockutils [None req-34a36d4b-39bd-4e98-a7dc-761ca9922ffe tempest-DeleteServersTestJSON-682355776 tempest-DeleteServersTestJSON-682355776-project] Lock "7348e7ae-6880-4f81-9ff6-b2f30a471bee" released by "nova.context.set_target_cell..get_or_set_cached_cell_and_set_connections" :: held 0.001s {{(pid=115761) inner /usr/local/lib/python3.8/dist-packages/oslo_concurrency/lockutils.py:367}}
Jan 28 02:01:38.211581 dv-cinder-824979-1-iscsi devstack@n-api.service[115761]: DEBUG nova.policy [None req-34a36d4b-39bd-4e98-a7dc-761ca9922ffe tempest-DeleteServersTestJSON-682355776 tempest-DeleteServersTestJSON-682355776-project] Policy check for os_compute_api:os-extended-server-attributes failed with credentials {'is_admin': False, 'user_id': '3bf94c1b148942939821bdd801d4f907', 'user_domain_id': 'default', 'system_scope': None, 'domain_id': None, 'project_id': 'e903984909674521a44fe37d95d94b8c', 'project_domain_id': 'default', 'roles': ['member', 'reader'], 'is_admin_project': True, 'service_user_id': None, 'service_user_domain_id': None, 'service_project_id': None, 'service_project_domain_id': None, 'service_roles': []} {{(pid=115761) authorize /opt/stack/nova/nova/policy.py:199}}
Jan 28 02:01:38.223849 dv-cinder-824979-1-iscsi devstack@n-api.service[115761]: INFO nova.api.openstack.requestlog [None req-34a36d4b-39bd-4e98-a7dc-761ca9922ffe tempest-DeleteServersTestJSON-682355776 tempest-DeleteServersTestJSON-682355776-project] 10.222.0.77 "GET /compute/v2.1/servers/aaf2b320-c2a2-40d6-afca-73668bda7933" status: 200 len: 1315 microversion: 2.1 time: 0.530348
Jan 28 02:01:38.224781 dv-cinder-824979-1-iscsi devstack@n-api.service[115761]: [pid: 115761|app: 0|req: 14/31] 10.222.0.77 () {58 vars in 1235 bytes} [Fri Jan 28 02:01:37 2022] GET /compute/v2.1/servers/aaf2b320-c2a2-40d6-afca-73668bda7933 => generated 1315 bytes in 533 msecs (HTTP/1.1 200) 9 headers in 358 bytes (1 switches on core 0)
Jan 28 02:01:38.233875 dv-cinder-824979-1-iscsi devstack@n-api.service[115761]: DEBUG nova.api.openstack.wsgi [None req-baa78cfc-aadb-43d0-9ea4-e062db19c740 tempest-AttachVolumeNegativeTest-579488824 tempest-AttachVolumeNegativeTest-579488824-project] Calling method '>' {{(pid=115761) _process_stack /opt/stack/nova/nova/api/openstack/wsgi.py:513}}
Jan 28 02:01:38.239526 dv-cinder-824979-1-iscsi devstack@n-api.service[115761]: DEBUG nova.compute.api [None req-baa78cfc-aadb-43d0-9ea4-e062db19c740 tempest-AttachVolumeNegativeTest-579488824 tempest-AttachVolumeNegativeTest-579488824-project] [instance: 0c7e70ce-ff2e-4323-baec-1455763bb95f] Fetching instance by UUID {{(pid=115761) get /opt/stack/nova/nova/compute/api.py:2863}}
Jan 28 02:01:38.247130 dv-cinder-824979-1-iscsi devstack@n-api.service[115761]: DEBUG oslo_concurrency.lockutils [None req-baa78cfc-aadb-43d0-9ea4-e062db19c740 tempest-AttachVolumeNegativeTest-579488824 tempest-AttachVolumeNegativeTest-579488824-project] Lock "7348e7ae-6880-4f81-9ff6-b2f30a471bee" acquired by "nova.context.set_target_cell..get_or_set_cached_cell_and_set_connections" :: waited 0.000s {{(pid=115761) inner /usr/local/lib/python3.8/dist-packages/oslo_concurrency/lockutils.py:355}}
Jan 28 02:01:38.247862 dv-cinder-824979-1-iscsi devstack@n-api.service[115761]: DEBUG oslo_concurrency.lockutils [None req-baa78cfc-aadb-43d0-9ea4-e062db19c740 tempest-AttachVolumeNegativeTest-579488824 tempest-AttachVolumeNegativeTest-579488824-project] Lock "7348e7ae-6880-4f81-9ff6-b2f30a471bee" released by "nova.context.set_target_cell..get_or_set_cached_cell_and_set_connections" :: held 0.001s {{(pid=115761) inner /usr/local/lib/python3.8/dist-packages/oslo_concurrency/lockutils.py:367}}
Jan 28 02:01:38.256924 dv-cinder-824979-1-iscsi devstack@n-api.service[115761]: DEBUG oslo_concurrency.lockutils [None req-baa78cfc-aadb-43d0-9ea4-e062db19c740 tempest-AttachVolumeNegativeTest-579488824 tempest-AttachVolumeNegativeTest-579488824-project] Lock "7348e7ae-6880-4f81-9ff6-b2f30a471bee" acquired by "nova.context.set_target_cell..get_or_set_cached_cell_and_set_connections" :: waited 0.000s {{(pid=115761) inner /usr/local/lib/python3.8/dist-packages/oslo_concurrency/lockutils.py:355}}
Jan 28 02:01:38.257827 dv-cinder-824979-1-iscsi devstack@n-api.service[115761]: DEBUG oslo_concurrency.lockutils [None req-baa78cfc-aadb-43d0-9ea4-e062db19c740 tempest-AttachVolumeNegativeTest-579488824 tempest-AttachVolumeNegativeTest-579488824-project] Lock "7348e7ae-6880-4f81-9ff6-b2f30a471bee" released by "nova.context.set_target_cell..get_or_set_cached_cell_and_set_connections" :: held 0.009s {{(pid=115761) inner /usr/local/lib/python3.8/dist-packages/oslo_concurrency/lockutils.py:367}}
Jan 28 02:01:38.442913 dv-cinder-824979-1-iscsi devstack@n-api.service[115760]: DEBUG nova.virt.hardware [None req-8e647025-4177-4dc4-af96-a20e2de7dfcd tempest-AttachVolumeShelveTestJSON-236520737 tempest-AttachVolumeShelveTestJSON-236520737-project] Flavor limits 0:0:0 {{(pid=115760) get_cpu_topology_constraints /opt/stack/nova/nova/virt/hardware.py:343}}
Jan 28 02:01:38.443430 dv-cinder-824979-1-iscsi devstack@n-api.service[115760]: DEBUG nova.virt.hardware [None req-8e647025-4177-4dc4-af96-a20e2de7dfcd tempest-AttachVolumeShelveTestJSON-236520737 tempest-AttachVolumeShelveTestJSON-236520737-project] Image limits 0:0:0 {{(pid=115760) get_cpu_topology_constraints /opt/stack/nova/nova/virt/hardware.py:347}}
Jan 28 02:01:38.443797 dv-cinder-824979-1-iscsi devstack@n-api.service[115760]: DEBUG nova.virt.hardware [None req-8e647025-4177-4dc4-af96-a20e2de7dfcd tempest-AttachVolumeShelveTestJSON-236520737 tempest-AttachVolumeShelveTestJSON-236520737-project] Flavor pref 0:0:0 {{(pid=115760) get_cpu_topology_constraints /opt/stack/nova/nova/virt/hardware.py:383}}
Jan 28 02:01:38.444203 dv-cinder-824979-1-iscsi devstack@n-api.service[115760]: DEBUG nova.virt.hardware [None req-8e647025-4177-4dc4-af96-a20e2de7dfcd tempest-AttachVolumeShelveTestJSON-236520737 tempest-AttachVolumeShelveTestJSON-236520737-project] Image pref 0:0:0 {{(pid=115760) get_cpu_topology_constraints /opt/stack/nova/nova/virt/hardware.py:387}}
Jan 28 02:01:38.444614 dv-cinder-824979-1-iscsi devstack@n-api.service[115760]: DEBUG nova.virt.hardware [None req-8e647025-4177-4dc4-af96-a20e2de7dfcd tempest-AttachVolumeShelveTestJSON-236520737 tempest-AttachVolumeShelveTestJSON-236520737-project] Chose sockets=0, cores=0, threads=0; limits were sockets=65536, cores=65536, threads=65536 {{(pid=115760) get_cpu_topology_constraints /opt/stack/nova/nova/virt/hardware.py:425}}
Jan 28 02:01:38.461620 dv-cinder-824979-1-iscsi devstack@n-api.service[115760]: DEBUG oslo_concurrency.lockutils [None req-8e647025-4177-4dc4-af96-a20e2de7dfcd tempest-AttachVolumeShelveTestJSON-236520737 tempest-AttachVolumeShelveTestJSON-236520737-project] Lock "00000000-0000-0000-0000-000000000000" acquired by "nova.context.set_target_cell..get_or_set_cached_cell_and_set_connections" :: waited 0.000s {{(pid=115760) inner /usr/local/lib/python3.8/dist-packages/oslo_concurrency/lockutils.py:355}}
Jan 28 02:01:38.462106 dv-cinder-824979-1-iscsi devstack@n-api.service[115760]: DEBUG oslo_concurrency.lockutils [None req-8e647025-4177-4dc4-af96-a20e2de7dfcd tempest-AttachVolumeShelveTestJSON-236520737 tempest-AttachVolumeShelveTestJSON-236520737-project] Lock "00000000-0000-0000-0000-000000000000" released by "nova.context.set_target_cell..get_or_set_cached_cell_and_set_connections" :: held 0.001s {{(pid=115760) inner /usr/local/lib/python3.8/dist-packages/oslo_concurrency/lockutils.py:367}}
Jan 28 02:01:38.463118 dv-cinder-824979-1-iscsi devstack@n-api.service[115760]: DEBUG oslo_concurrency.lockutils [None req-8e647025-4177-4dc4-af96-a20e2de7dfcd tempest-AttachVolumeShelveTestJSON-236520737 tempest-AttachVolumeShelveTestJSON-236520737-project] Lock "7348e7ae-6880-4f81-9ff6-b2f30a471bee" acquired by "nova.context.set_target_cell..get_or_set_cached_cell_and_set_connections" :: waited 0.000s {{(pid=115760) inner /usr/local/lib/python3.8/dist-packages/oslo_concurrency/lockutils.py:355}}
Jan 28 02:01:38.463557 dv-cinder-824979-1-iscsi devstack@n-api.service[115760]: DEBUG oslo_concurrency.lockutils [None req-8e647025-4177-4dc4-af96-a20e2de7dfcd tempest-AttachVolumeShelveTestJSON-236520737 tempest-AttachVolumeShelveTestJSON-236520737-project] Lock "7348e7ae-6880-4f81-9ff6-b2f30a471bee" released by "nova.context.set_target_cell..get_or_set_cached_cell_and_set_connections" :: held 0.000s {{(pid=115760) inner /usr/local/lib/python3.8/dist-packages/oslo_concurrency/lockutils.py:367}}
Jan 28 02:01:38.474500 dv-cinder-824979-1-iscsi devstack@n-api.service[115761]: DEBUG nova.policy [None req-baa78cfc-aadb-43d0-9ea4-e062db19c740 tempest-AttachVolumeNegativeTest-579488824 tempest-AttachVolumeNegativeTest-579488824-project] Policy check for os_compute_api:os-extended-server-attributes failed with credentials {'is_admin': False, 'user_id': '9717e2ab2be74631aba4b196112bf984', 'user_domain_id': 'default', 'system_scope': None, 'domain_id': None, 'project_id': '6639261ee8ee46e0a4e3a01eb63b9ab4', 'project_domain_id': 'default', 'roles': ['member', 'reader'], 'is_admin_project': True, 'service_user_id': None, 'service_user_domain_id': None, 'service_project_id': None, 'service_project_domain_id': None, 'service_roles': []} {{(pid=115761) authorize /opt/stack/nova/nova/policy.py:199}}
Jan 28 02:01:38.485921 dv-cinder-824979-1-iscsi devstack@n-api.service[115760]: DEBUG nova.quota [None req-8e647025-4177-4dc4-af96-a20e2de7dfcd tempest-AttachVolumeShelveTestJSON-236520737 tempest-AttachVolumeShelveTestJSON-236520737-project] Getting quotas for project 578fc5bd64da4dcdbff2e317361168ec. Resources: {'cores', 'ram', 'instances'} {{(pid=115760) _get_quotas /opt/stack/nova/nova/quota.py:387}}
Jan 28 02:01:38.488020 dv-cinder-824979-1-iscsi devstack@n-api.service[115761]: INFO nova.api.openstack.requestlog [None req-baa78cfc-aadb-43d0-9ea4-e062db19c740 tempest-AttachVolumeNegativeTest-579488824 tempest-AttachVolumeNegativeTest-579488824-project] 10.222.0.77 "GET /compute/v2.1/servers/0c7e70ce-ff2e-4323-baec-1455763bb95f" status: 200 len: 1318 microversion: 2.1 time: 0.261959
Jan 28 02:01:38.489031 dv-cinder-824979-1-iscsi devstack@n-api.service[115761]: [pid: 115761|app: 0|req: 15/32] 10.222.0.77 () {58 vars in 1235 bytes} [Fri Jan 28 02:01:38 2022] GET /compute/v2.1/servers/0c7e70ce-ff2e-4323-baec-1455763bb95f => generated 1318 bytes in 264 msecs (HTTP/1.1 200) 9 headers in 358 bytes (1 switches on core 0)
Jan 28 02:01:38.498411 dv-cinder-824979-1-iscsi devstack@n-api.service[115760]: DEBUG nova.quota [None req-8e647025-4177-4dc4-af96-a20e2de7dfcd tempest-AttachVolumeShelveTestJSON-236520737 tempest-AttachVolumeShelveTestJSON-236520737-project] Getting quotas for user 264a23388dc64b269325ae52eb4130de and project 578fc5bd64da4dcdbff2e317361168ec. Resources: {'cores', 'ram', 'instances'} {{(pid=115760) _get_quotas /opt/stack/nova/nova/quota.py:377}}
Jan 28 02:01:38.501609 dv-cinder-824979-1-iscsi devstack@n-api.service[115761]: DEBUG nova.api.openstack.wsgi [None req-305c92af-b09c-4ee8-afc0-2d88511be457 tempest-ServerRescueNegativeTestJSON-1068127003 tempest-ServerRescueNegativeTestJSON-1068127003-project] Calling method '>' {{(pid=115761) _process_stack /opt/stack/nova/nova/api/openstack/wsgi.py:513}}
Jan 28 02:01:38.502198 dv-cinder-824979-1-iscsi devstack@n-api.service[115761]: DEBUG nova.compute.api [None req-305c92af-b09c-4ee8-afc0-2d88511be457 tempest-ServerRescueNegativeTestJSON-1068127003 tempest-ServerRescueNegativeTestJSON-1068127003-project] [instance: c8d62c44-4ca6-4d5a-bd60-2f5e9e821199] Fetching instance by UUID {{(pid=115761) get /opt/stack/nova/nova/compute/api.py:2863}}
Jan 28 02:01:38.508479 dv-cinder-824979-1-iscsi devstack@n-api.service[115761]: DEBUG oslo_concurrency.lockutils [None req-305c92af-b09c-4ee8-afc0-2d88511be457 tempest-ServerRescueNegativeTestJSON-1068127003 tempest-ServerRescueNegativeTestJSON-1068127003-project] Lock "7348e7ae-6880-4f81-9ff6-b2f30a471bee" acquired by "nova.context.set_target_cell..get_or_set_cached_cell_and_set_connections" :: waited 0.000s {{(pid=115761) inner /usr/local/lib/python3.8/dist-packages/oslo_concurrency/lockutils.py:355}}
Jan 28 02:01:38.509709 dv-cinder-824979-1-iscsi devstack@n-api.service[115761]: DEBUG oslo_concurrency.lockutils [None req-305c92af-b09c-4ee8-afc0-2d88511be457 tempest-ServerRescueNegativeTestJSON-1068127003 tempest-ServerRescueNegativeTestJSON-1068127003-project] Lock "7348e7ae-6880-4f81-9ff6-b2f30a471bee" released by "nova.context.set_target_cell..get_or_set_cached_cell_and_set_connections" :: held 0.001s {{(pid=115761) inner /usr/local/lib/python3.8/dist-packages/oslo_concurrency/lockutils.py:367}}
Jan 28 02:01:38.511696 dv-cinder-824979-1-iscsi devstack@n-api.service[115761]: DEBUG oslo_concurrency.lockutils [None req-305c92af-b09c-4ee8-afc0-2d88511be457 tempest-ServerRescueNegativeTestJSON-1068127003 tempest-ServerRescueNegativeTestJSON-1068127003-project] Lock "7348e7ae-6880-4f81-9ff6-b2f30a471bee" acquired by "nova.context.set_target_cell..get_or_set_cached_cell_and_set_connections" :: waited 0.000s {{(pid=115761) inner /usr/local/lib/python3.8/dist-packages/oslo_concurrency/lockutils.py:355}}
Jan 28 02:01:38.512290 dv-cinder-824979-1-iscsi devstack@n-api.service[115761]: DEBUG oslo_concurrency.lockutils [None req-305c92af-b09c-4ee8-afc0-2d88511be457 tempest-ServerRescueNegativeTestJSON-1068127003 tempest-ServerRescueNegativeTestJSON-1068127003-project] Lock "7348e7ae-6880-4f81-9ff6-b2f30a471bee" released by "nova.context.set_target_cell..get_or_set_cached_cell_and_set_connections" :: held 0.002s {{(pid=115761) inner /usr/local/lib/python3.8/dist-packages/oslo_concurrency/lockutils.py:367}}
Jan 28 02:01:38.512525 dv-cinder-824979-1-iscsi devstack@n-api.service[115760]: DEBUG nova.compute.api [None req-8e647025-4177-4dc4-af96-a20e2de7dfcd tempest-AttachVolumeShelveTestJSON-236520737 tempest-AttachVolumeShelveTestJSON-236520737-project] Going to run 1 instances... {{(pid=115760) _provision_instances /opt/stack/nova/nova/compute/api.py:1350}}
Jan 28 02:01:38.515013 dv-cinder-824979-1-iscsi devstack@n-api.service[115760]: DEBUG nova.compute.api [None req-8e647025-4177-4dc4-af96-a20e2de7dfcd tempest-AttachVolumeShelveTestJSON-236520737 tempest-AttachVolumeShelveTestJSON-236520737-project] [instance: 9d048580-813a-43b7-ae1a-e0b1a9c8c234] block_device_mapping [BlockDeviceMapping(attachment_id=,boot_index=0,connection_info=None,created_at=,delete_on_termination=True,deleted=,deleted_at=,destination_type='local',device_name=None,device_type='disk',disk_bus=None,guest_format=None,id=,image_id='51201cf9-5e9a-482b-be83-568bdfd019b1',instance=,instance_uuid=,no_device=False,snapshot_id=None,source_type='image',tag=None,updated_at=,uuid=,volume_id=None,volume_size=None,volume_type=None)] {{(pid=115760) _bdm_validate_set_size_and_instance /opt/stack/nova/nova/compute/api.py:1757}}
Jan 28 02:01:38.583203 dv-cinder-824979-1-iscsi devstack@n-api.service[115760]: INFO nova.api.openstack.requestlog [None req-8e647025-4177-4dc4-af96-a20e2de7dfcd tempest-AttachVolumeShelveTestJSON-236520737 tempest-AttachVolumeShelveTestJSON-236520737-project] 10.222.0.77 "POST /compute/v2.1/servers" status: 202 len: 401 microversion: 2.20 time: 1.393414
Jan 28 02:01:38.584418 dv-cinder-824979-1-iscsi devstack@n-api.service[115760]: [pid: 115760|app: 0|req: 18/33] 10.222.0.77 () {62 vars in 1187 bytes} [Fri Jan 28 02:01:37 2022] POST /compute/v2.1/servers => generated 401 bytes in 1399 msecs (HTTP/1.1 202) 10 headers in 453 bytes (1 switches on core 0)
Jan 28 02:01:38.603998 dv-cinder-824979-1-iscsi devstack@n-api.service[115761]: DEBUG nova.policy [None req-305c92af-b09c-4ee8-afc0-2d88511be457 tempest-ServerRescueNegativeTestJSON-1068127003 tempest-ServerRescueNegativeTestJSON-1068127003-project] Policy check for os_compute_api:os-extended-server-attributes failed with credentials {'is_admin': False, 'user_id': 'a7dc50f676f942319f779d8f141502f4', 'user_domain_id': 'default', 'system_scope': None, 'domain_id': None, 'project_id': 'a830c3a19c3740619ece0b4ca820490e', 'project_domain_id': 'default', 'roles': ['member', 'reader'], 'is_admin_project': True, 'service_user_id': None, 'service_user_domain_id': None, 'service_project_id': None, 'service_project_domain_id': None, 'service_roles': []} {{(pid=115761) authorize /opt/stack/nova/nova/policy.py:199}}
Jan 28 02:01:38.613120 dv-cinder-824979-1-iscsi devstack@n-api.service[115761]: INFO nova.api.openstack.requestlog [None req-305c92af-b09c-4ee8-afc0-2d88511be457 tempest-ServerRescueNegativeTestJSON-1068127003 tempest-ServerRescueNegativeTestJSON-1068127003-project] 10.222.0.77 "GET /compute/v2.1/servers/c8d62c44-4ca6-4d5a-bd60-2f5e9e821199" status: 200 len: 1279 microversion: 2.1 time: 0.122814
Jan 28 02:01:38.613701 dv-cinder-824979-1-iscsi devstack@n-api.service[115761]: [pid: 115761|app: 0|req: 16/34] 10.222.0.77 () {58 vars in 1235 bytes} [Fri Jan 28 02:01:38 2022] GET /compute/v2.1/servers/c8d62c44-4ca6-4d5a-bd60-2f5e9e821199 => generated 1279 bytes in 124 msecs (HTTP/1.1 200) 9 headers in 358 bytes (1 switches on core 0)
Jan 28 02:01:38.631401 dv-cinder-824979-1-iscsi devstack@n-api.service[115761]: DEBUG nova.api.openstack.wsgi [None req-4e6746cd-a1a8-4d5a-b5e9-a86e869781fd tempest-AttachVolumeShelveTestJSON-236520737 tempest-AttachVolumeShelveTestJSON-236520737-project] Calling method '>' {{(pid=115761) _process_stack /opt/stack/nova/nova/api/openstack/wsgi.py:513}}
Jan 28 02:01:38.632019 dv-cinder-824979-1-iscsi devstack@n-api.service[115761]: DEBUG nova.compute.api [None req-4e6746cd-a1a8-4d5a-b5e9-a86e869781fd tempest-AttachVolumeShelveTestJSON-236520737 tempest-AttachVolumeShelveTestJSON-236520737-project] [instance: 9d048580-813a-43b7-ae1a-e0b1a9c8c234] Fetching instance by UUID {{(pid=115761) get /opt/stack/nova/nova/compute/api.py:2863}}
Jan 28 02:01:38.731690 dv-cinder-824979-1-iscsi devstack@n-api.service[115761]: DEBUG nova.policy [None req-4e6746cd-a1a8-4d5a-b5e9-a86e869781fd tempest-AttachVolumeShelveTestJSON-236520737 tempest-AttachVolumeShelveTestJSON-236520737-project] Policy check for os_compute_api:os-extended-server-attributes failed with credentials {'is_admin': False, 'user_id': '264a23388dc64b269325ae52eb4130de', 'user_domain_id': 'default', 'system_scope': None, 'domain_id': None, 'project_id': '578fc5bd64da4dcdbff2e317361168ec', 'project_domain_id': 'default', 'roles': ['member', 'reader'], 'is_admin_project': True, 'service_user_id': None, 'service_user_domain_id': None, 'service_project_id': None, 'service_project_domain_id': None, 'service_roles': []} {{(pid=115761) authorize /opt/stack/nova/nova/policy.py:199}}
Jan 28 02:01:38.744639 dv-cinder-824979-1-iscsi devstack@n-api.service[115761]: DEBUG nova.policy [None req-4e6746cd-a1a8-4d5a-b5e9-a86e869781fd tempest-AttachVolumeShelveTestJSON-236520737 tempest-AttachVolumeShelveTestJSON-236520737-project] Policy check for os_compute_api:servers:show:host_status failed with credentials {'is_admin': False, 'user_id': '264a23388dc64b269325ae52eb4130de', 'user_domain_id': 'default', 'system_scope': None, 'domain_id': None, 'project_id': '578fc5bd64da4dcdbff2e317361168ec', 'project_domain_id': 'default', 'roles': ['member', 'reader'], 'is_admin_project': True, 'service_user_id': None, 'service_user_domain_id': None, 'service_project_id': None, 'service_project_domain_id': None, 'service_roles': []} {{(pid=115761) authorize /opt/stack/nova/nova/policy.py:199}}
Jan 28 02:01:38.746191 dv-cinder-824979-1-iscsi devstack@n-api.service[115761]: DEBUG nova.policy [None req-4e6746cd-a1a8-4d5a-b5e9-a86e869781fd tempest-AttachVolumeShelveTestJSON-236520737 tempest-AttachVolumeShelveTestJSON-236520737-project] Policy check for os_compute_api:servers:show:host_status:unknown-only failed with credentials {'is_admin': False, 'user_id': '264a23388dc64b269325ae52eb4130de', 'user_domain_id': 'default', 'system_scope': None, 'domain_id': None, 'project_id': '578fc5bd64da4dcdbff2e317361168ec', 'project_domain_id': 'default', 'roles': ['member', 'reader'], 'is_admin_project': True, 'service_user_id': None, 'service_user_domain_id': None, 'service_project_id': None, 'service_project_domain_id': None, 'service_roles': []} {{(pid=115761) authorize /opt/stack/nova/nova/policy.py:199}}
Jan 28 02:01:38.747293 dv-cinder-824979-1-iscsi devstack@n-api.service[115761]: INFO nova.api.openstack.requestlog [None req-4e6746cd-a1a8-4d5a-b5e9-a86e869781fd tempest-AttachVolumeShelveTestJSON-236520737 tempest-AttachVolumeShelveTestJSON-236520737-project] 10.222.0.77 "GET /compute/v2.1/servers/9d048580-813a-43b7-ae1a-e0b1a9c8c234" status: 200 len: 1280 microversion: 2.20 time: 0.123961
Jan 28 02:01:38.747838 dv-cinder-824979-1-iscsi devstack@n-api.service[115761]: [pid: 115761|app: 0|req: 17/35] 10.222.0.77 () {60 vars in 1276 bytes} [Fri Jan 28 02:01:38 2022] GET /compute/v2.1/servers/9d048580-813a-43b7-ae1a-e0b1a9c8c234 => generated 1280 bytes in 134 msecs (HTTP/1.1 200) 9 headers in 360 bytes (1 switches on core 0)
Jan 28 02:01:38.786624 dv-cinder-824979-1-iscsi devstack@n-api.service[115760]: DEBUG nova.api.openstack.wsgi [req-9f29ef8d-37b8-423d-9be9-a5a79f68142e req-eeddf568-f9c1-440e-93cd-9e93b585ead9 service nova] Action: 'create', calling method: >, body: {"events": [{"name": "network-changed", "server_uuid": "aaf2b320-c2a2-40d6-afca-73668bda7933", "tag": "8221b17d-3386-4e97-a157-ca4c9071392b"}]} {{(pid=115760) _process_stack /opt/stack/nova/nova/api/openstack/wsgi.py:511}}
Jan 28 02:01:38.788996 dv-cinder-824979-1-iscsi devstack@n-api.service[115760]: /usr/local/lib/python3.8/dist-packages/oslo_policy/policy.py:1075: UserWarning: Policy os_compute_api:os-server-external-events:create failed scope check. The token used to make the request was project scoped but the policy requires ['system'] scope. This behavior may change in the future where using the intended scope is required
Jan 28 02:01:38.788996 dv-cinder-824979-1-iscsi devstack@n-api.service[115760]: warnings.warn(msg)
Jan 28 02:01:38.803354 dv-cinder-824979-1-iscsi devstack@n-api.service[115760]: DEBUG oslo_concurrency.lockutils [req-9f29ef8d-37b8-423d-9be9-a5a79f68142e req-eeddf568-f9c1-440e-93cd-9e93b585ead9 service nova] Lock "7348e7ae-6880-4f81-9ff6-b2f30a471bee" acquired by "nova.context.set_target_cell..get_or_set_cached_cell_and_set_connections" :: waited 0.000s {{(pid=115760) inner /usr/local/lib/python3.8/dist-packages/oslo_concurrency/lockutils.py:355}}
Jan 28 02:01:38.803354 dv-cinder-824979-1-iscsi devstack@n-api.service[115760]: DEBUG oslo_concurrency.lockutils [req-9f29ef8d-37b8-423d-9be9-a5a79f68142e req-eeddf568-f9c1-440e-93cd-9e93b585ead9 service nova] Lock "7348e7ae-6880-4f81-9ff6-b2f30a471bee" released by "nova.context.set_target_cell..get_or_set_cached_cell_and_set_connections" :: held 0.001s {{(pid=115760) inner /usr/local/lib/python3.8/dist-packages/oslo_concurrency/lockutils.py:367}}
Jan 28 02:01:38.821371 dv-cinder-824979-1-iscsi devstack@n-api.service[115760]: INFO nova.api.openstack.compute.server_external_events [req-9f29ef8d-37b8-423d-9be9-a5a79f68142e req-eeddf568-f9c1-440e-93cd-9e93b585ead9 service nova] Creating event network-changed:8221b17d-3386-4e97-a157-ca4c9071392b for instance aaf2b320-c2a2-40d6-afca-73668bda7933 on hv-cinder-82497
Jan 28 02:01:38.821913 dv-cinder-824979-1-iscsi devstack@n-api.service[115760]: DEBUG oslo_concurrency.lockutils [req-9f29ef8d-37b8-423d-9be9-a5a79f68142e req-eeddf568-f9c1-440e-93cd-9e93b585ead9 service nova] Acquired lock "compute-rpcapi-router" {{(pid=115760) lock /usr/local/lib/python3.8/dist-packages/oslo_concurrency/lockutils.py:266}}
