Jan 28 02:07:13.434707 dv-cinder-824977-1-iscsi devstack@c-api.service[108973]: WARNING stevedore.named [None req-adc0c3d7-267e-4b02-ac03-17760cdffbcf tempest-GroupsTest-1085105559 tempest-GroupsTest-1085105559-project] Could not load cinder.keymgr.conf_key_mgr.ConfKeyManager
Jan 28 02:07:13.435101 dv-cinder-824977-1-iscsi devstack@c-api.service[108973]: WARNING castellan.key_manager [None req-adc0c3d7-267e-4b02-ac03-17760cdffbcf tempest-GroupsTest-1085105559 tempest-GroupsTest-1085105559-project] Deprecation Warning : cinder.keymgr.conf_key_mgr.ConfKeyManager is not a stevedore based driver, trying to load it as a class: stevedore.exception.NoMatches: No 'castellan.drivers' driver found, looking for 'cinder.keymgr.conf_key_mgr.ConfKeyManager'
Jan 28 02:07:13.444065 dv-cinder-824977-1-iscsi devstack@c-api.service[108973]: DEBUG oslo_db.sqlalchemy.engines [None req-adc0c3d7-267e-4b02-ac03-17760cdffbcf tempest-GroupsTest-1085105559 tempest-GroupsTest-1085105559-project] MySQL server mode set to STRICT_TRANS_TABLES,STRICT_ALL_TABLES,NO_ZERO_IN_DATE,NO_ZERO_DATE,ERROR_FOR_DIVISION_BY_ZERO,TRADITIONAL,NO_ENGINE_SUBSTITUTION {{(pid=108973) _check_effective_sql_mode /usr/local/lib/python3.8/dist-packages/oslo_db/sqlalchemy/engines.py:314}}
Jan 28 02:07:13.451080 dv-cinder-824977-1-iscsi devstack@c-api.service[108973]: /usr/local/lib/python3.8/dist-packages/oslo_context/context.py:105: DeprecationWarning: Policy enforcement is depending on the value of is_admin. This key is deprecated. Please update your policy file to use the standard policy values.
Jan 28 02:07:13.451080 dv-cinder-824977-1-iscsi devstack@c-api.service[108973]: warnings.warn('Policy enforcement is depending on the value of '
Jan 28 02:07:13.471420 dv-cinder-824977-1-iscsi devstack@c-api.service[108973]: INFO cinder.api.openstack.wsgi [None req-adc0c3d7-267e-4b02-ac03-17760cdffbcf tempest-GroupsTest-1085105559 tempest-GroupsTest-1085105559-project] http://10.222.0.79/volume/v3/894e7c88bdc64850b579fd6ef86120fb/volumes/detail returned with HTTP 200
Jan 28 02:07:13.473897 dv-cinder-824977-1-iscsi devstack@c-api.service[108973]: [pid: 108973|app: 0|req: 238/428] 10.222.0.79 () {60 vars in 1275 bytes} [Fri Jan 28 02:07:13 2022] GET /volume/v3/894e7c88bdc64850b579fd6ef86120fb/volumes/detail => generated 1961 bytes in 138 msecs (HTTP/1.1 200) 7 headers in 287 bytes (1 switches on core 0)
Jan 28 02:07:13.620523 dv-cinder-824977-1-iscsi devstack@c-api.service[108974]: INFO cinder.api.openstack.wsgi [None req-d346e9bf-8d41-479f-8185-bb20f71b5be5 tempest-GroupsTest-1085105559 tempest-GroupsTest-1085105559-project] GET http://10.222.0.79/volume/v3/894e7c88bdc64850b579fd6ef86120fb/volumes/detail
Jan 28 02:07:13.620912 dv-cinder-824977-1-iscsi devstack@c-api.service[108974]: DEBUG cinder.api.openstack.wsgi [None req-d346e9bf-8d41-479f-8185-bb20f71b5be5 tempest-GroupsTest-1085105559 tempest-GroupsTest-1085105559-project] Empty body provided in request {{(pid=108974) get_body /opt/stack/cinder/cinder/api/openstack/wsgi.py:703}}
Jan 28 02:07:13.621107 dv-cinder-824977-1-iscsi devstack@c-api.service[108974]: /usr/local/lib/python3.8/dist-packages/webob/acceptparse.py:1047: DeprecationWarning: The behavior of AcceptValidHeader.best_match is currently being maintained for backward compatibility, but it will be deprecated in the future, as it does not conform to the RFC.
Jan 28 02:07:13.621107 dv-cinder-824977-1-iscsi devstack@c-api.service[108974]: warnings.warn(
Jan 28 02:07:13.621448 dv-cinder-824977-1-iscsi devstack@c-api.service[108974]: DEBUG cinder.api.openstack.wsgi [None req-d346e9bf-8d41-479f-8185-bb20f71b5be5 tempest-GroupsTest-1085105559 tempest-GroupsTest-1085105559-project] Calling method 'detail' {{(pid=108974) _process_stack /opt/stack/cinder/cinder/api/openstack/wsgi.py:856}}
Jan 28 02:07:13.622056 dv-cinder-824977-1-iscsi devstack@c-api.service[108974]: DEBUG cinder.api.api_utils [None req-d346e9bf-8d41-479f-8185-bb20f71b5be5 tempest-GroupsTest-1085105559 tempest-GroupsTest-1085105559-project] Removing options '' from query. {{(pid=108974) remove_invalid_filter_options /opt/stack/cinder/cinder/api/api_utils.py:73}}
Jan 28 02:07:13.623820 dv-cinder-824977-1-iscsi devstack@c-api.service[108974]: DEBUG cinder.volume.api [None req-d346e9bf-8d41-479f-8185-bb20f71b5be5 tempest-GroupsTest-1085105559 tempest-GroupsTest-1085105559-project] Searching by: MultiDict([('no_migration_targets', True)]). {{(pid=108974) get_all /opt/stack/cinder/cinder/volume/api.py:618}}
Jan 28 02:07:13.679028 dv-cinder-824977-1-iscsi devstack@c-api.service[108974]: INFO cinder.volume.api [None req-d346e9bf-8d41-479f-8185-bb20f71b5be5 tempest-GroupsTest-1085105559 tempest-GroupsTest-1085105559-project] Get all volumes completed successfully.
Jan 28 02:07:13.684788 dv-cinder-824977-1-iscsi devstack@c-api.service[108974]: WARNING stevedore.named [None req-d346e9bf-8d41-479f-8185-bb20f71b5be5 tempest-GroupsTest-1085105559 tempest-GroupsTest-1085105559-project] Could not load cinder.keymgr.conf_key_mgr.ConfKeyManager
Jan 28 02:07:13.684788 dv-cinder-824977-1-iscsi devstack@c-api.service[108974]: WARNING castellan.key_manager [None req-d346e9bf-8d41-479f-8185-bb20f71b5be5 tempest-GroupsTest-1085105559 tempest-GroupsTest-1085105559-project] Deprecation Warning : cinder.keymgr.conf_key_mgr.ConfKeyManager is not a stevedore based driver, trying to load it as a class: stevedore.exception.NoMatches: No 'castellan.drivers' driver found, looking for 'cinder.keymgr.conf_key_mgr.ConfKeyManager'
Jan 28 02:07:13.688950 dv-cinder-824977-1-iscsi devstack@c-api.service[108974]: DEBUG oslo_db.sqlalchemy.engines [None req-d346e9bf-8d41-479f-8185-bb20f71b5be5 tempest-GroupsTest-1085105559 tempest-GroupsTest-1085105559-project] MySQL server mode set to STRICT_TRANS_TABLES,STRICT_ALL_TABLES,NO_ZERO_IN_DATE,NO_ZERO_DATE,ERROR_FOR_DIVISION_BY_ZERO,TRADITIONAL,NO_ENGINE_SUBSTITUTION {{(pid=108974) _check_effective_sql_mode /usr/local/lib/python3.8/dist-packages/oslo_db/sqlalchemy/engines.py:314}}
Jan 28 02:07:13.694330 dv-cinder-824977-1-iscsi devstack@c-api.service[108974]: /usr/local/lib/python3.8/dist-packages/oslo_context/context.py:105: DeprecationWarning: Policy enforcement is depending on the value of is_admin. This key is deprecated. Please update your policy file to use the standard policy values.
Jan 28 02:07:13.694330 dv-cinder-824977-1-iscsi devstack@c-api.service[108974]: warnings.warn('Policy enforcement is depending on the value of '
Jan 28 02:07:13.701733 dv-cinder-824977-1-iscsi devstack@c-api.service[108974]: WARNING stevedore.named [None req-d346e9bf-8d41-479f-8185-bb20f71b5be5 tempest-GroupsTest-1085105559 tempest-GroupsTest-1085105559-project] Could not load cinder.keymgr.conf_key_mgr.ConfKeyManager
Jan 28 02:07:13.702107 dv-cinder-824977-1-iscsi devstack@c-api.service[108974]: WARNING castellan.key_manager [None req-d346e9bf-8d41-479f-8185-bb20f71b5be5 tempest-GroupsTest-1085105559 tempest-GroupsTest-1085105559-project] Deprecation Warning : cinder.keymgr.conf_key_mgr.ConfKeyManager is not a stevedore based driver, trying to load it as a class: stevedore.exception.NoMatches: No 'castellan.drivers' driver found, looking for 'cinder.keymgr.conf_key_mgr.ConfKeyManager'
Jan 28 02:07:13.708309 dv-cinder-824977-1-iscsi devstack@c-api.service[108974]: DEBUG oslo_db.sqlalchemy.engines [None req-d346e9bf-8d41-479f-8185-bb20f71b5be5 tempest-GroupsTest-1085105559 tempest-GroupsTest-1085105559-project] MySQL server mode set to STRICT_TRANS_TABLES,STRICT_ALL_TABLES,NO_ZERO_IN_DATE,NO_ZERO_DATE,ERROR_FOR_DIVISION_BY_ZERO,TRADITIONAL,NO_ENGINE_SUBSTITUTION {{(pid=108974) _check_effective_sql_mode /usr/local/lib/python3.8/dist-packages/oslo_db/sqlalchemy/engines.py:314}}
Jan 28 02:07:13.714009 dv-cinder-824977-1-iscsi devstack@c-api.service[108974]: /usr/local/lib/python3.8/dist-packages/oslo_context/context.py:105: DeprecationWarning: Policy enforcement is depending on the value of is_admin. This key is deprecated. Please update your policy file to use the standard policy values.
Jan 28 02:07:13.714009 dv-cinder-824977-1-iscsi devstack@c-api.service[108974]: warnings.warn('Policy enforcement is depending on the value of '
Jan 28 02:07:13.727739 dv-cinder-824977-1-iscsi devstack@c-api.service[108974]: INFO cinder.api.openstack.wsgi [None req-d346e9bf-8d41-479f-8185-bb20f71b5be5 tempest-GroupsTest-1085105559 tempest-GroupsTest-1085105559-project] http://10.222.0.79/volume/v3/894e7c88bdc64850b579fd6ef86120fb/volumes/detail returned with HTTP 200
Jan 28 02:07:13.730631 dv-cinder-824977-1-iscsi devstack@c-api.service[108974]: [pid: 108974|app: 0|req: 191/429] 10.222.0.79 () {60 vars in 1275 bytes} [Fri Jan 28 02:07:13 2022] GET /volume/v3/894e7c88bdc64850b579fd6ef86120fb/volumes/detail => generated 1961 bytes in 112 msecs (HTTP/1.1 200) 7 headers in 287 bytes (2 switches on core 0)
Jan 28 02:07:13.747094 dv-cinder-824977-1-iscsi devstack@c-api.service[108973]: INFO cinder.api.openstack.wsgi [None req-c0711218-0d57-4f4d-95b7-204d09cf6968 tempest-GroupsTest-1085105559 tempest-GroupsTest-1085105559-project] POST http://10.222.0.79/volume/v3/894e7c88bdc64850b579fd6ef86120fb/groups/49147287-e3af-4ad9-b46a-f0b2035c44b0/action
Jan 28 02:07:13.747526 dv-cinder-824977-1-iscsi devstack@c-api.service[108973]: /usr/local/lib/python3.8/dist-packages/webob/acceptparse.py:1047: DeprecationWarning: The behavior of AcceptValidHeader.best_match is currently being maintained for backward compatibility, but it will be deprecated in the future, as it does not conform to the RFC.
Jan 28 02:07:13.747526 dv-cinder-824977-1-iscsi devstack@c-api.service[108973]: warnings.warn(
Jan 28 02:07:13.748073 dv-cinder-824977-1-iscsi devstack@c-api.service[108973]: DEBUG cinder.api.openstack.wsgi [None req-c0711218-0d57-4f4d-95b7-204d09cf6968 tempest-GroupsTest-1085105559 tempest-GroupsTest-1085105559-project] Action body: b'{"delete": {"delete-volumes": true}}' {{(pid=108973) get_method /opt/stack/cinder/cinder/api/openstack/wsgi.py:971}}
Jan 28 02:07:13.748398 dv-cinder-824977-1-iscsi devstack@c-api.service[108973]: DEBUG cinder.api.openstack.wsgi [None req-c0711218-0d57-4f4d-95b7-204d09cf6968 tempest-GroupsTest-1085105559 tempest-GroupsTest-1085105559-project] Action: 'action', calling method: delete_group, body: {"delete": {"delete-volumes": true}} {{(pid=108973) _process_stack /opt/stack/cinder/cinder/api/openstack/wsgi.py:854}}
Jan 28 02:07:13.749208 dv-cinder-824977-1-iscsi devstack@c-api.service[108973]: DEBUG cinder.api.v3.groups [None req-c0711218-0d57-4f4d-95b7-204d09cf6968 tempest-GroupsTest-1085105559 tempest-GroupsTest-1085105559-project] delete called for group 49147287-e3af-4ad9-b46a-f0b2035c44b0 {{(pid=108973) _delete /opt/stack/cinder/cinder/api/v3/groups.py:117}}
Jan 28 02:07:13.749519 dv-cinder-824977-1-iscsi devstack@c-api.service[108973]: INFO cinder.api.v3.groups [None req-c0711218-0d57-4f4d-95b7-204d09cf6968 tempest-GroupsTest-1085105559 tempest-GroupsTest-1085105559-project] Delete group with id: 49147287-e3af-4ad9-b46a-f0b2035c44b0
Jan 28 02:07:13.755654 dv-cinder-824977-1-iscsi devstack@c-api.service[108973]: /usr/local/lib/python3.8/dist-packages/oslo_context/context.py:105: DeprecationWarning: Policy enforcement is depending on the value of is_admin. This key is deprecated. Please update your policy file to use the standard policy values.
Jan 28 02:07:13.755654 dv-cinder-824977-1-iscsi devstack@c-api.service[108973]: warnings.warn('Policy enforcement is depending on the value of '
Jan 28 02:07:13.766429 dv-cinder-824977-1-iscsi devstack@c-api.service[108974]: INFO cinder.api.openstack.wsgi [req-dc0d0ff0-5d1e-4608-b109-0610628ec007 req-23710f9c-1695-4e6d-a000-441e4a519f0a tempest-DeleteServersTestJSON-731086738 tempest-DeleteServersTestJSON-731086738-project] POST http://10.222.0.79/volume/v3/b22dd75c99404b48a867a48eb5d10c7d/attachments/bf3eb52f-916c-48db-844c-bb32175a83cc/action
Jan 28 02:07:13.770833 dv-cinder-824977-1-iscsi devstack@c-api.service[108974]: /usr/local/lib/python3.8/dist-packages/webob/acceptparse.py:1047: DeprecationWarning: The behavior of AcceptValidHeader.best_match is currently being maintained for backward compatibility, but it will be deprecated in the future, as it does not conform to the RFC.
Jan 28 02:07:13.770833 dv-cinder-824977-1-iscsi devstack@c-api.service[108974]: warnings.warn(
Jan 28 02:07:13.770833 dv-cinder-824977-1-iscsi devstack@c-api.service[108974]: DEBUG cinder.api.openstack.wsgi [req-dc0d0ff0-5d1e-4608-b109-0610628ec007 req-23710f9c-1695-4e6d-a000-441e4a519f0a tempest-DeleteServersTestJSON-731086738 tempest-DeleteServersTestJSON-731086738-project] Action body: b'{"os-complete": null}' {{(pid=108974) get_method /opt/stack/cinder/cinder/api/openstack/wsgi.py:971}}
Jan 28 02:07:13.770833 dv-cinder-824977-1-iscsi devstack@c-api.service[108974]: DEBUG cinder.api.openstack.wsgi [req-dc0d0ff0-5d1e-4608-b109-0610628ec007 req-23710f9c-1695-4e6d-a000-441e4a519f0a tempest-DeleteServersTestJSON-731086738 tempest-DeleteServersTestJSON-731086738-project] Action: 'action', calling method: version_select, body: {"os-complete": null} {{(pid=108974) _process_stack /opt/stack/cinder/cinder/api/openstack/wsgi.py:854}}
Jan 28 02:07:13.803467 dv-cinder-824977-1-iscsi devstack@c-api.service[108974]: /usr/local/lib/python3.8/dist-packages/oslo_context/context.py:105: DeprecationWarning: Policy enforcement is depending on the value of is_admin. This key is deprecated. Please update your policy file to use the standard policy values.
Jan 28 02:07:13.803467 dv-cinder-824977-1-iscsi devstack@c-api.service[108974]: warnings.warn('Policy enforcement is depending on the value of '
Jan 28 02:07:13.971912 dv-cinder-824977-1-iscsi devstack@c-api.service[108974]: INFO cinder.api.openstack.wsgi [req-dc0d0ff0-5d1e-4608-b109-0610628ec007 req-23710f9c-1695-4e6d-a000-441e4a519f0a tempest-DeleteServersTestJSON-731086738 tempest-DeleteServersTestJSON-731086738-project] http://10.222.0.79/volume/v3/b22dd75c99404b48a867a48eb5d10c7d/attachments/bf3eb52f-916c-48db-844c-bb32175a83cc/action returned with HTTP 204
Jan 28 02:07:13.974245 dv-cinder-824977-1-iscsi devstack@c-api.service[108974]: [pid: 108974|app: 0|req: 192/430] 10.222.0.95 () {64 vars in 1498 bytes} [Fri Jan 28 02:07:13 2022] POST /volume/v3/b22dd75c99404b48a867a48eb5d10c7d/attachments/bf3eb52f-916c-48db-844c-bb32175a83cc/action => generated 0 bytes in 213 msecs (HTTP/1.1 204) 7 headers in 292 bytes (2 switches on core 0)
Jan 28 02:07:13.974725 dv-cinder-824977-1-iscsi devstack@c-api.service[108973]: INFO cinder.api.openstack.wsgi [None req-c0711218-0d57-4f4d-95b7-204d09cf6968 tempest-GroupsTest-1085105559 tempest-GroupsTest-1085105559-project] http://10.222.0.79/volume/v3/894e7c88bdc64850b579fd6ef86120fb/groups/49147287-e3af-4ad9-b46a-f0b2035c44b0/action returned with HTTP 202
Jan 28 02:07:13.975881 dv-cinder-824977-1-iscsi devstack@c-api.service[108973]: [pid: 108973|app: 0|req: 239/431] 10.222.0.79 () {62 vars in 1404 bytes} [Fri Jan 28 02:07:13 2022] POST /volume/v3/894e7c88bdc64850b579fd6ef86120fb/groups/49147287-e3af-4ad9-b46a-f0b2035c44b0/action => generated 0 bytes in 233 msecs (HTTP/1.1 202) 6 headers in 234 bytes (1 switches on core 0)
Jan 28 02:07:13.980123 dv-cinder-824977-1-iscsi devstack@c-api.service[108974]: INFO cinder.api.openstack.wsgi [None req-a5a33e32-22eb-4688-9140-4f041346f1fa tempest-GroupSnapshotsTest-1453891655 tempest-GroupSnapshotsTest-1453891655-project] GET http://10.222.0.79/volume/v3/969f13984e0246acb3a7876a57fd3b77/groups/c39b2ee1-cd82-4864-9dc5-c9034455daf0
Jan 28 02:07:13.980618 dv-cinder-824977-1-iscsi devstack@c-api.service[108974]: DEBUG cinder.api.openstack.wsgi [None req-a5a33e32-22eb-4688-9140-4f041346f1fa tempest-GroupSnapshotsTest-1453891655 tempest-GroupSnapshotsTest-1453891655-project] Empty body provided in request {{(pid=108974) get_body /opt/stack/cinder/cinder/api/openstack/wsgi.py:703}}
Jan 28 02:07:13.980785 dv-cinder-824977-1-iscsi devstack@c-api.service[108974]: /usr/local/lib/python3.8/dist-packages/webob/acceptparse.py:1047: DeprecationWarning: The behavior of AcceptValidHeader.best_match is currently being maintained for backward compatibility, but it will be deprecated in the future, as it does not conform to the RFC.
Jan 28 02:07:13.980785 dv-cinder-824977-1-iscsi devstack@c-api.service[108974]: warnings.warn(
Jan 28 02:07:13.981333 dv-cinder-824977-1-iscsi devstack@c-api.service[108974]: DEBUG cinder.api.openstack.wsgi [None req-a5a33e32-22eb-4688-9140-4f041346f1fa tempest-GroupSnapshotsTest-1453891655 tempest-GroupSnapshotsTest-1453891655-project] Calling method 'version_select' {{(pid=108974) _process_stack /opt/stack/cinder/cinder/api/openstack/wsgi.py:856}}
Jan 28 02:07:13.981684 dv-cinder-824977-1-iscsi devstack@c-api.service[108974]: DEBUG cinder.api.v3.groups [None req-a5a33e32-22eb-4688-9140-4f041346f1fa tempest-GroupSnapshotsTest-1453891655 tempest-GroupSnapshotsTest-1453891655-project] show called for member c39b2ee1-cd82-4864-9dc5-c9034455daf0 {{(pid=108974) show /opt/stack/cinder/cinder/api/v3/groups.py:58}}
Jan 28 02:07:13.982845 dv-cinder-824977-1-iscsi devstack@c-api.service[108973]: INFO cinder.api.openstack.wsgi [None req-73853f8c-3474-4d2a-b963-adf51f49db69 tempest-GroupsTest-1085105559 tempest-GroupsTest-1085105559-project] GET http://10.222.0.79/volume/v3/894e7c88bdc64850b579fd6ef86120fb/volumes/792040b3-e39b-4e4f-87de-2ee10d7dee5a
Jan 28 02:07:13.983329 dv-cinder-824977-1-iscsi devstack@c-api.service[108973]: DEBUG cinder.api.openstack.wsgi [None req-73853f8c-3474-4d2a-b963-adf51f49db69 tempest-GroupsTest-1085105559 tempest-GroupsTest-1085105559-project] Empty body provided in request {{(pid=108973) get_body /opt/stack/cinder/cinder/api/openstack/wsgi.py:703}}
Jan 28 02:07:13.983487 dv-cinder-824977-1-iscsi devstack@c-api.service[108973]: /usr/local/lib/python3.8/dist-packages/webob/acceptparse.py:1047: DeprecationWarning: The behavior of AcceptValidHeader.best_match is currently being maintained for backward compatibility, but it will be deprecated in the future, as it does not conform to the RFC.
Jan 28 02:07:13.983487 dv-cinder-824977-1-iscsi devstack@c-api.service[108973]: warnings.warn(
Jan 28 02:07:13.983909 dv-cinder-824977-1-iscsi devstack@c-api.service[108973]: DEBUG cinder.api.openstack.wsgi [None req-73853f8c-3474-4d2a-b963-adf51f49db69 tempest-GroupsTest-1085105559 tempest-GroupsTest-1085105559-project] Calling method 'show' {{(pid=108973) _process_stack /opt/stack/cinder/cinder/api/openstack/wsgi.py:856}}
Jan 28 02:07:13.987113 dv-cinder-824977-1-iscsi devstack@c-api.service[108974]: /usr/local/lib/python3.8/dist-packages/oslo_context/context.py:105: DeprecationWarning: Policy enforcement is depending on the value of is_admin. This key is deprecated. Please update your policy file to use the standard policy values.
Jan 28 02:07:13.987113 dv-cinder-824977-1-iscsi devstack@c-api.service[108974]: warnings.warn('Policy enforcement is depending on the value of '
Jan 28 02:07:13.997930 dv-cinder-824977-1-iscsi devstack@c-api.service[108973]: /usr/local/lib/python3.8/dist-packages/oslo_context/context.py:105: DeprecationWarning: Policy enforcement is depending on the value of is_admin. This key is deprecated. Please update your policy file to use the standard policy values.
Jan 28 02:07:13.997930 dv-cinder-824977-1-iscsi devstack@c-api.service[108973]: warnings.warn('Policy enforcement is depending on the value of '
Jan 28 02:07:14.003044 dv-cinder-824977-1-iscsi devstack@c-api.service[108974]: INFO cinder.api.openstack.wsgi [None req-a5a33e32-22eb-4688-9140-4f041346f1fa tempest-GroupSnapshotsTest-1453891655 tempest-GroupSnapshotsTest-1453891655-project] http://10.222.0.79/volume/v3/969f13984e0246acb3a7876a57fd3b77/groups/c39b2ee1-cd82-4864-9dc5-c9034455daf0 returned with HTTP 200
Jan 28 02:07:14.004962 dv-cinder-824977-1-iscsi devstack@c-api.service[108974]: [pid: 108974|app: 0|req: 193/432] 10.222.0.79 () {60 vars in 1362 bytes} [Fri Jan 28 02:07:13 2022] GET /volume/v3/969f13984e0246acb3a7876a57fd3b77/groups/c39b2ee1-cd82-4864-9dc5-c9034455daf0 => generated 393 bytes in 30 msecs (HTTP/1.1 200) 7 headers in 286 bytes (1 switches on core 0)
Jan 28 02:07:14.007255 dv-cinder-824977-1-iscsi devstack@c-api.service[108973]: INFO cinder.volume.api [None req-73853f8c-3474-4d2a-b963-adf51f49db69 tempest-GroupsTest-1085105559 tempest-GroupsTest-1085105559-project] Volume info retrieved successfully.
Jan 28 02:07:14.015163 dv-cinder-824977-1-iscsi devstack@c-api.service[108973]: WARNING stevedore.named [None req-73853f8c-3474-4d2a-b963-adf51f49db69 tempest-GroupsTest-1085105559 tempest-GroupsTest-1085105559-project] Could not load cinder.keymgr.conf_key_mgr.ConfKeyManager
Jan 28 02:07:14.015545 dv-cinder-824977-1-iscsi devstack@c-api.service[108973]: WARNING castellan.key_manager [None req-73853f8c-3474-4d2a-b963-adf51f49db69 tempest-GroupsTest-1085105559 tempest-GroupsTest-1085105559-project] Deprecation Warning : cinder.keymgr.conf_key_mgr.ConfKeyManager is not a stevedore based driver, trying to load it as a class: stevedore.exception.NoMatches: No 'castellan.drivers' driver found, looking for 'cinder.keymgr.conf_key_mgr.ConfKeyManager'
Jan 28 02:07:14.015686 dv-cinder-824977-1-iscsi devstack@c-api.service[108974]: INFO cinder.api.openstack.wsgi [None req-a5bcbac8-86a6-4583-9159-0038a87ff53b tempest-GroupSnapshotsTest-1453891655 tempest-GroupSnapshotsTest-1453891655-project] PUT http://10.222.0.79/volume/v3/969f13984e0246acb3a7876a57fd3b77/groups/c39b2ee1-cd82-4864-9dc5-c9034455daf0
Jan 28 02:07:14.016216 dv-cinder-824977-1-iscsi devstack@c-api.service[108974]: /usr/local/lib/python3.8/dist-packages/webob/acceptparse.py:1047: DeprecationWarning: The behavior of AcceptValidHeader.best_match is currently being maintained for backward compatibility, but it will be deprecated in the future, as it does not conform to the RFC.
Jan 28 02:07:14.016216 dv-cinder-824977-1-iscsi devstack@c-api.service[108974]: warnings.warn(
Jan 28 02:07:14.016793 dv-cinder-824977-1-iscsi devstack@c-api.service[108974]: DEBUG cinder.api.openstack.wsgi [None req-a5bcbac8-86a6-4583-9159-0038a87ff53b tempest-GroupSnapshotsTest-1453891655 tempest-GroupSnapshotsTest-1453891655-project] Action: 'update', calling method: version_select, body: {"group": {"add_volumes": "05e726f1-aaf3-4ed0-b1a7-319c6e9ced18"}} {{(pid=108974) _process_stack /opt/stack/cinder/cinder/api/openstack/wsgi.py:854}}
Jan 28 02:07:14.017678 dv-cinder-824977-1-iscsi devstack@c-api.service[108974]: DEBUG cinder.api.v3.groups [None req-a5bcbac8-86a6-4583-9159-0038a87ff53b tempest-GroupSnapshotsTest-1453891655 tempest-GroupSnapshotsTest-1453891655-project] Update called for group c39b2ee1-cd82-4864-9dc5-c9034455daf0. {{(pid=108974) update /opt/stack/cinder/cinder/api/v3/groups.py:302}}
Jan 28 02:07:14.017967 dv-cinder-824977-1-iscsi devstack@c-api.service[108974]: INFO cinder.api.v3.groups [None req-a5bcbac8-86a6-4583-9159-0038a87ff53b tempest-GroupSnapshotsTest-1453891655 tempest-GroupSnapshotsTest-1453891655-project] Updating group c39b2ee1-cd82-4864-9dc5-c9034455daf0 with name None description: None add_volumes: 05e726f1-aaf3-4ed0-b1a7-319c6e9ced18 remove_volumes: None.
Jan 28 02:07:14.022403 dv-cinder-824977-1-iscsi devstack@c-api.service[108973]: DEBUG oslo_db.sqlalchemy.engines [None req-73853f8c-3474-4d2a-b963-adf51f49db69 tempest-GroupsTest-1085105559 tempest-GroupsTest-1085105559-project] MySQL server mode set to STRICT_TRANS_TABLES,STRICT_ALL_TABLES,NO_ZERO_IN_DATE,NO_ZERO_DATE,ERROR_FOR_DIVISION_BY_ZERO,TRADITIONAL,NO_ENGINE_SUBSTITUTION {{(pid=108973) _check_effective_sql_mode /usr/local/lib/python3.8/dist-packages/oslo_db/sqlalchemy/engines.py:314}}
Jan 28 02:07:14.023430 dv-cinder-824977-1-iscsi devstack@c-api.service[108974]: /usr/local/lib/python3.8/dist-packages/oslo_context/context.py:105: DeprecationWarning: Policy enforcement is depending on the value of is_admin. This key is deprecated. Please update your policy file to use the standard policy values.
Jan 28 02:07:14.023430 dv-cinder-824977-1-iscsi devstack@c-api.service[108974]: warnings.warn('Policy enforcement is depending on the value of '
Jan 28 02:07:14.028394 dv-cinder-824977-1-iscsi devstack@c-api.service[108973]: /usr/local/lib/python3.8/dist-packages/oslo_context/context.py:105: DeprecationWarning: Policy enforcement is depending on the value of is_admin. This key is deprecated. Please update your policy file to use the standard policy values.
Jan 28 02:07:14.028394 dv-cinder-824977-1-iscsi devstack@c-api.service[108973]: warnings.warn('Policy enforcement is depending on the value of '
Jan 28 02:07:14.041115 dv-cinder-824977-1-iscsi devstack@c-api.service[108973]: INFO cinder.api.openstack.wsgi [None req-73853f8c-3474-4d2a-b963-adf51f49db69 tempest-GroupsTest-1085105559 tempest-GroupsTest-1085105559-project] http://10.222.0.79/volume/v3/894e7c88bdc64850b579fd6ef86120fb/volumes/792040b3-e39b-4e4f-87de-2ee10d7dee5a returned with HTTP 200
Jan 28 02:07:14.042064 dv-cinder-824977-1-iscsi devstack@c-api.service[108973]: [pid: 108973|app: 0|req: 240/433] 10.222.0.79 () {60 vars in 1365 bytes} [Fri Jan 28 02:07:13 2022] GET /volume/v3/894e7c88bdc64850b579fd6ef86120fb/volumes/792040b3-e39b-4e4f-87de-2ee10d7dee5a => generated 983 bytes in 63 msecs (HTTP/1.1 200) 7 headers in 286 bytes (2 switches on core 0)
Jan 28 02:07:14.115914 dv-cinder-824977-1-iscsi devstack@c-api.service[108973]: INFO cinder.api.openstack.wsgi [None req-004000a0-0819-49e7-8652-2962194b0c84 tempest-DeleteServersTestJSON-731086738 tempest-DeleteServersTestJSON-731086738-project] GET http://10.222.0.79/volume/v3/b22dd75c99404b48a867a48eb5d10c7d/volumes/ff200797-ad75-4047-a31e-987ff8b2886a
Jan 28 02:07:14.116389 dv-cinder-824977-1-iscsi devstack@c-api.service[108973]: DEBUG cinder.api.openstack.wsgi [None req-004000a0-0819-49e7-8652-2962194b0c84 tempest-DeleteServersTestJSON-731086738 tempest-DeleteServersTestJSON-731086738-project] Empty body provided in request {{(pid=108973) get_body /opt/stack/cinder/cinder/api/openstack/wsgi.py:703}}
Jan 28 02:07:14.116556 dv-cinder-824977-1-iscsi devstack@c-api.service[108973]: /usr/local/lib/python3.8/dist-packages/webob/acceptparse.py:1047: DeprecationWarning: The behavior of AcceptValidHeader.best_match is currently being maintained for backward compatibility, but it will be deprecated in the future, as it does not conform to the RFC.
Jan 28 02:07:14.116556 dv-cinder-824977-1-iscsi devstack@c-api.service[108973]: warnings.warn(
Jan 28 02:07:14.116869 dv-cinder-824977-1-iscsi devstack@c-api.service[108973]: DEBUG cinder.api.openstack.wsgi [None req-004000a0-0819-49e7-8652-2962194b0c84 tempest-DeleteServersTestJSON-731086738 tempest-DeleteServersTestJSON-731086738-project] Calling method 'show' {{(pid=108973) _process_stack /opt/stack/cinder/cinder/api/openstack/wsgi.py:856}}
Jan 28 02:07:14.133967 dv-cinder-824977-1-iscsi devstack@c-api.service[108973]: /usr/local/lib/python3.8/dist-packages/oslo_context/context.py:105: DeprecationWarning: Policy enforcement is depending on the value of is_admin. This key is deprecated. Please update your policy file to use the standard policy values.
Jan 28 02:07:14.133967 dv-cinder-824977-1-iscsi devstack@c-api.service[108973]: warnings.warn('Policy enforcement is depending on the value of '
Jan 28 02:07:14.143496 dv-cinder-824977-1-iscsi devstack@c-api.service[108973]: INFO cinder.volume.api [None req-004000a0-0819-49e7-8652-2962194b0c84 tempest-DeleteServersTestJSON-731086738 tempest-DeleteServersTestJSON-731086738-project] Volume info retrieved successfully.
Jan 28 02:07:14.152394 dv-cinder-824977-1-iscsi devstack@c-api.service[108974]: INFO cinder.api.openstack.wsgi [None req-a5bcbac8-86a6-4583-9159-0038a87ff53b tempest-GroupSnapshotsTest-1453891655 tempest-GroupSnapshotsTest-1453891655-project] http://10.222.0.79/volume/v3/969f13984e0246acb3a7876a57fd3b77/groups/c39b2ee1-cd82-4864-9dc5-c9034455daf0 returned with HTTP 202
Jan 28 02:07:14.154864 dv-cinder-824977-1-iscsi devstack@c-api.service[108974]: [pid: 108974|app: 0|req: 194/434] 10.222.0.79 () {62 vars in 1382 bytes} [Fri Jan 28 02:07:14 2022] PUT /volume/v3/969f13984e0246acb3a7876a57fd3b77/groups/c39b2ee1-cd82-4864-9dc5-c9034455daf0 => generated 0 bytes in 141 msecs (HTTP/1.1 202) 6 headers in 234 bytes (1 switches on core 0)
Jan 28 02:07:14.162281 dv-cinder-824977-1-iscsi devstack@c-api.service[108973]: /usr/local/lib/python3.8/dist-packages/oslo_context/context.py:105: DeprecationWarning: Policy enforcement is depending on the value of is_admin. This key is deprecated. Please update your policy file to use the standard policy values.
Jan 28 02:07:14.162281 dv-cinder-824977-1-iscsi devstack@c-api.service[108973]: warnings.warn('Policy enforcement is depending on the value of '
Jan 28 02:07:14.172592 dv-cinder-824977-1-iscsi devstack@c-api.service[108973]: INFO cinder.api.openstack.wsgi [None req-004000a0-0819-49e7-8652-2962194b0c84 tempest-DeleteServersTestJSON-731086738 tempest-DeleteServersTestJSON-731086738-project] http://10.222.0.79/volume/v3/b22dd75c99404b48a867a48eb5d10c7d/volumes/ff200797-ad75-4047-a31e-987ff8b2886a returned with HTTP 200
Jan 28 02:07:14.172947 dv-cinder-824977-1-iscsi devstack@c-api.service[108973]: [pid: 108973|app: 0|req: 241/435] 10.222.0.79 () {58 vars in 1324 bytes} [Fri Jan 28 02:07:14 2022] GET /volume/v3/b22dd75c99404b48a867a48eb5d10c7d/volumes/ff200797-ad75-4047-a31e-987ff8b2886a => generated 1206 bytes in 61 msecs (HTTP/1.1 200) 7 headers in 286 bytes (2 switches on core 0)
Jan 28 02:07:14.175783 dv-cinder-824977-1-iscsi devstack@c-api.service[108974]: INFO cinder.api.openstack.wsgi [None req-bd896fe8-ca0b-45a6-887c-716311dde26b tempest-GroupSnapshotsTest-1453891655 tempest-GroupSnapshotsTest-1453891655-project] GET http://10.222.0.79/volume/v3/969f13984e0246acb3a7876a57fd3b77/groups/c39b2ee1-cd82-4864-9dc5-c9034455daf0
Jan 28 02:07:14.176312 dv-cinder-824977-1-iscsi devstack@c-api.service[108974]: DEBUG cinder.api.openstack.wsgi [None req-bd896fe8-ca0b-45a6-887c-716311dde26b tempest-GroupSnapshotsTest-1453891655 tempest-GroupSnapshotsTest-1453891655-project] Empty body provided in request {{(pid=108974) get_body /opt/stack/cinder/cinder/api/openstack/wsgi.py:703}}
Jan 28 02:07:14.185214 dv-cinder-824977-1-iscsi devstack@c-api.service[108974]: /usr/local/lib/python3.8/dist-packages/webob/acceptparse.py:1047: DeprecationWarning: The behavior of AcceptValidHeader.best_match is currently being maintained for backward compatibility, but it will be deprecated in the future, as it does not conform to the RFC.
Jan 28 02:07:14.185214 dv-cinder-824977-1-iscsi devstack@c-api.service[108974]: warnings.warn(
Jan 28 02:07:14.185214 dv-cinder-824977-1-iscsi devstack@c-api.service[108974]: DEBUG cinder.api.openstack.wsgi [None req-bd896fe8-ca0b-45a6-887c-716311dde26b tempest-GroupSnapshotsTest-1453891655 tempest-GroupSnapshotsTest-1453891655-project] Calling method 'version_select' {{(pid=108974) _process_stack /opt/stack/cinder/cinder/api/openstack/wsgi.py:856}}
Jan 28 02:07:14.185214 dv-cinder-824977-1-iscsi devstack@c-api.service[108974]: DEBUG cinder.api.v3.groups [None req-bd896fe8-ca0b-45a6-887c-716311dde26b tempest-GroupSnapshotsTest-1453891655 tempest-GroupSnapshotsTest-1453891655-project] show called for member c39b2ee1-cd82-4864-9dc5-c9034455daf0 {{(pid=108974) show /opt/stack/cinder/cinder/api/v3/groups.py:58}}
Jan 28 02:07:14.187826 dv-cinder-824977-1-iscsi devstack@c-api.service[108974]: /usr/local/lib/python3.8/dist-packages/oslo_context/context.py:105: DeprecationWarning: Policy enforcement is depending on the value of is_admin. This key is deprecated. Please update your policy file to use the standard policy values.
Jan 28 02:07:14.187826 dv-cinder-824977-1-iscsi devstack@c-api.service[108974]: warnings.warn('Policy enforcement is depending on the value of '
Jan 28 02:07:14.190372 dv-cinder-824977-1-iscsi devstack@c-api.service[108973]: INFO cinder.api.openstack.wsgi [None req-604c7474-66a3-4c53-a2ba-f98c2fdfb0f4 tempest-DeleteServersTestJSON-731086738 tempest-DeleteServersTestJSON-731086738-project] GET http://10.222.0.79/volume/v3/b22dd75c99404b48a867a48eb5d10c7d/volumes/ff200797-ad75-4047-a31e-987ff8b2886a
Jan 28 02:07:14.190812 dv-cinder-824977-1-iscsi devstack@c-api.service[108973]: DEBUG cinder.api.openstack.wsgi [None req-604c7474-66a3-4c53-a2ba-f98c2fdfb0f4 tempest-DeleteServersTestJSON-731086738 tempest-DeleteServersTestJSON-731086738-project] Empty body provided in request {{(pid=108973) get_body /opt/stack/cinder/cinder/api/openstack/wsgi.py:703}}
Jan 28 02:07:14.192983 dv-cinder-824977-1-iscsi devstack@c-api.service[108973]: /usr/local/lib/python3.8/dist-packages/webob/acceptparse.py:1047: DeprecationWarning: The behavior of AcceptValidHeader.best_match is currently being maintained for backward compatibility, but it will be deprecated in the future, as it does not conform to the RFC.
Jan 28 02:07:14.192983 dv-cinder-824977-1-iscsi devstack@c-api.service[108973]: warnings.warn(
Jan 28 02:07:14.192983 dv-cinder-824977-1-iscsi devstack@c-api.service[108973]: DEBUG cinder.api.openstack.wsgi [None req-604c7474-66a3-4c53-a2ba-f98c2fdfb0f4 tempest-DeleteServersTestJSON-731086738 tempest-DeleteServersTestJSON-731086738-project] Calling method 'show' {{(pid=108973) _process_stack /opt/stack/cinder/cinder/api/openstack/wsgi.py:856}}
Jan 28 02:07:14.205797 dv-cinder-824977-1-iscsi devstack@c-api.service[108974]: INFO cinder.api.openstack.wsgi [None req-bd896fe8-ca0b-45a6-887c-716311dde26b tempest-GroupSnapshotsTest-1453891655 tempest-GroupSnapshotsTest-1453891655-project] http://10.222.0.79/volume/v3/969f13984e0246acb3a7876a57fd3b77/groups/c39b2ee1-cd82-4864-9dc5-c9034455daf0 returned with HTTP 200
Jan 28 02:07:14.206369 dv-cinder-824977-1-iscsi devstack@c-api.service[108974]: [pid: 108974|app: 0|req: 195/436] 10.222.0.79 () {60 vars in 1362 bytes} [Fri Jan 28 02:07:14 2022] GET /volume/v3/969f13984e0246acb3a7876a57fd3b77/groups/c39b2ee1-cd82-4864-9dc5-c9034455daf0 => generated 392 bytes in 39 msecs (HTTP/1.1 200) 7 headers in 286 bytes (1 switches on core 0)
Jan 28 02:07:14.209479 dv-cinder-824977-1-iscsi devstack@c-api.service[108973]: /usr/local/lib/python3.8/dist-packages/oslo_context/context.py:105: DeprecationWarning: Policy enforcement is depending on the value of is_admin. This key is deprecated. Please update your policy file to use the standard policy values.
Jan 28 02:07:14.209479 dv-cinder-824977-1-iscsi devstack@c-api.service[108973]: warnings.warn('Policy enforcement is depending on the value of '
Jan 28 02:07:14.218080 dv-cinder-824977-1-iscsi devstack@c-api.service[108973]: INFO cinder.volume.api [None req-604c7474-66a3-4c53-a2ba-f98c2fdfb0f4 tempest-DeleteServersTestJSON-731086738 tempest-DeleteServersTestJSON-731086738-project] Volume info retrieved successfully.
Jan 28 02:07:14.228633 dv-cinder-824977-1-iscsi devstack@c-api.service[108973]: /usr/local/lib/python3.8/dist-packages/oslo_context/context.py:105: DeprecationWarning: Policy enforcement is depending on the value of is_admin. This key is deprecated. Please update your policy file to use the standard policy values.
Jan 28 02:07:14.228633 dv-cinder-824977-1-iscsi devstack@c-api.service[108973]: warnings.warn('Policy enforcement is depending on the value of '
Jan 28 02:07:14.237267 dv-cinder-824977-1-iscsi devstack@c-api.service[108973]: INFO cinder.api.openstack.wsgi [None req-604c7474-66a3-4c53-a2ba-f98c2fdfb0f4 tempest-DeleteServersTestJSON-731086738 tempest-DeleteServersTestJSON-731086738-project] http://10.222.0.79/volume/v3/b22dd75c99404b48a867a48eb5d10c7d/volumes/ff200797-ad75-4047-a31e-987ff8b2886a returned with HTTP 200
Jan 28 02:07:14.238047 dv-cinder-824977-1-iscsi devstack@c-api.service[108973]: [pid: 108973|app: 0|req: 242/437] 10.222.0.79 () {58 vars in 1324 bytes} [Fri Jan 28 02:07:14 2022] GET /volume/v3/b22dd75c99404b48a867a48eb5d10c7d/volumes/ff200797-ad75-4047-a31e-987ff8b2886a => generated 1206 bytes in 51 msecs (HTTP/1.1 200) 7 headers in 286 bytes (1 switches on core 0)
Jan 28 02:07:14.416889 dv-cinder-824977-1-iscsi devstack@c-api.service[108974]: INFO cinder.api.openstack.wsgi [None req-daa8c100-6b59-4d92-8029-7aca8e514b30 tempest-SnapshotsActionsTest-495018695 tempest-SnapshotsActionsTest-495018695-project] GET http://10.222.0.79/volume/v3/28cd877825a548d293e0336794c3d16c/snapshots/eb3515fc-449e-4a5a-85c2-ac0ae1f5cf44
Jan 28 02:07:14.417510 dv-cinder-824977-1-iscsi devstack@c-api.service[108974]: DEBUG cinder.api.openstack.wsgi [None req-daa8c100-6b59-4d92-8029-7aca8e514b30 tempest-SnapshotsActionsTest-495018695 tempest-SnapshotsActionsTest-495018695-project] Empty body provided in request {{(pid=108974) get_body /opt/stack/cinder/cinder/api/openstack/wsgi.py:703}}
Jan 28 02:07:14.417740 dv-cinder-824977-1-iscsi devstack@c-api.service[108974]: /usr/local/lib/python3.8/dist-packages/webob/acceptparse.py:1047: DeprecationWarning: The behavior of AcceptValidHeader.best_match is currently being maintained for backward compatibility, but it will be deprecated in the future, as it does not conform to the RFC.
Jan 28 02:07:14.417740 dv-cinder-824977-1-iscsi devstack@c-api.service[108974]: warnings.warn(
Jan 28 02:07:14.418053 dv-cinder-824977-1-iscsi devstack@c-api.service[108974]: DEBUG cinder.api.openstack.wsgi [None req-daa8c100-6b59-4d92-8029-7aca8e514b30 tempest-SnapshotsActionsTest-495018695 tempest-SnapshotsActionsTest-495018695-project] Calling method 'show' {{(pid=108974) _process_stack /opt/stack/cinder/cinder/api/openstack/wsgi.py:856}}
Jan 28 02:07:14.425364 dv-cinder-824977-1-iscsi devstack@c-api.service[108974]: INFO cinder.api.openstack.wsgi [None req-daa8c100-6b59-4d92-8029-7aca8e514b30 tempest-SnapshotsActionsTest-495018695 tempest-SnapshotsActionsTest-495018695-project] http://10.222.0.79/volume/v3/28cd877825a548d293e0336794c3d16c/snapshots/eb3515fc-449e-4a5a-85c2-ac0ae1f5cf44 returned with HTTP 404
Jan 28 02:07:14.429237 dv-cinder-824977-1-iscsi devstack@c-api.service[108974]: [pid: 108974|app: 0|req: 196/438] 10.222.0.79 () {58 vars in 1330 bytes} [Fri Jan 28 02:07:14 2022] GET /volume/v3/28cd877825a548d293e0336794c3d16c/snapshots/eb3515fc-449e-4a5a-85c2-ac0ae1f5cf44 => generated 111 bytes in 14 msecs (HTTP/1.1 404) 7 headers in 292 bytes (1 switches on core 0)
Jan 28 02:07:14.433369 dv-cinder-824977-1-iscsi devstack@c-api.service[108973]: INFO cinder.api.openstack.wsgi [None req-32f89790-0971-4094-a5e9-b8cc8fe22293 tempest-SnapshotsActionsTest-495018695 tempest-SnapshotsActionsTest-495018695-project] DELETE http://10.222.0.79/volume/v3/28cd877825a548d293e0336794c3d16c/volumes/8449a633-2ea5-458f-b432-efa4abe6e254
Jan 28 02:07:14.433807 dv-cinder-824977-1-iscsi devstack@c-api.service[108973]: DEBUG cinder.api.openstack.wsgi [None req-32f89790-0971-4094-a5e9-b8cc8fe22293 tempest-SnapshotsActionsTest-495018695 tempest-SnapshotsActionsTest-495018695-project] Empty body provided in request {{(pid=108973) get_body /opt/stack/cinder/cinder/api/openstack/wsgi.py:703}}
Jan 28 02:07:14.433967 dv-cinder-824977-1-iscsi devstack@c-api.service[108973]: /usr/local/lib/python3.8/dist-packages/webob/acceptparse.py:1047: DeprecationWarning: The behavior of AcceptValidHeader.best_match is currently being maintained for backward compatibility, but it will be deprecated in the future, as it does not conform to the RFC.
Jan 28 02:07:14.433967 dv-cinder-824977-1-iscsi devstack@c-api.service[108973]: warnings.warn(
Jan 28 02:07:14.434274 dv-cinder-824977-1-iscsi devstack@c-api.service[108973]: DEBUG cinder.api.openstack.wsgi [None req-32f89790-0971-4094-a5e9-b8cc8fe22293 tempest-SnapshotsActionsTest-495018695 tempest-SnapshotsActionsTest-495018695-project] Calling method 'delete' {{(pid=108973) _process_stack /opt/stack/cinder/cinder/api/openstack/wsgi.py:856}}
Jan 28 02:07:14.434664 dv-cinder-824977-1-iscsi devstack@c-api.service[108973]: INFO cinder.api.v3.volumes [None req-32f89790-0971-4094-a5e9-b8cc8fe22293 tempest-SnapshotsActionsTest-495018695 tempest-SnapshotsActionsTest-495018695-project] Delete volume with id: 8449a633-2ea5-458f-b432-efa4abe6e254
Jan 28 02:07:14.449045 dv-cinder-824977-1-iscsi devstack@c-api.service[108973]: /usr/local/lib/python3.8/dist-packages/oslo_context/context.py:105: DeprecationWarning: Policy enforcement is depending on the value of is_admin. This key is deprecated. Please update your policy file to use the standard policy values.
Jan 28 02:07:14.449045 dv-cinder-824977-1-iscsi devstack@c-api.service[108973]: warnings.warn('Policy enforcement is depending on the value of '
Jan 28 02:07:14.450230 dv-cinder-824977-1-iscsi devstack@c-api.service[108973]: INFO cinder.volume.api [None req-32f89790-0971-4094-a5e9-b8cc8fe22293 tempest-SnapshotsActionsTest-495018695 tempest-SnapshotsActionsTest-495018695-project] Volume info retrieved successfully.
Jan 28 02:07:14.612392 dv-cinder-824977-1-iscsi devstack@c-api.service[108973]: INFO cinder.volume.api [None req-32f89790-0971-4094-a5e9-b8cc8fe22293 tempest-SnapshotsActionsTest-495018695 tempest-SnapshotsActionsTest-495018695-project] Delete volume request issued successfully.
Jan 28 02:07:14.612799 dv-cinder-824977-1-iscsi devstack@c-api.service[108973]: INFO cinder.api.openstack.wsgi [None req-32f89790-0971-4094-a5e9-b8cc8fe22293 tempest-SnapshotsActionsTest-495018695 tempest-SnapshotsActionsTest-495018695-project] http://10.222.0.79/volume/v3/28cd877825a548d293e0336794c3d16c/volumes/8449a633-2ea5-458f-b432-efa4abe6e254 returned with HTTP 202
Jan 28 02:07:14.613585 dv-cinder-824977-1-iscsi devstack@c-api.service[108973]: [pid: 108973|app: 0|req: 243/439] 10.222.0.79 () {58 vars in 1327 bytes} [Fri Jan 28 02:07:14 2022] DELETE /volume/v3/28cd877825a548d293e0336794c3d16c/volumes/8449a633-2ea5-458f-b432-efa4abe6e254 => generated 0 bytes in 184 msecs (HTTP/1.1 202) 6 headers in 233 bytes (1 switches on core 0)
Jan 28 02:07:14.621170 dv-cinder-824977-1-iscsi devstack@c-api.service[108974]: INFO cinder.api.openstack.wsgi [None req-2abf4a4a-1253-42fc-b7e2-6fbc6567cfc1 tempest-SnapshotsActionsTest-495018695 tempest-SnapshotsActionsTest-495018695-project] GET http://10.222.0.79/volume/v3/28cd877825a548d293e0336794c3d16c/volumes/8449a633-2ea5-458f-b432-efa4abe6e254
Jan 28 02:07:14.621985 dv-cinder-824977-1-iscsi devstack@c-api.service[108974]: DEBUG cinder.api.openstack.wsgi [None req-2abf4a4a-1253-42fc-b7e2-6fbc6567cfc1 tempest-SnapshotsActionsTest-495018695 tempest-SnapshotsActionsTest-495018695-project] Empty body provided in request {{(pid=108974) get_body /opt/stack/cinder/cinder/api/openstack/wsgi.py:703}}
Jan 28 02:07:14.622761 dv-cinder-824977-1-iscsi devstack@c-api.service[108974]: DEBUG cinder.api.openstack.wsgi [None req-2abf4a4a-1253-42fc-b7e2-6fbc6567cfc1 tempest-SnapshotsActionsTest-495018695 tempest-SnapshotsActionsTest-495018695-project] Calling method 'show' {{(pid=108974) _process_stack /opt/stack/cinder/cinder/api/openstack/wsgi.py:856}}
Jan 28 02:07:14.637162 dv-cinder-824977-1-iscsi devstack@c-api.service[108974]: /usr/local/lib/python3.8/dist-packages/oslo_context/context.py:105: DeprecationWarning: Policy enforcement is depending on the value of is_admin. This key is deprecated. Please update your policy file to use the standard policy values.
Jan 28 02:07:14.637162 dv-cinder-824977-1-iscsi devstack@c-api.service[108974]: warnings.warn('Policy enforcement is depending on the value of '
Jan 28 02:07:14.645050 dv-cinder-824977-1-iscsi devstack@c-api.service[108974]: INFO cinder.volume.api [None req-2abf4a4a-1253-42fc-b7e2-6fbc6567cfc1 tempest-SnapshotsActionsTest-495018695 tempest-SnapshotsActionsTest-495018695-project] Volume info retrieved successfully.
Jan 28 02:07:14.661133 dv-cinder-824977-1-iscsi devstack@c-api.service[108974]: INFO cinder.api.openstack.wsgi [None req-2abf4a4a-1253-42fc-b7e2-6fbc6567cfc1 tempest-SnapshotsActionsTest-495018695 tempest-SnapshotsActionsTest-495018695-project] http://10.222.0.79/volume/v3/28cd877825a548d293e0336794c3d16c/volumes/8449a633-2ea5-458f-b432-efa4abe6e254 returned with HTTP 200
Jan 28 02:07:14.661922 dv-cinder-824977-1-iscsi devstack@c-api.service[108974]: [pid: 108974|app: 0|req: 197/440] 10.222.0.79 () {58 vars in 1324 bytes} [Fri Jan 28 02:07:14 2022] GET /volume/v3/28cd877825a548d293e0336794c3d16c/volumes/8449a633-2ea5-458f-b432-efa4abe6e254 => generated 911 bytes in 45 msecs (HTTP/1.1 200) 7 headers in 285 bytes (1 switches on core 0)
Jan 28 02:07:15.058617 dv-cinder-824977-1-iscsi devstack@c-api.service[108973]: INFO cinder.api.openstack.wsgi [None req-d56b7761-4a19-4b63-8ede-e239d53ceb84 tempest-GroupsTest-1085105559 tempest-GroupsTest-1085105559-project] GET http://10.222.0.79/volume/v3/894e7c88bdc64850b579fd6ef86120fb/volumes/792040b3-e39b-4e4f-87de-2ee10d7dee5a
Jan 28 02:07:15.067964 dv-cinder-824977-1-iscsi devstack@c-api.service[108973]: DEBUG cinder.api.openstack.wsgi [None req-d56b7761-4a19-4b63-8ede-e239d53ceb84 tempest-GroupsTest-1085105559 tempest-GroupsTest-1085105559-project] Empty body provided in request {{(pid=108973) get_body /opt/stack/cinder/cinder/api/openstack/wsgi.py:703}}
Jan 28 02:07:15.067964 dv-cinder-824977-1-iscsi devstack@c-api.service[108973]: /usr/local/lib/python3.8/dist-packages/webob/acceptparse.py:1047: DeprecationWarning: The behavior of AcceptValidHeader.best_match is currently being maintained for backward compatibility, but it will be deprecated in the future, as it does not conform to the RFC.
Jan 28 02:07:15.067964 dv-cinder-824977-1-iscsi devstack@c-api.service[108973]: warnings.warn(
Jan 28 02:07:15.067964 dv-cinder-824977-1-iscsi devstack@c-api.service[108973]: DEBUG cinder.api.openstack.wsgi [None req-d56b7761-4a19-4b63-8ede-e239d53ceb84 tempest-GroupsTest-1085105559 tempest-GroupsTest-1085105559-project] Calling method 'show' {{(pid=108973) _process_stack /opt/stack/cinder/cinder/api/openstack/wsgi.py:856}}
Jan 28 02:07:15.074044 dv-cinder-824977-1-iscsi devstack@c-api.service[108973]: /usr/local/lib/python3.8/dist-packages/oslo_context/context.py:105: DeprecationWarning: Policy enforcement is depending on the value of is_admin. This key is deprecated. Please update your policy file to use the standard policy values.
Jan 28 02:07:15.074044 dv-cinder-824977-1-iscsi devstack@c-api.service[108973]: warnings.warn('Policy enforcement is depending on the value of '
Jan 28 02:07:15.080937 dv-cinder-824977-1-iscsi devstack@c-api.service[108973]: INFO cinder.volume.api [None req-d56b7761-4a19-4b63-8ede-e239d53ceb84 tempest-GroupsTest-1085105559 tempest-GroupsTest-1085105559-project] Volume info retrieved successfully.
Jan 28 02:07:15.087618 dv-cinder-824977-1-iscsi devstack@c-api.service[108973]: WARNING stevedore.named [None req-d56b7761-4a19-4b63-8ede-e239d53ceb84 tempest-GroupsTest-1085105559 tempest-GroupsTest-1085105559-project] Could not load cinder.keymgr.conf_key_mgr.ConfKeyManager
Jan 28 02:07:15.088020 dv-cinder-824977-1-iscsi devstack@c-api.service[108973]: WARNING castellan.key_manager [None req-d56b7761-4a19-4b63-8ede-e239d53ceb84 tempest-GroupsTest-1085105559 tempest-GroupsTest-1085105559-project] Deprecation Warning : cinder.keymgr.conf_key_mgr.ConfKeyManager is not a stevedore based driver, trying to load it as a class: stevedore.exception.NoMatches: No 'castellan.drivers' driver found, looking for 'cinder.keymgr.conf_key_mgr.ConfKeyManager'
Jan 28 02:07:15.095177 dv-cinder-824977-1-iscsi devstack@c-api.service[108973]: DEBUG oslo_db.sqlalchemy.engines [None req-d56b7761-4a19-4b63-8ede-e239d53ceb84 tempest-GroupsTest-1085105559 tempest-GroupsTest-1085105559-project] MySQL server mode set to STRICT_TRANS_TABLES,STRICT_ALL_TABLES,NO_ZERO_IN_DATE,NO_ZERO_DATE,ERROR_FOR_DIVISION_BY_ZERO,TRADITIONAL,NO_ENGINE_SUBSTITUTION {{(pid=108973) _check_effective_sql_mode /usr/local/lib/python3.8/dist-packages/oslo_db/sqlalchemy/engines.py:314}}
Jan 28 02:07:15.100739 dv-cinder-824977-1-iscsi devstack@c-api.service[108973]: /usr/local/lib/python3.8/dist-packages/oslo_context/context.py:105: DeprecationWarning: Policy enforcement is depending on the value of is_admin. This key is deprecated. Please update your policy file to use the standard policy values.
Jan 28 02:07:15.100739 dv-cinder-824977-1-iscsi devstack@c-api.service[108973]: warnings.warn('Policy enforcement is depending on the value of '
Jan 28 02:07:15.114249 dv-cinder-824977-1-iscsi devstack@c-api.service[108973]: INFO cinder.api.openstack.wsgi [None req-d56b7761-4a19-4b63-8ede-e239d53ceb84 tempest-GroupsTest-1085105559 tempest-GroupsTest-1085105559-project] http://10.222.0.79/volume/v3/894e7c88bdc64850b579fd6ef86120fb/volumes/792040b3-e39b-4e4f-87de-2ee10d7dee5a returned with HTTP 200
Jan 28 02:07:15.118123 dv-cinder-824977-1-iscsi devstack@c-api.service[108973]: [pid: 108973|app: 0|req: 244/441] 10.222.0.79 () {60 vars in 1365 bytes} [Fri Jan 28 02:07:15 2022] GET /volume/v3/894e7c88bdc64850b579fd6ef86120fb/volumes/792040b3-e39b-4e4f-87de-2ee10d7dee5a => generated 982 bytes in 61 msecs (HTTP/1.1 200) 7 headers in 286 bytes (1 switches on core 0)
Jan 28 02:07:15.217594 dv-cinder-824977-1-iscsi devstack@c-api.service[108974]: INFO cinder.api.openstack.wsgi [None req-149b5d29-027a-474a-808a-c28c9d3b399f tempest-GroupSnapshotsTest-1453891655 tempest-GroupSnapshotsTest-1453891655-project] GET http://10.222.0.79/volume/v3/969f13984e0246acb3a7876a57fd3b77/groups/c39b2ee1-cd82-4864-9dc5-c9034455daf0
Jan 28 02:07:15.218110 dv-cinder-824977-1-iscsi devstack@c-api.service[108974]: DEBUG cinder.api.openstack.wsgi [None req-149b5d29-027a-474a-808a-c28c9d3b399f tempest-GroupSnapshotsTest-1453891655 tempest-GroupSnapshotsTest-1453891655-project] Empty body provided in request {{(pid=108974) get_body /opt/stack/cinder/cinder/api/openstack/wsgi.py:703}}
