Jan 28 02:07:05.690355 dv-cinder-824977-1-iscsi devstack@c-api.service[108974]: /usr/local/lib/python3.8/dist-packages/webob/acceptparse.py:1047: DeprecationWarning: The behavior of AcceptValidHeader.best_match is currently being maintained for backward compatibility, but it will be deprecated in the future, as it does not conform to the RFC.
Jan 28 02:07:05.690355 dv-cinder-824977-1-iscsi devstack@c-api.service[108974]: warnings.warn(
Jan 28 02:07:05.690726 dv-cinder-824977-1-iscsi devstack@c-api.service[108974]: DEBUG cinder.api.openstack.wsgi [None req-19d3f100-6249-42e7-b8ac-3b4ee49dec13 tempest-VolumeTypesTest-640184119 tempest-VolumeTypesTest-640184119-project] Action body: b'{"os-retype": {"new_type": "bf4a3efc-432a-4e0e-a52f-1eb9d42f10d8"}}' {{(pid=108974) get_method /opt/stack/cinder/cinder/api/openstack/wsgi.py:971}}
Jan 28 02:07:05.691083 dv-cinder-824977-1-iscsi devstack@c-api.service[108974]: DEBUG cinder.api.openstack.wsgi [None req-19d3f100-6249-42e7-b8ac-3b4ee49dec13 tempest-VolumeTypesTest-640184119 tempest-VolumeTypesTest-640184119-project] Action: 'action', calling method: _retype, body: {"os-retype": {"new_type": "bf4a3efc-432a-4e0e-a52f-1eb9d42f10d8"}} {{(pid=108974) _process_stack /opt/stack/cinder/cinder/api/openstack/wsgi.py:854}}
Jan 28 02:07:05.696832 dv-cinder-824977-1-iscsi devstack@c-api.service[108973]: INFO cinder.volume.api [None req-b31b05d2-5263-44bc-acb7-fbae8f014b11 tempest-GroupsTest-1085105559 tempest-GroupsTest-1085105559-project] Availability Zones retrieved successfully.
Jan 28 02:07:05.706418 dv-cinder-824977-1-iscsi devstack@c-api.service[108974]: /usr/local/lib/python3.8/dist-packages/oslo_context/context.py:105: DeprecationWarning: Policy enforcement is depending on the value of is_admin. This key is deprecated. Please update your policy file to use the standard policy values.
Jan 28 02:07:05.706418 dv-cinder-824977-1-iscsi devstack@c-api.service[108974]: warnings.warn('Policy enforcement is depending on the value of '
Jan 28 02:07:05.708001 dv-cinder-824977-1-iscsi devstack@c-api.service[108974]: INFO cinder.volume.api [None req-19d3f100-6249-42e7-b8ac-3b4ee49dec13 tempest-VolumeTypesTest-640184119 tempest-VolumeTypesTest-640184119-project] Volume info retrieved successfully.
Jan 28 02:07:05.711223 dv-cinder-824977-1-iscsi devstack@c-api.service[108973]: DEBUG cinder.volume.api [None req-b31b05d2-5263-44bc-acb7-fbae8f014b11 tempest-GroupsTest-1085105559 tempest-GroupsTest-1085105559-project] Flow 'volume_create_api' (1c612b1d-4c76-439f-b794-aad42ace7d49) transitioned into state 'RUNNING' from state 'PENDING' {{(pid=108973) _flow_receiver /usr/local/lib/python3.8/dist-packages/taskflow/listeners/logging.py:141}}
Jan 28 02:07:05.713758 dv-cinder-824977-1-iscsi devstack@c-api.service[108973]: DEBUG cinder.volume.api [None req-b31b05d2-5263-44bc-acb7-fbae8f014b11 tempest-GroupsTest-1085105559 tempest-GroupsTest-1085105559-project] Task 'cinder.volume.flows.api.create_volume.ExtractVolumeRequestTask;volume:create' (09e01b52-375e-4a29-834f-087e33cc8805) transitioned into state 'RUNNING' from state 'PENDING' {{(pid=108973) _task_receiver /usr/local/lib/python3.8/dist-packages/taskflow/listeners/logging.py:190}}
Jan 28 02:07:05.715546 dv-cinder-824977-1-iscsi devstack@c-api.service[108973]: /usr/local/lib/python3.8/dist-packages/oslo_context/context.py:105: DeprecationWarning: Policy enforcement is depending on the value of is_admin. This key is deprecated. Please update your policy file to use the standard policy values.
Jan 28 02:07:05.715546 dv-cinder-824977-1-iscsi devstack@c-api.service[108973]: warnings.warn('Policy enforcement is depending on the value of '
Jan 28 02:07:05.716500 dv-cinder-824977-1-iscsi devstack@c-api.service[108973]: DEBUG cinder.volume.flows.api.create_volume [None req-b31b05d2-5263-44bc-acb7-fbae8f014b11 tempest-GroupsTest-1085105559 tempest-GroupsTest-1085105559-project] Validating volume size '1' using validate_int {{(pid=108973) _extract_size /opt/stack/cinder/cinder/volume/flows/api/create_volume.py:225}}
Jan 28 02:07:05.738836 dv-cinder-824977-1-iscsi devstack@c-api.service[108973]: DEBUG cinder.volume.api [None req-b31b05d2-5263-44bc-acb7-fbae8f014b11 tempest-GroupsTest-1085105559 tempest-GroupsTest-1085105559-project] Task 'cinder.volume.flows.api.create_volume.ExtractVolumeRequestTask;volume:create' (09e01b52-375e-4a29-834f-087e33cc8805) transitioned into state 'SUCCESS' from state 'RUNNING' with result '{'size': 1, 'snapshot_id': None, 'source_volid': None, 'volume_type': VolumeType(created_at=2022-01-28T02:06:58Z,deleted=False,deleted_at=None,description=None,extra_specs={},id=128719a1-43b4-4b53-be80-14f0c04cc01d,is_public=True,name='tempest-GroupsTest-volume-type-603478728',projects=[],qos_specs=,qos_specs_id=None,updated_at=None), 'volume_type_id': '128719a1-43b4-4b53-be80-14f0c04cc01d', 'encryption_key_id': None, 'qos_specs': None, 'consistencygroup_id': None, 'cgsnapshot_id': None, 'group_id': '49147287-e3af-4ad9-b46a-f0b2035c44b0', 'replication_status': 'disabled', 'refresh_az': False, 'backup_id': None, 'multiattach': False, 'availability_zones': ['nova']}' {{(pid=108973) _task_receiver /usr/local/lib/python3.8/dist-packages/taskflow/listeners/logging.py:178}}
Jan 28 02:07:05.739306 dv-cinder-824977-1-iscsi devstack@c-api.service[108974]: WARNING cinder.quota [None req-19d3f100-6249-42e7-b8ac-3b4ee49dec13 tempest-VolumeTypesTest-640184119 tempest-VolumeTypesTest-640184119-project] Deprecated: Default quota for resource: volumes_tempest-VolumeTypesTest-volume-type-1351769142 is set by the default quota flag: quota_volumes_tempest-VolumeTypesTest-volume-type-1351769142, it is now deprecated. Please use the default quota class for default quota.
Jan 28 02:07:05.740098 dv-cinder-824977-1-iscsi devstack@c-api.service[108974]: WARNING cinder.quota [None req-19d3f100-6249-42e7-b8ac-3b4ee49dec13 tempest-VolumeTypesTest-640184119 tempest-VolumeTypesTest-640184119-project] Deprecated: Default quota for resource: gigabytes_tempest-VolumeTypesTest-volume-type-1351769142 is set by the default quota flag: quota_gigabytes_tempest-VolumeTypesTest-volume-type-1351769142, it is now deprecated. Please use the default quota class for default quota.
Jan 28 02:07:05.740936 dv-cinder-824977-1-iscsi devstack@c-api.service[108973]: DEBUG cinder.volume.api [None req-b31b05d2-5263-44bc-acb7-fbae8f014b11 tempest-GroupsTest-1085105559 tempest-GroupsTest-1085105559-project] Task 'cinder.volume.flows.api.create_volume.QuotaReserveTask;volume:create' (29d53871-67dc-4b92-af18-71bda51cbb12) transitioned into state 'RUNNING' from state 'PENDING' {{(pid=108973) _task_receiver /usr/local/lib/python3.8/dist-packages/taskflow/listeners/logging.py:190}}
Jan 28 02:07:05.871813 dv-cinder-824977-1-iscsi devstack@c-api.service[108973]: DEBUG cinder.quota [None req-b31b05d2-5263-44bc-acb7-fbae8f014b11 tempest-GroupsTest-1085105559 tempest-GroupsTest-1085105559-project] Created reservations ['37d19de8-832f-4630-98cb-375e0611c0ac', '34a9cf65-abec-4136-8a7d-bef172c281d0', '1857777f-9c99-4f78-95e3-8fcc426ce9aa', '8db7f5c4-f184-4c43-96b9-3d0da975c4c4'] {{(pid=108973) reserve /opt/stack/cinder/cinder/quota.py:755}}
Jan 28 02:07:05.873718 dv-cinder-824977-1-iscsi devstack@c-api.service[108973]: DEBUG cinder.volume.api [None req-b31b05d2-5263-44bc-acb7-fbae8f014b11 tempest-GroupsTest-1085105559 tempest-GroupsTest-1085105559-project] Task 'cinder.volume.flows.api.create_volume.QuotaReserveTask;volume:create' (29d53871-67dc-4b92-af18-71bda51cbb12) transitioned into state 'SUCCESS' from state 'RUNNING' with result '{'reservations': ['37d19de8-832f-4630-98cb-375e0611c0ac', '34a9cf65-abec-4136-8a7d-bef172c281d0', '1857777f-9c99-4f78-95e3-8fcc426ce9aa', '8db7f5c4-f184-4c43-96b9-3d0da975c4c4']}' {{(pid=108973) _task_receiver /usr/local/lib/python3.8/dist-packages/taskflow/listeners/logging.py:178}}
Jan 28 02:07:05.875752 dv-cinder-824977-1-iscsi devstack@c-api.service[108973]: DEBUG cinder.volume.api [None req-b31b05d2-5263-44bc-acb7-fbae8f014b11 tempest-GroupsTest-1085105559 tempest-GroupsTest-1085105559-project] Task 'cinder.volume.flows.api.create_volume.EntryCreateTask;volume:create' (bdab7d37-2c03-490a-9c7e-c0b254c210b6) transitioned into state 'RUNNING' from state 'PENDING' {{(pid=108973) _task_receiver /usr/local/lib/python3.8/dist-packages/taskflow/listeners/logging.py:190}}
Jan 28 02:07:05.931501 dv-cinder-824977-1-iscsi devstack@c-api.service[108974]: DEBUG cinder.quota [None req-19d3f100-6249-42e7-b8ac-3b4ee49dec13 tempest-VolumeTypesTest-640184119 tempest-VolumeTypesTest-640184119-project] Created reservations ['2bca629b-d64a-4d55-89c9-ddeccc71e579', 'a73549ea-6e14-4588-8b45-7cb8bd6f5010'] {{(pid=108974) reserve /opt/stack/cinder/cinder/quota.py:755}}
Jan 28 02:07:05.950955 dv-cinder-824977-1-iscsi devstack@c-api.service[108974]: WARNING cinder.quota [None req-19d3f100-6249-42e7-b8ac-3b4ee49dec13 tempest-VolumeTypesTest-640184119 tempest-VolumeTypesTest-640184119-project] Deprecated: Default quota for resource: volumes_tempest-VolumeTypesTest-volume-type-225520737 is set by the default quota flag: quota_volumes_tempest-VolumeTypesTest-volume-type-225520737, it is now deprecated. Please use the default quota class for default quota.
Jan 28 02:07:05.951715 dv-cinder-824977-1-iscsi devstack@c-api.service[108974]: WARNING cinder.quota [None req-19d3f100-6249-42e7-b8ac-3b4ee49dec13 tempest-VolumeTypesTest-640184119 tempest-VolumeTypesTest-640184119-project] Deprecated: Default quota for resource: gigabytes_tempest-VolumeTypesTest-volume-type-225520737 is set by the default quota flag: quota_gigabytes_tempest-VolumeTypesTest-volume-type-225520737, it is now deprecated. Please use the default quota class for default quota.
Jan 28 02:07:05.976476 dv-cinder-824977-1-iscsi devstack@c-api.service[108973]: DEBUG cinder.volume.api [None req-b31b05d2-5263-44bc-acb7-fbae8f014b11 tempest-GroupsTest-1085105559 tempest-GroupsTest-1085105559-project] Task 'cinder.volume.flows.api.create_volume.EntryCreateTask;volume:create' (bdab7d37-2c03-490a-9c7e-c0b254c210b6) transitioned into state 'SUCCESS' from state 'RUNNING' with result '{'volume_id': '792040b3-e39b-4e4f-87de-2ee10d7dee5a', 'volume_properties': VolumeProperties(attach_status='detached',availability_zone='nova',cgsnapshot_id=None,consistencygroup_id=None,display_description=None,display_name='tempest-GroupsTest-Volume-1496767469',encryption_key_id=None,group_id=49147287-e3af-4ad9-b46a-f0b2035c44b0,group_type_id=,metadata={},multiattach=False,project_id='894e7c88bdc64850b579fd6ef86120fb',qos_specs=None,replication_status=,reservations=['37d19de8-832f-4630-98cb-375e0611c0ac','34a9cf65-abec-4136-8a7d-bef172c281d0','1857777f-9c99-4f78-95e3-8fcc426ce9aa','8db7f5c4-f184-4c43-96b9-3d0da975c4c4'],size=1,snapshot_id=None,source_replicaid=,source_volid=None,status='creating',user_id='da10b45264ff4fe4bba541eb0257e029',volume_type_id=128719a1-43b4-4b53-be80-14f0c04cc01d), 'volume': Volume(_name_id=None,admin_metadata=,attach_status='detached',availability_zone='nova',bootable=False,cluster=,cluster_name=None,consistencygroup=,consistencygroup_id=None,created_at=2022-01-28T02:07:05Z,deleted=False,deleted_at=None,display_description=None,display_name='tempest-GroupsTest-Volume-1496767469',ec2_id=None,encryption_key_id=None,glance_metadata=,group=,group_id=49147287-e3af-4ad9-b46a-f0b2035c44b0,host=None,id=792040b3-e39b-4e4f-87de-2ee10d7dee5a,launched_at=None,metadata={},migration_status=None,multiattach=False,previous_status=None,project_id='894e7c88bdc64850b579fd6ef86120fb',provider_auth=None,provider_geometry=None,provider_id=None,provider_location=None,replication_driver_data=None,replication_extended_status=None,replication_status=None,scheduled_at=None,service_uuid=None,shared_targets=True,size=1,snapshot_id=None,snapshots=,source_volid=None,status='creating',terminated_at=None,updated_at=None,use_quota=True,user_id='da10b45264ff4fe4bba541eb0257e029',volume_attachment=,volume_type=VolumeType(128719a1-43b4-4b53-be80-14f0c04cc01d),volume_type_id=128719a1-43b4-4b53-be80-14f0c04cc01d)}' {{(pid=108973) _task_receiver /usr/local/lib/python3.8/dist-packages/taskflow/listeners/logging.py:178}}
Jan 28 02:07:05.978691 dv-cinder-824977-1-iscsi devstack@c-api.service[108973]: DEBUG cinder.volume.api [None req-b31b05d2-5263-44bc-acb7-fbae8f014b11 tempest-GroupsTest-1085105559 tempest-GroupsTest-1085105559-project] Task 'cinder.volume.flows.api.create_volume.QuotaCommitTask;volume:create' (065b258d-1e14-407a-95fc-7eebdff67234) transitioned into state 'RUNNING' from state 'PENDING' {{(pid=108973) _task_receiver /usr/local/lib/python3.8/dist-packages/taskflow/listeners/logging.py:190}}
Jan 28 02:07:06.020243 dv-cinder-824977-1-iscsi devstack@c-api.service[108974]: DEBUG cinder.quota [None req-19d3f100-6249-42e7-b8ac-3b4ee49dec13 tempest-VolumeTypesTest-640184119 tempest-VolumeTypesTest-640184119-project] Created reservations ['42c4187e-4820-4fa4-8a15-327d13c6219b', '0f7941d6-aec5-4d74-94f6-743e8e75c693'] {{(pid=108974) reserve /opt/stack/cinder/cinder/quota.py:755}}
Jan 28 02:07:06.041908 dv-cinder-824977-1-iscsi devstack@c-api.service[108974]: /opt/stack/cinder/cinder/db/sqlalchemy/api.py:2718: SADeprecationWarning: The SelectBase.as_scalar() method is deprecated and will be removed in a future release. Please refer to SelectBase.scalar_subquery(). (deprecated since: 1.4)
Jan 28 02:07:06.041908 dv-cinder-824977-1-iscsi devstack@c-api.service[108974]: models.VolumeType.qos_specs_id == q.as_scalar())),
Jan 28 02:07:06.154682 dv-cinder-824977-1-iscsi devstack@c-api.service[108974]: INFO cinder.volume.api [None req-19d3f100-6249-42e7-b8ac-3b4ee49dec13 tempest-VolumeTypesTest-640184119 tempest-VolumeTypesTest-640184119-project] Retype volume request issued successfully.
Jan 28 02:07:06.155147 dv-cinder-824977-1-iscsi devstack@c-api.service[108974]: INFO cinder.api.openstack.wsgi [None req-19d3f100-6249-42e7-b8ac-3b4ee49dec13 tempest-VolumeTypesTest-640184119 tempest-VolumeTypesTest-640184119-project] http://10.222.0.79/volume/v3/85d29a889fea44f08438f4c7e8eaee59/volumes/06992c0a-6734-485f-bca9-658b624bbe00/action returned with HTTP 202
Jan 28 02:07:06.159205 dv-cinder-824977-1-iscsi devstack@c-api.service[108974]: [pid: 108974|app: 0|req: 145/335] 10.222.0.79 () {60 vars in 1366 bytes} [Fri Jan 28 02:07:05 2022] POST /volume/v3/85d29a889fea44f08438f4c7e8eaee59/volumes/06992c0a-6734-485f-bca9-658b624bbe00/action => generated 0 bytes in 469 msecs (HTTP/1.1 202) 7 headers in 289 bytes (2 switches on core 0)
Jan 28 02:07:06.165600 dv-cinder-824977-1-iscsi devstack@c-api.service[108974]: INFO cinder.api.openstack.wsgi [None req-696aad00-b434-47a7-8c29-61e62b75c8da tempest-VolumeTypesTest-640184119 tempest-VolumeTypesTest-640184119-project] GET http://10.222.0.79/volume/v3/85d29a889fea44f08438f4c7e8eaee59/volumes/06992c0a-6734-485f-bca9-658b624bbe00
Jan 28 02:07:06.165600 dv-cinder-824977-1-iscsi devstack@c-api.service[108974]: DEBUG cinder.api.openstack.wsgi [None req-696aad00-b434-47a7-8c29-61e62b75c8da tempest-VolumeTypesTest-640184119 tempest-VolumeTypesTest-640184119-project] Empty body provided in request {{(pid=108974) get_body /opt/stack/cinder/cinder/api/openstack/wsgi.py:703}}
Jan 28 02:07:06.165790 dv-cinder-824977-1-iscsi devstack@c-api.service[108974]: /usr/local/lib/python3.8/dist-packages/webob/acceptparse.py:1047: DeprecationWarning: The behavior of AcceptValidHeader.best_match is currently being maintained for backward compatibility, but it will be deprecated in the future, as it does not conform to the RFC.
Jan 28 02:07:06.165790 dv-cinder-824977-1-iscsi devstack@c-api.service[108974]: warnings.warn(
Jan 28 02:07:06.166135 dv-cinder-824977-1-iscsi devstack@c-api.service[108974]: DEBUG cinder.api.openstack.wsgi [None req-696aad00-b434-47a7-8c29-61e62b75c8da tempest-VolumeTypesTest-640184119 tempest-VolumeTypesTest-640184119-project] Calling method 'show' {{(pid=108974) _process_stack /opt/stack/cinder/cinder/api/openstack/wsgi.py:856}}
Jan 28 02:07:06.181975 dv-cinder-824977-1-iscsi devstack@c-api.service[108974]: /usr/local/lib/python3.8/dist-packages/oslo_context/context.py:105: DeprecationWarning: Policy enforcement is depending on the value of is_admin. This key is deprecated. Please update your policy file to use the standard policy values.
Jan 28 02:07:06.181975 dv-cinder-824977-1-iscsi devstack@c-api.service[108974]: warnings.warn('Policy enforcement is depending on the value of '
Jan 28 02:07:06.190466 dv-cinder-824977-1-iscsi devstack@c-api.service[108974]: INFO cinder.volume.api [None req-696aad00-b434-47a7-8c29-61e62b75c8da tempest-VolumeTypesTest-640184119 tempest-VolumeTypesTest-640184119-project] Volume info retrieved successfully.
Jan 28 02:07:06.205875 dv-cinder-824977-1-iscsi devstack@c-api.service[108974]: INFO cinder.api.openstack.wsgi [None req-696aad00-b434-47a7-8c29-61e62b75c8da tempest-VolumeTypesTest-640184119 tempest-VolumeTypesTest-640184119-project] http://10.222.0.79/volume/v3/85d29a889fea44f08438f4c7e8eaee59/volumes/06992c0a-6734-485f-bca9-658b624bbe00 returned with HTTP 200
Jan 28 02:07:06.206621 dv-cinder-824977-1-iscsi devstack@c-api.service[108974]: [pid: 108974|app: 0|req: 146/336] 10.222.0.79 () {58 vars in 1324 bytes} [Fri Jan 28 02:07:06 2022] GET /volume/v3/85d29a889fea44f08438f4c7e8eaee59/volumes/06992c0a-6734-485f-bca9-658b624bbe00 => generated 940 bytes in 47 msecs (HTTP/1.1 200) 7 headers in 285 bytes (2 switches on core 0)
Jan 28 02:07:06.317004 dv-cinder-824977-1-iscsi devstack@c-api.service[108973]: DEBUG cinder.volume.api [None req-b31b05d2-5263-44bc-acb7-fbae8f014b11 tempest-GroupsTest-1085105559 tempest-GroupsTest-1085105559-project] Task 'cinder.volume.flows.api.create_volume.QuotaCommitTask;volume:create' (065b258d-1e14-407a-95fc-7eebdff67234) transitioned into state 'SUCCESS' from state 'RUNNING' with result '{'volume_properties': VolumeProperties(attach_status='detached',availability_zone='nova',cgsnapshot_id=None,consistencygroup_id=None,display_description=None,display_name='tempest-GroupsTest-Volume-1496767469',encryption_key_id=None,group_id=49147287-e3af-4ad9-b46a-f0b2035c44b0,group_type_id=,metadata={},multiattach=False,project_id='894e7c88bdc64850b579fd6ef86120fb',qos_specs=None,replication_status=,reservations=['37d19de8-832f-4630-98cb-375e0611c0ac','34a9cf65-abec-4136-8a7d-bef172c281d0','1857777f-9c99-4f78-95e3-8fcc426ce9aa','8db7f5c4-f184-4c43-96b9-3d0da975c4c4'],size=1,snapshot_id=None,source_replicaid=,source_volid=None,status='creating',user_id='da10b45264ff4fe4bba541eb0257e029',volume_type_id=128719a1-43b4-4b53-be80-14f0c04cc01d)}' {{(pid=108973) _task_receiver /usr/local/lib/python3.8/dist-packages/taskflow/listeners/logging.py:178}}
Jan 28 02:07:06.319275 dv-cinder-824977-1-iscsi devstack@c-api.service[108973]: DEBUG cinder.volume.api [None req-b31b05d2-5263-44bc-acb7-fbae8f014b11 tempest-GroupsTest-1085105559 tempest-GroupsTest-1085105559-project] Task 'cinder.volume.flows.api.create_volume.VolumeCastTask;volume:create' (e973af4f-bb6d-400c-a0a0-aa51d512fa2b) transitioned into state 'RUNNING' from state 'PENDING' {{(pid=108973) _task_receiver /usr/local/lib/python3.8/dist-packages/taskflow/listeners/logging.py:190}}
Jan 28 02:07:06.380892 dv-cinder-824977-1-iscsi devstack@c-api.service[108974]: INFO cinder.api.openstack.wsgi [None req-3428134a-3466-4471-ba49-fa639b04d099 tempest-GroupSnapshotsTest-1453891655 tempest-GroupSnapshotsTest-1453891655-project] GET http://10.222.0.79/volume/v3/969f13984e0246acb3a7876a57fd3b77/volumes/05e726f1-aaf3-4ed0-b1a7-319c6e9ced18
Jan 28 02:07:06.381414 dv-cinder-824977-1-iscsi devstack@c-api.service[108974]: DEBUG cinder.api.openstack.wsgi [None req-3428134a-3466-4471-ba49-fa639b04d099 tempest-GroupSnapshotsTest-1453891655 tempest-GroupSnapshotsTest-1453891655-project] Empty body provided in request {{(pid=108974) get_body /opt/stack/cinder/cinder/api/openstack/wsgi.py:703}}
Jan 28 02:07:06.381518 dv-cinder-824977-1-iscsi devstack@c-api.service[108974]: /usr/local/lib/python3.8/dist-packages/webob/acceptparse.py:1047: DeprecationWarning: The behavior of AcceptValidHeader.best_match is currently being maintained for backward compatibility, but it will be deprecated in the future, as it does not conform to the RFC.
Jan 28 02:07:06.381518 dv-cinder-824977-1-iscsi devstack@c-api.service[108974]: warnings.warn(
Jan 28 02:07:06.381868 dv-cinder-824977-1-iscsi devstack@c-api.service[108974]: DEBUG cinder.api.openstack.wsgi [None req-3428134a-3466-4471-ba49-fa639b04d099 tempest-GroupSnapshotsTest-1453891655 tempest-GroupSnapshotsTest-1453891655-project] Calling method 'show' {{(pid=108974) _process_stack /opt/stack/cinder/cinder/api/openstack/wsgi.py:856}}
Jan 28 02:07:06.396196 dv-cinder-824977-1-iscsi devstack@c-api.service[108974]: /usr/local/lib/python3.8/dist-packages/oslo_context/context.py:105: DeprecationWarning: Policy enforcement is depending on the value of is_admin. This key is deprecated. Please update your policy file to use the standard policy values.
Jan 28 02:07:06.396196 dv-cinder-824977-1-iscsi devstack@c-api.service[108974]: warnings.warn('Policy enforcement is depending on the value of '
Jan 28 02:07:06.402958 dv-cinder-824977-1-iscsi devstack@c-api.service[108974]: INFO cinder.volume.api [None req-3428134a-3466-4471-ba49-fa639b04d099 tempest-GroupSnapshotsTest-1453891655 tempest-GroupSnapshotsTest-1453891655-project] Volume info retrieved successfully.
Jan 28 02:07:06.409492 dv-cinder-824977-1-iscsi devstack@c-api.service[108974]: WARNING stevedore.named [None req-3428134a-3466-4471-ba49-fa639b04d099 tempest-GroupSnapshotsTest-1453891655 tempest-GroupSnapshotsTest-1453891655-project] Could not load cinder.keymgr.conf_key_mgr.ConfKeyManager
Jan 28 02:07:06.409867 dv-cinder-824977-1-iscsi devstack@c-api.service[108974]: WARNING castellan.key_manager [None req-3428134a-3466-4471-ba49-fa639b04d099 tempest-GroupSnapshotsTest-1453891655 tempest-GroupSnapshotsTest-1453891655-project] Deprecation Warning : cinder.keymgr.conf_key_mgr.ConfKeyManager is not a stevedore based driver, trying to load it as a class: stevedore.exception.NoMatches: No 'castellan.drivers' driver found, looking for 'cinder.keymgr.conf_key_mgr.ConfKeyManager'
Jan 28 02:07:06.417221 dv-cinder-824977-1-iscsi devstack@c-api.service[108974]: DEBUG oslo_db.sqlalchemy.engines [None req-3428134a-3466-4471-ba49-fa639b04d099 tempest-GroupSnapshotsTest-1453891655 tempest-GroupSnapshotsTest-1453891655-project] MySQL server mode set to STRICT_TRANS_TABLES,STRICT_ALL_TABLES,NO_ZERO_IN_DATE,NO_ZERO_DATE,ERROR_FOR_DIVISION_BY_ZERO,TRADITIONAL,NO_ENGINE_SUBSTITUTION {{(pid=108974) _check_effective_sql_mode /usr/local/lib/python3.8/dist-packages/oslo_db/sqlalchemy/engines.py:314}}
Jan 28 02:07:06.422559 dv-cinder-824977-1-iscsi devstack@c-api.service[108974]: /usr/local/lib/python3.8/dist-packages/oslo_context/context.py:105: DeprecationWarning: Policy enforcement is depending on the value of is_admin. This key is deprecated. Please update your policy file to use the standard policy values.
Jan 28 02:07:06.422559 dv-cinder-824977-1-iscsi devstack@c-api.service[108974]: warnings.warn('Policy enforcement is depending on the value of '
Jan 28 02:07:06.424444 dv-cinder-824977-1-iscsi devstack@c-api.service[108973]: DEBUG cinder.volume.api [None req-b31b05d2-5263-44bc-acb7-fbae8f014b11 tempest-GroupsTest-1085105559 tempest-GroupsTest-1085105559-project] Task 'cinder.volume.flows.api.create_volume.VolumeCastTask;volume:create' (e973af4f-bb6d-400c-a0a0-aa51d512fa2b) transitioned into state 'SUCCESS' from state 'RUNNING' with result 'None' {{(pid=108973) _task_receiver /usr/local/lib/python3.8/dist-packages/taskflow/listeners/logging.py:178}}
Jan 28 02:07:06.427612 dv-cinder-824977-1-iscsi devstack@c-api.service[108973]: DEBUG cinder.volume.api [None req-b31b05d2-5263-44bc-acb7-fbae8f014b11 tempest-GroupsTest-1085105559 tempest-GroupsTest-1085105559-project] Flow 'volume_create_api' (1c612b1d-4c76-439f-b794-aad42ace7d49) transitioned into state 'SUCCESS' from state 'RUNNING' {{(pid=108973) _flow_receiver /usr/local/lib/python3.8/dist-packages/taskflow/listeners/logging.py:141}}
Jan 28 02:07:06.428287 dv-cinder-824977-1-iscsi devstack@c-api.service[108973]: INFO cinder.volume.api [None req-b31b05d2-5263-44bc-acb7-fbae8f014b11 tempest-GroupsTest-1085105559 tempest-GroupsTest-1085105559-project] Create volume request issued successfully.
Jan 28 02:07:06.435571 dv-cinder-824977-1-iscsi devstack@c-api.service[108973]: WARNING stevedore.named [None req-b31b05d2-5263-44bc-acb7-fbae8f014b11 tempest-GroupsTest-1085105559 tempest-GroupsTest-1085105559-project] Could not load cinder.keymgr.conf_key_mgr.ConfKeyManager
Jan 28 02:07:06.435943 dv-cinder-824977-1-iscsi devstack@c-api.service[108973]: WARNING castellan.key_manager [None req-b31b05d2-5263-44bc-acb7-fbae8f014b11 tempest-GroupsTest-1085105559 tempest-GroupsTest-1085105559-project] Deprecation Warning : cinder.keymgr.conf_key_mgr.ConfKeyManager is not a stevedore based driver, trying to load it as a class: stevedore.exception.NoMatches: No 'castellan.drivers' driver found, looking for 'cinder.keymgr.conf_key_mgr.ConfKeyManager'
Jan 28 02:07:06.437356 dv-cinder-824977-1-iscsi devstack@c-api.service[108974]: INFO cinder.api.openstack.wsgi [None req-3428134a-3466-4471-ba49-fa639b04d099 tempest-GroupSnapshotsTest-1453891655 tempest-GroupSnapshotsTest-1453891655-project] http://10.222.0.79/volume/v3/969f13984e0246acb3a7876a57fd3b77/volumes/05e726f1-aaf3-4ed0-b1a7-319c6e9ced18 returned with HTTP 200
Jan 28 02:07:06.438111 dv-cinder-824977-1-iscsi devstack@c-api.service[108974]: [pid: 108974|app: 0|req: 147/337] 10.222.0.79 () {60 vars in 1365 bytes} [Fri Jan 28 02:07:06 2022] GET /volume/v3/969f13984e0246acb3a7876a57fd3b77/volumes/05e726f1-aaf3-4ed0-b1a7-319c6e9ced18 => generated 1001 bytes in 62 msecs (HTTP/1.1 200) 7 headers in 287 bytes (2 switches on core 0)
Jan 28 02:07:06.446332 dv-cinder-824977-1-iscsi devstack@c-api.service[108973]: DEBUG oslo_db.sqlalchemy.engines [None req-b31b05d2-5263-44bc-acb7-fbae8f014b11 tempest-GroupsTest-1085105559 tempest-GroupsTest-1085105559-project] MySQL server mode set to STRICT_TRANS_TABLES,STRICT_ALL_TABLES,NO_ZERO_IN_DATE,NO_ZERO_DATE,ERROR_FOR_DIVISION_BY_ZERO,TRADITIONAL,NO_ENGINE_SUBSTITUTION {{(pid=108973) _check_effective_sql_mode /usr/local/lib/python3.8/dist-packages/oslo_db/sqlalchemy/engines.py:314}}
Jan 28 02:07:06.451739 dv-cinder-824977-1-iscsi devstack@c-api.service[108973]: /usr/local/lib/python3.8/dist-packages/oslo_context/context.py:105: DeprecationWarning: Policy enforcement is depending on the value of is_admin. This key is deprecated. Please update your policy file to use the standard policy values.
Jan 28 02:07:06.451739 dv-cinder-824977-1-iscsi devstack@c-api.service[108973]: warnings.warn('Policy enforcement is depending on the value of '
Jan 28 02:07:06.452416 dv-cinder-824977-1-iscsi devstack@c-api.service[108974]: INFO cinder.api.openstack.wsgi [None req-62009158-63fe-4135-9ba5-a85c150ad89e tempest-GroupSnapshotsTest-1453891655 tempest-GroupSnapshotsTest-1453891655-project] POST http://10.222.0.79/volume/v3/969f13984e0246acb3a7876a57fd3b77/volumes
Jan 28 02:07:06.452855 dv-cinder-824977-1-iscsi devstack@c-api.service[108974]: /usr/local/lib/python3.8/dist-packages/webob/acceptparse.py:1047: DeprecationWarning: The behavior of AcceptValidHeader.best_match is currently being maintained for backward compatibility, but it will be deprecated in the future, as it does not conform to the RFC.
Jan 28 02:07:06.452855 dv-cinder-824977-1-iscsi devstack@c-api.service[108974]: warnings.warn(
Jan 28 02:07:06.453211 dv-cinder-824977-1-iscsi devstack@c-api.service[108974]: DEBUG cinder.api.openstack.wsgi [None req-62009158-63fe-4135-9ba5-a85c150ad89e tempest-GroupSnapshotsTest-1453891655 tempest-GroupSnapshotsTest-1453891655-project] Action: 'create', calling method: create, body: {"volume": {"volume_type": "f16f601f-9336-425c-ac3e-85f2ac436c58", "group_id": "c39b2ee1-cd82-4864-9dc5-c9034455daf0", "size": 1, "name": "tempest-GroupSnapshotsTest-Volume-619652584"}} {{(pid=108974) _process_stack /opt/stack/cinder/cinder/api/openstack/wsgi.py:854}}
Jan 28 02:07:06.454337 dv-cinder-824977-1-iscsi devstack@c-api.service[108974]: DEBUG cinder.api.v3.volumes [None req-62009158-63fe-4135-9ba5-a85c150ad89e tempest-GroupSnapshotsTest-1453891655 tempest-GroupSnapshotsTest-1453891655-project] Create volume request body: {'volume': {'volume_type': 'f16f601f-9336-425c-ac3e-85f2ac436c58', 'group_id': 'c39b2ee1-cd82-4864-9dc5-c9034455daf0', 'size': 1, 'name': 'tempest-GroupSnapshotsTest-Volume-619652584'}} {{(pid=108974) create /opt/stack/cinder/cinder/api/v3/volumes.py:298}}
Jan 28 02:07:06.459907 dv-cinder-824977-1-iscsi devstack@c-api.service[108973]: INFO cinder.api.openstack.wsgi [None req-b31b05d2-5263-44bc-acb7-fbae8f014b11 tempest-GroupsTest-1085105559 tempest-GroupsTest-1085105559-project] http://10.222.0.79/volume/v3/894e7c88bdc64850b579fd6ef86120fb/volumes returned with HTTP 202
Jan 28 02:07:06.471897 dv-cinder-824977-1-iscsi devstack@c-api.service[108973]: [pid: 108973|app: 0|req: 191/338] 10.222.0.79 () {62 vars in 1276 bytes} [Fri Jan 28 02:07:05 2022] POST /volume/v3/894e7c88bdc64850b579fd6ef86120fb/volumes => generated 891 bytes in 805 msecs (HTTP/1.1 202) 7 headers in 292 bytes (2 switches on core 0)
Jan 28 02:07:06.476223 dv-cinder-824977-1-iscsi devstack@c-api.service[108974]: /usr/local/lib/python3.8/dist-packages/oslo_context/context.py:105: DeprecationWarning: Policy enforcement is depending on the value of is_admin. This key is deprecated. Please update your policy file to use the standard policy values.
Jan 28 02:07:06.476223 dv-cinder-824977-1-iscsi devstack@c-api.service[108974]: warnings.warn('Policy enforcement is depending on the value of '
Jan 28 02:07:06.477245 dv-cinder-824977-1-iscsi devstack@c-api.service[108974]: INFO cinder.api.v3.volumes [None req-62009158-63fe-4135-9ba5-a85c150ad89e tempest-GroupSnapshotsTest-1453891655 tempest-GroupSnapshotsTest-1453891655-project] Create volume of 1 GB
Jan 28 02:07:06.477487 dv-cinder-824977-1-iscsi devstack@c-api.service[108973]: INFO cinder.api.openstack.wsgi [None req-10c4c64c-d68c-45a8-b96f-40e004932d33 tempest-GroupsTest-1085105559 tempest-GroupsTest-1085105559-project] GET http://10.222.0.79/volume/v3/894e7c88bdc64850b579fd6ef86120fb/volumes/792040b3-e39b-4e4f-87de-2ee10d7dee5a
Jan 28 02:07:06.477970 dv-cinder-824977-1-iscsi devstack@c-api.service[108973]: DEBUG cinder.api.openstack.wsgi [None req-10c4c64c-d68c-45a8-b96f-40e004932d33 tempest-GroupsTest-1085105559 tempest-GroupsTest-1085105559-project] Empty body provided in request {{(pid=108973) get_body /opt/stack/cinder/cinder/api/openstack/wsgi.py:703}}
Jan 28 02:07:06.478312 dv-cinder-824977-1-iscsi devstack@c-api.service[108973]: /usr/local/lib/python3.8/dist-packages/webob/acceptparse.py:1047: DeprecationWarning: The behavior of AcceptValidHeader.best_match is currently being maintained for backward compatibility, but it will be deprecated in the future, as it does not conform to the RFC.
Jan 28 02:07:06.478312 dv-cinder-824977-1-iscsi devstack@c-api.service[108973]: warnings.warn(
Jan 28 02:07:06.478641 dv-cinder-824977-1-iscsi devstack@c-api.service[108973]: DEBUG cinder.api.openstack.wsgi [None req-10c4c64c-d68c-45a8-b96f-40e004932d33 tempest-GroupsTest-1085105559 tempest-GroupsTest-1085105559-project] Calling method 'show' {{(pid=108973) _process_stack /opt/stack/cinder/cinder/api/openstack/wsgi.py:856}}
Jan 28 02:07:06.488053 dv-cinder-824977-1-iscsi devstack@c-api.service[108974]: INFO cinder.volume.api [None req-62009158-63fe-4135-9ba5-a85c150ad89e tempest-GroupSnapshotsTest-1453891655 tempest-GroupSnapshotsTest-1453891655-project] Availability Zones retrieved successfully.
Jan 28 02:07:06.492885 dv-cinder-824977-1-iscsi devstack@c-api.service[108973]: /usr/local/lib/python3.8/dist-packages/oslo_context/context.py:105: DeprecationWarning: Policy enforcement is depending on the value of is_admin. This key is deprecated. Please update your policy file to use the standard policy values.
Jan 28 02:07:06.492885 dv-cinder-824977-1-iscsi devstack@c-api.service[108973]: warnings.warn('Policy enforcement is depending on the value of '
Jan 28 02:07:06.500874 dv-cinder-824977-1-iscsi devstack@c-api.service[108973]: INFO cinder.volume.api [None req-10c4c64c-d68c-45a8-b96f-40e004932d33 tempest-GroupsTest-1085105559 tempest-GroupsTest-1085105559-project] Volume info retrieved successfully.
Jan 28 02:07:06.507084 dv-cinder-824977-1-iscsi devstack@c-api.service[108974]: DEBUG cinder.volume.api [None req-62009158-63fe-4135-9ba5-a85c150ad89e tempest-GroupSnapshotsTest-1453891655 tempest-GroupSnapshotsTest-1453891655-project] Flow 'volume_create_api' (4d94648d-f78a-427a-9e15-27b850e65cd9) transitioned into state 'RUNNING' from state 'PENDING' {{(pid=108974) _flow_receiver /usr/local/lib/python3.8/dist-packages/taskflow/listeners/logging.py:141}}
Jan 28 02:07:06.509677 dv-cinder-824977-1-iscsi devstack@c-api.service[108974]: DEBUG cinder.volume.api [None req-62009158-63fe-4135-9ba5-a85c150ad89e tempest-GroupSnapshotsTest-1453891655 tempest-GroupSnapshotsTest-1453891655-project] Task 'cinder.volume.flows.api.create_volume.ExtractVolumeRequestTask;volume:create' (dfc1973b-3b0a-4573-ae55-8d7d77576592) transitioned into state 'RUNNING' from state 'PENDING' {{(pid=108974) _task_receiver /usr/local/lib/python3.8/dist-packages/taskflow/listeners/logging.py:190}}
Jan 28 02:07:06.511849 dv-cinder-824977-1-iscsi devstack@c-api.service[108973]: WARNING stevedore.named [None req-10c4c64c-d68c-45a8-b96f-40e004932d33 tempest-GroupsTest-1085105559 tempest-GroupsTest-1085105559-project] Could not load cinder.keymgr.conf_key_mgr.ConfKeyManager
Jan 28 02:07:06.511849 dv-cinder-824977-1-iscsi devstack@c-api.service[108973]: WARNING castellan.key_manager [None req-10c4c64c-d68c-45a8-b96f-40e004932d33 tempest-GroupsTest-1085105559 tempest-GroupsTest-1085105559-project] Deprecation Warning : cinder.keymgr.conf_key_mgr.ConfKeyManager is not a stevedore based driver, trying to load it as a class: stevedore.exception.NoMatches: No 'castellan.drivers' driver found, looking for 'cinder.keymgr.conf_key_mgr.ConfKeyManager'
Jan 28 02:07:06.512612 dv-cinder-824977-1-iscsi devstack@c-api.service[108974]: /usr/local/lib/python3.8/dist-packages/oslo_context/context.py:105: DeprecationWarning: Policy enforcement is depending on the value of is_admin. This key is deprecated. Please update your policy file to use the standard policy values.
Jan 28 02:07:06.512612 dv-cinder-824977-1-iscsi devstack@c-api.service[108974]: warnings.warn('Policy enforcement is depending on the value of '
Jan 28 02:07:06.512830 dv-cinder-824977-1-iscsi devstack@c-api.service[108974]: DEBUG cinder.volume.flows.api.create_volume [None req-62009158-63fe-4135-9ba5-a85c150ad89e tempest-GroupSnapshotsTest-1453891655 tempest-GroupSnapshotsTest-1453891655-project] Validating volume size '1' using validate_int {{(pid=108974) _extract_size /opt/stack/cinder/cinder/volume/flows/api/create_volume.py:225}}
Jan 28 02:07:06.520443 dv-cinder-824977-1-iscsi devstack@c-api.service[108973]: DEBUG oslo_db.sqlalchemy.engines [None req-10c4c64c-d68c-45a8-b96f-40e004932d33 tempest-GroupsTest-1085105559 tempest-GroupsTest-1085105559-project] MySQL server mode set to STRICT_TRANS_TABLES,STRICT_ALL_TABLES,NO_ZERO_IN_DATE,NO_ZERO_DATE,ERROR_FOR_DIVISION_BY_ZERO,TRADITIONAL,NO_ENGINE_SUBSTITUTION {{(pid=108973) _check_effective_sql_mode /usr/local/lib/python3.8/dist-packages/oslo_db/sqlalchemy/engines.py:314}}
Jan 28 02:07:06.526469 dv-cinder-824977-1-iscsi devstack@c-api.service[108973]: /usr/local/lib/python3.8/dist-packages/oslo_context/context.py:105: DeprecationWarning: Policy enforcement is depending on the value of is_admin. This key is deprecated. Please update your policy file to use the standard policy values.
Jan 28 02:07:06.526469 dv-cinder-824977-1-iscsi devstack@c-api.service[108973]: warnings.warn('Policy enforcement is depending on the value of '
Jan 28 02:07:06.542939 dv-cinder-824977-1-iscsi devstack@c-api.service[108973]: INFO cinder.api.openstack.wsgi [None req-10c4c64c-d68c-45a8-b96f-40e004932d33 tempest-GroupsTest-1085105559 tempest-GroupsTest-1085105559-project] http://10.222.0.79/volume/v3/894e7c88bdc64850b579fd6ef86120fb/volumes/792040b3-e39b-4e4f-87de-2ee10d7dee5a returned with HTTP 200
Jan 28 02:07:06.544854 dv-cinder-824977-1-iscsi devstack@c-api.service[108973]: [pid: 108973|app: 0|req: 192/339] 10.222.0.79 () {60 vars in 1365 bytes} [Fri Jan 28 02:07:06 2022] GET /volume/v3/894e7c88bdc64850b579fd6ef86120fb/volumes/792040b3-e39b-4e4f-87de-2ee10d7dee5a => generated 959 bytes in 71 msecs (HTTP/1.1 200) 7 headers in 286 bytes (2 switches on core 0)
Jan 28 02:07:06.545499 dv-cinder-824977-1-iscsi devstack@c-api.service[108974]: DEBUG cinder.volume.api [None req-62009158-63fe-4135-9ba5-a85c150ad89e tempest-GroupSnapshotsTest-1453891655 tempest-GroupSnapshotsTest-1453891655-project] Task 'cinder.volume.flows.api.create_volume.ExtractVolumeRequestTask;volume:create' (dfc1973b-3b0a-4573-ae55-8d7d77576592) transitioned into state 'SUCCESS' from state 'RUNNING' with result '{'size': 1, 'snapshot_id': None, 'source_volid': None, 'volume_type': VolumeType(created_at=2022-01-28T02:07:01Z,deleted=False,deleted_at=None,description=None,extra_specs={},id=f16f601f-9336-425c-ac3e-85f2ac436c58,is_public=True,name='tempest-GroupSnapshotsTest-volume-type-1800060143',projects=[],qos_specs=,qos_specs_id=None,updated_at=None), 'volume_type_id': 'f16f601f-9336-425c-ac3e-85f2ac436c58', 'encryption_key_id': None, 'qos_specs': None, 'consistencygroup_id': None, 'cgsnapshot_id': None, 'group_id': 'c39b2ee1-cd82-4864-9dc5-c9034455daf0', 'replication_status': 'disabled', 'refresh_az': False, 'backup_id': None, 'multiattach': False, 'availability_zones': ['nova']}' {{(pid=108974) _task_receiver /usr/local/lib/python3.8/dist-packages/taskflow/listeners/logging.py:178}}
Jan 28 02:07:06.547518 dv-cinder-824977-1-iscsi devstack@c-api.service[108974]: DEBUG cinder.volume.api [None req-62009158-63fe-4135-9ba5-a85c150ad89e tempest-GroupSnapshotsTest-1453891655 tempest-GroupSnapshotsTest-1453891655-project] Task 'cinder.volume.flows.api.create_volume.QuotaReserveTask;volume:create' (d2e97ac9-b98f-4990-848c-e05662142d6f) transitioned into state 'RUNNING' from state 'PENDING' {{(pid=108974) _task_receiver /usr/local/lib/python3.8/dist-packages/taskflow/listeners/logging.py:190}}
Jan 28 02:07:06.582500 dv-cinder-824977-1-iscsi devstack@c-api.service[108974]: WARNING cinder.quota [None req-62009158-63fe-4135-9ba5-a85c150ad89e tempest-GroupSnapshotsTest-1453891655 tempest-GroupSnapshotsTest-1453891655-project] Deprecated: Default quota for resource: volumes_tempest-GroupSnapshotsTest-volume-type-1800060143 is set by the default quota flag: quota_volumes_tempest-GroupSnapshotsTest-volume-type-1800060143, it is now deprecated. Please use the default quota class for default quota.
Jan 28 02:07:06.583295 dv-cinder-824977-1-iscsi devstack@c-api.service[108974]: WARNING cinder.quota [None req-62009158-63fe-4135-9ba5-a85c150ad89e tempest-GroupSnapshotsTest-1453891655 tempest-GroupSnapshotsTest-1453891655-project] Deprecated: Default quota for resource: gigabytes_tempest-GroupSnapshotsTest-volume-type-1800060143 is set by the default quota flag: quota_gigabytes_tempest-GroupSnapshotsTest-volume-type-1800060143, it is now deprecated. Please use the default quota class for default quota.
Jan 28 02:07:06.589204 dv-cinder-824977-1-iscsi devstack@c-api.service[108973]: INFO cinder.api.openstack.wsgi [None req-9ce829c9-99ff-47af-9295-e0ab18cdb67c tempest-DeleteServersTestJSON-731086738 tempest-DeleteServersTestJSON-731086738-project] GET http://10.222.0.79/volume/v3/b22dd75c99404b48a867a48eb5d10c7d/volumes/ff200797-ad75-4047-a31e-987ff8b2886a
Jan 28 02:07:06.589662 dv-cinder-824977-1-iscsi devstack@c-api.service[108973]: DEBUG cinder.api.openstack.wsgi [None req-9ce829c9-99ff-47af-9295-e0ab18cdb67c tempest-DeleteServersTestJSON-731086738 tempest-DeleteServersTestJSON-731086738-project] Empty body provided in request {{(pid=108973) get_body /opt/stack/cinder/cinder/api/openstack/wsgi.py:703}}
Jan 28 02:07:06.589831 dv-cinder-824977-1-iscsi devstack@c-api.service[108973]: /usr/local/lib/python3.8/dist-packages/webob/acceptparse.py:1047: DeprecationWarning: The behavior of AcceptValidHeader.best_match is currently being maintained for backward compatibility, but it will be deprecated in the future, as it does not conform to the RFC.
Jan 28 02:07:06.589831 dv-cinder-824977-1-iscsi devstack@c-api.service[108973]: warnings.warn(
Jan 28 02:07:06.590631 dv-cinder-824977-1-iscsi devstack@c-api.service[108973]: DEBUG cinder.api.openstack.wsgi [None req-9ce829c9-99ff-47af-9295-e0ab18cdb67c tempest-DeleteServersTestJSON-731086738 tempest-DeleteServersTestJSON-731086738-project] Calling method 'show' {{(pid=108973) _process_stack /opt/stack/cinder/cinder/api/openstack/wsgi.py:856}}
Jan 28 02:07:06.606303 dv-cinder-824977-1-iscsi devstack@c-api.service[108973]: /usr/local/lib/python3.8/dist-packages/oslo_context/context.py:105: DeprecationWarning: Policy enforcement is depending on the value of is_admin. This key is deprecated. Please update your policy file to use the standard policy values.
Jan 28 02:07:06.606303 dv-cinder-824977-1-iscsi devstack@c-api.service[108973]: warnings.warn('Policy enforcement is depending on the value of '
Jan 28 02:07:06.613725 dv-cinder-824977-1-iscsi devstack@c-api.service[108973]: INFO cinder.volume.api [None req-9ce829c9-99ff-47af-9295-e0ab18cdb67c tempest-DeleteServersTestJSON-731086738 tempest-DeleteServersTestJSON-731086738-project] Volume info retrieved successfully.
Jan 28 02:07:06.627818 dv-cinder-824977-1-iscsi devstack@c-api.service[108973]: /usr/local/lib/python3.8/dist-packages/oslo_context/context.py:105: DeprecationWarning: Policy enforcement is depending on the value of is_admin. This key is deprecated. Please update your policy file to use the standard policy values.
Jan 28 02:07:06.627818 dv-cinder-824977-1-iscsi devstack@c-api.service[108973]: warnings.warn('Policy enforcement is depending on the value of '
Jan 28 02:07:06.635599 dv-cinder-824977-1-iscsi devstack@c-api.service[108973]: INFO cinder.api.openstack.wsgi [None req-9ce829c9-99ff-47af-9295-e0ab18cdb67c tempest-DeleteServersTestJSON-731086738 tempest-DeleteServersTestJSON-731086738-project] http://10.222.0.79/volume/v3/b22dd75c99404b48a867a48eb5d10c7d/volumes/ff200797-ad75-4047-a31e-987ff8b2886a returned with HTTP 200
Jan 28 02:07:06.636670 dv-cinder-824977-1-iscsi devstack@c-api.service[108973]: [pid: 108973|app: 0|req: 193/340] 10.222.0.79 () {58 vars in 1324 bytes} [Fri Jan 28 02:07:06 2022] GET /volume/v3/b22dd75c99404b48a867a48eb5d10c7d/volumes/ff200797-ad75-4047-a31e-987ff8b2886a => generated 914 bytes in 51 msecs (HTTP/1.1 200) 7 headers in 285 bytes (2 switches on core 0)
Jan 28 02:07:06.640580 dv-cinder-824977-1-iscsi devstack@c-api.service[108973]: INFO cinder.api.openstack.wsgi [None req-55eb333c-ec29-41c6-8511-912eb2252b82 tempest-SnapshotsActionsTest-495018695 tempest-SnapshotsActionsTest-495018695-project] GET http://10.222.0.79/volume/v3/28cd877825a548d293e0336794c3d16c/snapshots/53366470-c6f5-4018-ba95-b9d5b901c9c5
Jan 28 02:07:06.641021 dv-cinder-824977-1-iscsi devstack@c-api.service[108973]: DEBUG cinder.api.openstack.wsgi [None req-55eb333c-ec29-41c6-8511-912eb2252b82 tempest-SnapshotsActionsTest-495018695 tempest-SnapshotsActionsTest-495018695-project] Empty body provided in request {{(pid=108973) get_body /opt/stack/cinder/cinder/api/openstack/wsgi.py:703}}
Jan 28 02:07:06.641180 dv-cinder-824977-1-iscsi devstack@c-api.service[108973]: /usr/local/lib/python3.8/dist-packages/webob/acceptparse.py:1047: DeprecationWarning: The behavior of AcceptValidHeader.best_match is currently being maintained for backward compatibility, but it will be deprecated in the future, as it does not conform to the RFC.
Jan 28 02:07:06.641180 dv-cinder-824977-1-iscsi devstack@c-api.service[108973]: warnings.warn(
Jan 28 02:07:06.641498 dv-cinder-824977-1-iscsi devstack@c-api.service[108973]: DEBUG cinder.api.openstack.wsgi [None req-55eb333c-ec29-41c6-8511-912eb2252b82 tempest-SnapshotsActionsTest-495018695 tempest-SnapshotsActionsTest-495018695-project] Calling method 'show' {{(pid=108973) _process_stack /opt/stack/cinder/cinder/api/openstack/wsgi.py:856}}
Jan 28 02:07:06.651387 dv-cinder-824977-1-iscsi devstack@c-api.service[108973]: INFO cinder.api.openstack.wsgi [None req-55eb333c-ec29-41c6-8511-912eb2252b82 tempest-SnapshotsActionsTest-495018695 tempest-SnapshotsActionsTest-495018695-project] http://10.222.0.79/volume/v3/28cd877825a548d293e0336794c3d16c/snapshots/53366470-c6f5-4018-ba95-b9d5b901c9c5 returned with HTTP 404
Jan 28 02:07:06.652320 dv-cinder-824977-1-iscsi devstack@c-api.service[108973]: [pid: 108973|app: 0|req: 194/341] 10.222.0.79 () {58 vars in 1330 bytes} [Fri Jan 28 02:07:06 2022] GET /volume/v3/28cd877825a548d293e0336794c3d16c/snapshots/53366470-c6f5-4018-ba95-b9d5b901c9c5 => generated 111 bytes in 15 msecs (HTTP/1.1 404) 7 headers in 292 bytes (1 switches on core 0)
Jan 28 02:07:06.660826 dv-cinder-824977-1-iscsi devstack@c-api.service[108973]: INFO cinder.api.openstack.wsgi [None req-ffa63d19-6bc0-458f-8e0d-3e3d240d676f tempest-SnapshotsActionsTest-148935907 tempest-SnapshotsActionsTest-148935907-project-admin] POST http://10.222.0.79/volume/v3/ccd970a9d1e044e887d697e2f76c95e6/snapshots/eb3515fc-449e-4a5a-85c2-ac0ae1f5cf44/action
Jan 28 02:07:06.661558 dv-cinder-824977-1-iscsi devstack@c-api.service[108973]: DEBUG cinder.api.openstack.wsgi [None req-ffa63d19-6bc0-458f-8e0d-3e3d240d676f tempest-SnapshotsActionsTest-148935907 tempest-SnapshotsActionsTest-148935907-project-admin] Action body: b'{"os-reset_status": {"status": "available"}}' {{(pid=108973) get_method /opt/stack/cinder/cinder/api/openstack/wsgi.py:971}}
Jan 28 02:07:06.661882 dv-cinder-824977-1-iscsi devstack@c-api.service[108973]: DEBUG cinder.api.openstack.wsgi [None req-ffa63d19-6bc0-458f-8e0d-3e3d240d676f tempest-SnapshotsActionsTest-148935907 tempest-SnapshotsActionsTest-148935907-project-admin] Action: 'action', calling method: _reset_status, body: {"os-reset_status": {"status": "available"}} {{(pid=108973) _process_stack /opt/stack/cinder/cinder/api/openstack/wsgi.py:854}}
Jan 28 02:07:06.663596 dv-cinder-824977-1-iscsi devstack@c-api.service[108973]: DEBUG cinder.api.contrib.admin_actions [None req-ffa63d19-6bc0-458f-8e0d-3e3d240d676f tempest-SnapshotsActionsTest-148935907 tempest-SnapshotsActionsTest-148935907-project-admin] Updating snapshot 'eb3515fc-449e-4a5a-85c2-ac0ae1f5cf44' with '{'status': 'available'}' {{(pid=108973) _reset_status /opt/stack/cinder/cinder/api/contrib/admin_actions.py:100}}
Jan 28 02:07:06.680356 dv-cinder-824977-1-iscsi devstack@c-api.service[108973]: /usr/local/lib/python3.8/dist-packages/oslo_context/context.py:105: DeprecationWarning: Policy enforcement is depending on the value of is_admin. This key is deprecated. Please update your policy file to use the standard policy values.
Jan 28 02:07:06.680356 dv-cinder-824977-1-iscsi devstack@c-api.service[108973]: warnings.warn('Policy enforcement is depending on the value of '
Jan 28 02:07:06.714400 dv-cinder-824977-1-iscsi devstack@c-api.service[108974]: DEBUG cinder.quota [None req-62009158-63fe-4135-9ba5-a85c150ad89e tempest-GroupSnapshotsTest-1453891655 tempest-GroupSnapshotsTest-1453891655-project] Created reservations ['97f35cf1-cbb1-4a86-8e66-d1a4494c1fbb', '10ca36c0-f2fc-408a-95fd-bbef7f70f483', '4407a198-9ffe-41a0-93de-8ffa3d0d0a70', '529aeb22-a57d-40b3-82bf-d8c856a02f12'] {{(pid=108974) reserve /opt/stack/cinder/cinder/quota.py:755}}
Jan 28 02:07:06.716446 dv-cinder-824977-1-iscsi devstack@c-api.service[108974]: DEBUG cinder.volume.api [None req-62009158-63fe-4135-9ba5-a85c150ad89e tempest-GroupSnapshotsTest-1453891655 tempest-GroupSnapshotsTest-1453891655-project] Task 'cinder.volume.flows.api.create_volume.QuotaReserveTask;volume:create' (d2e97ac9-b98f-4990-848c-e05662142d6f) transitioned into state 'SUCCESS' from state 'RUNNING' with result '{'reservations': ['97f35cf1-cbb1-4a86-8e66-d1a4494c1fbb', '10ca36c0-f2fc-408a-95fd-bbef7f70f483', '4407a198-9ffe-41a0-93de-8ffa3d0d0a70', '529aeb22-a57d-40b3-82bf-d8c856a02f12']}' {{(pid=108974) _task_receiver /usr/local/lib/python3.8/dist-packages/taskflow/listeners/logging.py:178}}
Jan 28 02:07:06.718413 dv-cinder-824977-1-iscsi devstack@c-api.service[108974]: DEBUG cinder.volume.api [None req-62009158-63fe-4135-9ba5-a85c150ad89e tempest-GroupSnapshotsTest-1453891655 tempest-GroupSnapshotsTest-1453891655-project] Task 'cinder.volume.flows.api.create_volume.EntryCreateTask;volume:create' (b76a5a75-70c7-41b8-95fc-ac47699b1d40) transitioned into state 'RUNNING' from state 'PENDING' {{(pid=108974) _task_receiver /usr/local/lib/python3.8/dist-packages/taskflow/listeners/logging.py:190}}
Jan 28 02:07:06.753481 dv-cinder-824977-1-iscsi devstack@c-api.service[108973]: INFO cinder.api.openstack.wsgi [None req-ffa63d19-6bc0-458f-8e0d-3e3d240d676f tempest-SnapshotsActionsTest-148935907 tempest-SnapshotsActionsTest-148935907-project-admin] http://10.222.0.79/volume/v3/ccd970a9d1e044e887d697e2f76c95e6/snapshots/eb3515fc-449e-4a5a-85c2-ac0ae1f5cf44/action returned with HTTP 202
Jan 28 02:07:06.754386 dv-cinder-824977-1-iscsi devstack@c-api.service[108973]: [pid: 108973|app: 0|req: 195/342] 10.222.0.79 () {60 vars in 1372 bytes} [Fri Jan 28 02:07:06 2022] POST /volume/v3/ccd970a9d1e044e887d697e2f76c95e6/snapshots/eb3515fc-449e-4a5a-85c2-ac0ae1f5cf44/action => generated 0 bytes in 98 msecs (HTTP/1.1 202) 7 headers in 289 bytes (2 switches on core 0)
