Jan 28 02:07:04.678297 dv-cinder-824977-1-iscsi devstack@c-api.service[108973]: DEBUG cinder.volume.api [None req-d7f7972b-ec65-4d0a-af11-037b4d360bbf tempest-GroupSnapshotsTest-1453891655 tempest-GroupSnapshotsTest-1453891655-project] Task 'cinder.volume.flows.api.create_volume.ExtractVolumeRequestTask;volume:create' (63380a44-33ed-40b5-b384-1fb5506e3fdd) transitioned into state 'RUNNING' from state 'PENDING' {{(pid=108973) _task_receiver /usr/local/lib/python3.8/dist-packages/taskflow/listeners/logging.py:190}}
Jan 28 02:07:04.679906 dv-cinder-824977-1-iscsi devstack@c-api.service[108973]: /usr/local/lib/python3.8/dist-packages/oslo_context/context.py:105: DeprecationWarning: Policy enforcement is depending on the value of is_admin. This key is deprecated. Please update your policy file to use the standard policy values.
Jan 28 02:07:04.679906 dv-cinder-824977-1-iscsi devstack@c-api.service[108973]: warnings.warn('Policy enforcement is depending on the value of '
Jan 28 02:07:04.680844 dv-cinder-824977-1-iscsi devstack@c-api.service[108973]: DEBUG cinder.volume.flows.api.create_volume [None req-d7f7972b-ec65-4d0a-af11-037b4d360bbf tempest-GroupSnapshotsTest-1453891655 tempest-GroupSnapshotsTest-1453891655-project] Validating volume size '1' using validate_int {{(pid=108973) _extract_size /opt/stack/cinder/cinder/volume/flows/api/create_volume.py:225}}
Jan 28 02:07:04.702584 dv-cinder-824977-1-iscsi devstack@c-api.service[108973]: DEBUG cinder.volume.api [None req-d7f7972b-ec65-4d0a-af11-037b4d360bbf tempest-GroupSnapshotsTest-1453891655 tempest-GroupSnapshotsTest-1453891655-project] Task 'cinder.volume.flows.api.create_volume.ExtractVolumeRequestTask;volume:create' (63380a44-33ed-40b5-b384-1fb5506e3fdd) transitioned into state 'SUCCESS' from state 'RUNNING' with result '{'size': 1, 'snapshot_id': None, 'source_volid': None, 'volume_type': VolumeType(created_at=2022-01-28T02:07:01Z,deleted=False,deleted_at=None,description=None,extra_specs={},id=f16f601f-9336-425c-ac3e-85f2ac436c58,is_public=True,name='tempest-GroupSnapshotsTest-volume-type-1800060143',projects=[],qos_specs=,qos_specs_id=None,updated_at=None), 'volume_type_id': 'f16f601f-9336-425c-ac3e-85f2ac436c58', 'encryption_key_id': None, 'qos_specs': None, 'consistencygroup_id': None, 'cgsnapshot_id': None, 'group_id': 'c39b2ee1-cd82-4864-9dc5-c9034455daf0', 'replication_status': 'disabled', 'refresh_az': False, 'backup_id': None, 'multiattach': False, 'availability_zones': ['nova']}' {{(pid=108973) _task_receiver /usr/local/lib/python3.8/dist-packages/taskflow/listeners/logging.py:178}}
Jan 28 02:07:04.704668 dv-cinder-824977-1-iscsi devstack@c-api.service[108973]: DEBUG cinder.volume.api [None req-d7f7972b-ec65-4d0a-af11-037b4d360bbf tempest-GroupSnapshotsTest-1453891655 tempest-GroupSnapshotsTest-1453891655-project] Task 'cinder.volume.flows.api.create_volume.QuotaReserveTask;volume:create' (1391fefb-099d-448c-94b4-da62bb7f930c) transitioned into state 'RUNNING' from state 'PENDING' {{(pid=108973) _task_receiver /usr/local/lib/python3.8/dist-packages/taskflow/listeners/logging.py:190}}
Jan 28 02:07:04.736298 dv-cinder-824977-1-iscsi devstack@c-api.service[108973]: WARNING cinder.quota [None req-d7f7972b-ec65-4d0a-af11-037b4d360bbf tempest-GroupSnapshotsTest-1453891655 tempest-GroupSnapshotsTest-1453891655-project] Deprecated: Default quota for resource: volumes_tempest-GroupSnapshotsTest-volume-type-1800060143 is set by the default quota flag: quota_volumes_tempest-GroupSnapshotsTest-volume-type-1800060143, it is now deprecated. Please use the default quota class for default quota.
Jan 28 02:07:04.736972 dv-cinder-824977-1-iscsi devstack@c-api.service[108973]: WARNING cinder.quota [None req-d7f7972b-ec65-4d0a-af11-037b4d360bbf tempest-GroupSnapshotsTest-1453891655 tempest-GroupSnapshotsTest-1453891655-project] Deprecated: Default quota for resource: gigabytes_tempest-GroupSnapshotsTest-volume-type-1800060143 is set by the default quota flag: quota_gigabytes_tempest-GroupSnapshotsTest-volume-type-1800060143, it is now deprecated. Please use the default quota class for default quota.
Jan 28 02:07:04.943281 dv-cinder-824977-1-iscsi devstack@c-api.service[108973]: DEBUG cinder.quota [None req-d7f7972b-ec65-4d0a-af11-037b4d360bbf tempest-GroupSnapshotsTest-1453891655 tempest-GroupSnapshotsTest-1453891655-project] Created reservations ['d84687b5-9e0a-4ea1-b706-2b0b587ced10', 'fa2922df-1a38-43a1-a885-84a9ce29241a', 'c98c9661-d004-43b1-87a0-f876a0e9fa21', '359cc52d-5cd3-4375-a781-217675d853f6'] {{(pid=108973) reserve /opt/stack/cinder/cinder/quota.py:755}}
Jan 28 02:07:04.945120 dv-cinder-824977-1-iscsi devstack@c-api.service[108973]: DEBUG cinder.volume.api [None req-d7f7972b-ec65-4d0a-af11-037b4d360bbf tempest-GroupSnapshotsTest-1453891655 tempest-GroupSnapshotsTest-1453891655-project] Task 'cinder.volume.flows.api.create_volume.QuotaReserveTask;volume:create' (1391fefb-099d-448c-94b4-da62bb7f930c) transitioned into state 'SUCCESS' from state 'RUNNING' with result '{'reservations': ['d84687b5-9e0a-4ea1-b706-2b0b587ced10', 'fa2922df-1a38-43a1-a885-84a9ce29241a', 'c98c9661-d004-43b1-87a0-f876a0e9fa21', '359cc52d-5cd3-4375-a781-217675d853f6']}' {{(pid=108973) _task_receiver /usr/local/lib/python3.8/dist-packages/taskflow/listeners/logging.py:178}}
Jan 28 02:07:04.947083 dv-cinder-824977-1-iscsi devstack@c-api.service[108973]: DEBUG cinder.volume.api [None req-d7f7972b-ec65-4d0a-af11-037b4d360bbf tempest-GroupSnapshotsTest-1453891655 tempest-GroupSnapshotsTest-1453891655-project] Task 'cinder.volume.flows.api.create_volume.EntryCreateTask;volume:create' (7624ee1d-c2f6-4b1b-9bb1-c8627efd5be6) transitioned into state 'RUNNING' from state 'PENDING' {{(pid=108973) _task_receiver /usr/local/lib/python3.8/dist-packages/taskflow/listeners/logging.py:190}}
Jan 28 02:07:05.042988 dv-cinder-824977-1-iscsi devstack@c-api.service[108973]: DEBUG cinder.volume.api [None req-d7f7972b-ec65-4d0a-af11-037b4d360bbf tempest-GroupSnapshotsTest-1453891655 tempest-GroupSnapshotsTest-1453891655-project] Task 'cinder.volume.flows.api.create_volume.EntryCreateTask;volume:create' (7624ee1d-c2f6-4b1b-9bb1-c8627efd5be6) transitioned into state 'SUCCESS' from state 'RUNNING' with result '{'volume_id': '05e726f1-aaf3-4ed0-b1a7-319c6e9ced18', 'volume_properties': VolumeProperties(attach_status='detached',availability_zone='nova',cgsnapshot_id=None,consistencygroup_id=None,display_description=None,display_name='tempest-GroupSnapshotsTest-Volume-2121765329',encryption_key_id=None,group_id=c39b2ee1-cd82-4864-9dc5-c9034455daf0,group_type_id=,metadata={},multiattach=False,project_id='969f13984e0246acb3a7876a57fd3b77',qos_specs=None,replication_status=,reservations=['d84687b5-9e0a-4ea1-b706-2b0b587ced10','fa2922df-1a38-43a1-a885-84a9ce29241a','c98c9661-d004-43b1-87a0-f876a0e9fa21','359cc52d-5cd3-4375-a781-217675d853f6'],size=1,snapshot_id=None,source_replicaid=,source_volid=None,status='creating',user_id='92a6689fcf95455bb6aff0a428192d98',volume_type_id=f16f601f-9336-425c-ac3e-85f2ac436c58), 'volume': Volume(_name_id=None,admin_metadata=,attach_status='detached',availability_zone='nova',bootable=False,cluster=,cluster_name=None,consistencygroup=,consistencygroup_id=None,created_at=2022-01-28T02:07:04Z,deleted=False,deleted_at=None,display_description=None,display_name='tempest-GroupSnapshotsTest-Volume-2121765329',ec2_id=None,encryption_key_id=None,glance_metadata=,group=,group_id=c39b2ee1-cd82-4864-9dc5-c9034455daf0,host=None,id=05e726f1-aaf3-4ed0-b1a7-319c6e9ced18,launched_at=None,metadata={},migration_status=None,multiattach=False,previous_status=None,project_id='969f13984e0246acb3a7876a57fd3b77',provider_auth=None,provider_geometry=None,provider_id=None,provider_location=None,replication_driver_data=None,replication_extended_status=None,replication_status=None,scheduled_at=None,service_uuid=None,shared_targets=True,size=1,snapshot_id=None,snapshots=,source_volid=None,status='creating',terminated_at=None,updated_at=None,use_quota=True,user_id='92a6689fcf95455bb6aff0a428192d98',volume_attachment=,volume_type=VolumeType(f16f601f-9336-425c-ac3e-85f2ac436c58),volume_type_id=f16f601f-9336-425c-ac3e-85f2ac436c58)}' {{(pid=108973) _task_receiver /usr/local/lib/python3.8/dist-packages/taskflow/listeners/logging.py:178}}
Jan 28 02:07:05.045122 dv-cinder-824977-1-iscsi devstack@c-api.service[108973]: DEBUG cinder.volume.api [None req-d7f7972b-ec65-4d0a-af11-037b4d360bbf tempest-GroupSnapshotsTest-1453891655 tempest-GroupSnapshotsTest-1453891655-project] Task 'cinder.volume.flows.api.create_volume.QuotaCommitTask;volume:create' (0f419df5-767d-4c4e-8cce-465bfe566bf7) transitioned into state 'RUNNING' from state 'PENDING' {{(pid=108973) _task_receiver /usr/local/lib/python3.8/dist-packages/taskflow/listeners/logging.py:190}}
Jan 28 02:07:05.153563 dv-cinder-824977-1-iscsi devstack@c-api.service[108973]: DEBUG cinder.volume.api [None req-d7f7972b-ec65-4d0a-af11-037b4d360bbf tempest-GroupSnapshotsTest-1453891655 tempest-GroupSnapshotsTest-1453891655-project] Task 'cinder.volume.flows.api.create_volume.QuotaCommitTask;volume:create' (0f419df5-767d-4c4e-8cce-465bfe566bf7) transitioned into state 'SUCCESS' from state 'RUNNING' with result '{'volume_properties': VolumeProperties(attach_status='detached',availability_zone='nova',cgsnapshot_id=None,consistencygroup_id=None,display_description=None,display_name='tempest-GroupSnapshotsTest-Volume-2121765329',encryption_key_id=None,group_id=c39b2ee1-cd82-4864-9dc5-c9034455daf0,group_type_id=,metadata={},multiattach=False,project_id='969f13984e0246acb3a7876a57fd3b77',qos_specs=None,replication_status=,reservations=['d84687b5-9e0a-4ea1-b706-2b0b587ced10','fa2922df-1a38-43a1-a885-84a9ce29241a','c98c9661-d004-43b1-87a0-f876a0e9fa21','359cc52d-5cd3-4375-a781-217675d853f6'],size=1,snapshot_id=None,source_replicaid=,source_volid=None,status='creating',user_id='92a6689fcf95455bb6aff0a428192d98',volume_type_id=f16f601f-9336-425c-ac3e-85f2ac436c58)}' {{(pid=108973) _task_receiver /usr/local/lib/python3.8/dist-packages/taskflow/listeners/logging.py:178}}
Jan 28 02:07:05.155470 dv-cinder-824977-1-iscsi devstack@c-api.service[108973]: DEBUG cinder.volume.api [None req-d7f7972b-ec65-4d0a-af11-037b4d360bbf tempest-GroupSnapshotsTest-1453891655 tempest-GroupSnapshotsTest-1453891655-project] Task 'cinder.volume.flows.api.create_volume.VolumeCastTask;volume:create' (53a90722-a59f-407c-b3ff-6a0955f3fc23) transitioned into state 'RUNNING' from state 'PENDING' {{(pid=108973) _task_receiver /usr/local/lib/python3.8/dist-packages/taskflow/listeners/logging.py:190}}
Jan 28 02:07:05.243363 dv-cinder-824977-1-iscsi devstack@c-api.service[108973]: DEBUG cinder.volume.api [None req-d7f7972b-ec65-4d0a-af11-037b4d360bbf tempest-GroupSnapshotsTest-1453891655 tempest-GroupSnapshotsTest-1453891655-project] Task 'cinder.volume.flows.api.create_volume.VolumeCastTask;volume:create' (53a90722-a59f-407c-b3ff-6a0955f3fc23) transitioned into state 'SUCCESS' from state 'RUNNING' with result 'None' {{(pid=108973) _task_receiver /usr/local/lib/python3.8/dist-packages/taskflow/listeners/logging.py:178}}
Jan 28 02:07:05.246029 dv-cinder-824977-1-iscsi devstack@c-api.service[108973]: DEBUG cinder.volume.api [None req-d7f7972b-ec65-4d0a-af11-037b4d360bbf tempest-GroupSnapshotsTest-1453891655 tempest-GroupSnapshotsTest-1453891655-project] Flow 'volume_create_api' (32d54dbe-e266-423d-9fec-1067153066b1) transitioned into state 'SUCCESS' from state 'RUNNING' {{(pid=108973) _flow_receiver /usr/local/lib/python3.8/dist-packages/taskflow/listeners/logging.py:141}}
Jan 28 02:07:05.246870 dv-cinder-824977-1-iscsi devstack@c-api.service[108973]: INFO cinder.volume.api [None req-d7f7972b-ec65-4d0a-af11-037b4d360bbf tempest-GroupSnapshotsTest-1453891655 tempest-GroupSnapshotsTest-1453891655-project] Create volume request issued successfully.
Jan 28 02:07:05.255693 dv-cinder-824977-1-iscsi devstack@c-api.service[108973]: WARNING stevedore.named [None req-d7f7972b-ec65-4d0a-af11-037b4d360bbf tempest-GroupSnapshotsTest-1453891655 tempest-GroupSnapshotsTest-1453891655-project] Could not load cinder.keymgr.conf_key_mgr.ConfKeyManager
Jan 28 02:07:05.256243 dv-cinder-824977-1-iscsi devstack@c-api.service[108973]: WARNING castellan.key_manager [None req-d7f7972b-ec65-4d0a-af11-037b4d360bbf tempest-GroupSnapshotsTest-1453891655 tempest-GroupSnapshotsTest-1453891655-project] Deprecation Warning : cinder.keymgr.conf_key_mgr.ConfKeyManager is not a stevedore based driver, trying to load it as a class: stevedore.exception.NoMatches: No 'castellan.drivers' driver found, looking for 'cinder.keymgr.conf_key_mgr.ConfKeyManager'
Jan 28 02:07:05.264754 dv-cinder-824977-1-iscsi devstack@c-api.service[108973]: DEBUG oslo_db.sqlalchemy.engines [None req-d7f7972b-ec65-4d0a-af11-037b4d360bbf tempest-GroupSnapshotsTest-1453891655 tempest-GroupSnapshotsTest-1453891655-project] MySQL server mode set to STRICT_TRANS_TABLES,STRICT_ALL_TABLES,NO_ZERO_IN_DATE,NO_ZERO_DATE,ERROR_FOR_DIVISION_BY_ZERO,TRADITIONAL,NO_ENGINE_SUBSTITUTION {{(pid=108973) _check_effective_sql_mode /usr/local/lib/python3.8/dist-packages/oslo_db/sqlalchemy/engines.py:314}}
Jan 28 02:07:05.271571 dv-cinder-824977-1-iscsi devstack@c-api.service[108973]: /usr/local/lib/python3.8/dist-packages/oslo_context/context.py:105: DeprecationWarning: Policy enforcement is depending on the value of is_admin. This key is deprecated. Please update your policy file to use the standard policy values.
Jan 28 02:07:05.271571 dv-cinder-824977-1-iscsi devstack@c-api.service[108973]: warnings.warn('Policy enforcement is depending on the value of '
Jan 28 02:07:05.278572 dv-cinder-824977-1-iscsi devstack@c-api.service[108973]: INFO cinder.api.openstack.wsgi [None req-d7f7972b-ec65-4d0a-af11-037b4d360bbf tempest-GroupSnapshotsTest-1453891655 tempest-GroupSnapshotsTest-1453891655-project] http://10.222.0.79/volume/v3/969f13984e0246acb3a7876a57fd3b77/volumes returned with HTTP 202
Jan 28 02:07:05.279494 dv-cinder-824977-1-iscsi devstack@c-api.service[108973]: [pid: 108973|app: 0|req: 185/324] 10.222.0.79 () {62 vars in 1276 bytes} [Fri Jan 28 02:07:04 2022] POST /volume/v3/969f13984e0246acb3a7876a57fd3b77/volumes => generated 908 bytes in 656 msecs (HTTP/1.1 202) 7 headers in 292 bytes (1 switches on core 0)
Jan 28 02:07:05.283926 dv-cinder-824977-1-iscsi devstack@c-api.service[108973]: INFO cinder.api.openstack.wsgi [None req-20aec68e-51b0-44bb-a5e1-f675c76bc451 tempest-SnapshotsActionsTest-495018695 tempest-SnapshotsActionsTest-495018695-project] GET http://10.222.0.79/volume/v3/28cd877825a548d293e0336794c3d16c/snapshots/53366470-c6f5-4018-ba95-b9d5b901c9c5
Jan 28 02:07:05.284490 dv-cinder-824977-1-iscsi devstack@c-api.service[108973]: DEBUG cinder.api.openstack.wsgi [None req-20aec68e-51b0-44bb-a5e1-f675c76bc451 tempest-SnapshotsActionsTest-495018695 tempest-SnapshotsActionsTest-495018695-project] Empty body provided in request {{(pid=108973) get_body /opt/stack/cinder/cinder/api/openstack/wsgi.py:703}}
Jan 28 02:07:05.284662 dv-cinder-824977-1-iscsi devstack@c-api.service[108973]: /usr/local/lib/python3.8/dist-packages/webob/acceptparse.py:1047: DeprecationWarning: The behavior of AcceptValidHeader.best_match is currently being maintained for backward compatibility, but it will be deprecated in the future, as it does not conform to the RFC.
Jan 28 02:07:05.284662 dv-cinder-824977-1-iscsi devstack@c-api.service[108973]: warnings.warn(
Jan 28 02:07:05.285203 dv-cinder-824977-1-iscsi devstack@c-api.service[108973]: DEBUG cinder.api.openstack.wsgi [None req-20aec68e-51b0-44bb-a5e1-f675c76bc451 tempest-SnapshotsActionsTest-495018695 tempest-SnapshotsActionsTest-495018695-project] Calling method 'show' {{(pid=108973) _process_stack /opt/stack/cinder/cinder/api/openstack/wsgi.py:856}}
Jan 28 02:07:05.295250 dv-cinder-824977-1-iscsi devstack@c-api.service[108973]: /usr/local/lib/python3.8/dist-packages/oslo_context/context.py:105: DeprecationWarning: Policy enforcement is depending on the value of is_admin. This key is deprecated. Please update your policy file to use the standard policy values.
Jan 28 02:07:05.295250 dv-cinder-824977-1-iscsi devstack@c-api.service[108973]: warnings.warn('Policy enforcement is depending on the value of '
Jan 28 02:07:05.296338 dv-cinder-824977-1-iscsi devstack@c-api.service[108973]: INFO cinder.volume.api [None req-20aec68e-51b0-44bb-a5e1-f675c76bc451 tempest-SnapshotsActionsTest-495018695 tempest-SnapshotsActionsTest-495018695-project] Snapshot retrieved successfully.
Jan 28 02:07:05.298158 dv-cinder-824977-1-iscsi devstack@c-api.service[108973]: INFO cinder.api.openstack.wsgi [None req-20aec68e-51b0-44bb-a5e1-f675c76bc451 tempest-SnapshotsActionsTest-495018695 tempest-SnapshotsActionsTest-495018695-project] http://10.222.0.79/volume/v3/28cd877825a548d293e0336794c3d16c/snapshots/53366470-c6f5-4018-ba95-b9d5b901c9c5 returned with HTTP 200
Jan 28 02:07:05.298891 dv-cinder-824977-1-iscsi devstack@c-api.service[108973]: [pid: 108973|app: 0|req: 186/325] 10.222.0.79 () {58 vars in 1330 bytes} [Fri Jan 28 02:07:05 2022] GET /volume/v3/28cd877825a548d293e0336794c3d16c/snapshots/53366470-c6f5-4018-ba95-b9d5b901c9c5 => generated 465 bytes in 19 msecs (HTTP/1.1 200) 7 headers in 285 bytes (1 switches on core 0)
Jan 28 02:07:05.303520 dv-cinder-824977-1-iscsi devstack@c-api.service[108973]: INFO cinder.api.openstack.wsgi [None req-534cb0b8-d76b-4d0a-a700-71b5c6595b35 tempest-GroupSnapshotsTest-1453891655 tempest-GroupSnapshotsTest-1453891655-project] GET http://10.222.0.79/volume/v3/969f13984e0246acb3a7876a57fd3b77/volumes/05e726f1-aaf3-4ed0-b1a7-319c6e9ced18
Jan 28 02:07:05.304024 dv-cinder-824977-1-iscsi devstack@c-api.service[108973]: DEBUG cinder.api.openstack.wsgi [None req-534cb0b8-d76b-4d0a-a700-71b5c6595b35 tempest-GroupSnapshotsTest-1453891655 tempest-GroupSnapshotsTest-1453891655-project] Empty body provided in request {{(pid=108973) get_body /opt/stack/cinder/cinder/api/openstack/wsgi.py:703}}
Jan 28 02:07:05.304175 dv-cinder-824977-1-iscsi devstack@c-api.service[108973]: /usr/local/lib/python3.8/dist-packages/webob/acceptparse.py:1047: DeprecationWarning: The behavior of AcceptValidHeader.best_match is currently being maintained for backward compatibility, but it will be deprecated in the future, as it does not conform to the RFC.
Jan 28 02:07:05.304175 dv-cinder-824977-1-iscsi devstack@c-api.service[108973]: warnings.warn(
Jan 28 02:07:05.304487 dv-cinder-824977-1-iscsi devstack@c-api.service[108973]: DEBUG cinder.api.openstack.wsgi [None req-534cb0b8-d76b-4d0a-a700-71b5c6595b35 tempest-GroupSnapshotsTest-1453891655 tempest-GroupSnapshotsTest-1453891655-project] Calling method 'show' {{(pid=108973) _process_stack /opt/stack/cinder/cinder/api/openstack/wsgi.py:856}}
Jan 28 02:07:05.319351 dv-cinder-824977-1-iscsi devstack@c-api.service[108973]: /usr/local/lib/python3.8/dist-packages/oslo_context/context.py:105: DeprecationWarning: Policy enforcement is depending on the value of is_admin. This key is deprecated. Please update your policy file to use the standard policy values.
Jan 28 02:07:05.319351 dv-cinder-824977-1-iscsi devstack@c-api.service[108973]: warnings.warn('Policy enforcement is depending on the value of '
Jan 28 02:07:05.326607 dv-cinder-824977-1-iscsi devstack@c-api.service[108973]: INFO cinder.volume.api [None req-534cb0b8-d76b-4d0a-a700-71b5c6595b35 tempest-GroupSnapshotsTest-1453891655 tempest-GroupSnapshotsTest-1453891655-project] Volume info retrieved successfully.
Jan 28 02:07:05.333744 dv-cinder-824977-1-iscsi devstack@c-api.service[108973]: WARNING stevedore.named [None req-534cb0b8-d76b-4d0a-a700-71b5c6595b35 tempest-GroupSnapshotsTest-1453891655 tempest-GroupSnapshotsTest-1453891655-project] Could not load cinder.keymgr.conf_key_mgr.ConfKeyManager
Jan 28 02:07:05.334116 dv-cinder-824977-1-iscsi devstack@c-api.service[108973]: WARNING castellan.key_manager [None req-534cb0b8-d76b-4d0a-a700-71b5c6595b35 tempest-GroupSnapshotsTest-1453891655 tempest-GroupSnapshotsTest-1453891655-project] Deprecation Warning : cinder.keymgr.conf_key_mgr.ConfKeyManager is not a stevedore based driver, trying to load it as a class: stevedore.exception.NoMatches: No 'castellan.drivers' driver found, looking for 'cinder.keymgr.conf_key_mgr.ConfKeyManager'
Jan 28 02:07:05.341060 dv-cinder-824977-1-iscsi devstack@c-api.service[108973]: DEBUG oslo_db.sqlalchemy.engines [None req-534cb0b8-d76b-4d0a-a700-71b5c6595b35 tempest-GroupSnapshotsTest-1453891655 tempest-GroupSnapshotsTest-1453891655-project] MySQL server mode set to STRICT_TRANS_TABLES,STRICT_ALL_TABLES,NO_ZERO_IN_DATE,NO_ZERO_DATE,ERROR_FOR_DIVISION_BY_ZERO,TRADITIONAL,NO_ENGINE_SUBSTITUTION {{(pid=108973) _check_effective_sql_mode /usr/local/lib/python3.8/dist-packages/oslo_db/sqlalchemy/engines.py:314}}
Jan 28 02:07:05.346178 dv-cinder-824977-1-iscsi devstack@c-api.service[108973]: /usr/local/lib/python3.8/dist-packages/oslo_context/context.py:105: DeprecationWarning: Policy enforcement is depending on the value of is_admin. This key is deprecated. Please update your policy file to use the standard policy values.
Jan 28 02:07:05.346178 dv-cinder-824977-1-iscsi devstack@c-api.service[108973]: warnings.warn('Policy enforcement is depending on the value of '
Jan 28 02:07:05.355131 dv-cinder-824977-1-iscsi devstack@c-api.service[108974]: DEBUG cinder.coordination [req-dc0d0ff0-5d1e-4608-b109-0610628ec007 req-6c5e4ec3-c05c-4a73-b489-d4446c44f3b0 tempest-DeleteServersTestJSON-731086738 tempest-DeleteServersTestJSON-731086738-project] Lock "b'cinder-attachment_update-ff200797-ad75-4047-a31e-987ff8b2886a-hv-cinder-82497'" released by "attachment_update" :: held 5.123s {{(pid=108974) _synchronized /opt/stack/cinder/cinder/coordination.py:193}}
Jan 28 02:07:05.356286 dv-cinder-824977-1-iscsi devstack@c-api.service[108974]: INFO cinder.api.openstack.wsgi [req-dc0d0ff0-5d1e-4608-b109-0610628ec007 req-6c5e4ec3-c05c-4a73-b489-d4446c44f3b0 tempest-DeleteServersTestJSON-731086738 tempest-DeleteServersTestJSON-731086738-project] http://10.222.0.79/volume/v3/b22dd75c99404b48a867a48eb5d10c7d/attachments/bf3eb52f-916c-48db-844c-bb32175a83cc returned with HTTP 200
Jan 28 02:07:05.357576 dv-cinder-824977-1-iscsi devstack@c-api.service[108974]: [pid: 108974|app: 0|req: 140/326] 10.222.0.95 () {64 vars in 1477 bytes} [Fri Jan 28 02:07:00 2022] PUT /volume/v3/b22dd75c99404b48a867a48eb5d10c7d/attachments/bf3eb52f-916c-48db-844c-bb32175a83cc => generated 747 bytes in 5164 msecs (HTTP/1.1 200) 7 headers in 286 bytes (2 switches on core 0)
Jan 28 02:07:05.362064 dv-cinder-824977-1-iscsi devstack@c-api.service[108974]: INFO cinder.api.openstack.wsgi [None req-cfb411e4-a59f-47e5-8418-bdf16a2f9c93 tempest-SnapshotsActionsTest-148935907 tempest-SnapshotsActionsTest-148935907-project-admin] POST http://10.222.0.79/volume/v3/ccd970a9d1e044e887d697e2f76c95e6/snapshots/53366470-c6f5-4018-ba95-b9d5b901c9c5/action
Jan 28 02:07:05.362777 dv-cinder-824977-1-iscsi devstack@c-api.service[108974]: /usr/local/lib/python3.8/dist-packages/webob/acceptparse.py:1047: DeprecationWarning: The behavior of AcceptValidHeader.best_match is currently being maintained for backward compatibility, but it will be deprecated in the future, as it does not conform to the RFC.
Jan 28 02:07:05.362777 dv-cinder-824977-1-iscsi devstack@c-api.service[108974]: warnings.warn(
Jan 28 02:07:05.364158 dv-cinder-824977-1-iscsi devstack@c-api.service[108974]: DEBUG cinder.api.openstack.wsgi [None req-cfb411e4-a59f-47e5-8418-bdf16a2f9c93 tempest-SnapshotsActionsTest-148935907 tempest-SnapshotsActionsTest-148935907-project-admin] Action body: b'{"os-reset_status": {"status": "error"}}' {{(pid=108974) get_method /opt/stack/cinder/cinder/api/openstack/wsgi.py:971}}
Jan 28 02:07:05.364265 dv-cinder-824977-1-iscsi devstack@c-api.service[108973]: INFO cinder.api.openstack.wsgi [None req-534cb0b8-d76b-4d0a-a700-71b5c6595b35 tempest-GroupSnapshotsTest-1453891655 tempest-GroupSnapshotsTest-1453891655-project] http://10.222.0.79/volume/v3/969f13984e0246acb3a7876a57fd3b77/volumes/05e726f1-aaf3-4ed0-b1a7-319c6e9ced18 returned with HTTP 200
Jan 28 02:07:05.364357 dv-cinder-824977-1-iscsi devstack@c-api.service[108974]: DEBUG cinder.api.openstack.wsgi [None req-cfb411e4-a59f-47e5-8418-bdf16a2f9c93 tempest-SnapshotsActionsTest-148935907 tempest-SnapshotsActionsTest-148935907-project-admin] Action: 'action', calling method: _reset_status, body: {"os-reset_status": {"status": "error"}} {{(pid=108974) _process_stack /opt/stack/cinder/cinder/api/openstack/wsgi.py:854}}
Jan 28 02:07:05.364916 dv-cinder-824977-1-iscsi devstack@c-api.service[108974]: DEBUG cinder.api.contrib.admin_actions [None req-cfb411e4-a59f-47e5-8418-bdf16a2f9c93 tempest-SnapshotsActionsTest-148935907 tempest-SnapshotsActionsTest-148935907-project-admin] Updating snapshot '53366470-c6f5-4018-ba95-b9d5b901c9c5' with '{'status': 'error'}' {{(pid=108974) _reset_status /opt/stack/cinder/cinder/api/contrib/admin_actions.py:100}}
Jan 28 02:07:05.365502 dv-cinder-824977-1-iscsi devstack@c-api.service[108973]: [pid: 108973|app: 0|req: 187/327] 10.222.0.79 () {60 vars in 1365 bytes} [Fri Jan 28 02:07:05 2022] GET /volume/v3/969f13984e0246acb3a7876a57fd3b77/volumes/05e726f1-aaf3-4ed0-b1a7-319c6e9ced18 => generated 976 bytes in 66 msecs (HTTP/1.1 200) 7 headers in 286 bytes (1 switches on core 0)
Jan 28 02:07:05.385837 dv-cinder-824977-1-iscsi devstack@c-api.service[108974]: /usr/local/lib/python3.8/dist-packages/oslo_context/context.py:105: DeprecationWarning: Policy enforcement is depending on the value of is_admin. This key is deprecated. Please update your policy file to use the standard policy values.
Jan 28 02:07:05.385837 dv-cinder-824977-1-iscsi devstack@c-api.service[108974]: warnings.warn('Policy enforcement is depending on the value of '
Jan 28 02:07:05.459617 dv-cinder-824977-1-iscsi devstack@c-api.service[108974]: INFO cinder.api.openstack.wsgi [None req-cfb411e4-a59f-47e5-8418-bdf16a2f9c93 tempest-SnapshotsActionsTest-148935907 tempest-SnapshotsActionsTest-148935907-project-admin] http://10.222.0.79/volume/v3/ccd970a9d1e044e887d697e2f76c95e6/snapshots/53366470-c6f5-4018-ba95-b9d5b901c9c5/action returned with HTTP 202
Jan 28 02:07:05.460424 dv-cinder-824977-1-iscsi devstack@c-api.service[108974]: [pid: 108974|app: 0|req: 141/328] 10.222.0.79 () {60 vars in 1372 bytes} [Fri Jan 28 02:07:05 2022] POST /volume/v3/ccd970a9d1e044e887d697e2f76c95e6/snapshots/53366470-c6f5-4018-ba95-b9d5b901c9c5/action => generated 0 bytes in 102 msecs (HTTP/1.1 202) 7 headers in 289 bytes (1 switches on core 0)
Jan 28 02:07:05.468543 dv-cinder-824977-1-iscsi devstack@c-api.service[108973]: INFO cinder.api.openstack.wsgi [None req-11c44bb1-0fb1-4453-8dc7-fc11d5cddbb1 tempest-SnapshotsActionsTest-495018695 tempest-SnapshotsActionsTest-495018695-project] GET http://10.222.0.79/volume/v3/28cd877825a548d293e0336794c3d16c/snapshots/53366470-c6f5-4018-ba95-b9d5b901c9c5
Jan 28 02:07:05.468984 dv-cinder-824977-1-iscsi devstack@c-api.service[108973]: DEBUG cinder.api.openstack.wsgi [None req-11c44bb1-0fb1-4453-8dc7-fc11d5cddbb1 tempest-SnapshotsActionsTest-495018695 tempest-SnapshotsActionsTest-495018695-project] Empty body provided in request {{(pid=108973) get_body /opt/stack/cinder/cinder/api/openstack/wsgi.py:703}}
Jan 28 02:07:05.469151 dv-cinder-824977-1-iscsi devstack@c-api.service[108973]: /usr/local/lib/python3.8/dist-packages/webob/acceptparse.py:1047: DeprecationWarning: The behavior of AcceptValidHeader.best_match is currently being maintained for backward compatibility, but it will be deprecated in the future, as it does not conform to the RFC.
Jan 28 02:07:05.469151 dv-cinder-824977-1-iscsi devstack@c-api.service[108973]: warnings.warn(
Jan 28 02:07:05.469465 dv-cinder-824977-1-iscsi devstack@c-api.service[108973]: DEBUG cinder.api.openstack.wsgi [None req-11c44bb1-0fb1-4453-8dc7-fc11d5cddbb1 tempest-SnapshotsActionsTest-495018695 tempest-SnapshotsActionsTest-495018695-project] Calling method 'show' {{(pid=108973) _process_stack /opt/stack/cinder/cinder/api/openstack/wsgi.py:856}}
Jan 28 02:07:05.479558 dv-cinder-824977-1-iscsi devstack@c-api.service[108973]: /usr/local/lib/python3.8/dist-packages/oslo_context/context.py:105: DeprecationWarning: Policy enforcement is depending on the value of is_admin. This key is deprecated. Please update your policy file to use the standard policy values.
Jan 28 02:07:05.479558 dv-cinder-824977-1-iscsi devstack@c-api.service[108973]: warnings.warn('Policy enforcement is depending on the value of '
Jan 28 02:07:05.480514 dv-cinder-824977-1-iscsi devstack@c-api.service[108973]: INFO cinder.volume.api [None req-11c44bb1-0fb1-4453-8dc7-fc11d5cddbb1 tempest-SnapshotsActionsTest-495018695 tempest-SnapshotsActionsTest-495018695-project] Snapshot retrieved successfully.
Jan 28 02:07:05.482304 dv-cinder-824977-1-iscsi devstack@c-api.service[108973]: INFO cinder.api.openstack.wsgi [None req-11c44bb1-0fb1-4453-8dc7-fc11d5cddbb1 tempest-SnapshotsActionsTest-495018695 tempest-SnapshotsActionsTest-495018695-project] http://10.222.0.79/volume/v3/28cd877825a548d293e0336794c3d16c/snapshots/53366470-c6f5-4018-ba95-b9d5b901c9c5 returned with HTTP 200
Jan 28 02:07:05.483870 dv-cinder-824977-1-iscsi devstack@c-api.service[108973]: [pid: 108973|app: 0|req: 188/329] 10.222.0.79 () {58 vars in 1330 bytes} [Fri Jan 28 02:07:05 2022] GET /volume/v3/28cd877825a548d293e0336794c3d16c/snapshots/53366470-c6f5-4018-ba95-b9d5b901c9c5 => generated 461 bytes in 20 msecs (HTTP/1.1 200) 7 headers in 285 bytes (1 switches on core 0)
Jan 28 02:07:05.498436 dv-cinder-824977-1-iscsi devstack@c-api.service[108974]: INFO cinder.api.openstack.wsgi [None req-143a969b-0811-4fd4-8b6e-71a5c761bfa5 tempest-SnapshotsActionsTest-148935907 tempest-SnapshotsActionsTest-148935907-project-admin] POST http://10.222.0.79/volume/v3/ccd970a9d1e044e887d697e2f76c95e6/snapshots/53366470-c6f5-4018-ba95-b9d5b901c9c5/action
Jan 28 02:07:05.498761 dv-cinder-824977-1-iscsi devstack@c-api.service[108974]: /usr/local/lib/python3.8/dist-packages/webob/acceptparse.py:1047: DeprecationWarning: The behavior of AcceptValidHeader.best_match is currently being maintained for backward compatibility, but it will be deprecated in the future, as it does not conform to the RFC.
Jan 28 02:07:05.498761 dv-cinder-824977-1-iscsi devstack@c-api.service[108974]: warnings.warn(
Jan 28 02:07:05.499127 dv-cinder-824977-1-iscsi devstack@c-api.service[108974]: DEBUG cinder.api.openstack.wsgi [None req-143a969b-0811-4fd4-8b6e-71a5c761bfa5 tempest-SnapshotsActionsTest-148935907 tempest-SnapshotsActionsTest-148935907-project-admin] Action body: b'{"os-force_delete": {}}' {{(pid=108974) get_method /opt/stack/cinder/cinder/api/openstack/wsgi.py:971}}
Jan 28 02:07:05.499446 dv-cinder-824977-1-iscsi devstack@c-api.service[108974]: DEBUG cinder.api.openstack.wsgi [None req-143a969b-0811-4fd4-8b6e-71a5c761bfa5 tempest-SnapshotsActionsTest-148935907 tempest-SnapshotsActionsTest-148935907-project-admin] Action: 'action', calling method: _force_delete, body: {"os-force_delete": {}} {{(pid=108974) _process_stack /opt/stack/cinder/cinder/api/openstack/wsgi.py:854}}
Jan 28 02:07:05.508620 dv-cinder-824977-1-iscsi devstack@c-api.service[108974]: /usr/local/lib/python3.8/dist-packages/oslo_context/context.py:105: DeprecationWarning: Policy enforcement is depending on the value of is_admin. This key is deprecated. Please update your policy file to use the standard policy values.
Jan 28 02:07:05.508620 dv-cinder-824977-1-iscsi devstack@c-api.service[108974]: warnings.warn('Policy enforcement is depending on the value of '
Jan 28 02:07:05.511469 dv-cinder-824977-1-iscsi devstack@c-api.service[108974]: INFO cinder.volume.api [None req-143a969b-0811-4fd4-8b6e-71a5c761bfa5 tempest-SnapshotsActionsTest-148935907 tempest-SnapshotsActionsTest-148935907-project-admin] Snapshot retrieved successfully.
Jan 28 02:07:05.531559 dv-cinder-824977-1-iscsi devstack@c-api.service[108973]: INFO cinder.api.openstack.wsgi [None req-d226837d-c120-48dc-a0ed-1eb4cd371706 tempest-DeleteServersTestJSON-731086738 tempest-DeleteServersTestJSON-731086738-project] GET http://10.222.0.79/volume/v3/b22dd75c99404b48a867a48eb5d10c7d/volumes/ff200797-ad75-4047-a31e-987ff8b2886a
Jan 28 02:07:05.532027 dv-cinder-824977-1-iscsi devstack@c-api.service[108973]: DEBUG cinder.api.openstack.wsgi [None req-d226837d-c120-48dc-a0ed-1eb4cd371706 tempest-DeleteServersTestJSON-731086738 tempest-DeleteServersTestJSON-731086738-project] Empty body provided in request {{(pid=108973) get_body /opt/stack/cinder/cinder/api/openstack/wsgi.py:703}}
Jan 28 02:07:05.532196 dv-cinder-824977-1-iscsi devstack@c-api.service[108973]: /usr/local/lib/python3.8/dist-packages/webob/acceptparse.py:1047: DeprecationWarning: The behavior of AcceptValidHeader.best_match is currently being maintained for backward compatibility, but it will be deprecated in the future, as it does not conform to the RFC.
Jan 28 02:07:05.532196 dv-cinder-824977-1-iscsi devstack@c-api.service[108973]: warnings.warn(
Jan 28 02:07:05.532507 dv-cinder-824977-1-iscsi devstack@c-api.service[108973]: DEBUG cinder.api.openstack.wsgi [None req-d226837d-c120-48dc-a0ed-1eb4cd371706 tempest-DeleteServersTestJSON-731086738 tempest-DeleteServersTestJSON-731086738-project] Calling method 'show' {{(pid=108973) _process_stack /opt/stack/cinder/cinder/api/openstack/wsgi.py:856}}
Jan 28 02:07:05.546451 dv-cinder-824977-1-iscsi devstack@c-api.service[108973]: /usr/local/lib/python3.8/dist-packages/oslo_context/context.py:105: DeprecationWarning: Policy enforcement is depending on the value of is_admin. This key is deprecated. Please update your policy file to use the standard policy values.
Jan 28 02:07:05.546451 dv-cinder-824977-1-iscsi devstack@c-api.service[108973]: warnings.warn('Policy enforcement is depending on the value of '
Jan 28 02:07:05.554096 dv-cinder-824977-1-iscsi devstack@c-api.service[108973]: INFO cinder.volume.api [None req-d226837d-c120-48dc-a0ed-1eb4cd371706 tempest-DeleteServersTestJSON-731086738 tempest-DeleteServersTestJSON-731086738-project] Volume info retrieved successfully.
Jan 28 02:07:05.565964 dv-cinder-824977-1-iscsi devstack@c-api.service[108973]: /usr/local/lib/python3.8/dist-packages/oslo_context/context.py:105: DeprecationWarning: Policy enforcement is depending on the value of is_admin. This key is deprecated. Please update your policy file to use the standard policy values.
Jan 28 02:07:05.565964 dv-cinder-824977-1-iscsi devstack@c-api.service[108973]: warnings.warn('Policy enforcement is depending on the value of '
Jan 28 02:07:05.573302 dv-cinder-824977-1-iscsi devstack@c-api.service[108973]: INFO cinder.api.openstack.wsgi [None req-d226837d-c120-48dc-a0ed-1eb4cd371706 tempest-DeleteServersTestJSON-731086738 tempest-DeleteServersTestJSON-731086738-project] http://10.222.0.79/volume/v3/b22dd75c99404b48a867a48eb5d10c7d/volumes/ff200797-ad75-4047-a31e-987ff8b2886a returned with HTTP 200
Jan 28 02:07:05.574007 dv-cinder-824977-1-iscsi devstack@c-api.service[108973]: [pid: 108973|app: 0|req: 189/330] 10.222.0.79 () {58 vars in 1324 bytes} [Fri Jan 28 02:07:05 2022] GET /volume/v3/b22dd75c99404b48a867a48eb5d10c7d/volumes/ff200797-ad75-4047-a31e-987ff8b2886a => generated 914 bytes in 46 msecs (HTTP/1.1 200) 7 headers in 285 bytes (2 switches on core 0)
Jan 28 02:07:05.596918 dv-cinder-824977-1-iscsi devstack@c-api.service[108974]: INFO cinder.volume.api [None req-143a969b-0811-4fd4-8b6e-71a5c761bfa5 tempest-SnapshotsActionsTest-148935907 tempest-SnapshotsActionsTest-148935907-project-admin] Snapshot delete request issued successfully.
Jan 28 02:07:05.597951 dv-cinder-824977-1-iscsi devstack@c-api.service[108974]: INFO cinder.api.openstack.wsgi [None req-143a969b-0811-4fd4-8b6e-71a5c761bfa5 tempest-SnapshotsActionsTest-148935907 tempest-SnapshotsActionsTest-148935907-project-admin] http://10.222.0.79/volume/v3/ccd970a9d1e044e887d697e2f76c95e6/snapshots/53366470-c6f5-4018-ba95-b9d5b901c9c5/action returned with HTTP 202
Jan 28 02:07:05.598590 dv-cinder-824977-1-iscsi devstack@c-api.service[108973]: INFO cinder.api.openstack.wsgi [None req-1628947c-8a1f-4c36-af8e-e5530fb8aab2 tempest-GroupsTest-1085105559 tempest-GroupsTest-1085105559-project] GET http://10.222.0.79/volume/v3/894e7c88bdc64850b579fd6ef86120fb/volumes/c529df72-b360-4b72-bce8-aa0b74c7426f
Jan 28 02:07:05.599940 dv-cinder-824977-1-iscsi devstack@c-api.service[108974]: [pid: 108974|app: 0|req: 142/331] 10.222.0.79 () {60 vars in 1372 bytes} [Fri Jan 28 02:07:05 2022] POST /volume/v3/ccd970a9d1e044e887d697e2f76c95e6/snapshots/53366470-c6f5-4018-ba95-b9d5b901c9c5/action => generated 0 bytes in 104 msecs (HTTP/1.1 202) 7 headers in 289 bytes (1 switches on core 0)
Jan 28 02:07:05.600099 dv-cinder-824977-1-iscsi devstack@c-api.service[108973]: DEBUG cinder.api.openstack.wsgi [None req-1628947c-8a1f-4c36-af8e-e5530fb8aab2 tempest-GroupsTest-1085105559 tempest-GroupsTest-1085105559-project] Empty body provided in request {{(pid=108973) get_body /opt/stack/cinder/cinder/api/openstack/wsgi.py:703}}
Jan 28 02:07:05.600099 dv-cinder-824977-1-iscsi devstack@c-api.service[108973]: /usr/local/lib/python3.8/dist-packages/webob/acceptparse.py:1047: DeprecationWarning: The behavior of AcceptValidHeader.best_match is currently being maintained for backward compatibility, but it will be deprecated in the future, as it does not conform to the RFC.
Jan 28 02:07:05.600099 dv-cinder-824977-1-iscsi devstack@c-api.service[108973]: warnings.warn(
Jan 28 02:07:05.600099 dv-cinder-824977-1-iscsi devstack@c-api.service[108973]: DEBUG cinder.api.openstack.wsgi [None req-1628947c-8a1f-4c36-af8e-e5530fb8aab2 tempest-GroupsTest-1085105559 tempest-GroupsTest-1085105559-project] Calling method 'show' {{(pid=108973) _process_stack /opt/stack/cinder/cinder/api/openstack/wsgi.py:856}}
Jan 28 02:07:05.608249 dv-cinder-824977-1-iscsi devstack@c-api.service[108974]: INFO cinder.api.openstack.wsgi [None req-103d2bd4-2b34-4b17-9cd4-84e5876c7a3f tempest-SnapshotsActionsTest-495018695 tempest-SnapshotsActionsTest-495018695-project] GET http://10.222.0.79/volume/v3/28cd877825a548d293e0336794c3d16c/snapshots/53366470-c6f5-4018-ba95-b9d5b901c9c5
Jan 28 02:07:05.608682 dv-cinder-824977-1-iscsi devstack@c-api.service[108974]: DEBUG cinder.api.openstack.wsgi [None req-103d2bd4-2b34-4b17-9cd4-84e5876c7a3f tempest-SnapshotsActionsTest-495018695 tempest-SnapshotsActionsTest-495018695-project] Empty body provided in request {{(pid=108974) get_body /opt/stack/cinder/cinder/api/openstack/wsgi.py:703}}
Jan 28 02:07:05.608846 dv-cinder-824977-1-iscsi devstack@c-api.service[108974]: /usr/local/lib/python3.8/dist-packages/webob/acceptparse.py:1047: DeprecationWarning: The behavior of AcceptValidHeader.best_match is currently being maintained for backward compatibility, but it will be deprecated in the future, as it does not conform to the RFC.
Jan 28 02:07:05.608846 dv-cinder-824977-1-iscsi devstack@c-api.service[108974]: warnings.warn(
Jan 28 02:07:05.609188 dv-cinder-824977-1-iscsi devstack@c-api.service[108974]: DEBUG cinder.api.openstack.wsgi [None req-103d2bd4-2b34-4b17-9cd4-84e5876c7a3f tempest-SnapshotsActionsTest-495018695 tempest-SnapshotsActionsTest-495018695-project] Calling method 'show' {{(pid=108974) _process_stack /opt/stack/cinder/cinder/api/openstack/wsgi.py:856}}
Jan 28 02:07:05.614263 dv-cinder-824977-1-iscsi devstack@c-api.service[108973]: /usr/local/lib/python3.8/dist-packages/oslo_context/context.py:105: DeprecationWarning: Policy enforcement is depending on the value of is_admin. This key is deprecated. Please update your policy file to use the standard policy values.
Jan 28 02:07:05.614263 dv-cinder-824977-1-iscsi devstack@c-api.service[108973]: warnings.warn('Policy enforcement is depending on the value of '
Jan 28 02:07:05.619073 dv-cinder-824977-1-iscsi devstack@c-api.service[108974]: /usr/local/lib/python3.8/dist-packages/oslo_context/context.py:105: DeprecationWarning: Policy enforcement is depending on the value of is_admin. This key is deprecated. Please update your policy file to use the standard policy values.
Jan 28 02:07:05.619073 dv-cinder-824977-1-iscsi devstack@c-api.service[108974]: warnings.warn('Policy enforcement is depending on the value of '
Jan 28 02:07:05.620244 dv-cinder-824977-1-iscsi devstack@c-api.service[108974]: INFO cinder.volume.api [None req-103d2bd4-2b34-4b17-9cd4-84e5876c7a3f tempest-SnapshotsActionsTest-495018695 tempest-SnapshotsActionsTest-495018695-project] Snapshot retrieved successfully.
Jan 28 02:07:05.621465 dv-cinder-824977-1-iscsi devstack@c-api.service[108973]: INFO cinder.volume.api [None req-1628947c-8a1f-4c36-af8e-e5530fb8aab2 tempest-GroupsTest-1085105559 tempest-GroupsTest-1085105559-project] Volume info retrieved successfully.
Jan 28 02:07:05.622126 dv-cinder-824977-1-iscsi devstack@c-api.service[108974]: INFO cinder.api.openstack.wsgi [None req-103d2bd4-2b34-4b17-9cd4-84e5876c7a3f tempest-SnapshotsActionsTest-495018695 tempest-SnapshotsActionsTest-495018695-project] http://10.222.0.79/volume/v3/28cd877825a548d293e0336794c3d16c/snapshots/53366470-c6f5-4018-ba95-b9d5b901c9c5 returned with HTTP 200
Jan 28 02:07:05.623239 dv-cinder-824977-1-iscsi devstack@c-api.service[108974]: [pid: 108974|app: 0|req: 143/332] 10.222.0.79 () {58 vars in 1330 bytes} [Fri Jan 28 02:07:05 2022] GET /volume/v3/28cd877825a548d293e0336794c3d16c/snapshots/53366470-c6f5-4018-ba95-b9d5b901c9c5 => generated 464 bytes in 19 msecs (HTTP/1.1 200) 7 headers in 285 bytes (2 switches on core 0)
Jan 28 02:07:05.628567 dv-cinder-824977-1-iscsi devstack@c-api.service[108973]: WARNING stevedore.named [None req-1628947c-8a1f-4c36-af8e-e5530fb8aab2 tempest-GroupsTest-1085105559 tempest-GroupsTest-1085105559-project] Could not load cinder.keymgr.conf_key_mgr.ConfKeyManager
Jan 28 02:07:05.628978 dv-cinder-824977-1-iscsi devstack@c-api.service[108973]: WARNING castellan.key_manager [None req-1628947c-8a1f-4c36-af8e-e5530fb8aab2 tempest-GroupsTest-1085105559 tempest-GroupsTest-1085105559-project] Deprecation Warning : cinder.keymgr.conf_key_mgr.ConfKeyManager is not a stevedore based driver, trying to load it as a class: stevedore.exception.NoMatches: No 'castellan.drivers' driver found, looking for 'cinder.keymgr.conf_key_mgr.ConfKeyManager'
Jan 28 02:07:05.635421 dv-cinder-824977-1-iscsi devstack@c-api.service[108973]: DEBUG oslo_db.sqlalchemy.engines [None req-1628947c-8a1f-4c36-af8e-e5530fb8aab2 tempest-GroupsTest-1085105559 tempest-GroupsTest-1085105559-project] MySQL server mode set to STRICT_TRANS_TABLES,STRICT_ALL_TABLES,NO_ZERO_IN_DATE,NO_ZERO_DATE,ERROR_FOR_DIVISION_BY_ZERO,TRADITIONAL,NO_ENGINE_SUBSTITUTION {{(pid=108973) _check_effective_sql_mode /usr/local/lib/python3.8/dist-packages/oslo_db/sqlalchemy/engines.py:314}}
Jan 28 02:07:05.638144 dv-cinder-824977-1-iscsi devstack@c-api.service[108974]: INFO cinder.api.openstack.wsgi [None req-10f9f3a1-0b2c-4f54-9532-300bca7df647 tempest-VolumeTypesTest-640184119 tempest-VolumeTypesTest-640184119-project] GET http://10.222.0.79/volume/v3/85d29a889fea44f08438f4c7e8eaee59/volumes/06992c0a-6734-485f-bca9-658b624bbe00
Jan 28 02:07:05.638589 dv-cinder-824977-1-iscsi devstack@c-api.service[108974]: DEBUG cinder.api.openstack.wsgi [None req-10f9f3a1-0b2c-4f54-9532-300bca7df647 tempest-VolumeTypesTest-640184119 tempest-VolumeTypesTest-640184119-project] Empty body provided in request {{(pid=108974) get_body /opt/stack/cinder/cinder/api/openstack/wsgi.py:703}}
Jan 28 02:07:05.638756 dv-cinder-824977-1-iscsi devstack@c-api.service[108974]: /usr/local/lib/python3.8/dist-packages/webob/acceptparse.py:1047: DeprecationWarning: The behavior of AcceptValidHeader.best_match is currently being maintained for backward compatibility, but it will be deprecated in the future, as it does not conform to the RFC.
Jan 28 02:07:05.638756 dv-cinder-824977-1-iscsi devstack@c-api.service[108974]: warnings.warn(
Jan 28 02:07:05.639148 dv-cinder-824977-1-iscsi devstack@c-api.service[108974]: DEBUG cinder.api.openstack.wsgi [None req-10f9f3a1-0b2c-4f54-9532-300bca7df647 tempest-VolumeTypesTest-640184119 tempest-VolumeTypesTest-640184119-project] Calling method 'show' {{(pid=108974) _process_stack /opt/stack/cinder/cinder/api/openstack/wsgi.py:856}}
Jan 28 02:07:05.640787 dv-cinder-824977-1-iscsi devstack@c-api.service[108973]: /usr/local/lib/python3.8/dist-packages/oslo_context/context.py:105: DeprecationWarning: Policy enforcement is depending on the value of is_admin. This key is deprecated. Please update your policy file to use the standard policy values.
Jan 28 02:07:05.640787 dv-cinder-824977-1-iscsi devstack@c-api.service[108973]: warnings.warn('Policy enforcement is depending on the value of '
Jan 28 02:07:05.653436 dv-cinder-824977-1-iscsi devstack@c-api.service[108974]: /usr/local/lib/python3.8/dist-packages/oslo_context/context.py:105: DeprecationWarning: Policy enforcement is depending on the value of is_admin. This key is deprecated. Please update your policy file to use the standard policy values.
Jan 28 02:07:05.653436 dv-cinder-824977-1-iscsi devstack@c-api.service[108974]: warnings.warn('Policy enforcement is depending on the value of '
Jan 28 02:07:05.654909 dv-cinder-824977-1-iscsi devstack@c-api.service[108973]: INFO cinder.api.openstack.wsgi [None req-1628947c-8a1f-4c36-af8e-e5530fb8aab2 tempest-GroupsTest-1085105559 tempest-GroupsTest-1085105559-project] http://10.222.0.79/volume/v3/894e7c88bdc64850b579fd6ef86120fb/volumes/c529df72-b360-4b72-bce8-aa0b74c7426f returned with HTTP 200
Jan 28 02:07:05.655634 dv-cinder-824977-1-iscsi devstack@c-api.service[108973]: [pid: 108973|app: 0|req: 190/333] 10.222.0.79 () {60 vars in 1365 bytes} [Fri Jan 28 02:07:05 2022] GET /volume/v3/894e7c88bdc64850b579fd6ef86120fb/volumes/c529df72-b360-4b72-bce8-aa0b74c7426f => generated 984 bytes in 61 msecs (HTTP/1.1 200) 7 headers in 286 bytes (2 switches on core 0)
Jan 28 02:07:05.660713 dv-cinder-824977-1-iscsi devstack@c-api.service[108974]: INFO cinder.volume.api [None req-10f9f3a1-0b2c-4f54-9532-300bca7df647 tempest-VolumeTypesTest-640184119 tempest-VolumeTypesTest-640184119-project] Volume info retrieved successfully.
Jan 28 02:07:05.669941 dv-cinder-824977-1-iscsi devstack@c-api.service[108973]: INFO cinder.api.openstack.wsgi [None req-b31b05d2-5263-44bc-acb7-fbae8f014b11 tempest-GroupsTest-1085105559 tempest-GroupsTest-1085105559-project] POST http://10.222.0.79/volume/v3/894e7c88bdc64850b579fd6ef86120fb/volumes
Jan 28 02:07:05.670354 dv-cinder-824977-1-iscsi devstack@c-api.service[108973]: /usr/local/lib/python3.8/dist-packages/webob/acceptparse.py:1047: DeprecationWarning: The behavior of AcceptValidHeader.best_match is currently being maintained for backward compatibility, but it will be deprecated in the future, as it does not conform to the RFC.
Jan 28 02:07:05.670354 dv-cinder-824977-1-iscsi devstack@c-api.service[108973]: warnings.warn(
Jan 28 02:07:05.670709 dv-cinder-824977-1-iscsi devstack@c-api.service[108973]: DEBUG cinder.api.openstack.wsgi [None req-b31b05d2-5263-44bc-acb7-fbae8f014b11 tempest-GroupsTest-1085105559 tempest-GroupsTest-1085105559-project] Action: 'create', calling method: create, body: {"volume": {"volume_type": "128719a1-43b4-4b53-be80-14f0c04cc01d", "group_id": "49147287-e3af-4ad9-b46a-f0b2035c44b0", "size": 1, "name": "tempest-GroupsTest-Volume-1496767469"}} {{(pid=108973) _process_stack /opt/stack/cinder/cinder/api/openstack/wsgi.py:854}}
Jan 28 02:07:05.671701 dv-cinder-824977-1-iscsi devstack@c-api.service[108973]: DEBUG cinder.api.v3.volumes [None req-b31b05d2-5263-44bc-acb7-fbae8f014b11 tempest-GroupsTest-1085105559 tempest-GroupsTest-1085105559-project] Create volume request body: {'volume': {'volume_type': '128719a1-43b4-4b53-be80-14f0c04cc01d', 'group_id': '49147287-e3af-4ad9-b46a-f0b2035c44b0', 'size': 1, 'name': 'tempest-GroupsTest-Volume-1496767469'}} {{(pid=108973) create /opt/stack/cinder/cinder/api/v3/volumes.py:298}}
Jan 28 02:07:05.674860 dv-cinder-824977-1-iscsi devstack@c-api.service[108974]: INFO cinder.api.openstack.wsgi [None req-10f9f3a1-0b2c-4f54-9532-300bca7df647 tempest-VolumeTypesTest-640184119 tempest-VolumeTypesTest-640184119-project] http://10.222.0.79/volume/v3/85d29a889fea44f08438f4c7e8eaee59/volumes/06992c0a-6734-485f-bca9-658b624bbe00 returned with HTTP 200
Jan 28 02:07:05.675633 dv-cinder-824977-1-iscsi devstack@c-api.service[108974]: [pid: 108974|app: 0|req: 144/334] 10.222.0.79 () {58 vars in 1324 bytes} [Fri Jan 28 02:07:05 2022] GET /volume/v3/85d29a889fea44f08438f4c7e8eaee59/volumes/06992c0a-6734-485f-bca9-658b624bbe00 => generated 941 bytes in 41 msecs (HTTP/1.1 200) 7 headers in 285 bytes (2 switches on core 0)
Jan 28 02:07:05.683588 dv-cinder-824977-1-iscsi devstack@c-api.service[108973]: /usr/local/lib/python3.8/dist-packages/oslo_context/context.py:105: DeprecationWarning: Policy enforcement is depending on the value of is_admin. This key is deprecated. Please update your policy file to use the standard policy values.
Jan 28 02:07:05.683588 dv-cinder-824977-1-iscsi devstack@c-api.service[108973]: warnings.warn('Policy enforcement is depending on the value of '
Jan 28 02:07:05.684614 dv-cinder-824977-1-iscsi devstack@c-api.service[108973]: INFO cinder.api.v3.volumes [None req-b31b05d2-5263-44bc-acb7-fbae8f014b11 tempest-GroupsTest-1085105559 tempest-GroupsTest-1085105559-project] Create volume of 1 GB
Jan 28 02:07:05.689991 dv-cinder-824977-1-iscsi devstack@c-api.service[108974]: INFO cinder.api.openstack.wsgi [None req-19d3f100-6249-42e7-b8ac-3b4ee49dec13 tempest-VolumeTypesTest-640184119 tempest-VolumeTypesTest-640184119-project] POST http://10.222.0.79/volume/v3/85d29a889fea44f08438f4c7e8eaee59/volumes/06992c0a-6734-485f-bca9-658b624bbe00/action
