Jan 17 14:09:21.412973 dv-cinder-824925-6-smb devstack@c-api.service[109626]: DEBUG cinder.api.openstack.wsgi [None req-8848a0a1-8edb-40b5-bc37-cd317def46eb tempest-GroupSnapshotsV319Test-752568332 tempest-GroupSnapshotsV319Test-752568332-project-admin] Action: 'action', calling method: reset_status, body: {"reset_status": {"status": "available"}} {{(pid=109626) _process_stack /opt/stack/cinder/cinder/api/openstack/wsgi.py:866}}
Jan 17 14:09:21.414359 dv-cinder-824925-6-smb devstack@c-api.service[109626]: DEBUG cinder.api.v3.group_snapshots [None req-8848a0a1-8edb-40b5-bc37-cd317def46eb tempest-GroupSnapshotsV319Test-752568332 tempest-GroupSnapshotsV319Test-752568332-project-admin] Updating group 'fcee6190-40c1-4596-9684-52974877325f' with 'available' {{(pid=109626) _reset_status /opt/stack/cinder/cinder/api/v3/group_snapshots.py:194}}
Jan 17 14:09:21.421288 dv-cinder-824925-6-smb devstack@c-api.service[109626]: /usr/local/lib/python3.8/dist-packages/oslo_context/context.py:105: DeprecationWarning: Policy enforcement is depending on the value of is_admin. This key is deprecated. Please update your policy file to use the standard policy values.
Jan 17 14:09:21.421288 dv-cinder-824925-6-smb devstack@c-api.service[109626]: warnings.warn('Policy enforcement is depending on the value of '
Jan 17 14:09:21.435658 dv-cinder-824925-6-smb devstack@c-api.service[109626]: INFO cinder.api.openstack.wsgi [None req-8848a0a1-8edb-40b5-bc37-cd317def46eb tempest-GroupSnapshotsV319Test-752568332 tempest-GroupSnapshotsV319Test-752568332-project-admin] http://10.222.0.32/volume/v3/f744ea2b4e2447c9a5071d1196fd3202/group_snapshots/fcee6190-40c1-4596-9684-52974877325f/action returned with HTTP 202
Jan 17 14:09:21.439938 dv-cinder-824925-6-smb devstack@c-api.service[109626]: [pid: 109626|app: 0|req: 142/293] 10.222.0.32 () {62 vars in 1431 bytes} [Mon Jan 17 14:09:21 2022] POST /volume/v3/f744ea2b4e2447c9a5071d1196fd3202/group_snapshots/fcee6190-40c1-4596-9684-52974877325f/action => generated 0 bytes in 29 msecs (HTTP/1.1 202) 6 headers in 234 bytes (2 switches on core 0)
Jan 17 14:09:21.452732 dv-cinder-824925-6-smb devstack@c-api.service[109627]: INFO cinder.api.openstack.wsgi [None req-8135c800-0f71-4000-b555-e6c804b42476 tempest-GroupSnapshotsV319Test-842662830 tempest-GroupSnapshotsV319Test-842662830-project] GET http://10.222.0.32/volume/v3/3cbfa0903eaf41a0960df67f91c40e6b/group_snapshots/fcee6190-40c1-4596-9684-52974877325f
Jan 17 14:09:21.453960 dv-cinder-824925-6-smb devstack@c-api.service[109627]: DEBUG cinder.api.openstack.wsgi [None req-8135c800-0f71-4000-b555-e6c804b42476 tempest-GroupSnapshotsV319Test-842662830 tempest-GroupSnapshotsV319Test-842662830-project] Empty body provided in request {{(pid=109627) get_body /opt/stack/cinder/cinder/api/openstack/wsgi.py:715}}
Jan 17 14:09:21.454869 dv-cinder-824925-6-smb devstack@c-api.service[109627]: DEBUG cinder.api.openstack.wsgi [None req-8135c800-0f71-4000-b555-e6c804b42476 tempest-GroupSnapshotsV319Test-842662830 tempest-GroupSnapshotsV319Test-842662830-project] Calling method 'version_select' {{(pid=109627) _process_stack /opt/stack/cinder/cinder/api/openstack/wsgi.py:868}}
Jan 17 14:09:21.455533 dv-cinder-824925-6-smb devstack@c-api.service[109627]: DEBUG cinder.api.v3.group_snapshots [None req-8135c800-0f71-4000-b555-e6c804b42476 tempest-GroupSnapshotsV319Test-842662830 tempest-GroupSnapshotsV319Test-842662830-project] show called for member fcee6190-40c1-4596-9684-52974877325f {{(pid=109627) show /opt/stack/cinder/cinder/api/v3/group_snapshots.py:58}}
Jan 17 14:09:21.467766 dv-cinder-824925-6-smb devstack@c-api.service[109627]: /usr/local/lib/python3.8/dist-packages/oslo_context/context.py:105: DeprecationWarning: Policy enforcement is depending on the value of is_admin. This key is deprecated. Please update your policy file to use the standard policy values.
Jan 17 14:09:21.467766 dv-cinder-824925-6-smb devstack@c-api.service[109627]: warnings.warn('Policy enforcement is depending on the value of '
Jan 17 14:09:21.481391 dv-cinder-824925-6-smb devstack@c-api.service[109627]: INFO cinder.api.openstack.wsgi [None req-8135c800-0f71-4000-b555-e6c804b42476 tempest-GroupSnapshotsV319Test-842662830 tempest-GroupSnapshotsV319Test-842662830-project] http://10.222.0.32/volume/v3/3cbfa0903eaf41a0960df67f91c40e6b/group_snapshots/fcee6190-40c1-4596-9684-52974877325f returned with HTTP 200
Jan 17 14:09:21.482273 dv-cinder-824925-6-smb devstack@c-api.service[109626]: INFO cinder.api.openstack.wsgi [None req-788a500d-7701-4623-914d-fbfa2070a6c6 tempest-VolumesSnapshotListTestJSON-561525013 tempest-VolumesSnapshotListTestJSON-561525013-project] GET http://10.222.0.32/volume/v3/b319084842f04471888d0f6fb0a36c3d/snapshots/41111084-fba7-4e1b-8986-700daa11d0fc
Jan 17 14:09:21.482850 dv-cinder-824925-6-smb devstack@c-api.service[109627]: [pid: 109627|app: 0|req: 152/294] 10.222.0.32 () {60 vars in 1389 bytes} [Mon Jan 17 14:09:21 2022] GET /volume/v3/3cbfa0903eaf41a0960df67f91c40e6b/group_snapshots/fcee6190-40c1-4596-9684-52974877325f => generated 331 bytes in 41 msecs (HTTP/1.1 200) 7 headers in 286 bytes (1 switches on core 0)
Jan 17 14:09:21.490245 dv-cinder-824925-6-smb devstack@c-api.service[109626]: DEBUG cinder.api.openstack.wsgi [None req-788a500d-7701-4623-914d-fbfa2070a6c6 tempest-VolumesSnapshotListTestJSON-561525013 tempest-VolumesSnapshotListTestJSON-561525013-project] Empty body provided in request {{(pid=109626) get_body /opt/stack/cinder/cinder/api/openstack/wsgi.py:715}}
Jan 17 14:09:21.491053 dv-cinder-824925-6-smb devstack@c-api.service[109626]: DEBUG cinder.api.openstack.wsgi [None req-788a500d-7701-4623-914d-fbfa2070a6c6 tempest-VolumesSnapshotListTestJSON-561525013 tempest-VolumesSnapshotListTestJSON-561525013-project] Calling method 'show' {{(pid=109626) _process_stack /opt/stack/cinder/cinder/api/openstack/wsgi.py:868}}
Jan 17 14:09:21.501253 dv-cinder-824925-6-smb devstack@c-api.service[109627]: INFO cinder.api.openstack.wsgi [None req-ffde0536-ee16-4bb1-afe3-d1e2d6cb2935 tempest-GroupSnapshotsV319Test-842662830 tempest-GroupSnapshotsV319Test-842662830-project] DELETE http://10.222.0.32/volume/v3/3cbfa0903eaf41a0960df67f91c40e6b/group_snapshots/fcee6190-40c1-4596-9684-52974877325f
Jan 17 14:09:21.501742 dv-cinder-824925-6-smb devstack@c-api.service[109627]: DEBUG cinder.api.openstack.wsgi [None req-ffde0536-ee16-4bb1-afe3-d1e2d6cb2935 tempest-GroupSnapshotsV319Test-842662830 tempest-GroupSnapshotsV319Test-842662830-project] Empty body provided in request {{(pid=109627) get_body /opt/stack/cinder/cinder/api/openstack/wsgi.py:715}}
Jan 17 14:09:21.508015 dv-cinder-824925-6-smb devstack@c-api.service[109627]: DEBUG cinder.api.openstack.wsgi [None req-ffde0536-ee16-4bb1-afe3-d1e2d6cb2935 tempest-GroupSnapshotsV319Test-842662830 tempest-GroupSnapshotsV319Test-842662830-project] Calling method 'version_select' {{(pid=109627) _process_stack /opt/stack/cinder/cinder/api/openstack/wsgi.py:868}}
Jan 17 14:09:21.508670 dv-cinder-824925-6-smb devstack@c-api.service[109627]: DEBUG cinder.api.v3.group_snapshots [None req-ffde0536-ee16-4bb1-afe3-d1e2d6cb2935 tempest-GroupSnapshotsV319Test-842662830 tempest-GroupSnapshotsV319Test-842662830-project] delete called for member fcee6190-40c1-4596-9684-52974877325f {{(pid=109627) delete /opt/stack/cinder/cinder/api/v3/group_snapshots.py:72}}
Jan 17 14:09:21.518955 dv-cinder-824925-6-smb devstack@c-api.service[109627]: INFO cinder.api.v3.group_snapshots [None req-ffde0536-ee16-4bb1-afe3-d1e2d6cb2935 tempest-GroupSnapshotsV319Test-842662830 tempest-GroupSnapshotsV319Test-842662830-project] Delete group_snapshot with id: fcee6190-40c1-4596-9684-52974877325f
Jan 17 14:09:21.524675 dv-cinder-824925-6-smb devstack@c-api.service[109627]: /usr/local/lib/python3.8/dist-packages/oslo_context/context.py:105: DeprecationWarning: Policy enforcement is depending on the value of is_admin. This key is deprecated. Please update your policy file to use the standard policy values.
Jan 17 14:09:21.524675 dv-cinder-824925-6-smb devstack@c-api.service[109627]: warnings.warn('Policy enforcement is depending on the value of '
Jan 17 14:09:21.527573 dv-cinder-824925-6-smb devstack@c-api.service[109626]: /usr/local/lib/python3.8/dist-packages/oslo_context/context.py:105: DeprecationWarning: Policy enforcement is depending on the value of is_admin. This key is deprecated. Please update your policy file to use the standard policy values.
Jan 17 14:09:21.527573 dv-cinder-824925-6-smb devstack@c-api.service[109626]: warnings.warn('Policy enforcement is depending on the value of '
Jan 17 14:09:21.528973 dv-cinder-824925-6-smb devstack@c-api.service[109626]: INFO cinder.volume.api [None req-788a500d-7701-4623-914d-fbfa2070a6c6 tempest-VolumesSnapshotListTestJSON-561525013 tempest-VolumesSnapshotListTestJSON-561525013-project] Snapshot retrieved successfully.
Jan 17 14:09:21.531058 dv-cinder-824925-6-smb devstack@c-api.service[109626]: INFO cinder.api.openstack.wsgi [None req-788a500d-7701-4623-914d-fbfa2070a6c6 tempest-VolumesSnapshotListTestJSON-561525013 tempest-VolumesSnapshotListTestJSON-561525013-project] http://10.222.0.32/volume/v3/b319084842f04471888d0f6fb0a36c3d/snapshots/41111084-fba7-4e1b-8986-700daa11d0fc returned with HTTP 200
Jan 17 14:09:21.533343 dv-cinder-824925-6-smb devstack@c-api.service[109626]: [pid: 109626|app: 0|req: 143/295] 10.222.0.32 () {58 vars in 1330 bytes} [Mon Jan 17 14:09:21 2022] GET /volume/v3/b319084842f04471888d0f6fb0a36c3d/snapshots/41111084-fba7-4e1b-8986-700daa11d0fc => generated 575 bytes in 56 msecs (HTTP/1.1 200) 7 headers in 285 bytes (2 switches on core 0)
Jan 17 14:09:21.543293 dv-cinder-824925-6-smb devstack@c-api.service[109626]: INFO cinder.api.openstack.wsgi [None req-a0a1139f-e97f-4f98-8798-2df2b4289a32 tempest-VolumesSnapshotListTestJSON-561525013 tempest-VolumesSnapshotListTestJSON-561525013-project] POST http://10.222.0.32/volume/v3/b319084842f04471888d0f6fb0a36c3d/snapshots
Jan 17 14:09:21.544772 dv-cinder-824925-6-smb devstack@c-api.service[109626]: DEBUG cinder.api.openstack.wsgi [None req-a0a1139f-e97f-4f98-8798-2df2b4289a32 tempest-VolumesSnapshotListTestJSON-561525013 tempest-VolumesSnapshotListTestJSON-561525013-project] Action: 'create', calling method: create, body: {"snapshot": {"volume_id": "bca5d40b-4ca9-43ec-bd4b-e02a73cd99fb", "name": "tempest-VolumesSnapshotListTestJSON-Snapshot-229868681"}} {{(pid=109626) _process_stack /opt/stack/cinder/cinder/api/openstack/wsgi.py:866}}
Jan 17 14:09:21.564630 dv-cinder-824925-6-smb devstack@c-api.service[109626]: /usr/local/lib/python3.8/dist-packages/oslo_context/context.py:105: DeprecationWarning: Policy enforcement is depending on the value of is_admin. This key is deprecated. Please update your policy file to use the standard policy values.
Jan 17 14:09:21.564630 dv-cinder-824925-6-smb devstack@c-api.service[109626]: warnings.warn('Policy enforcement is depending on the value of '
Jan 17 14:09:21.566249 dv-cinder-824925-6-smb devstack@c-api.service[109626]: INFO cinder.volume.api [None req-a0a1139f-e97f-4f98-8798-2df2b4289a32 tempest-VolumesSnapshotListTestJSON-561525013 tempest-VolumesSnapshotListTestJSON-561525013-project] Volume info retrieved successfully.
Jan 17 14:09:21.566704 dv-cinder-824925-6-smb devstack@c-api.service[109626]: INFO cinder.api.v3.snapshots [None req-a0a1139f-e97f-4f98-8798-2df2b4289a32 tempest-VolumesSnapshotListTestJSON-561525013 tempest-VolumesSnapshotListTestJSON-561525013-project] Create snapshot from volume bca5d40b-4ca9-43ec-bd4b-e02a73cd99fb
Jan 17 14:09:21.589741 dv-cinder-824925-6-smb devstack@c-api.service[109627]: INFO cinder.api.openstack.wsgi [None req-ffde0536-ee16-4bb1-afe3-d1e2d6cb2935 tempest-GroupSnapshotsV319Test-842662830 tempest-GroupSnapshotsV319Test-842662830-project] http://10.222.0.32/volume/v3/3cbfa0903eaf41a0960df67f91c40e6b/group_snapshots/fcee6190-40c1-4596-9684-52974877325f returned with HTTP 202
Jan 17 14:09:21.594485 dv-cinder-824925-6-smb devstack@c-api.service[109627]: [pid: 109627|app: 0|req: 153/296] 10.222.0.32 () {60 vars in 1392 bytes} [Mon Jan 17 14:09:21 2022] DELETE /volume/v3/3cbfa0903eaf41a0960df67f91c40e6b/group_snapshots/fcee6190-40c1-4596-9684-52974877325f => generated 0 bytes in 105 msecs (HTTP/1.1 202) 6 headers in 234 bytes (1 switches on core 0)
Jan 17 14:09:21.604575 dv-cinder-824925-6-smb devstack@c-api.service[109627]: INFO cinder.api.openstack.wsgi [None req-d33b66a8-62c9-483b-9b98-8cd65b4e221c tempest-GroupSnapshotsV319Test-842662830 tempest-GroupSnapshotsV319Test-842662830-project] GET http://10.222.0.32/volume/v3/3cbfa0903eaf41a0960df67f91c40e6b/volumes/detail
Jan 17 14:09:21.605201 dv-cinder-824925-6-smb devstack@c-api.service[109627]: DEBUG cinder.api.openstack.wsgi [None req-d33b66a8-62c9-483b-9b98-8cd65b4e221c tempest-GroupSnapshotsV319Test-842662830 tempest-GroupSnapshotsV319Test-842662830-project] Empty body provided in request {{(pid=109627) get_body /opt/stack/cinder/cinder/api/openstack/wsgi.py:715}}
Jan 17 14:09:21.608153 dv-cinder-824925-6-smb devstack@c-api.service[109627]: DEBUG cinder.api.openstack.wsgi [None req-d33b66a8-62c9-483b-9b98-8cd65b4e221c tempest-GroupSnapshotsV319Test-842662830 tempest-GroupSnapshotsV319Test-842662830-project] Calling method 'detail' {{(pid=109627) _process_stack /opt/stack/cinder/cinder/api/openstack/wsgi.py:868}}
Jan 17 14:09:21.608932 dv-cinder-824925-6-smb devstack@c-api.service[109627]: DEBUG cinder.api.api_utils [None req-d33b66a8-62c9-483b-9b98-8cd65b4e221c tempest-GroupSnapshotsV319Test-842662830 tempest-GroupSnapshotsV319Test-842662830-project] Removing options '' from query. {{(pid=109627) remove_invalid_filter_options /opt/stack/cinder/cinder/api/api_utils.py:73}}
Jan 17 14:09:21.610956 dv-cinder-824925-6-smb devstack@c-api.service[109627]: /usr/local/lib/python3.8/dist-packages/oslo_context/context.py:105: DeprecationWarning: Policy enforcement is depending on the value of is_admin. This key is deprecated. Please update your policy file to use the standard policy values.
Jan 17 14:09:21.610956 dv-cinder-824925-6-smb devstack@c-api.service[109627]: warnings.warn('Policy enforcement is depending on the value of '
Jan 17 14:09:21.613832 dv-cinder-824925-6-smb devstack@c-api.service[109627]: DEBUG cinder.volume.api [None req-d33b66a8-62c9-483b-9b98-8cd65b4e221c tempest-GroupSnapshotsV319Test-842662830 tempest-GroupSnapshotsV319Test-842662830-project] Searching by: MultiDict([('no_migration_targets', True)]). {{(pid=109627) get_all /opt/stack/cinder/cinder/volume/api.py:661}}
Jan 17 14:09:21.654608 dv-cinder-824925-6-smb devstack@c-api.service[109626]: DEBUG cinder.quota [None req-a0a1139f-e97f-4f98-8798-2df2b4289a32 tempest-VolumesSnapshotListTestJSON-561525013 tempest-VolumesSnapshotListTestJSON-561525013-project] Created reservations ['c4588cf5-55f1-44e4-8563-3a61cfb060b6', '04c411f8-92c3-4c7d-8b11-cd9c8beec440', '21dbbd96-0dc1-480e-9b85-51b6d87dc7ac', '4fc8b85f-af14-44cd-ba7a-bb554f465dbe'] {{(pid=109626) reserve /opt/stack/cinder/cinder/quota.py:755}}
Jan 17 14:09:21.693489 dv-cinder-824925-6-smb devstack@c-api.service[109627]: INFO cinder.volume.api [None req-d33b66a8-62c9-483b-9b98-8cd65b4e221c tempest-GroupSnapshotsV319Test-842662830 tempest-GroupSnapshotsV319Test-842662830-project] Get all volumes completed successfully.
Jan 17 14:09:21.694897 dv-cinder-824925-6-smb devstack@c-api.service[109627]: WARNING stevedore.named [None req-d33b66a8-62c9-483b-9b98-8cd65b4e221c tempest-GroupSnapshotsV319Test-842662830 tempest-GroupSnapshotsV319Test-842662830-project] Could not load cinder.keymgr.conf_key_mgr.ConfKeyManager
Jan 17 14:09:21.695314 dv-cinder-824925-6-smb devstack@c-api.service[109627]: WARNING castellan.key_manager [None req-d33b66a8-62c9-483b-9b98-8cd65b4e221c tempest-GroupSnapshotsV319Test-842662830 tempest-GroupSnapshotsV319Test-842662830-project] Deprecation Warning : cinder.keymgr.conf_key_mgr.ConfKeyManager is not a stevedore based driver, trying to load it as a class: stevedore.exception.NoMatches: No 'castellan.drivers' driver found, looking for 'cinder.keymgr.conf_key_mgr.ConfKeyManager'
Jan 17 14:09:21.703137 dv-cinder-824925-6-smb devstack@c-api.service[109627]: DEBUG oslo_db.sqlalchemy.engines [None req-d33b66a8-62c9-483b-9b98-8cd65b4e221c tempest-GroupSnapshotsV319Test-842662830 tempest-GroupSnapshotsV319Test-842662830-project] MySQL server mode set to STRICT_TRANS_TABLES,STRICT_ALL_TABLES,NO_ZERO_IN_DATE,NO_ZERO_DATE,ERROR_FOR_DIVISION_BY_ZERO,TRADITIONAL,NO_ENGINE_SUBSTITUTION {{(pid=109627) _check_effective_sql_mode /usr/local/lib/python3.8/dist-packages/oslo_db/sqlalchemy/engines.py:314}}
Jan 17 14:09:21.709444 dv-cinder-824925-6-smb devstack@c-api.service[109627]: /usr/local/lib/python3.8/dist-packages/oslo_context/context.py:105: DeprecationWarning: Policy enforcement is depending on the value of is_admin. This key is deprecated. Please update your policy file to use the standard policy values.
Jan 17 14:09:21.709444 dv-cinder-824925-6-smb devstack@c-api.service[109627]: warnings.warn('Policy enforcement is depending on the value of '
Jan 17 14:09:21.729232 dv-cinder-824925-6-smb devstack@c-api.service[109627]: INFO cinder.api.openstack.wsgi [None req-d33b66a8-62c9-483b-9b98-8cd65b4e221c tempest-GroupSnapshotsV319Test-842662830 tempest-GroupSnapshotsV319Test-842662830-project] http://10.222.0.32/volume/v3/3cbfa0903eaf41a0960df67f91c40e6b/volumes/detail returned with HTTP 200
Jan 17 14:09:21.739998 dv-cinder-824925-6-smb devstack@c-api.service[109627]: [pid: 109627|app: 0|req: 154/297] 10.222.0.32 () {60 vars in 1275 bytes} [Mon Jan 17 14:09:21 2022] GET /volume/v3/3cbfa0903eaf41a0960df67f91c40e6b/volumes/detail => generated 1012 bytes in 144 msecs (HTTP/1.1 200) 7 headers in 287 bytes (1 switches on core 0)
Jan 17 14:09:21.742975 dv-cinder-824925-6-smb devstack@c-api.service[109626]: INFO cinder.volume.api [None req-a0a1139f-e97f-4f98-8798-2df2b4289a32 tempest-VolumesSnapshotListTestJSON-561525013 tempest-VolumesSnapshotListTestJSON-561525013-project] Snapshot create request issued successfully.
Jan 17 14:09:21.746339 dv-cinder-824925-6-smb devstack@c-api.service[109626]: INFO cinder.api.openstack.wsgi [None req-a0a1139f-e97f-4f98-8798-2df2b4289a32 tempest-VolumesSnapshotListTestJSON-561525013 tempest-VolumesSnapshotListTestJSON-561525013-project] http://10.222.0.32/volume/v3/b319084842f04471888d0f6fb0a36c3d/snapshots returned with HTTP 202
Jan 17 14:09:21.748033 dv-cinder-824925-6-smb devstack@c-api.service[109626]: [pid: 109626|app: 0|req: 144/298] 10.222.0.32 () {60 vars in 1241 bytes} [Mon Jan 17 14:09:21 2022] POST /volume/v3/b319084842f04471888d0f6fb0a36c3d/snapshots => generated 313 bytes in 209 msecs (HTTP/1.1 202) 7 headers in 291 bytes (1 switches on core 0)
Jan 17 14:09:21.788382 dv-cinder-824925-6-smb devstack@c-api.service[109626]: INFO cinder.api.openstack.wsgi [None req-48912b2d-f152-42f4-8139-7a65cfb22979 tempest-VolumesSnapshotListTestJSON-561525013 tempest-VolumesSnapshotListTestJSON-561525013-project] GET http://10.222.0.32/volume/v3/b319084842f04471888d0f6fb0a36c3d/snapshots/886ee98a-de5f-43da-a59a-983ec298fb10
Jan 17 14:09:21.788839 dv-cinder-824925-6-smb devstack@c-api.service[109626]: DEBUG cinder.api.openstack.wsgi [None req-48912b2d-f152-42f4-8139-7a65cfb22979 tempest-VolumesSnapshotListTestJSON-561525013 tempest-VolumesSnapshotListTestJSON-561525013-project] Empty body provided in request {{(pid=109626) get_body /opt/stack/cinder/cinder/api/openstack/wsgi.py:715}}
Jan 17 14:09:21.789273 dv-cinder-824925-6-smb devstack@c-api.service[109626]: DEBUG cinder.api.openstack.wsgi [None req-48912b2d-f152-42f4-8139-7a65cfb22979 tempest-VolumesSnapshotListTestJSON-561525013 tempest-VolumesSnapshotListTestJSON-561525013-project] Calling method 'show' {{(pid=109626) _process_stack /opt/stack/cinder/cinder/api/openstack/wsgi.py:868}}
Jan 17 14:09:21.796349 dv-cinder-824925-6-smb devstack@c-api.service[109627]: INFO cinder.api.openstack.wsgi [None req-ad516246-339d-4406-b38d-81a175523bb3 tempest-GroupSnapshotsV319Test-842662830 tempest-GroupSnapshotsV319Test-842662830-project] GET http://10.222.0.32/volume/v3/3cbfa0903eaf41a0960df67f91c40e6b/snapshots/detail
Jan 17 14:09:21.797412 dv-cinder-824925-6-smb devstack@c-api.service[109627]: DEBUG cinder.api.openstack.wsgi [None req-ad516246-339d-4406-b38d-81a175523bb3 tempest-GroupSnapshotsV319Test-842662830 tempest-GroupSnapshotsV319Test-842662830-project] Empty body provided in request {{(pid=109627) get_body /opt/stack/cinder/cinder/api/openstack/wsgi.py:715}}
Jan 17 14:09:21.798630 dv-cinder-824925-6-smb devstack@c-api.service[109627]: DEBUG cinder.api.openstack.wsgi [None req-ad516246-339d-4406-b38d-81a175523bb3 tempest-GroupSnapshotsV319Test-842662830 tempest-GroupSnapshotsV319Test-842662830-project] Calling method 'detail' {{(pid=109627) _process_stack /opt/stack/cinder/cinder/api/openstack/wsgi.py:868}}
Jan 17 14:09:21.801318 dv-cinder-824925-6-smb devstack@c-api.service[109627]: DEBUG cinder.api.api_utils [None req-ad516246-339d-4406-b38d-81a175523bb3 tempest-GroupSnapshotsV319Test-842662830 tempest-GroupSnapshotsV319Test-842662830-project] Removing options '' from query. {{(pid=109627) remove_invalid_filter_options /opt/stack/cinder/cinder/api/api_utils.py:73}}
Jan 17 14:09:21.803990 dv-cinder-824925-6-smb devstack@c-api.service[109626]: /usr/local/lib/python3.8/dist-packages/oslo_context/context.py:105: DeprecationWarning: Policy enforcement is depending on the value of is_admin. This key is deprecated. Please update your policy file to use the standard policy values.
Jan 17 14:09:21.803990 dv-cinder-824925-6-smb devstack@c-api.service[109626]: warnings.warn('Policy enforcement is depending on the value of '
Jan 17 14:09:21.805158 dv-cinder-824925-6-smb devstack@c-api.service[109626]: INFO cinder.volume.api [None req-48912b2d-f152-42f4-8139-7a65cfb22979 tempest-VolumesSnapshotListTestJSON-561525013 tempest-VolumesSnapshotListTestJSON-561525013-project] Snapshot retrieved successfully.
Jan 17 14:09:21.805867 dv-cinder-824925-6-smb devstack@c-api.service[109627]: DEBUG cinder.db.sqlalchemy.api [None req-ad516246-339d-4406-b38d-81a175523bb3 tempest-GroupSnapshotsV319Test-842662830 tempest-GroupSnapshotsV319Test-842662830-project] Building query based on filter {{(pid=109627) _process_snaps_filters /opt/stack/cinder/cinder/db/sqlalchemy/api.py:3156}}
Jan 17 14:09:21.807014 dv-cinder-824925-6-smb devstack@c-api.service[109626]: INFO cinder.api.openstack.wsgi [None req-48912b2d-f152-42f4-8139-7a65cfb22979 tempest-VolumesSnapshotListTestJSON-561525013 tempest-VolumesSnapshotListTestJSON-561525013-project] http://10.222.0.32/volume/v3/b319084842f04471888d0f6fb0a36c3d/snapshots/886ee98a-de5f-43da-a59a-983ec298fb10 returned with HTTP 200
Jan 17 14:09:21.809651 dv-cinder-824925-6-smb devstack@c-api.service[109626]: [pid: 109626|app: 0|req: 145/299] 10.222.0.32 () {58 vars in 1330 bytes} [Mon Jan 17 14:09:21 2022] GET /volume/v3/b319084842f04471888d0f6fb0a36c3d/snapshots/886ee98a-de5f-43da-a59a-983ec298fb10 => generated 445 bytes in 37 msecs (HTTP/1.1 200) 7 headers in 285 bytes (1 switches on core 0)
Jan 17 14:09:21.823408 dv-cinder-824925-6-smb devstack@c-api.service[109627]: INFO cinder.volume.api [None req-ad516246-339d-4406-b38d-81a175523bb3 tempest-GroupSnapshotsV319Test-842662830 tempest-GroupSnapshotsV319Test-842662830-project] Get all snapshots completed successfully.
Jan 17 14:09:21.830490 dv-cinder-824925-6-smb devstack@c-api.service[109627]: /usr/local/lib/python3.8/dist-packages/oslo_context/context.py:105: DeprecationWarning: Policy enforcement is depending on the value of is_admin. This key is deprecated. Please update your policy file to use the standard policy values.
Jan 17 14:09:21.830490 dv-cinder-824925-6-smb devstack@c-api.service[109627]: warnings.warn('Policy enforcement is depending on the value of '
Jan 17 14:09:21.836965 dv-cinder-824925-6-smb devstack@c-api.service[109627]: INFO cinder.api.openstack.wsgi [None req-ad516246-339d-4406-b38d-81a175523bb3 tempest-GroupSnapshotsV319Test-842662830 tempest-GroupSnapshotsV319Test-842662830-project] http://10.222.0.32/volume/v3/3cbfa0903eaf41a0960df67f91c40e6b/snapshots/detail returned with HTTP 200
Jan 17 14:09:21.840181 dv-cinder-824925-6-smb devstack@c-api.service[109627]: [pid: 109627|app: 0|req: 155/300] 10.222.0.32 () {58 vars in 1240 bytes} [Mon Jan 17 14:09:21 2022] GET /volume/v3/3cbfa0903eaf41a0960df67f91c40e6b/snapshots/detail => generated 541 bytes in 71 msecs (HTTP/1.1 200) 7 headers in 285 bytes (1 switches on core 0)
Jan 17 14:09:21.851830 dv-cinder-824925-6-smb devstack@c-api.service[109626]: INFO cinder.api.openstack.wsgi [None req-13123c64-9b61-4407-9eaa-d07073608076 tempest-GroupSnapshotsV319Test-842662830 tempest-GroupSnapshotsV319Test-842662830-project] GET http://10.222.0.32/volume/v3/3cbfa0903eaf41a0960df67f91c40e6b/snapshots/6f8f3a22-ad1e-45f1-a3bd-c58ac5e71df7
Jan 17 14:09:21.852548 dv-cinder-824925-6-smb devstack@c-api.service[109626]: DEBUG cinder.api.openstack.wsgi [None req-13123c64-9b61-4407-9eaa-d07073608076 tempest-GroupSnapshotsV319Test-842662830 tempest-GroupSnapshotsV319Test-842662830-project] Empty body provided in request {{(pid=109626) get_body /opt/stack/cinder/cinder/api/openstack/wsgi.py:715}}
Jan 17 14:09:21.853236 dv-cinder-824925-6-smb devstack@c-api.service[109626]: DEBUG cinder.api.openstack.wsgi [None req-13123c64-9b61-4407-9eaa-d07073608076 tempest-GroupSnapshotsV319Test-842662830 tempest-GroupSnapshotsV319Test-842662830-project] Calling method 'show' {{(pid=109626) _process_stack /opt/stack/cinder/cinder/api/openstack/wsgi.py:868}}
Jan 17 14:09:21.867170 dv-cinder-824925-6-smb devstack@c-api.service[109626]: /usr/local/lib/python3.8/dist-packages/oslo_context/context.py:105: DeprecationWarning: Policy enforcement is depending on the value of is_admin. This key is deprecated. Please update your policy file to use the standard policy values.
Jan 17 14:09:21.867170 dv-cinder-824925-6-smb devstack@c-api.service[109626]: warnings.warn('Policy enforcement is depending on the value of '
Jan 17 14:09:21.868920 dv-cinder-824925-6-smb devstack@c-api.service[109626]: INFO cinder.volume.api [None req-13123c64-9b61-4407-9eaa-d07073608076 tempest-GroupSnapshotsV319Test-842662830 tempest-GroupSnapshotsV319Test-842662830-project] Snapshot retrieved successfully.
Jan 17 14:09:21.871572 dv-cinder-824925-6-smb devstack@c-api.service[109626]: INFO cinder.api.openstack.wsgi [None req-13123c64-9b61-4407-9eaa-d07073608076 tempest-GroupSnapshotsV319Test-842662830 tempest-GroupSnapshotsV319Test-842662830-project] http://10.222.0.32/volume/v3/3cbfa0903eaf41a0960df67f91c40e6b/snapshots/6f8f3a22-ad1e-45f1-a3bd-c58ac5e71df7 returned with HTTP 200
Jan 17 14:09:21.873234 dv-cinder-824925-6-smb devstack@c-api.service[109626]: [pid: 109626|app: 0|req: 146/301] 10.222.0.32 () {58 vars in 1330 bytes} [Mon Jan 17 14:09:21 2022] GET /volume/v3/3cbfa0903eaf41a0960df67f91c40e6b/snapshots/6f8f3a22-ad1e-45f1-a3bd-c58ac5e71df7 => generated 538 bytes in 27 msecs (HTTP/1.1 200) 7 headers in 285 bytes (1 switches on core 0)
Jan 17 14:09:22.016997 dv-cinder-824925-6-smb devstack@c-api.service[109627]: INFO cinder.api.openstack.wsgi [req-4c602c02-67cd-47bc-a106-8a78632ad447 req-eb65b52d-128a-41be-a254-363f080aa7e5 tempest-DeleteServersTestJSON-834079720 tempest-DeleteServersTestJSON-834079720-project] DELETE http://10.222.0.32/volume/v3/99e4d98f6f4b4dc18921c1d8a57dabf6/attachments/a1d6f3fe-2ab7-4c07-bf04-46a3ed3da924
Jan 17 14:09:22.017648 dv-cinder-824925-6-smb devstack@c-api.service[109627]: DEBUG cinder.api.openstack.wsgi [req-4c602c02-67cd-47bc-a106-8a78632ad447 req-eb65b52d-128a-41be-a254-363f080aa7e5 tempest-DeleteServersTestJSON-834079720 tempest-DeleteServersTestJSON-834079720-project] Empty body provided in request {{(pid=109627) get_body /opt/stack/cinder/cinder/api/openstack/wsgi.py:715}}
Jan 17 14:09:22.018099 dv-cinder-824925-6-smb devstack@c-api.service[109627]: DEBUG cinder.api.openstack.wsgi [req-4c602c02-67cd-47bc-a106-8a78632ad447 req-eb65b52d-128a-41be-a254-363f080aa7e5 tempest-DeleteServersTestJSON-834079720 tempest-DeleteServersTestJSON-834079720-project] Calling method 'version_select' {{(pid=109627) _process_stack /opt/stack/cinder/cinder/api/openstack/wsgi.py:868}}
Jan 17 14:09:22.033504 dv-cinder-824925-6-smb devstack@c-api.service[109627]: /usr/local/lib/python3.8/dist-packages/oslo_context/context.py:105: DeprecationWarning: Policy enforcement is depending on the value of is_admin. This key is deprecated. Please update your policy file to use the standard policy values.
Jan 17 14:09:22.033504 dv-cinder-824925-6-smb devstack@c-api.service[109627]: warnings.warn('Policy enforcement is depending on the value of '
Jan 17 14:09:22.171310 dv-cinder-824925-6-smb devstack@c-api.service[109627]: INFO cinder.api.openstack.wsgi [req-4c602c02-67cd-47bc-a106-8a78632ad447 req-eb65b52d-128a-41be-a254-363f080aa7e5 tempest-DeleteServersTestJSON-834079720 tempest-DeleteServersTestJSON-834079720-project] http://10.222.0.32/volume/v3/99e4d98f6f4b4dc18921c1d8a57dabf6/attachments/a1d6f3fe-2ab7-4c07-bf04-46a3ed3da924 returned with HTTP 200
Jan 17 14:09:22.172616 dv-cinder-824925-6-smb devstack@c-api.service[109627]: [pid: 109627|app: 0|req: 156/302] 10.222.0.60 () {62 vars in 1446 bytes} [Mon Jan 17 14:09:22 2022] DELETE /volume/v3/99e4d98f6f4b4dc18921c1d8a57dabf6/attachments/a1d6f3fe-2ab7-4c07-bf04-46a3ed3da924 => generated 19 bytes in 161 msecs (HTTP/1.1 200) 7 headers in 285 bytes (1 switches on core 0)
Jan 17 14:09:22.819798 dv-cinder-824925-6-smb devstack@c-api.service[109626]: INFO cinder.api.openstack.wsgi [None req-2fa5b3da-29cc-49ab-87c2-36d47df15253 tempest-VolumesSnapshotListTestJSON-561525013 tempest-VolumesSnapshotListTestJSON-561525013-project] GET http://10.222.0.32/volume/v3/b319084842f04471888d0f6fb0a36c3d/snapshots/886ee98a-de5f-43da-a59a-983ec298fb10
Jan 17 14:09:22.820304 dv-cinder-824925-6-smb devstack@c-api.service[109626]: DEBUG cinder.api.openstack.wsgi [None req-2fa5b3da-29cc-49ab-87c2-36d47df15253 tempest-VolumesSnapshotListTestJSON-561525013 tempest-VolumesSnapshotListTestJSON-561525013-project] Empty body provided in request {{(pid=109626) get_body /opt/stack/cinder/cinder/api/openstack/wsgi.py:715}}
Jan 17 14:09:22.820706 dv-cinder-824925-6-smb devstack@c-api.service[109626]: DEBUG cinder.api.openstack.wsgi [None req-2fa5b3da-29cc-49ab-87c2-36d47df15253 tempest-VolumesSnapshotListTestJSON-561525013 tempest-VolumesSnapshotListTestJSON-561525013-project] Calling method 'show' {{(pid=109626) _process_stack /opt/stack/cinder/cinder/api/openstack/wsgi.py:868}}
Jan 17 14:09:22.833015 dv-cinder-824925-6-smb devstack@c-api.service[109626]: /usr/local/lib/python3.8/dist-packages/oslo_context/context.py:105: DeprecationWarning: Policy enforcement is depending on the value of is_admin. This key is deprecated. Please update your policy file to use the standard policy values.
Jan 17 14:09:22.833015 dv-cinder-824925-6-smb devstack@c-api.service[109626]: warnings.warn('Policy enforcement is depending on the value of '
Jan 17 14:09:22.834023 dv-cinder-824925-6-smb devstack@c-api.service[109626]: INFO cinder.volume.api [None req-2fa5b3da-29cc-49ab-87c2-36d47df15253 tempest-VolumesSnapshotListTestJSON-561525013 tempest-VolumesSnapshotListTestJSON-561525013-project] Snapshot retrieved successfully.
Jan 17 14:09:22.836096 dv-cinder-824925-6-smb devstack@c-api.service[109626]: INFO cinder.api.openstack.wsgi [None req-2fa5b3da-29cc-49ab-87c2-36d47df15253 tempest-VolumesSnapshotListTestJSON-561525013 tempest-VolumesSnapshotListTestJSON-561525013-project] http://10.222.0.32/volume/v3/b319084842f04471888d0f6fb0a36c3d/snapshots/886ee98a-de5f-43da-a59a-983ec298fb10 returned with HTTP 200
Jan 17 14:09:22.836955 dv-cinder-824925-6-smb devstack@c-api.service[109626]: [pid: 109626|app: 0|req: 147/303] 10.222.0.32 () {58 vars in 1330 bytes} [Mon Jan 17 14:09:22 2022] GET /volume/v3/b319084842f04471888d0f6fb0a36c3d/snapshots/886ee98a-de5f-43da-a59a-983ec298fb10 => generated 575 bytes in 21 msecs (HTTP/1.1 200) 7 headers in 285 bytes (1 switches on core 0)
Jan 17 14:09:22.847650 dv-cinder-824925-6-smb devstack@c-api.service[109627]: INFO cinder.api.openstack.wsgi [None req-08c6bcf3-2786-4b24-9737-11e4392f28c0 tempest-VolumesSnapshotListTestJSON-561525013 tempest-VolumesSnapshotListTestJSON-561525013-project] GET http://10.222.0.32/volume/v3/b319084842f04471888d0f6fb0a36c3d/snapshots?limit=1
Jan 17 14:09:22.850864 dv-cinder-824925-6-smb devstack@c-api.service[109627]: DEBUG cinder.api.openstack.wsgi [None req-08c6bcf3-2786-4b24-9737-11e4392f28c0 tempest-VolumesSnapshotListTestJSON-561525013 tempest-VolumesSnapshotListTestJSON-561525013-project] Empty body provided in request {{(pid=109627) get_body /opt/stack/cinder/cinder/api/openstack/wsgi.py:715}}
Jan 17 14:09:22.853322 dv-cinder-824925-6-smb devstack@c-api.service[109627]: DEBUG cinder.api.openstack.wsgi [None req-08c6bcf3-2786-4b24-9737-11e4392f28c0 tempest-VolumesSnapshotListTestJSON-561525013 tempest-VolumesSnapshotListTestJSON-561525013-project] Calling method 'index' {{(pid=109627) _process_stack /opt/stack/cinder/cinder/api/openstack/wsgi.py:868}}
Jan 17 14:09:22.853874 dv-cinder-824925-6-smb devstack@c-api.service[109627]: DEBUG cinder.api.api_utils [None req-08c6bcf3-2786-4b24-9737-11e4392f28c0 tempest-VolumesSnapshotListTestJSON-561525013 tempest-VolumesSnapshotListTestJSON-561525013-project] Removing options '' from query. {{(pid=109627) remove_invalid_filter_options /opt/stack/cinder/cinder/api/api_utils.py:73}}
Jan 17 14:09:22.855701 dv-cinder-824925-6-smb devstack@c-api.service[109627]: /usr/local/lib/python3.8/dist-packages/oslo_context/context.py:105: DeprecationWarning: Policy enforcement is depending on the value of is_admin. This key is deprecated. Please update your policy file to use the standard policy values.
Jan 17 14:09:22.855701 dv-cinder-824925-6-smb devstack@c-api.service[109627]: warnings.warn('Policy enforcement is depending on the value of '
Jan 17 14:09:22.859804 dv-cinder-824925-6-smb devstack@c-api.service[109627]: DEBUG cinder.db.sqlalchemy.api [None req-08c6bcf3-2786-4b24-9737-11e4392f28c0 tempest-VolumesSnapshotListTestJSON-561525013 tempest-VolumesSnapshotListTestJSON-561525013-project] Building query based on filter {{(pid=109627) _process_snaps_filters /opt/stack/cinder/cinder/db/sqlalchemy/api.py:3156}}
Jan 17 14:09:22.875257 dv-cinder-824925-6-smb devstack@c-api.service[109627]: INFO cinder.volume.api [None req-08c6bcf3-2786-4b24-9737-11e4392f28c0 tempest-VolumesSnapshotListTestJSON-561525013 tempest-VolumesSnapshotListTestJSON-561525013-project] Get all snapshots completed successfully.
Jan 17 14:09:22.876181 dv-cinder-824925-6-smb devstack@c-api.service[109627]: INFO cinder.api.openstack.wsgi [None req-08c6bcf3-2786-4b24-9737-11e4392f28c0 tempest-VolumesSnapshotListTestJSON-561525013 tempest-VolumesSnapshotListTestJSON-561525013-project] http://10.222.0.32/volume/v3/b319084842f04471888d0f6fb0a36c3d/snapshots?limit=1 returned with HTTP 200
Jan 17 14:09:22.876940 dv-cinder-824925-6-smb devstack@c-api.service[109627]: [pid: 109627|app: 0|req: 157/304] 10.222.0.32 () {58 vars in 1234 bytes} [Mon Jan 17 14:09:22 2022] GET /volume/v3/b319084842f04471888d0f6fb0a36c3d/snapshots?limit=1 => generated 617 bytes in 33 msecs (HTTP/1.1 200) 7 headers in 285 bytes (1 switches on core 0)
Jan 17 14:09:22.884395 dv-cinder-824925-6-smb devstack@c-api.service[109626]: INFO cinder.api.openstack.wsgi [None req-5e50c633-63a7-46f1-ac10-9a3bdf7bb1a9 tempest-GroupSnapshotsV319Test-842662830 tempest-GroupSnapshotsV319Test-842662830-project] GET http://10.222.0.32/volume/v3/3cbfa0903eaf41a0960df67f91c40e6b/snapshots/6f8f3a22-ad1e-45f1-a3bd-c58ac5e71df7
Jan 17 14:09:22.884942 dv-cinder-824925-6-smb devstack@c-api.service[109626]: DEBUG cinder.api.openstack.wsgi [None req-5e50c633-63a7-46f1-ac10-9a3bdf7bb1a9 tempest-GroupSnapshotsV319Test-842662830 tempest-GroupSnapshotsV319Test-842662830-project] Empty body provided in request {{(pid=109626) get_body /opt/stack/cinder/cinder/api/openstack/wsgi.py:715}}
Jan 17 14:09:22.885624 dv-cinder-824925-6-smb devstack@c-api.service[109626]: DEBUG cinder.api.openstack.wsgi [None req-5e50c633-63a7-46f1-ac10-9a3bdf7bb1a9 tempest-GroupSnapshotsV319Test-842662830 tempest-GroupSnapshotsV319Test-842662830-project] Calling method 'show' {{(pid=109626) _process_stack /opt/stack/cinder/cinder/api/openstack/wsgi.py:868}}
Jan 17 14:09:22.893935 dv-cinder-824925-6-smb devstack@c-api.service[109626]: INFO cinder.api.openstack.wsgi [None req-5e50c633-63a7-46f1-ac10-9a3bdf7bb1a9 tempest-GroupSnapshotsV319Test-842662830 tempest-GroupSnapshotsV319Test-842662830-project] http://10.222.0.32/volume/v3/3cbfa0903eaf41a0960df67f91c40e6b/snapshots/6f8f3a22-ad1e-45f1-a3bd-c58ac5e71df7 returned with HTTP 404
Jan 17 14:09:22.894203 dv-cinder-824925-6-smb devstack@c-api.service[109627]: INFO cinder.api.openstack.wsgi [None req-60f56af5-13e4-4a26-8fe3-08af4d52c19d tempest-VolumesSnapshotListTestJSON-561525013 tempest-VolumesSnapshotListTestJSON-561525013-project] GET http://10.222.0.32/volume/v3/b319084842f04471888d0f6fb0a36c3d/snapshots
Jan 17 14:09:22.894793 dv-cinder-824925-6-smb devstack@c-api.service[109627]: DEBUG cinder.api.openstack.wsgi [None req-60f56af5-13e4-4a26-8fe3-08af4d52c19d tempest-VolumesSnapshotListTestJSON-561525013 tempest-VolumesSnapshotListTestJSON-561525013-project] Empty body provided in request {{(pid=109627) get_body /opt/stack/cinder/cinder/api/openstack/wsgi.py:715}}
Jan 17 14:09:22.895386 dv-cinder-824925-6-smb devstack@c-api.service[109627]: DEBUG cinder.api.openstack.wsgi [None req-60f56af5-13e4-4a26-8fe3-08af4d52c19d tempest-VolumesSnapshotListTestJSON-561525013 tempest-VolumesSnapshotListTestJSON-561525013-project] Calling method 'index' {{(pid=109627) _process_stack /opt/stack/cinder/cinder/api/openstack/wsgi.py:868}}
Jan 17 14:09:22.897900 dv-cinder-824925-6-smb devstack@c-api.service[109627]: DEBUG cinder.api.api_utils [None req-60f56af5-13e4-4a26-8fe3-08af4d52c19d tempest-VolumesSnapshotListTestJSON-561525013 tempest-VolumesSnapshotListTestJSON-561525013-project] Removing options '' from query. {{(pid=109627) remove_invalid_filter_options /opt/stack/cinder/cinder/api/api_utils.py:73}}
Jan 17 14:09:22.898326 dv-cinder-824925-6-smb devstack@c-api.service[109626]: [pid: 109626|app: 0|req: 148/305] 10.222.0.32 () {58 vars in 1330 bytes} [Mon Jan 17 14:09:22 2022] GET /volume/v3/3cbfa0903eaf41a0960df67f91c40e6b/snapshots/6f8f3a22-ad1e-45f1-a3bd-c58ac5e71df7 => generated 111 bytes in 16 msecs (HTTP/1.1 404) 7 headers in 292 bytes (1 switches on core 0)
Jan 17 14:09:22.899053 dv-cinder-824925-6-smb devstack@c-api.service[109627]: /usr/local/lib/python3.8/dist-packages/oslo_context/context.py:105: DeprecationWarning: Policy enforcement is depending on the value of is_admin. This key is deprecated. Please update your policy file to use the standard policy values.
Jan 17 14:09:22.899053 dv-cinder-824925-6-smb devstack@c-api.service[109627]: warnings.warn('Policy enforcement is depending on the value of '
Jan 17 14:09:22.901014 dv-cinder-824925-6-smb devstack@c-api.service[109627]: DEBUG cinder.db.sqlalchemy.api [None req-60f56af5-13e4-4a26-8fe3-08af4d52c19d tempest-VolumesSnapshotListTestJSON-561525013 tempest-VolumesSnapshotListTestJSON-561525013-project] Building query based on filter {{(pid=109627) _process_snaps_filters /opt/stack/cinder/cinder/db/sqlalchemy/api.py:3156}}
Jan 17 14:09:22.907364 dv-cinder-824925-6-smb devstack@c-api.service[109626]: INFO cinder.api.openstack.wsgi [None req-33695ae0-ba03-47fb-8150-e93deabed4cf tempest-GroupSnapshotsV319Test-842662830 tempest-GroupSnapshotsV319Test-842662830-project] GET http://10.222.0.32/volume/v3/3cbfa0903eaf41a0960df67f91c40e6b/group_snapshots/fcee6190-40c1-4596-9684-52974877325f
Jan 17 14:09:22.907911 dv-cinder-824925-6-smb devstack@c-api.service[109626]: DEBUG cinder.api.openstack.wsgi [None req-33695ae0-ba03-47fb-8150-e93deabed4cf tempest-GroupSnapshotsV319Test-842662830 tempest-GroupSnapshotsV319Test-842662830-project] Empty body provided in request {{(pid=109626) get_body /opt/stack/cinder/cinder/api/openstack/wsgi.py:715}}
Jan 17 14:09:22.908417 dv-cinder-824925-6-smb devstack@c-api.service[109626]: DEBUG cinder.api.openstack.wsgi [None req-33695ae0-ba03-47fb-8150-e93deabed4cf tempest-GroupSnapshotsV319Test-842662830 tempest-GroupSnapshotsV319Test-842662830-project] Calling method 'version_select' {{(pid=109626) _process_stack /opt/stack/cinder/cinder/api/openstack/wsgi.py:868}}
Jan 17 14:09:22.908806 dv-cinder-824925-6-smb devstack@c-api.service[109626]: DEBUG cinder.api.v3.group_snapshots [None req-33695ae0-ba03-47fb-8150-e93deabed4cf tempest-GroupSnapshotsV319Test-842662830 tempest-GroupSnapshotsV319Test-842662830-project] show called for member fcee6190-40c1-4596-9684-52974877325f {{(pid=109626) show /opt/stack/cinder/cinder/api/v3/group_snapshots.py:58}}
Jan 17 14:09:22.913465 dv-cinder-824925-6-smb devstack@c-api.service[109626]: INFO cinder.api.openstack.wsgi [None req-33695ae0-ba03-47fb-8150-e93deabed4cf tempest-GroupSnapshotsV319Test-842662830 tempest-GroupSnapshotsV319Test-842662830-project] http://10.222.0.32/volume/v3/3cbfa0903eaf41a0960df67f91c40e6b/group_snapshots/fcee6190-40c1-4596-9684-52974877325f returned with HTTP 404
Jan 17 14:09:22.918130 dv-cinder-824925-6-smb devstack@c-api.service[109626]: [pid: 109626|app: 0|req: 149/306] 10.222.0.32 () {60 vars in 1389 bytes} [Mon Jan 17 14:09:22 2022] GET /volume/v3/3cbfa0903eaf41a0960df67f91c40e6b/group_snapshots/fcee6190-40c1-4596-9684-52974877325f => generated 116 bytes in 14 msecs (HTTP/1.1 404) 7 headers in 293 bytes (1 switches on core 0)
Jan 17 14:09:22.918470 dv-cinder-824925-6-smb devstack@c-api.service[109627]: INFO cinder.volume.api [None req-60f56af5-13e4-4a26-8fe3-08af4d52c19d tempest-VolumesSnapshotListTestJSON-561525013 tempest-VolumesSnapshotListTestJSON-561525013-project] Get all snapshots completed successfully.
Jan 17 14:09:22.918470 dv-cinder-824925-6-smb devstack@c-api.service[109627]: INFO cinder.api.openstack.wsgi [None req-60f56af5-13e4-4a26-8fe3-08af4d52c19d tempest-VolumesSnapshotListTestJSON-561525013 tempest-VolumesSnapshotListTestJSON-561525013-project] http://10.222.0.32/volume/v3/b319084842f04471888d0f6fb0a36c3d/snapshots returned with HTTP 200
Jan 17 14:09:22.918470 dv-cinder-824925-6-smb devstack@c-api.service[109627]: [pid: 109627|app: 0|req: 158/307] 10.222.0.32 () {58 vars in 1219 bytes} [Mon Jan 17 14:09:22 2022] GET /volume/v3/b319084842f04471888d0f6fb0a36c3d/snapshots => generated 1266 bytes in 29 msecs (HTTP/1.1 200) 7 headers in 286 bytes (1 switches on core 0)
Jan 17 14:09:22.924431 dv-cinder-824925-6-smb devstack@c-api.service[109626]: INFO cinder.api.openstack.wsgi [None req-ad8fe292-64f6-4df0-8a96-9d48657a74b9 tempest-GroupSnapshotsV319Test-842662830 tempest-GroupSnapshotsV319Test-842662830-project] GET http://10.222.0.32/volume/v3/3cbfa0903eaf41a0960df67f91c40e6b/volumes/detail
Jan 17 14:09:22.925157 dv-cinder-824925-6-smb devstack@c-api.service[109626]: DEBUG cinder.api.openstack.wsgi [None req-ad8fe292-64f6-4df0-8a96-9d48657a74b9 tempest-GroupSnapshotsV319Test-842662830 tempest-GroupSnapshotsV319Test-842662830-project] Empty body provided in request {{(pid=109626) get_body /opt/stack/cinder/cinder/api/openstack/wsgi.py:715}}
Jan 17 14:09:22.925641 dv-cinder-824925-6-smb devstack@c-api.service[109626]: DEBUG cinder.api.openstack.wsgi [None req-ad8fe292-64f6-4df0-8a96-9d48657a74b9 tempest-GroupSnapshotsV319Test-842662830 tempest-GroupSnapshotsV319Test-842662830-project] Calling method 'detail' {{(pid=109626) _process_stack /opt/stack/cinder/cinder/api/openstack/wsgi.py:868}}
Jan 17 14:09:22.926301 dv-cinder-824925-6-smb devstack@c-api.service[109626]: DEBUG cinder.api.api_utils [None req-ad8fe292-64f6-4df0-8a96-9d48657a74b9 tempest-GroupSnapshotsV319Test-842662830 tempest-GroupSnapshotsV319Test-842662830-project] Removing options '' from query. {{(pid=109626) remove_invalid_filter_options /opt/stack/cinder/cinder/api/api_utils.py:73}}
Jan 17 14:09:22.928356 dv-cinder-824925-6-smb devstack@c-api.service[109626]: DEBUG cinder.volume.api [None req-ad8fe292-64f6-4df0-8a96-9d48657a74b9 tempest-GroupSnapshotsV319Test-842662830 tempest-GroupSnapshotsV319Test-842662830-project] Searching by: MultiDict([('no_migration_targets', True)]). {{(pid=109626) get_all /opt/stack/cinder/cinder/volume/api.py:661}}
Jan 17 14:09:22.932216 dv-cinder-824925-6-smb devstack@c-api.service[109627]: INFO cinder.api.openstack.wsgi [None req-efeaf8c3-4989-437d-b56d-6da47d2651da tempest-VolumesSnapshotListTestJSON-561525013 tempest-VolumesSnapshotListTestJSON-561525013-project] GET http://10.222.0.32/volume/v3/b319084842f04471888d0f6fb0a36c3d/snapshots?limit=100000
Jan 17 14:09:22.932925 dv-cinder-824925-6-smb devstack@c-api.service[109627]: DEBUG cinder.api.openstack.wsgi [None req-efeaf8c3-4989-437d-b56d-6da47d2651da tempest-VolumesSnapshotListTestJSON-561525013 tempest-VolumesSnapshotListTestJSON-561525013-project] Empty body provided in request {{(pid=109627) get_body /opt/stack/cinder/cinder/api/openstack/wsgi.py:715}}
Jan 17 14:09:22.933612 dv-cinder-824925-6-smb devstack@c-api.service[109627]: DEBUG cinder.api.openstack.wsgi [None req-efeaf8c3-4989-437d-b56d-6da47d2651da tempest-VolumesSnapshotListTestJSON-561525013 tempest-VolumesSnapshotListTestJSON-561525013-project] Calling method 'index' {{(pid=109627) _process_stack /opt/stack/cinder/cinder/api/openstack/wsgi.py:868}}
Jan 17 14:09:22.935163 dv-cinder-824925-6-smb devstack@c-api.service[109627]: DEBUG cinder.api.api_utils [None req-efeaf8c3-4989-437d-b56d-6da47d2651da tempest-VolumesSnapshotListTestJSON-561525013 tempest-VolumesSnapshotListTestJSON-561525013-project] Removing options '' from query. {{(pid=109627) remove_invalid_filter_options /opt/stack/cinder/cinder/api/api_utils.py:73}}
Jan 17 14:09:22.936008 dv-cinder-824925-6-smb devstack@c-api.service[109627]: /usr/local/lib/python3.8/dist-packages/oslo_context/context.py:105: DeprecationWarning: Policy enforcement is depending on the value of is_admin. This key is deprecated. Please update your policy file to use the standard policy values.
Jan 17 14:09:22.936008 dv-cinder-824925-6-smb devstack@c-api.service[109627]: warnings.warn('Policy enforcement is depending on the value of '
Jan 17 14:09:22.937795 dv-cinder-824925-6-smb devstack@c-api.service[109627]: DEBUG cinder.db.sqlalchemy.api [None req-efeaf8c3-4989-437d-b56d-6da47d2651da tempest-VolumesSnapshotListTestJSON-561525013 tempest-VolumesSnapshotListTestJSON-561525013-project] Building query based on filter {{(pid=109627) _process_snaps_filters /opt/stack/cinder/cinder/db/sqlalchemy/api.py:3156}}
Jan 17 14:09:22.959604 dv-cinder-824925-6-smb devstack@c-api.service[109627]: INFO cinder.volume.api [None req-efeaf8c3-4989-437d-b56d-6da47d2651da tempest-VolumesSnapshotListTestJSON-561525013 tempest-VolumesSnapshotListTestJSON-561525013-project] Get all snapshots completed successfully.
Jan 17 14:09:22.963204 dv-cinder-824925-6-smb devstack@c-api.service[109627]: INFO cinder.api.openstack.wsgi [None req-efeaf8c3-4989-437d-b56d-6da47d2651da tempest-VolumesSnapshotListTestJSON-561525013 tempest-VolumesSnapshotListTestJSON-561525013-project] http://10.222.0.32/volume/v3/b319084842f04471888d0f6fb0a36c3d/snapshots?limit=100000 returned with HTTP 200
Jan 17 14:09:22.974551 dv-cinder-824925-6-smb devstack@c-api.service[109627]: [pid: 109627|app: 0|req: 159/308] 10.222.0.32 () {58 vars in 1244 bytes} [Mon Jan 17 14:09:22 2022] GET /volume/v3/b319084842f04471888d0f6fb0a36c3d/snapshots?limit=100000 => generated 1266 bytes in 49 msecs (HTTP/1.1 200) 7 headers in 286 bytes (1 switches on core 0)
Jan 17 14:09:22.980459 dv-cinder-824925-6-smb devstack@c-api.service[109627]: INFO cinder.api.openstack.wsgi [None req-3861c6da-8a52-48e8-b9fd-e2a029d9a2a8 tempest-VolumesSnapshotListTestJSON-561525013 tempest-VolumesSnapshotListTestJSON-561525013-project] GET http://10.222.0.32/volume/v3/b319084842f04471888d0f6fb0a36c3d/snapshots?limit=0
Jan 17 14:09:22.980894 dv-cinder-824925-6-smb devstack@c-api.service[109627]: DEBUG cinder.api.openstack.wsgi [None req-3861c6da-8a52-48e8-b9fd-e2a029d9a2a8 tempest-VolumesSnapshotListTestJSON-561525013 tempest-VolumesSnapshotListTestJSON-561525013-project] Empty body provided in request {{(pid=109627) get_body /opt/stack/cinder/cinder/api/openstack/wsgi.py:715}}
Jan 17 14:09:22.981339 dv-cinder-824925-6-smb devstack@c-api.service[109627]: DEBUG cinder.api.openstack.wsgi [None req-3861c6da-8a52-48e8-b9fd-e2a029d9a2a8 tempest-VolumesSnapshotListTestJSON-561525013 tempest-VolumesSnapshotListTestJSON-561525013-project] Calling method 'index' {{(pid=109627) _process_stack /opt/stack/cinder/cinder/api/openstack/wsgi.py:868}}
Jan 17 14:09:22.982431 dv-cinder-824925-6-smb devstack@c-api.service[109627]: DEBUG cinder.api.api_utils [None req-3861c6da-8a52-48e8-b9fd-e2a029d9a2a8 tempest-VolumesSnapshotListTestJSON-561525013 tempest-VolumesSnapshotListTestJSON-561525013-project] Removing options '' from query. {{(pid=109627) remove_invalid_filter_options /opt/stack/cinder/cinder/api/api_utils.py:73}}
Jan 17 14:09:22.985841 dv-cinder-824925-6-smb devstack@c-api.service[109626]: INFO cinder.volume.api [None req-ad8fe292-64f6-4df0-8a96-9d48657a74b9 tempest-GroupSnapshotsV319Test-842662830 tempest-GroupSnapshotsV319Test-842662830-project] Get all volumes completed successfully.
Jan 17 14:09:22.986812 dv-cinder-824925-6-smb devstack@c-api.service[109627]: /usr/local/lib/python3.8/dist-packages/oslo_context/context.py:105: DeprecationWarning: Policy enforcement is depending on the value of is_admin. This key is deprecated. Please update your policy file to use the standard policy values.
Jan 17 14:09:22.986812 dv-cinder-824925-6-smb devstack@c-api.service[109627]: warnings.warn('Policy enforcement is depending on the value of '
