Jan 17 14:08:01.059164 dv-cinder-824925-6-iscsi devstack@c-api.service[109632]: DEBUG cinder.api.openstack.wsgi [None req-45a667e7-65c2-4965-8868-4a166e4568ab tempest-GroupSnapshotsV319Test-1704174491 tempest-GroupSnapshotsV319Test-1704174491-project-admin] Action: 'create', calling method: version_select, body: {"group_type": {"name": "tempest-GroupSnapshotsV319Test-group-type-1169468060"}} {{(pid=109632) _process_stack /opt/stack/cinder/cinder/api/openstack/wsgi.py:866}}
Jan 17 14:08:01.060887 dv-cinder-824925-6-iscsi devstack@c-api.service[109632]: /usr/local/lib/python3.8/dist-packages/oslo_context/context.py:105: DeprecationWarning: Policy enforcement is depending on the value of is_admin. This key is deprecated. Please update your policy file to use the standard policy values.
Jan 17 14:08:01.060887 dv-cinder-824925-6-iscsi devstack@c-api.service[109632]: warnings.warn('Policy enforcement is depending on the value of '
Jan 17 14:08:01.112042 dv-cinder-824925-6-iscsi devstack@c-api.service[109632]: INFO cinder.api.openstack.wsgi [None req-45a667e7-65c2-4965-8868-4a166e4568ab tempest-GroupSnapshotsV319Test-1704174491 tempest-GroupSnapshotsV319Test-1704174491-project-admin] http://10.222.0.42/volume/v3/b63eda5b5b7b418ebb1a25bc0bc686f9/group_types returned with HTTP 202
Jan 17 14:08:01.113394 dv-cinder-824925-6-iscsi devstack@c-api.service[109632]: [pid: 109632|app: 0|req: 5/16] 10.222.0.42 () {62 vars in 1287 bytes} [Mon Jan 17 14:08:01 2022] POST /volume/v3/b63eda5b5b7b418ebb1a25bc0bc686f9/group_types => generated 185 bytes in 59 msecs (HTTP/1.1 202) 7 headers in 292 bytes (1 switches on core 0)
Jan 17 14:08:01.123689 dv-cinder-824925-6-iscsi devstack@c-api.service[109632]: INFO cinder.api.openstack.wsgi [None req-3a9b8eb2-162a-4b45-9d17-1bfef27aeba7 tempest-GroupTypeSpecsTest-839505277 tempest-GroupTypeSpecsTest-839505277-project-admin] GET http://10.222.0.42/volume/v3/4004d8ce3de141d2b955e21f2ab37c53/group_types/b72408c6-196f-4680-b2ff-f26354599272/group_specs
Jan 17 14:08:01.124261 dv-cinder-824925-6-iscsi devstack@c-api.service[109632]: DEBUG cinder.api.openstack.wsgi [None req-3a9b8eb2-162a-4b45-9d17-1bfef27aeba7 tempest-GroupTypeSpecsTest-839505277 tempest-GroupTypeSpecsTest-839505277-project-admin] Empty body provided in request {{(pid=109632) get_body /opt/stack/cinder/cinder/api/openstack/wsgi.py:715}}
Jan 17 14:08:01.124982 dv-cinder-824925-6-iscsi devstack@c-api.service[109632]: DEBUG cinder.api.openstack.wsgi [None req-3a9b8eb2-162a-4b45-9d17-1bfef27aeba7 tempest-GroupTypeSpecsTest-839505277 tempest-GroupTypeSpecsTest-839505277-project-admin] Calling method 'version_select' {{(pid=109632) _process_stack /opt/stack/cinder/cinder/api/openstack/wsgi.py:868}}
Jan 17 14:08:01.138763 dv-cinder-824925-6-iscsi devstack@c-api.service[109632]: INFO cinder.api.openstack.wsgi [None req-3a9b8eb2-162a-4b45-9d17-1bfef27aeba7 tempest-GroupTypeSpecsTest-839505277 tempest-GroupTypeSpecsTest-839505277-project-admin] http://10.222.0.42/volume/v3/4004d8ce3de141d2b955e21f2ab37c53/group_types/b72408c6-196f-4680-b2ff-f26354599272/group_specs returned with HTTP 200
Jan 17 14:08:01.144650 dv-cinder-824925-6-iscsi devstack@c-api.service[109632]: [pid: 109632|app: 0|req: 6/17] 10.222.0.42 () {60 vars in 1413 bytes} [Mon Jan 17 14:08:01 2022] GET /volume/v3/4004d8ce3de141d2b955e21f2ab37c53/group_types/b72408c6-196f-4680-b2ff-f26354599272/group_specs => generated 87 bytes in 30 msecs (HTTP/1.1 200) 7 headers in 285 bytes (1 switches on core 0)
Jan 17 14:08:01.149574 dv-cinder-824925-6-iscsi devstack@c-api.service[109632]: INFO cinder.api.openstack.wsgi [req-2ab64d44-3a3c-45f1-bf7e-b812f1e6b539 req-36616ed8-6e26-4485-bdb4-8731f56af7fe tempest-VolumesSnapshotsTestJSON-1740365301 tempest-VolumesSnapshotsTestJSON-1740365301-project] GET http://10.222.0.42/volume/v3/ad39c6c0c8b04750921b00c88ca4e419/volumes/f992a1e1-bca4-4ae0-9a17-46e660d6416e
Jan 17 14:08:01.150233 dv-cinder-824925-6-iscsi devstack@c-api.service[109632]: DEBUG cinder.api.openstack.wsgi [req-2ab64d44-3a3c-45f1-bf7e-b812f1e6b539 req-36616ed8-6e26-4485-bdb4-8731f56af7fe tempest-VolumesSnapshotsTestJSON-1740365301 tempest-VolumesSnapshotsTestJSON-1740365301-project] Empty body provided in request {{(pid=109632) get_body /opt/stack/cinder/cinder/api/openstack/wsgi.py:715}}
Jan 17 14:08:01.150837 dv-cinder-824925-6-iscsi devstack@c-api.service[109632]: DEBUG cinder.api.openstack.wsgi [req-2ab64d44-3a3c-45f1-bf7e-b812f1e6b539 req-36616ed8-6e26-4485-bdb4-8731f56af7fe tempest-VolumesSnapshotsTestJSON-1740365301 tempest-VolumesSnapshotsTestJSON-1740365301-project] Calling method 'show' {{(pid=109632) _process_stack /opt/stack/cinder/cinder/api/openstack/wsgi.py:868}}
Jan 17 14:08:01.167895 dv-cinder-824925-6-iscsi devstack@c-api.service[109632]: /usr/local/lib/python3.8/dist-packages/oslo_context/context.py:105: DeprecationWarning: Policy enforcement is depending on the value of is_admin. This key is deprecated. Please update your policy file to use the standard policy values.
Jan 17 14:08:01.167895 dv-cinder-824925-6-iscsi devstack@c-api.service[109632]: warnings.warn('Policy enforcement is depending on the value of '
Jan 17 14:08:01.180038 dv-cinder-824925-6-iscsi devstack@c-api.service[109632]: INFO cinder.volume.api [req-2ab64d44-3a3c-45f1-bf7e-b812f1e6b539 req-36616ed8-6e26-4485-bdb4-8731f56af7fe tempest-VolumesSnapshotsTestJSON-1740365301 tempest-VolumesSnapshotsTestJSON-1740365301-project] Volume info retrieved successfully.
Jan 17 14:08:01.195248 dv-cinder-824925-6-iscsi devstack@c-api.service[109632]: INFO cinder.api.openstack.wsgi [req-2ab64d44-3a3c-45f1-bf7e-b812f1e6b539 req-36616ed8-6e26-4485-bdb4-8731f56af7fe tempest-VolumesSnapshotsTestJSON-1740365301 tempest-VolumesSnapshotsTestJSON-1740365301-project] http://10.222.0.42/volume/v3/ad39c6c0c8b04750921b00c88ca4e419/volumes/f992a1e1-bca4-4ae0-9a17-46e660d6416e returned with HTTP 200
Jan 17 14:08:01.207524 dv-cinder-824925-6-iscsi devstack@c-api.service[109631]: DEBUG cinder.quota [req-a91c8c87-4a9b-4e6e-a65d-8e79bb43d89a req-e2314f14-ad1c-4d60-a269-56ef94fbb38b tempest-VolumesGetTestJSON-321600656 tempest-VolumesGetTestJSON-321600656-project] Created reservations ['43411303-9f1f-4117-8892-7467dd3d85aa', 'efe44065-0157-46fc-a755-3241f6e45197', '1a9c8554-4187-4dd2-a126-07affad2bac8', 'dc9abb26-a9de-43a9-8a76-cfa7c97a3802'] {{(pid=109631) reserve /opt/stack/cinder/cinder/quota.py:755}}
Jan 17 14:08:01.207878 dv-cinder-824925-6-iscsi devstack@c-api.service[109632]: [pid: 109632|app: 0|req: 7/18] 10.222.0.42 () {60 vars in 1578 bytes} [Mon Jan 17 14:08:01 2022] GET /volume/v3/ad39c6c0c8b04750921b00c88ca4e419/volumes/f992a1e1-bca4-4ae0-9a17-46e660d6416e => generated 892 bytes in 62 msecs (HTTP/1.1 200) 7 headers in 285 bytes (1 switches on core 0)
Jan 17 14:08:01.214200 dv-cinder-824925-6-iscsi devstack@c-api.service[109631]: DEBUG cinder.volume.api [req-a91c8c87-4a9b-4e6e-a65d-8e79bb43d89a req-e2314f14-ad1c-4d60-a269-56ef94fbb38b tempest-VolumesGetTestJSON-321600656 tempest-VolumesGetTestJSON-321600656-project] Task 'cinder.volume.flows.api.create_volume.QuotaReserveTask;volume:create' (cafde21b-0547-469d-885f-09c0babc0c80) transitioned into state 'SUCCESS' from state 'RUNNING' with result '{'reservations': ['43411303-9f1f-4117-8892-7467dd3d85aa', 'efe44065-0157-46fc-a755-3241f6e45197', '1a9c8554-4187-4dd2-a126-07affad2bac8', 'dc9abb26-a9de-43a9-8a76-cfa7c97a3802']}' {{(pid=109631) _task_receiver /usr/local/lib/python3.8/dist-packages/taskflow/listeners/logging.py:178}}
Jan 17 14:08:01.218413 dv-cinder-824925-6-iscsi devstack@c-api.service[109631]: DEBUG cinder.volume.api [req-a91c8c87-4a9b-4e6e-a65d-8e79bb43d89a req-e2314f14-ad1c-4d60-a269-56ef94fbb38b tempest-VolumesGetTestJSON-321600656 tempest-VolumesGetTestJSON-321600656-project] Task 'cinder.volume.flows.api.create_volume.EntryCreateTask;volume:create' (c7df9b1d-975a-4131-bbff-4418c57449df) transitioned into state 'RUNNING' from state 'PENDING' {{(pid=109631) _task_receiver /usr/local/lib/python3.8/dist-packages/taskflow/listeners/logging.py:190}}
Jan 17 14:08:01.347920 dv-cinder-824925-6-iscsi devstack@c-api.service[109631]: DEBUG cinder.volume.api [req-a91c8c87-4a9b-4e6e-a65d-8e79bb43d89a req-e2314f14-ad1c-4d60-a269-56ef94fbb38b tempest-VolumesGetTestJSON-321600656 tempest-VolumesGetTestJSON-321600656-project] Task 'cinder.volume.flows.api.create_volume.EntryCreateTask;volume:create' (c7df9b1d-975a-4131-bbff-4418c57449df) transitioned into state 'SUCCESS' from state 'RUNNING' with result '{'volume_id': '415c9cb4-e702-4fe1-8ce5-12c8274f902c', 'volume_properties': VolumeProperties(attach_status='detached',availability_zone='nova',cgsnapshot_id=None,consistencygroup_id=None,display_description=None,display_name='tempest-VolumesGetTestJSON-Volume-1273311990',encryption_key_id=None,group_id=None,group_type_id=,metadata={Type='work'},multiattach=False,project_id='7bd301819b2f4c86b2cbdbe17bb52d8e',qos_specs=None,replication_status=,reservations=['43411303-9f1f-4117-8892-7467dd3d85aa','efe44065-0157-46fc-a755-3241f6e45197','1a9c8554-4187-4dd2-a126-07affad2bac8','dc9abb26-a9de-43a9-8a76-cfa7c97a3802'],size=1,snapshot_id=None,source_replicaid=,source_volid=None,status='creating',user_id='f7ff0a37681d4dd59754f7ec58926a9a',volume_type_id=1584c210-da30-48e6-ba36-31ba102197d3), 'volume': Volume(_name_id=None,admin_metadata=,attach_status='detached',availability_zone='nova',bootable=False,cluster=,cluster_name=None,consistencygroup=,consistencygroup_id=None,created_at=2022-01-17T14:08:01Z,deleted=False,deleted_at=None,display_description=None,display_name='tempest-VolumesGetTestJSON-Volume-1273311990',ec2_id=None,encryption_key_id=None,glance_metadata=,group=,group_id=None,host=None,id=415c9cb4-e702-4fe1-8ce5-12c8274f902c,launched_at=None,metadata={Type='work'},migration_status=None,multiattach=False,previous_status=None,project_id='7bd301819b2f4c86b2cbdbe17bb52d8e',provider_auth=None,provider_geometry=None,provider_id=None,provider_location=None,replication_driver_data=None,replication_extended_status=None,replication_status=None,scheduled_at=None,service_uuid=None,shared_targets=True,size=1,snapshot_id=None,snapshots=,source_volid=None,status='creating',terminated_at=None,updated_at=None,use_quota=True,user_id='f7ff0a37681d4dd59754f7ec58926a9a',volume_attachment=VolumeAttachmentList,volume_type=VolumeType(1584c210-da30-48e6-ba36-31ba102197d3),volume_type_id=1584c210-da30-48e6-ba36-31ba102197d3)}' {{(pid=109631) _task_receiver /usr/local/lib/python3.8/dist-packages/taskflow/listeners/logging.py:178}}
Jan 17 14:08:01.350827 dv-cinder-824925-6-iscsi devstack@c-api.service[109631]: DEBUG cinder.volume.api [req-a91c8c87-4a9b-4e6e-a65d-8e79bb43d89a req-e2314f14-ad1c-4d60-a269-56ef94fbb38b tempest-VolumesGetTestJSON-321600656 tempest-VolumesGetTestJSON-321600656-project] Task 'cinder.volume.flows.api.create_volume.QuotaCommitTask;volume:create' (87411d2d-dd9d-4193-a579-868808317cc4) transitioned into state 'RUNNING' from state 'PENDING' {{(pid=109631) _task_receiver /usr/local/lib/python3.8/dist-packages/taskflow/listeners/logging.py:190}}
Jan 17 14:08:01.393649 dv-cinder-824925-6-iscsi devstack@c-api.service[109631]: DEBUG cinder.volume.api [req-a91c8c87-4a9b-4e6e-a65d-8e79bb43d89a req-e2314f14-ad1c-4d60-a269-56ef94fbb38b tempest-VolumesGetTestJSON-321600656 tempest-VolumesGetTestJSON-321600656-project] Task 'cinder.volume.flows.api.create_volume.QuotaCommitTask;volume:create' (87411d2d-dd9d-4193-a579-868808317cc4) transitioned into state 'SUCCESS' from state 'RUNNING' with result '{'volume_properties': VolumeProperties(attach_status='detached',availability_zone='nova',cgsnapshot_id=None,consistencygroup_id=None,display_description=None,display_name='tempest-VolumesGetTestJSON-Volume-1273311990',encryption_key_id=None,group_id=None,group_type_id=,metadata={Type='work'},multiattach=False,project_id='7bd301819b2f4c86b2cbdbe17bb52d8e',qos_specs=None,replication_status=,reservations=['43411303-9f1f-4117-8892-7467dd3d85aa','efe44065-0157-46fc-a755-3241f6e45197','1a9c8554-4187-4dd2-a126-07affad2bac8','dc9abb26-a9de-43a9-8a76-cfa7c97a3802'],size=1,snapshot_id=None,source_replicaid=,source_volid=None,status='creating',user_id='f7ff0a37681d4dd59754f7ec58926a9a',volume_type_id=1584c210-da30-48e6-ba36-31ba102197d3)}' {{(pid=109631) _task_receiver /usr/local/lib/python3.8/dist-packages/taskflow/listeners/logging.py:178}}
Jan 17 14:08:01.399034 dv-cinder-824925-6-iscsi devstack@c-api.service[109631]: DEBUG cinder.volume.api [req-a91c8c87-4a9b-4e6e-a65d-8e79bb43d89a req-e2314f14-ad1c-4d60-a269-56ef94fbb38b tempest-VolumesGetTestJSON-321600656 tempest-VolumesGetTestJSON-321600656-project] Task 'cinder.volume.flows.api.create_volume.VolumeCastTask;volume:create' (edd71248-7ca8-4276-9a0f-05cc52827cdf) transitioned into state 'RUNNING' from state 'PENDING' {{(pid=109631) _task_receiver /usr/local/lib/python3.8/dist-packages/taskflow/listeners/logging.py:190}}
Jan 17 14:08:01.465739 dv-cinder-824925-6-iscsi devstack@c-api.service[109632]: INFO cinder.api.openstack.wsgi [None req-61acb8b9-4f66-4886-af7f-95220a95c2c2 tempest-GroupSnapshotsV319Test-1194259957 tempest-GroupSnapshotsV319Test-1194259957-project] POST http://10.222.0.42/volume/v3/e6b549330c784ece90aaf5f159d34107/groups
Jan 17 14:08:01.467519 dv-cinder-824925-6-iscsi devstack@c-api.service[109632]: DEBUG cinder.api.openstack.wsgi [None req-61acb8b9-4f66-4886-af7f-95220a95c2c2 tempest-GroupSnapshotsV319Test-1194259957 tempest-GroupSnapshotsV319Test-1194259957-project] Action: 'create', calling method: version_select, body: {"group": {"group_type": "3624de7e-cdc8-47e2-aaea-2343f3d938e8", "volume_types": ["05133c18-d8ae-42e4-8d95-e71075edc633"], "name": "tempest-GroupSnapshotsV319Test-Group-1896986940"}} {{(pid=109632) _process_stack /opt/stack/cinder/cinder/api/openstack/wsgi.py:866}}
Jan 17 14:08:01.475592 dv-cinder-824925-6-iscsi devstack@c-api.service[109632]: DEBUG cinder.api.v3.groups [None req-61acb8b9-4f66-4886-af7f-95220a95c2c2 tempest-GroupSnapshotsV319Test-1194259957 tempest-GroupSnapshotsV319Test-1194259957-project] Creating new group {'group': {'group_type': '3624de7e-cdc8-47e2-aaea-2343f3d938e8', 'volume_types': ['05133c18-d8ae-42e4-8d95-e71075edc633'], 'name': 'tempest-GroupSnapshotsV319Test-Group-1896986940'}} {{(pid=109632) create /opt/stack/cinder/cinder/api/v3/groups.py:190}}
Jan 17 14:08:01.499474 dv-cinder-824925-6-iscsi devstack@c-api.service[109632]: INFO cinder.api.v3.groups [None req-61acb8b9-4f66-4886-af7f-95220a95c2c2 tempest-GroupSnapshotsV319Test-1194259957 tempest-GroupSnapshotsV319Test-1194259957-project] Creating group tempest-GroupSnapshotsV319Test-Group-1896986940.
Jan 17 14:08:01.516490 dv-cinder-824925-6-iscsi devstack@c-api.service[109631]: DEBUG cinder.volume.api [req-a91c8c87-4a9b-4e6e-a65d-8e79bb43d89a req-e2314f14-ad1c-4d60-a269-56ef94fbb38b tempest-VolumesGetTestJSON-321600656 tempest-VolumesGetTestJSON-321600656-project] Task 'cinder.volume.flows.api.create_volume.VolumeCastTask;volume:create' (edd71248-7ca8-4276-9a0f-05cc52827cdf) transitioned into state 'SUCCESS' from state 'RUNNING' with result 'None' {{(pid=109631) _task_receiver /usr/local/lib/python3.8/dist-packages/taskflow/listeners/logging.py:178}}
Jan 17 14:08:01.529849 dv-cinder-824925-6-iscsi devstack@c-api.service[109631]: DEBUG cinder.volume.api [req-a91c8c87-4a9b-4e6e-a65d-8e79bb43d89a req-e2314f14-ad1c-4d60-a269-56ef94fbb38b tempest-VolumesGetTestJSON-321600656 tempest-VolumesGetTestJSON-321600656-project] Flow 'volume_create_api' (bbb0438d-1a1c-401e-ac1d-f87829ca46d5) transitioned into state 'SUCCESS' from state 'RUNNING' {{(pid=109631) _flow_receiver /usr/local/lib/python3.8/dist-packages/taskflow/listeners/logging.py:141}}
Jan 17 14:08:01.531893 dv-cinder-824925-6-iscsi devstack@c-api.service[109631]: INFO cinder.volume.api [req-a91c8c87-4a9b-4e6e-a65d-8e79bb43d89a req-e2314f14-ad1c-4d60-a269-56ef94fbb38b tempest-VolumesGetTestJSON-321600656 tempest-VolumesGetTestJSON-321600656-project] Create volume request issued successfully.
Jan 17 14:08:01.538792 dv-cinder-824925-6-iscsi devstack@c-api.service[109631]: INFO cinder.api.openstack.wsgi [req-a91c8c87-4a9b-4e6e-a65d-8e79bb43d89a req-e2314f14-ad1c-4d60-a269-56ef94fbb38b tempest-VolumesGetTestJSON-321600656 tempest-VolumesGetTestJSON-321600656-project] http://10.222.0.42/volume/v3/7bd301819b2f4c86b2cbdbe17bb52d8e/volumes returned with HTTP 202
Jan 17 14:08:01.543542 dv-cinder-824925-6-iscsi devstack@c-api.service[109631]: [pid: 109631|app: 0|req: 12/19] 10.222.0.42 () {64 vars in 1521 bytes} [Mon Jan 17 14:08:00 2022] POST /volume/v3/7bd301819b2f4c86b2cbdbe17bb52d8e/volumes => generated 832 bytes in 924 msecs (HTTP/1.1 202) 7 headers in 291 bytes (1 switches on core 0)
Jan 17 14:08:01.559077 dv-cinder-824925-6-iscsi devstack@c-api.service[109631]: INFO cinder.api.openstack.wsgi [None req-b52acc32-21ff-4654-9640-ea1101887b2c tempest-GroupTypeSpecsTest-839505277 tempest-GroupTypeSpecsTest-839505277-project-admin] DELETE http://10.222.0.42/volume/v3/4004d8ce3de141d2b955e21f2ab37c53/group_types/b72408c6-196f-4680-b2ff-f26354599272/group_specs/key1
Jan 17 14:08:01.561208 dv-cinder-824925-6-iscsi devstack@c-api.service[109631]: DEBUG cinder.api.openstack.wsgi [None req-b52acc32-21ff-4654-9640-ea1101887b2c tempest-GroupTypeSpecsTest-839505277 tempest-GroupTypeSpecsTest-839505277-project-admin] Empty body provided in request {{(pid=109631) get_body /opt/stack/cinder/cinder/api/openstack/wsgi.py:715}}
Jan 17 14:08:01.562935 dv-cinder-824925-6-iscsi devstack@c-api.service[109631]: DEBUG cinder.api.openstack.wsgi [None req-b52acc32-21ff-4654-9640-ea1101887b2c tempest-GroupTypeSpecsTest-839505277 tempest-GroupTypeSpecsTest-839505277-project-admin] Calling method 'version_select' {{(pid=109631) _process_stack /opt/stack/cinder/cinder/api/openstack/wsgi.py:868}}
Jan 17 14:08:01.565369 dv-cinder-824925-6-iscsi devstack@c-api.service[109631]: /usr/local/lib/python3.8/dist-packages/oslo_context/context.py:105: DeprecationWarning: Policy enforcement is depending on the value of is_admin. This key is deprecated. Please update your policy file to use the standard policy values.
Jan 17 14:08:01.565369 dv-cinder-824925-6-iscsi devstack@c-api.service[109631]: warnings.warn('Policy enforcement is depending on the value of '
Jan 17 14:08:01.591134 dv-cinder-824925-6-iscsi devstack@c-api.service[109632]: DEBUG cinder.volume.api [None req-61acb8b9-4f66-4886-af7f-95220a95c2c2 tempest-GroupSnapshotsV319Test-1194259957 tempest-GroupSnapshotsV319Test-1194259957-project] Availability zone cache updated, next update will occur around 2022-01-17 15:08:01.589743. {{(pid=109632) list_availability_zones /opt/stack/cinder/cinder/volume/api.py:151}}
Jan 17 14:08:01.591621 dv-cinder-824925-6-iscsi devstack@c-api.service[109632]: INFO cinder.volume.api [None req-61acb8b9-4f66-4886-af7f-95220a95c2c2 tempest-GroupSnapshotsV319Test-1194259957 tempest-GroupSnapshotsV319Test-1194259957-project] Availability Zones retrieved successfully.
Jan 17 14:08:01.614513 dv-cinder-824925-6-iscsi devstack@c-api.service[109631]: INFO cinder.api.openstack.wsgi [None req-b52acc32-21ff-4654-9640-ea1101887b2c tempest-GroupTypeSpecsTest-839505277 tempest-GroupTypeSpecsTest-839505277-project-admin] http://10.222.0.42/volume/v3/4004d8ce3de141d2b955e21f2ab37c53/group_types/b72408c6-196f-4680-b2ff-f26354599272/group_specs/key1 returned with HTTP 202
Jan 17 14:08:01.631012 dv-cinder-824925-6-iscsi devstack@c-api.service[109631]: [pid: 109631|app: 0|req: 13/20] 10.222.0.42 () {60 vars in 1431 bytes} [Mon Jan 17 14:08:01 2022] DELETE /volume/v3/4004d8ce3de141d2b955e21f2ab37c53/group_types/b72408c6-196f-4680-b2ff-f26354599272/group_specs/key1 => generated 0 bytes in 81 msecs (HTTP/1.1 202) 6 headers in 234 bytes (1 switches on core 0)
Jan 17 14:08:01.641207 dv-cinder-824925-6-iscsi devstack@c-api.service[109631]: INFO cinder.api.openstack.wsgi [req-a91c8c87-4a9b-4e6e-a65d-8e79bb43d89a req-047f844a-fb96-4dab-8c88-2a3390f2f422 tempest-VolumesGetTestJSON-321600656 tempest-VolumesGetTestJSON-321600656-project] GET http://10.222.0.42/volume/v3/7bd301819b2f4c86b2cbdbe17bb52d8e/volumes/415c9cb4-e702-4fe1-8ce5-12c8274f902c
Jan 17 14:08:01.641903 dv-cinder-824925-6-iscsi devstack@c-api.service[109631]: DEBUG cinder.api.openstack.wsgi [req-a91c8c87-4a9b-4e6e-a65d-8e79bb43d89a req-047f844a-fb96-4dab-8c88-2a3390f2f422 tempest-VolumesGetTestJSON-321600656 tempest-VolumesGetTestJSON-321600656-project] Empty body provided in request {{(pid=109631) get_body /opt/stack/cinder/cinder/api/openstack/wsgi.py:715}}
Jan 17 14:08:01.642577 dv-cinder-824925-6-iscsi devstack@c-api.service[109631]: DEBUG cinder.api.openstack.wsgi [req-a91c8c87-4a9b-4e6e-a65d-8e79bb43d89a req-047f844a-fb96-4dab-8c88-2a3390f2f422 tempest-VolumesGetTestJSON-321600656 tempest-VolumesGetTestJSON-321600656-project] Calling method 'show' {{(pid=109631) _process_stack /opt/stack/cinder/cinder/api/openstack/wsgi.py:868}}
Jan 17 14:08:01.663042 dv-cinder-824925-6-iscsi devstack@c-api.service[109632]: DEBUG cinder.quota [None req-61acb8b9-4f66-4886-af7f-95220a95c2c2 tempest-GroupSnapshotsV319Test-1194259957 tempest-GroupSnapshotsV319Test-1194259957-project] Created reservations ['1dbeb6ae-780e-4162-9434-b70ac132db88'] {{(pid=109632) reserve /opt/stack/cinder/cinder/quota.py:755}}
Jan 17 14:08:01.681027 dv-cinder-824925-6-iscsi devstack@c-api.service[109631]: /usr/local/lib/python3.8/dist-packages/oslo_context/context.py:105: DeprecationWarning: Policy enforcement is depending on the value of is_admin. This key is deprecated. Please update your policy file to use the standard policy values.
Jan 17 14:08:01.681027 dv-cinder-824925-6-iscsi devstack@c-api.service[109631]: warnings.warn('Policy enforcement is depending on the value of '
Jan 17 14:08:01.711214 dv-cinder-824925-6-iscsi devstack@c-api.service[109631]: INFO cinder.volume.api [req-a91c8c87-4a9b-4e6e-a65d-8e79bb43d89a req-047f844a-fb96-4dab-8c88-2a3390f2f422 tempest-VolumesGetTestJSON-321600656 tempest-VolumesGetTestJSON-321600656-project] Volume info retrieved successfully.
Jan 17 14:08:01.725376 dv-cinder-824925-6-iscsi devstack@c-api.service[109631]: INFO cinder.api.openstack.wsgi [req-a91c8c87-4a9b-4e6e-a65d-8e79bb43d89a req-047f844a-fb96-4dab-8c88-2a3390f2f422 tempest-VolumesGetTestJSON-321600656 tempest-VolumesGetTestJSON-321600656-project] http://10.222.0.42/volume/v3/7bd301819b2f4c86b2cbdbe17bb52d8e/volumes/415c9cb4-e702-4fe1-8ce5-12c8274f902c returned with HTTP 200
Jan 17 14:08:01.738320 dv-cinder-824925-6-iscsi devstack@c-api.service[109631]: [pid: 109631|app: 0|req: 14/21] 10.222.0.42 () {60 vars in 1578 bytes} [Mon Jan 17 14:08:01 2022] GET /volume/v3/7bd301819b2f4c86b2cbdbe17bb52d8e/volumes/415c9cb4-e702-4fe1-8ce5-12c8274f902c => generated 900 bytes in 106 msecs (HTTP/1.1 200) 7 headers in 285 bytes (1 switches on core 0)
Jan 17 14:08:01.742263 dv-cinder-824925-6-iscsi devstack@c-api.service[109632]: INFO cinder.api.openstack.wsgi [None req-61acb8b9-4f66-4886-af7f-95220a95c2c2 tempest-GroupSnapshotsV319Test-1194259957 tempest-GroupSnapshotsV319Test-1194259957-project] http://10.222.0.42/volume/v3/e6b549330c784ece90aaf5f159d34107/groups returned with HTTP 202
Jan 17 14:08:01.751964 dv-cinder-824925-6-iscsi devstack@c-api.service[109632]: [pid: 109632|app: 0|req: 8/22] 10.222.0.42 () {62 vars in 1273 bytes} [Mon Jan 17 14:08:01 2022] POST /volume/v3/e6b549330c784ece90aaf5f159d34107/groups => generated 116 bytes in 543 msecs (HTTP/1.1 202) 7 headers in 292 bytes (1 switches on core 0)
Jan 17 14:08:01.764836 dv-cinder-824925-6-iscsi devstack@c-api.service[109631]: INFO cinder.api.openstack.wsgi [None req-0c8ac8a9-1ed4-4055-994d-a6406879ff4d tempest-GroupTypeSpecsTest-839505277 tempest-GroupTypeSpecsTest-839505277-project-admin] GET http://10.222.0.42/volume/v3/4004d8ce3de141d2b955e21f2ab37c53/group_types/b72408c6-196f-4680-b2ff-f26354599272/group_specs/key1
Jan 17 14:08:01.770003 dv-cinder-824925-6-iscsi devstack@c-api.service[109631]: DEBUG cinder.api.openstack.wsgi [None req-0c8ac8a9-1ed4-4055-994d-a6406879ff4d tempest-GroupTypeSpecsTest-839505277 tempest-GroupTypeSpecsTest-839505277-project-admin] Empty body provided in request {{(pid=109631) get_body /opt/stack/cinder/cinder/api/openstack/wsgi.py:715}}
Jan 17 14:08:01.770433 dv-cinder-824925-6-iscsi devstack@c-api.service[109632]: INFO cinder.api.openstack.wsgi [None req-36f2e45c-b6a0-4e6b-9f84-3f9607777200 tempest-GroupSnapshotsV319Test-1194259957 tempest-GroupSnapshotsV319Test-1194259957-project] GET http://10.222.0.42/volume/v3/e6b549330c784ece90aaf5f159d34107/groups/bb796324-1f7a-4b51-8493-a31ef267d2b7
Jan 17 14:08:01.770616 dv-cinder-824925-6-iscsi devstack@c-api.service[109631]: DEBUG cinder.api.openstack.wsgi [None req-0c8ac8a9-1ed4-4055-994d-a6406879ff4d tempest-GroupTypeSpecsTest-839505277 tempest-GroupTypeSpecsTest-839505277-project-admin] Calling method 'version_select' {{(pid=109631) _process_stack /opt/stack/cinder/cinder/api/openstack/wsgi.py:868}}
Jan 17 14:08:01.771547 dv-cinder-824925-6-iscsi devstack@c-api.service[109632]: DEBUG cinder.api.openstack.wsgi [None req-36f2e45c-b6a0-4e6b-9f84-3f9607777200 tempest-GroupSnapshotsV319Test-1194259957 tempest-GroupSnapshotsV319Test-1194259957-project] Empty body provided in request {{(pid=109632) get_body /opt/stack/cinder/cinder/api/openstack/wsgi.py:715}}
Jan 17 14:08:01.773833 dv-cinder-824925-6-iscsi devstack@c-api.service[109632]: DEBUG cinder.api.openstack.wsgi [None req-36f2e45c-b6a0-4e6b-9f84-3f9607777200 tempest-GroupSnapshotsV319Test-1194259957 tempest-GroupSnapshotsV319Test-1194259957-project] Calling method 'version_select' {{(pid=109632) _process_stack /opt/stack/cinder/cinder/api/openstack/wsgi.py:868}}
Jan 17 14:08:01.775697 dv-cinder-824925-6-iscsi devstack@c-api.service[109632]: DEBUG cinder.api.v3.groups [None req-36f2e45c-b6a0-4e6b-9f84-3f9607777200 tempest-GroupSnapshotsV319Test-1194259957 tempest-GroupSnapshotsV319Test-1194259957-project] show called for member bb796324-1f7a-4b51-8493-a31ef267d2b7 {{(pid=109632) show /opt/stack/cinder/cinder/api/v3/groups.py:58}}
Jan 17 14:08:01.795108 dv-cinder-824925-6-iscsi devstack@c-api.service[109632]: /usr/local/lib/python3.8/dist-packages/oslo_context/context.py:105: DeprecationWarning: Policy enforcement is depending on the value of is_admin. This key is deprecated. Please update your policy file to use the standard policy values.
Jan 17 14:08:01.795108 dv-cinder-824925-6-iscsi devstack@c-api.service[109632]: warnings.warn('Policy enforcement is depending on the value of '
Jan 17 14:08:01.798651 dv-cinder-824925-6-iscsi devstack@c-api.service[109631]: INFO cinder.api.openstack.wsgi [None req-0c8ac8a9-1ed4-4055-994d-a6406879ff4d tempest-GroupTypeSpecsTest-839505277 tempest-GroupTypeSpecsTest-839505277-project-admin] HTTP exception thrown: Group Type b72408c6-196f-4680-b2ff-f26354599272 has no extra spec with key key1.
Jan 17 14:08:01.801703 dv-cinder-824925-6-iscsi devstack@c-api.service[109631]: INFO cinder.api.openstack.wsgi [None req-0c8ac8a9-1ed4-4055-994d-a6406879ff4d tempest-GroupTypeSpecsTest-839505277 tempest-GroupTypeSpecsTest-839505277-project-admin] http://10.222.0.42/volume/v3/4004d8ce3de141d2b955e21f2ab37c53/group_types/b72408c6-196f-4680-b2ff-f26354599272/group_specs/key1 returned with HTTP 404
Jan 17 14:08:01.808472 dv-cinder-824925-6-iscsi devstack@c-api.service[109631]: [pid: 109631|app: 0|req: 15/23] 10.222.0.42 () {60 vars in 1428 bytes} [Mon Jan 17 14:08:01 2022] GET /volume/v3/4004d8ce3de141d2b955e21f2ab37c53/group_types/b72408c6-196f-4680-b2ff-f26354599272/group_specs/key1 => generated 126 bytes in 69 msecs (HTTP/1.1 404) 7 headers in 293 bytes (1 switches on core 0)
Jan 17 14:08:01.819764 dv-cinder-824925-6-iscsi devstack@c-api.service[109631]: INFO cinder.api.openstack.wsgi [None req-ff24a4ff-320d-49bd-8a47-b2b30cc8346e tempest-GroupTypeSpecsTest-839505277 tempest-GroupTypeSpecsTest-839505277-project-admin] DELETE http://10.222.0.42/volume/v3/4004d8ce3de141d2b955e21f2ab37c53/group_types/b72408c6-196f-4680-b2ff-f26354599272
Jan 17 14:08:01.820337 dv-cinder-824925-6-iscsi devstack@c-api.service[109631]: DEBUG cinder.api.openstack.wsgi [None req-ff24a4ff-320d-49bd-8a47-b2b30cc8346e tempest-GroupTypeSpecsTest-839505277 tempest-GroupTypeSpecsTest-839505277-project-admin] Empty body provided in request {{(pid=109631) get_body /opt/stack/cinder/cinder/api/openstack/wsgi.py:715}}
Jan 17 14:08:01.829107 dv-cinder-824925-6-iscsi devstack@c-api.service[109631]: DEBUG cinder.api.openstack.wsgi [None req-ff24a4ff-320d-49bd-8a47-b2b30cc8346e tempest-GroupTypeSpecsTest-839505277 tempest-GroupTypeSpecsTest-839505277-project-admin] Calling method 'version_select' {{(pid=109631) _process_stack /opt/stack/cinder/cinder/api/openstack/wsgi.py:868}}
Jan 17 14:08:01.845123 dv-cinder-824925-6-iscsi devstack@c-api.service[109632]: INFO cinder.api.openstack.wsgi [None req-36f2e45c-b6a0-4e6b-9f84-3f9607777200 tempest-GroupSnapshotsV319Test-1194259957 tempest-GroupSnapshotsV319Test-1194259957-project] http://10.222.0.42/volume/v3/e6b549330c784ece90aaf5f159d34107/groups/bb796324-1f7a-4b51-8493-a31ef267d2b7 returned with HTTP 200
Jan 17 14:08:01.846425 dv-cinder-824925-6-iscsi devstack@c-api.service[109632]: [pid: 109632|app: 0|req: 9/24] 10.222.0.42 () {60 vars in 1362 bytes} [Mon Jan 17 14:08:01 2022] GET /volume/v3/e6b549330c784ece90aaf5f159d34107/groups/bb796324-1f7a-4b51-8493-a31ef267d2b7 => generated 396 bytes in 93 msecs (HTTP/1.1 200) 7 headers in 286 bytes (1 switches on core 0)
Jan 17 14:08:01.875286 dv-cinder-824925-6-iscsi devstack@c-api.service[109631]: INFO cinder.api.openstack.wsgi [None req-ff24a4ff-320d-49bd-8a47-b2b30cc8346e tempest-GroupTypeSpecsTest-839505277 tempest-GroupTypeSpecsTest-839505277-project-admin] http://10.222.0.42/volume/v3/4004d8ce3de141d2b955e21f2ab37c53/group_types/b72408c6-196f-4680-b2ff-f26354599272 returned with HTTP 202
Jan 17 14:08:01.877029 dv-cinder-824925-6-iscsi devstack@c-api.service[109631]: [pid: 109631|app: 0|req: 16/25] 10.222.0.42 () {60 vars in 1380 bytes} [Mon Jan 17 14:08:01 2022] DELETE /volume/v3/4004d8ce3de141d2b955e21f2ab37c53/group_types/b72408c6-196f-4680-b2ff-f26354599272 => generated 0 bytes in 68 msecs (HTTP/1.1 202) 6 headers in 234 bytes (1 switches on core 0)
Jan 17 14:08:02.860899 dv-cinder-824925-6-iscsi devstack@c-api.service[109632]: INFO cinder.api.openstack.wsgi [None req-b76bc5b2-4143-40de-8997-91e8af539bdb tempest-GroupSnapshotsV319Test-1194259957 tempest-GroupSnapshotsV319Test-1194259957-project] GET http://10.222.0.42/volume/v3/e6b549330c784ece90aaf5f159d34107/groups/bb796324-1f7a-4b51-8493-a31ef267d2b7
Jan 17 14:08:02.862128 dv-cinder-824925-6-iscsi devstack@c-api.service[109632]: DEBUG cinder.api.openstack.wsgi [None req-b76bc5b2-4143-40de-8997-91e8af539bdb tempest-GroupSnapshotsV319Test-1194259957 tempest-GroupSnapshotsV319Test-1194259957-project] Empty body provided in request {{(pid=109632) get_body /opt/stack/cinder/cinder/api/openstack/wsgi.py:715}}
Jan 17 14:08:02.862682 dv-cinder-824925-6-iscsi devstack@c-api.service[109632]: DEBUG cinder.api.openstack.wsgi [None req-b76bc5b2-4143-40de-8997-91e8af539bdb tempest-GroupSnapshotsV319Test-1194259957 tempest-GroupSnapshotsV319Test-1194259957-project] Calling method 'version_select' {{(pid=109632) _process_stack /opt/stack/cinder/cinder/api/openstack/wsgi.py:868}}
Jan 17 14:08:02.863297 dv-cinder-824925-6-iscsi devstack@c-api.service[109632]: DEBUG cinder.api.v3.groups [None req-b76bc5b2-4143-40de-8997-91e8af539bdb tempest-GroupSnapshotsV319Test-1194259957 tempest-GroupSnapshotsV319Test-1194259957-project] show called for member bb796324-1f7a-4b51-8493-a31ef267d2b7 {{(pid=109632) show /opt/stack/cinder/cinder/api/v3/groups.py:58}}
Jan 17 14:08:02.870227 dv-cinder-824925-6-iscsi devstack@c-api.service[109632]: /usr/local/lib/python3.8/dist-packages/oslo_context/context.py:105: DeprecationWarning: Policy enforcement is depending on the value of is_admin. This key is deprecated. Please update your policy file to use the standard policy values.
Jan 17 14:08:02.870227 dv-cinder-824925-6-iscsi devstack@c-api.service[109632]: warnings.warn('Policy enforcement is depending on the value of '
Jan 17 14:08:02.889111 dv-cinder-824925-6-iscsi devstack@c-api.service[109632]: INFO cinder.api.openstack.wsgi [None req-b76bc5b2-4143-40de-8997-91e8af539bdb tempest-GroupSnapshotsV319Test-1194259957 tempest-GroupSnapshotsV319Test-1194259957-project] http://10.222.0.42/volume/v3/e6b549330c784ece90aaf5f159d34107/groups/bb796324-1f7a-4b51-8493-a31ef267d2b7 returned with HTTP 200
Jan 17 14:08:02.897353 dv-cinder-824925-6-iscsi devstack@c-api.service[109632]: [pid: 109632|app: 0|req: 10/26] 10.222.0.42 () {60 vars in 1362 bytes} [Mon Jan 17 14:08:02 2022] GET /volume/v3/e6b549330c784ece90aaf5f159d34107/groups/bb796324-1f7a-4b51-8493-a31ef267d2b7 => generated 397 bytes in 34 msecs (HTTP/1.1 200) 7 headers in 286 bytes (2 switches on core 0)
Jan 17 14:08:02.902298 dv-cinder-824925-6-iscsi devstack@c-api.service[109631]: INFO cinder.api.openstack.wsgi [None req-d88e413b-6b75-423f-9c2b-feafc2d4476c tempest-GroupSnapshotsV319Test-1194259957 tempest-GroupSnapshotsV319Test-1194259957-project] POST http://10.222.0.42/volume/v3/e6b549330c784ece90aaf5f159d34107/volumes
Jan 17 14:08:02.903113 dv-cinder-824925-6-iscsi devstack@c-api.service[109631]: DEBUG cinder.api.openstack.wsgi [None req-d88e413b-6b75-423f-9c2b-feafc2d4476c tempest-GroupSnapshotsV319Test-1194259957 tempest-GroupSnapshotsV319Test-1194259957-project] Action: 'create', calling method: create, body: {"volume": {"volume_type": "05133c18-d8ae-42e4-8d95-e71075edc633", "group_id": "bb796324-1f7a-4b51-8493-a31ef267d2b7", "size": 1, "name": "tempest-GroupSnapshotsV319Test-Volume-242618549"}} {{(pid=109631) _process_stack /opt/stack/cinder/cinder/api/openstack/wsgi.py:866}}
Jan 17 14:08:02.904870 dv-cinder-824925-6-iscsi devstack@c-api.service[109631]: DEBUG cinder.api.v3.volumes [None req-d88e413b-6b75-423f-9c2b-feafc2d4476c tempest-GroupSnapshotsV319Test-1194259957 tempest-GroupSnapshotsV319Test-1194259957-project] Create volume request body: {'volume': {'volume_type': '05133c18-d8ae-42e4-8d95-e71075edc633', 'group_id': 'bb796324-1f7a-4b51-8493-a31ef267d2b7', 'size': 1, 'name': 'tempest-GroupSnapshotsV319Test-Volume-242618549'}} {{(pid=109631) create /opt/stack/cinder/cinder/api/v3/volumes.py:298}}
Jan 17 14:08:02.933850 dv-cinder-824925-6-iscsi devstack@c-api.service[109631]: /usr/local/lib/python3.8/dist-packages/oslo_context/context.py:105: DeprecationWarning: Policy enforcement is depending on the value of is_admin. This key is deprecated. Please update your policy file to use the standard policy values.
Jan 17 14:08:02.933850 dv-cinder-824925-6-iscsi devstack@c-api.service[109631]: warnings.warn('Policy enforcement is depending on the value of '
Jan 17 14:08:02.936816 dv-cinder-824925-6-iscsi devstack@c-api.service[109631]: INFO cinder.api.v3.volumes [None req-d88e413b-6b75-423f-9c2b-feafc2d4476c tempest-GroupSnapshotsV319Test-1194259957 tempest-GroupSnapshotsV319Test-1194259957-project] Create volume of 1 GB
Jan 17 14:08:02.976813 dv-cinder-824925-6-iscsi devstack@c-api.service[109631]: INFO cinder.volume.api [None req-d88e413b-6b75-423f-9c2b-feafc2d4476c tempest-GroupSnapshotsV319Test-1194259957 tempest-GroupSnapshotsV319Test-1194259957-project] Availability Zones retrieved successfully.
Jan 17 14:08:02.997815 dv-cinder-824925-6-iscsi devstack@c-api.service[109631]: DEBUG cinder.volume.api [None req-d88e413b-6b75-423f-9c2b-feafc2d4476c tempest-GroupSnapshotsV319Test-1194259957 tempest-GroupSnapshotsV319Test-1194259957-project] Flow 'volume_create_api' (4170084e-428f-418f-abb4-71d5730095cb) transitioned into state 'RUNNING' from state 'PENDING' {{(pid=109631) _flow_receiver /usr/local/lib/python3.8/dist-packages/taskflow/listeners/logging.py:141}}
Jan 17 14:08:03.001430 dv-cinder-824925-6-iscsi devstack@c-api.service[109631]: DEBUG cinder.volume.api [None req-d88e413b-6b75-423f-9c2b-feafc2d4476c tempest-GroupSnapshotsV319Test-1194259957 tempest-GroupSnapshotsV319Test-1194259957-project] Task 'cinder.volume.flows.api.create_volume.ExtractVolumeRequestTask;volume:create' (fc4fd68c-1275-4688-a423-39061a7daf6a) transitioned into state 'RUNNING' from state 'PENDING' {{(pid=109631) _task_receiver /usr/local/lib/python3.8/dist-packages/taskflow/listeners/logging.py:190}}
Jan 17 14:08:03.004682 dv-cinder-824925-6-iscsi devstack@c-api.service[109631]: /usr/local/lib/python3.8/dist-packages/oslo_context/context.py:105: DeprecationWarning: Policy enforcement is depending on the value of is_admin. This key is deprecated. Please update your policy file to use the standard policy values.
Jan 17 14:08:03.004682 dv-cinder-824925-6-iscsi devstack@c-api.service[109631]: warnings.warn('Policy enforcement is depending on the value of '
Jan 17 14:08:03.006644 dv-cinder-824925-6-iscsi devstack@c-api.service[109631]: DEBUG cinder.volume.flows.api.create_volume [None req-d88e413b-6b75-423f-9c2b-feafc2d4476c tempest-GroupSnapshotsV319Test-1194259957 tempest-GroupSnapshotsV319Test-1194259957-project] Validating volume size '1' using validate_int {{(pid=109631) _extract_size /opt/stack/cinder/cinder/volume/flows/api/create_volume.py:225}}
Jan 17 14:08:03.031640 dv-cinder-824925-6-iscsi devstack@c-api.service[109631]: DEBUG cinder.volume.api [None req-d88e413b-6b75-423f-9c2b-feafc2d4476c tempest-GroupSnapshotsV319Test-1194259957 tempest-GroupSnapshotsV319Test-1194259957-project] Task 'cinder.volume.flows.api.create_volume.ExtractVolumeRequestTask;volume:create' (fc4fd68c-1275-4688-a423-39061a7daf6a) transitioned into state 'SUCCESS' from state 'RUNNING' with result '{'size': 1, 'snapshot_id': None, 'source_volid': None, 'volume_type': VolumeType(created_at=2022-01-17T14:08:01Z,deleted=False,deleted_at=None,description=None,extra_specs={},id=05133c18-d8ae-42e4-8d95-e71075edc633,is_public=True,name='tempest-GroupSnapshotsV319Test-volume-type-2119210400',projects=[],qos_specs=,qos_specs_id=None,updated_at=None), 'volume_type_id': '05133c18-d8ae-42e4-8d95-e71075edc633', 'encryption_key_id': None, 'qos_specs': None, 'consistencygroup_id': None, 'cgsnapshot_id': None, 'group_id': 'bb796324-1f7a-4b51-8493-a31ef267d2b7', 'replication_status': 'disabled', 'refresh_az': False, 'backup_id': None, 'multiattach': False, 'availability_zones': ['nova']}' {{(pid=109631) _task_receiver /usr/local/lib/python3.8/dist-packages/taskflow/listeners/logging.py:178}}
Jan 17 14:08:03.033833 dv-cinder-824925-6-iscsi devstack@c-api.service[109631]: DEBUG cinder.volume.api [None req-d88e413b-6b75-423f-9c2b-feafc2d4476c tempest-GroupSnapshotsV319Test-1194259957 tempest-GroupSnapshotsV319Test-1194259957-project] Task 'cinder.volume.flows.api.create_volume.QuotaReserveTask;volume:create' (07178b5d-9e48-45d0-b0a2-b49f99b36d5b) transitioned into state 'RUNNING' from state 'PENDING' {{(pid=109631) _task_receiver /usr/local/lib/python3.8/dist-packages/taskflow/listeners/logging.py:190}}
Jan 17 14:08:03.069052 dv-cinder-824925-6-iscsi devstack@c-api.service[109631]: WARNING cinder.quota [None req-d88e413b-6b75-423f-9c2b-feafc2d4476c tempest-GroupSnapshotsV319Test-1194259957 tempest-GroupSnapshotsV319Test-1194259957-project] Deprecated: Default quota for resource: volumes_tempest-GroupSnapshotsV319Test-volume-type-2119210400 is set by the default quota flag: quota_volumes_tempest-GroupSnapshotsV319Test-volume-type-2119210400, it is now deprecated. Please use the default quota class for default quota.
Jan 17 14:08:03.070023 dv-cinder-824925-6-iscsi devstack@c-api.service[109631]: WARNING cinder.quota [None req-d88e413b-6b75-423f-9c2b-feafc2d4476c tempest-GroupSnapshotsV319Test-1194259957 tempest-GroupSnapshotsV319Test-1194259957-project] Deprecated: Default quota for resource: gigabytes_tempest-GroupSnapshotsV319Test-volume-type-2119210400 is set by the default quota flag: quota_gigabytes_tempest-GroupSnapshotsV319Test-volume-type-2119210400, it is now deprecated. Please use the default quota class for default quota.
Jan 17 14:08:03.128294 dv-cinder-824925-6-iscsi devstack@c-api.service[109631]: DEBUG cinder.quota [None req-d88e413b-6b75-423f-9c2b-feafc2d4476c tempest-GroupSnapshotsV319Test-1194259957 tempest-GroupSnapshotsV319Test-1194259957-project] Created reservations ['b1c6e02e-4741-4d18-8102-1491350a57aa', 'bbded37e-8acb-4dc7-b91c-ef3cb2a15bfe', 'd3ae44cd-415c-40bc-bfe0-b7d81858402d', 'fcfd841e-e825-488d-a01e-e32956bab345'] {{(pid=109631) reserve /opt/stack/cinder/cinder/quota.py:755}}
Jan 17 14:08:03.131082 dv-cinder-824925-6-iscsi devstack@c-api.service[109631]: DEBUG cinder.volume.api [None req-d88e413b-6b75-423f-9c2b-feafc2d4476c tempest-GroupSnapshotsV319Test-1194259957 tempest-GroupSnapshotsV319Test-1194259957-project] Task 'cinder.volume.flows.api.create_volume.QuotaReserveTask;volume:create' (07178b5d-9e48-45d0-b0a2-b49f99b36d5b) transitioned into state 'SUCCESS' from state 'RUNNING' with result '{'reservations': ['b1c6e02e-4741-4d18-8102-1491350a57aa', 'bbded37e-8acb-4dc7-b91c-ef3cb2a15bfe', 'd3ae44cd-415c-40bc-bfe0-b7d81858402d', 'fcfd841e-e825-488d-a01e-e32956bab345']}' {{(pid=109631) _task_receiver /usr/local/lib/python3.8/dist-packages/taskflow/listeners/logging.py:178}}
Jan 17 14:08:03.134344 dv-cinder-824925-6-iscsi devstack@c-api.service[109631]: DEBUG cinder.volume.api [None req-d88e413b-6b75-423f-9c2b-feafc2d4476c tempest-GroupSnapshotsV319Test-1194259957 tempest-GroupSnapshotsV319Test-1194259957-project] Task 'cinder.volume.flows.api.create_volume.EntryCreateTask;volume:create' (9098a194-139f-4354-9b79-92e40e5656ab) transitioned into state 'RUNNING' from state 'PENDING' {{(pid=109631) _task_receiver /usr/local/lib/python3.8/dist-packages/taskflow/listeners/logging.py:190}}
Jan 17 14:08:03.167635 dv-cinder-824925-6-iscsi devstack@c-api.service[109631]: DEBUG cinder.volume.api [None req-d88e413b-6b75-423f-9c2b-feafc2d4476c tempest-GroupSnapshotsV319Test-1194259957 tempest-GroupSnapshotsV319Test-1194259957-project] Task 'cinder.volume.flows.api.create_volume.EntryCreateTask;volume:create' (9098a194-139f-4354-9b79-92e40e5656ab) transitioned into state 'SUCCESS' from state 'RUNNING' with result '{'volume_id': '45fca653-6eca-4eac-af64-90ae5908905c', 'volume_properties': VolumeProperties(attach_status='detached',availability_zone='nova',cgsnapshot_id=None,consistencygroup_id=None,display_description=None,display_name='tempest-GroupSnapshotsV319Test-Volume-242618549',encryption_key_id=None,group_id=bb796324-1f7a-4b51-8493-a31ef267d2b7,group_type_id=,metadata={},multiattach=False,project_id='e6b549330c784ece90aaf5f159d34107',qos_specs=None,replication_status=,reservations=['b1c6e02e-4741-4d18-8102-1491350a57aa','bbded37e-8acb-4dc7-b91c-ef3cb2a15bfe','d3ae44cd-415c-40bc-bfe0-b7d81858402d','fcfd841e-e825-488d-a01e-e32956bab345'],size=1,snapshot_id=None,source_replicaid=,source_volid=None,status='creating',user_id='c42e504cf0cf4e8292f1db590af6be54',volume_type_id=05133c18-d8ae-42e4-8d95-e71075edc633), 'volume': Volume(_name_id=None,admin_metadata=,attach_status='detached',availability_zone='nova',bootable=False,cluster=,cluster_name=None,consistencygroup=,consistencygroup_id=None,created_at=2022-01-17T14:08:03Z,deleted=False,deleted_at=None,display_description=None,display_name='tempest-GroupSnapshotsV319Test-Volume-242618549',ec2_id=None,encryption_key_id=None,glance_metadata=,group=,group_id=bb796324-1f7a-4b51-8493-a31ef267d2b7,host=None,id=45fca653-6eca-4eac-af64-90ae5908905c,launched_at=None,metadata={},migration_status=None,multiattach=False,previous_status=None,project_id='e6b549330c784ece90aaf5f159d34107',provider_auth=None,provider_geometry=None,provider_id=None,provider_location=None,replication_driver_data=None,replication_extended_status=None,replication_status=None,scheduled_at=None,service_uuid=None,shared_targets=True,size=1,snapshot_id=None,snapshots=,source_volid=None,status='creating',terminated_at=None,updated_at=None,use_quota=True,user_id='c42e504cf0cf4e8292f1db590af6be54',volume_attachment=VolumeAttachmentList,volume_type=VolumeType(05133c18-d8ae-42e4-8d95-e71075edc633),volume_type_id=05133c18-d8ae-42e4-8d95-e71075edc633)}' {{(pid=109631) _task_receiver /usr/local/lib/python3.8/dist-packages/taskflow/listeners/logging.py:178}}
Jan 17 14:08:03.170004 dv-cinder-824925-6-iscsi devstack@c-api.service[109631]: DEBUG cinder.volume.api [None req-d88e413b-6b75-423f-9c2b-feafc2d4476c tempest-GroupSnapshotsV319Test-1194259957 tempest-GroupSnapshotsV319Test-1194259957-project] Task 'cinder.volume.flows.api.create_volume.QuotaCommitTask;volume:create' (dcb7809b-cf51-4e88-a241-405cb7f78e79) transitioned into state 'RUNNING' from state 'PENDING' {{(pid=109631) _task_receiver /usr/local/lib/python3.8/dist-packages/taskflow/listeners/logging.py:190}}
Jan 17 14:08:03.198207 dv-cinder-824925-6-iscsi devstack@c-api.service[109631]: DEBUG cinder.volume.api [None req-d88e413b-6b75-423f-9c2b-feafc2d4476c tempest-GroupSnapshotsV319Test-1194259957 tempest-GroupSnapshotsV319Test-1194259957-project] Task 'cinder.volume.flows.api.create_volume.QuotaCommitTask;volume:create' (dcb7809b-cf51-4e88-a241-405cb7f78e79) transitioned into state 'SUCCESS' from state 'RUNNING' with result '{'volume_properties': VolumeProperties(attach_status='detached',availability_zone='nova',cgsnapshot_id=None,consistencygroup_id=None,display_description=None,display_name='tempest-GroupSnapshotsV319Test-Volume-242618549',encryption_key_id=None,group_id=bb796324-1f7a-4b51-8493-a31ef267d2b7,group_type_id=,metadata={},multiattach=False,project_id='e6b549330c784ece90aaf5f159d34107',qos_specs=None,replication_status=,reservations=['b1c6e02e-4741-4d18-8102-1491350a57aa','bbded37e-8acb-4dc7-b91c-ef3cb2a15bfe','d3ae44cd-415c-40bc-bfe0-b7d81858402d','fcfd841e-e825-488d-a01e-e32956bab345'],size=1,snapshot_id=None,source_replicaid=,source_volid=None,status='creating',user_id='c42e504cf0cf4e8292f1db590af6be54',volume_type_id=05133c18-d8ae-42e4-8d95-e71075edc633)}' {{(pid=109631) _task_receiver /usr/local/lib/python3.8/dist-packages/taskflow/listeners/logging.py:178}}
Jan 17 14:08:03.201124 dv-cinder-824925-6-iscsi devstack@c-api.service[109631]: DEBUG cinder.volume.api [None req-d88e413b-6b75-423f-9c2b-feafc2d4476c tempest-GroupSnapshotsV319Test-1194259957 tempest-GroupSnapshotsV319Test-1194259957-project] Task 'cinder.volume.flows.api.create_volume.VolumeCastTask;volume:create' (907f34d1-2a54-477b-a32b-bcdf4082c597) transitioned into state 'RUNNING' from state 'PENDING' {{(pid=109631) _task_receiver /usr/local/lib/python3.8/dist-packages/taskflow/listeners/logging.py:190}}
Jan 17 14:08:03.245603 dv-cinder-824925-6-iscsi devstack@c-api.service[109631]: DEBUG cinder.volume.api [None req-d88e413b-6b75-423f-9c2b-feafc2d4476c tempest-GroupSnapshotsV319Test-1194259957 tempest-GroupSnapshotsV319Test-1194259957-project] Task 'cinder.volume.flows.api.create_volume.VolumeCastTask;volume:create' (907f34d1-2a54-477b-a32b-bcdf4082c597) transitioned into state 'SUCCESS' from state 'RUNNING' with result 'None' {{(pid=109631) _task_receiver /usr/local/lib/python3.8/dist-packages/taskflow/listeners/logging.py:178}}
Jan 17 14:08:03.256725 dv-cinder-824925-6-iscsi devstack@c-api.service[109631]: DEBUG cinder.volume.api [None req-d88e413b-6b75-423f-9c2b-feafc2d4476c tempest-GroupSnapshotsV319Test-1194259957 tempest-GroupSnapshotsV319Test-1194259957-project] Flow 'volume_create_api' (4170084e-428f-418f-abb4-71d5730095cb) transitioned into state 'SUCCESS' from state 'RUNNING' {{(pid=109631) _flow_receiver /usr/local/lib/python3.8/dist-packages/taskflow/listeners/logging.py:141}}
Jan 17 14:08:03.257734 dv-cinder-824925-6-iscsi devstack@c-api.service[109631]: INFO cinder.volume.api [None req-d88e413b-6b75-423f-9c2b-feafc2d4476c tempest-GroupSnapshotsV319Test-1194259957 tempest-GroupSnapshotsV319Test-1194259957-project] Create volume request issued successfully.
Jan 17 14:08:03.259533 dv-cinder-824925-6-iscsi devstack@c-api.service[109631]: WARNING stevedore.named [None req-d88e413b-6b75-423f-9c2b-feafc2d4476c tempest-GroupSnapshotsV319Test-1194259957 tempest-GroupSnapshotsV319Test-1194259957-project] Could not load cinder.keymgr.conf_key_mgr.ConfKeyManager
Jan 17 14:08:03.259638 dv-cinder-824925-6-iscsi devstack@c-api.service[109631]: WARNING castellan.key_manager [None req-d88e413b-6b75-423f-9c2b-feafc2d4476c tempest-GroupSnapshotsV319Test-1194259957 tempest-GroupSnapshotsV319Test-1194259957-project] Deprecation Warning : cinder.keymgr.conf_key_mgr.ConfKeyManager is not a stevedore based driver, trying to load it as a class: stevedore.exception.NoMatches: No 'castellan.drivers' driver found, looking for 'cinder.keymgr.conf_key_mgr.ConfKeyManager'
Jan 17 14:08:03.272744 dv-cinder-824925-6-iscsi devstack@c-api.service[109631]: DEBUG oslo_db.sqlalchemy.engines [None req-d88e413b-6b75-423f-9c2b-feafc2d4476c tempest-GroupSnapshotsV319Test-1194259957 tempest-GroupSnapshotsV319Test-1194259957-project] MySQL server mode set to STRICT_TRANS_TABLES,STRICT_ALL_TABLES,NO_ZERO_IN_DATE,NO_ZERO_DATE,ERROR_FOR_DIVISION_BY_ZERO,TRADITIONAL,NO_ENGINE_SUBSTITUTION {{(pid=109631) _check_effective_sql_mode /usr/local/lib/python3.8/dist-packages/oslo_db/sqlalchemy/engines.py:314}}
Jan 17 14:08:03.284058 dv-cinder-824925-6-iscsi devstack@c-api.service[109631]: /usr/local/lib/python3.8/dist-packages/oslo_context/context.py:105: DeprecationWarning: Policy enforcement is depending on the value of is_admin. This key is deprecated. Please update your policy file to use the standard policy values.
Jan 17 14:08:03.284058 dv-cinder-824925-6-iscsi devstack@c-api.service[109631]: warnings.warn('Policy enforcement is depending on the value of '
