Jan 17 11:03:52.846129 dv-cinder-824911-1-iscsi devstack@c-api.service[110212]: /usr/local/lib/python3.8/dist-packages/oslo_context/context.py:105: DeprecationWarning: Policy enforcement is depending on the value of is_admin. This key is deprecated. Please update your policy file to use the standard policy values.
Jan 17 11:03:52.846129 dv-cinder-824911-1-iscsi devstack@c-api.service[110212]: warnings.warn('Policy enforcement is depending on the value of '
Jan 17 11:03:53.011180 dv-cinder-824911-1-iscsi devstack@c-api.service[110212]: INFO cinder.api.openstack.wsgi [None req-ff9035f6-e1ba-40ff-9136-4ffebb3b1550 tempest-GroupsV320Test-1480487880 tempest-GroupsV320Test-1480487880-project-admin] http://10.222.0.44/volume/v3/db39d88d4f0e42b0ac4295caaa19d51f/groups/0c9ce942-a587-49e8-a00a-f044570a6437/action returned with HTTP 202
Jan 17 11:03:53.011936 dv-cinder-824911-1-iscsi devstack@c-api.service[110212]: [pid: 110212|app: 0|req: 105/221] 10.222.0.44 () {62 vars in 1404 bytes} [Mon Jan 17 11:03:52 2022] POST /volume/v3/db39d88d4f0e42b0ac4295caaa19d51f/groups/0c9ce942-a587-49e8-a00a-f044570a6437/action => generated 0 bytes in 180 msecs (HTTP/1.1 202) 6 headers in 234 bytes (2 switches on core 0)
Jan 17 11:03:53.015768 dv-cinder-824911-1-iscsi devstack@c-api.service[110212]: INFO cinder.api.openstack.wsgi [None req-c9af9857-0b36-43de-80a4-4c269f20f533 tempest-DeleteServersTestJSON-1463540379 tempest-DeleteServersTestJSON-1463540379-project] POST http://10.222.0.44/volume/v3/a25bb672b93d4d69806f5a4dcf6a47aa/volumes
Jan 17 11:03:53.016534 dv-cinder-824911-1-iscsi devstack@c-api.service[110212]: DEBUG cinder.api.openstack.wsgi [None req-c9af9857-0b36-43de-80a4-4c269f20f533 tempest-DeleteServersTestJSON-1463540379 tempest-DeleteServersTestJSON-1463540379-project] Action: 'create', calling method: create, body: {"volume": {"size": 1, "display_name": "tempest-DeleteServersTestJSON-volume-546509384"}} {{(pid=110212) _process_stack /opt/stack/cinder/cinder/api/openstack/wsgi.py:866}}
Jan 17 11:03:53.017906 dv-cinder-824911-1-iscsi devstack@c-api.service[110212]: DEBUG cinder.api.v3.volumes [None req-c9af9857-0b36-43de-80a4-4c269f20f533 tempest-DeleteServersTestJSON-1463540379 tempest-DeleteServersTestJSON-1463540379-project] Create volume request body: {'volume': {'size': 1, 'display_name': 'tempest-DeleteServersTestJSON-volume-546509384'}} {{(pid=110212) create /opt/stack/cinder/cinder/api/v3/volumes.py:298}}
Jan 17 11:03:53.018297 dv-cinder-824911-1-iscsi devstack@c-api.service[110212]: INFO cinder.api.v3.volumes [None req-c9af9857-0b36-43de-80a4-4c269f20f533 tempest-DeleteServersTestJSON-1463540379 tempest-DeleteServersTestJSON-1463540379-project] Create volume of 1 GB
Jan 17 11:03:53.024822 dv-cinder-824911-1-iscsi devstack@c-api.service[110212]: INFO cinder.volume.api [None req-c9af9857-0b36-43de-80a4-4c269f20f533 tempest-DeleteServersTestJSON-1463540379 tempest-DeleteServersTestJSON-1463540379-project] Availability Zones retrieved successfully.
Jan 17 11:03:53.039640 dv-cinder-824911-1-iscsi devstack@c-api.service[110212]: DEBUG cinder.volume.api [None req-c9af9857-0b36-43de-80a4-4c269f20f533 tempest-DeleteServersTestJSON-1463540379 tempest-DeleteServersTestJSON-1463540379-project] Flow 'volume_create_api' (4a47bead-07a5-4315-9131-0612cca50336) transitioned into state 'RUNNING' from state 'PENDING' {{(pid=110212) _flow_receiver /usr/local/lib/python3.8/dist-packages/taskflow/listeners/logging.py:141}}
Jan 17 11:03:53.042430 dv-cinder-824911-1-iscsi devstack@c-api.service[110212]: DEBUG cinder.volume.api [None req-c9af9857-0b36-43de-80a4-4c269f20f533 tempest-DeleteServersTestJSON-1463540379 tempest-DeleteServersTestJSON-1463540379-project] Task 'cinder.volume.flows.api.create_volume.ExtractVolumeRequestTask;volume:create' (c181c406-9c2e-4277-8068-592e7bf7997c) transitioned into state 'RUNNING' from state 'PENDING' {{(pid=110212) _task_receiver /usr/local/lib/python3.8/dist-packages/taskflow/listeners/logging.py:190}}
Jan 17 11:03:53.044792 dv-cinder-824911-1-iscsi devstack@c-api.service[110212]: DEBUG cinder.volume.flows.api.create_volume [None req-c9af9857-0b36-43de-80a4-4c269f20f533 tempest-DeleteServersTestJSON-1463540379 tempest-DeleteServersTestJSON-1463540379-project] Validating volume size '1' using validate_int {{(pid=110212) _extract_size /opt/stack/cinder/cinder/volume/flows/api/create_volume.py:225}}
Jan 17 11:03:53.063925 dv-cinder-824911-1-iscsi devstack@c-api.service[110213]: INFO cinder.api.openstack.wsgi [None req-d60f0437-a4f4-4558-9fba-9de6ed68354a tempest-VolumeSnapshotQuotasNegativeTestJSON-857759464 tempest-VolumeSnapshotQuotasNegativeTestJSON-857759464-project-admin] http://10.222.0.44/volume/v3/5f2f50604f3840c58b8928865dececad/os-quota-sets/1194d38866c741abb73b7d9304eb658f returned with HTTP 200
Jan 17 11:03:53.064762 dv-cinder-824911-1-iscsi devstack@c-api.service[110213]: [pid: 110213|app: 0|req: 117/222] 10.222.0.44 () {60 vars in 1350 bytes} [Mon Jan 17 11:03:52 2022] PUT /volume/v3/5f2f50604f3840c58b8928865dececad/os-quota-sets/1194d38866c741abb73b7d9304eb658f => generated 712 bytes in 401 msecs (HTTP/1.1 200) 7 headers in 285 bytes (1 switches on core 0)
Jan 17 11:03:53.069591 dv-cinder-824911-1-iscsi devstack@c-api.service[110213]: INFO cinder.api.openstack.wsgi [None req-60a820d4-a988-4be7-bc5c-4dbf55e5f0ec tempest-GroupsV320Test-1160143323 tempest-GroupsV320Test-1160143323-project] GET http://10.222.0.44/volume/v3/645bca3232f64cad94742b7983a52a76/groups/0c9ce942-a587-49e8-a00a-f044570a6437
Jan 17 11:03:53.070232 dv-cinder-824911-1-iscsi devstack@c-api.service[110213]: DEBUG cinder.api.openstack.wsgi [None req-60a820d4-a988-4be7-bc5c-4dbf55e5f0ec tempest-GroupsV320Test-1160143323 tempest-GroupsV320Test-1160143323-project] Empty body provided in request {{(pid=110213) get_body /opt/stack/cinder/cinder/api/openstack/wsgi.py:715}}
Jan 17 11:03:53.070607 dv-cinder-824911-1-iscsi devstack@c-api.service[110213]: DEBUG cinder.api.openstack.wsgi [None req-60a820d4-a988-4be7-bc5c-4dbf55e5f0ec tempest-GroupsV320Test-1160143323 tempest-GroupsV320Test-1160143323-project] Calling method 'version_select' {{(pid=110213) _process_stack /opt/stack/cinder/cinder/api/openstack/wsgi.py:868}}
Jan 17 11:03:53.070941 dv-cinder-824911-1-iscsi devstack@c-api.service[110213]: DEBUG cinder.api.v3.groups [None req-60a820d4-a988-4be7-bc5c-4dbf55e5f0ec tempest-GroupsV320Test-1160143323 tempest-GroupsV320Test-1160143323-project] show called for member 0c9ce942-a587-49e8-a00a-f044570a6437 {{(pid=110213) show /opt/stack/cinder/cinder/api/v3/groups.py:58}}
Jan 17 11:03:53.075979 dv-cinder-824911-1-iscsi devstack@c-api.service[110213]: /usr/local/lib/python3.8/dist-packages/oslo_context/context.py:105: DeprecationWarning: Policy enforcement is depending on the value of is_admin. This key is deprecated. Please update your policy file to use the standard policy values.
Jan 17 11:03:53.075979 dv-cinder-824911-1-iscsi devstack@c-api.service[110213]: warnings.warn('Policy enforcement is depending on the value of '
Jan 17 11:03:53.080040 dv-cinder-824911-1-iscsi devstack@c-api.service[110212]: DEBUG cinder.volume.api [None req-c9af9857-0b36-43de-80a4-4c269f20f533 tempest-DeleteServersTestJSON-1463540379 tempest-DeleteServersTestJSON-1463540379-project] Task 'cinder.volume.flows.api.create_volume.ExtractVolumeRequestTask;volume:create' (c181c406-9c2e-4277-8068-592e7bf7997c) transitioned into state 'SUCCESS' from state 'RUNNING' with result '{'size': 1, 'snapshot_id': None, 'source_volid': None, 'volume_type': VolumeType(created_at=2022-01-17T10:48:01Z,deleted=False,deleted_at=None,description='Default Volume Type',extra_specs={},id=9af57b39-7cc0-45ed-9d30-3adf76b39366,is_public=True,name='__DEFAULT__',projects=[],qos_specs=,qos_specs_id=None,updated_at=2022-01-17T10:48:01Z), 'volume_type_id': '9af57b39-7cc0-45ed-9d30-3adf76b39366', 'encryption_key_id': None, 'qos_specs': None, 'consistencygroup_id': None, 'cgsnapshot_id': None, 'group_id': None, 'replication_status': 'disabled', 'refresh_az': False, 'backup_id': None, 'multiattach': False, 'availability_zones': ['nova']}' {{(pid=110212) _task_receiver /usr/local/lib/python3.8/dist-packages/taskflow/listeners/logging.py:178}}
Jan 17 11:03:53.082430 dv-cinder-824911-1-iscsi devstack@c-api.service[110212]: DEBUG cinder.volume.api [None req-c9af9857-0b36-43de-80a4-4c269f20f533 tempest-DeleteServersTestJSON-1463540379 tempest-DeleteServersTestJSON-1463540379-project] Task 'cinder.volume.flows.api.create_volume.QuotaReserveTask;volume:create' (e41113eb-dec8-4b29-a41b-880b8e2ac1a0) transitioned into state 'RUNNING' from state 'PENDING' {{(pid=110212) _task_receiver /usr/local/lib/python3.8/dist-packages/taskflow/listeners/logging.py:190}}
Jan 17 11:03:53.089615 dv-cinder-824911-1-iscsi devstack@c-api.service[110213]: INFO cinder.api.openstack.wsgi [None req-60a820d4-a988-4be7-bc5c-4dbf55e5f0ec tempest-GroupsV320Test-1160143323 tempest-GroupsV320Test-1160143323-project] http://10.222.0.44/volume/v3/645bca3232f64cad94742b7983a52a76/groups/0c9ce942-a587-49e8-a00a-f044570a6437 returned with HTTP 200
Jan 17 11:03:53.090382 dv-cinder-824911-1-iscsi devstack@c-api.service[110213]: [pid: 110213|app: 0|req: 118/223] 10.222.0.44 () {60 vars in 1362 bytes} [Mon Jan 17 11:03:53 2022] GET /volume/v3/645bca3232f64cad94742b7983a52a76/groups/0c9ce942-a587-49e8-a00a-f044570a6437 => generated 388 bytes in 25 msecs (HTTP/1.1 200) 7 headers in 286 bytes (1 switches on core 0)
Jan 17 11:03:53.193622 dv-cinder-824911-1-iscsi devstack@c-api.service[110213]: INFO cinder.api.openstack.wsgi [None req-dad52bab-daf7-4a84-ae98-b1ebc6528208 tempest-VolumeSnapshotQuotasNegativeTestJSON-418616716 tempest-VolumeSnapshotQuotasNegativeTestJSON-418616716-project] POST http://10.222.0.44/volume/v3/1194d38866c741abb73b7d9304eb658f/volumes
Jan 17 11:03:53.194364 dv-cinder-824911-1-iscsi devstack@c-api.service[110213]: DEBUG cinder.api.openstack.wsgi [None req-dad52bab-daf7-4a84-ae98-b1ebc6528208 tempest-VolumeSnapshotQuotasNegativeTestJSON-418616716 tempest-VolumeSnapshotQuotasNegativeTestJSON-418616716-project] Action: 'create', calling method: create, body: {"volume": {"size": 1, "name": "tempest-VolumeSnapshotQuotasNegativeTestJSON-Volume-1960143752"}} {{(pid=110213) _process_stack /opt/stack/cinder/cinder/api/openstack/wsgi.py:866}}
Jan 17 11:03:53.195308 dv-cinder-824911-1-iscsi devstack@c-api.service[110213]: DEBUG cinder.api.v3.volumes [None req-dad52bab-daf7-4a84-ae98-b1ebc6528208 tempest-VolumeSnapshotQuotasNegativeTestJSON-418616716 tempest-VolumeSnapshotQuotasNegativeTestJSON-418616716-project] Create volume request body: {'volume': {'size': 1, 'name': 'tempest-VolumeSnapshotQuotasNegativeTestJSON-Volume-1960143752'}} {{(pid=110213) create /opt/stack/cinder/cinder/api/v3/volumes.py:298}}
Jan 17 11:03:53.195618 dv-cinder-824911-1-iscsi devstack@c-api.service[110213]: INFO cinder.api.v3.volumes [None req-dad52bab-daf7-4a84-ae98-b1ebc6528208 tempest-VolumeSnapshotQuotasNegativeTestJSON-418616716 tempest-VolumeSnapshotQuotasNegativeTestJSON-418616716-project] Create volume of 1 GB
Jan 17 11:03:53.196259 dv-cinder-824911-1-iscsi devstack@c-api.service[110213]: /usr/local/lib/python3.8/dist-packages/oslo_context/context.py:105: DeprecationWarning: Policy enforcement is depending on the value of is_admin. This key is deprecated. Please update your policy file to use the standard policy values.
Jan 17 11:03:53.196259 dv-cinder-824911-1-iscsi devstack@c-api.service[110213]: warnings.warn('Policy enforcement is depending on the value of '
Jan 17 11:03:53.202146 dv-cinder-824911-1-iscsi devstack@c-api.service[110213]: INFO cinder.volume.api [None req-dad52bab-daf7-4a84-ae98-b1ebc6528208 tempest-VolumeSnapshotQuotasNegativeTestJSON-418616716 tempest-VolumeSnapshotQuotasNegativeTestJSON-418616716-project] Availability Zones retrieved successfully.
Jan 17 11:03:53.219842 dv-cinder-824911-1-iscsi devstack@c-api.service[110213]: DEBUG cinder.volume.api [None req-dad52bab-daf7-4a84-ae98-b1ebc6528208 tempest-VolumeSnapshotQuotasNegativeTestJSON-418616716 tempest-VolumeSnapshotQuotasNegativeTestJSON-418616716-project] Flow 'volume_create_api' (e57ef9cf-db57-47f9-a0bc-edaff700124d) transitioned into state 'RUNNING' from state 'PENDING' {{(pid=110213) _flow_receiver /usr/local/lib/python3.8/dist-packages/taskflow/listeners/logging.py:141}}
Jan 17 11:03:53.222601 dv-cinder-824911-1-iscsi devstack@c-api.service[110213]: DEBUG cinder.volume.api [None req-dad52bab-daf7-4a84-ae98-b1ebc6528208 tempest-VolumeSnapshotQuotasNegativeTestJSON-418616716 tempest-VolumeSnapshotQuotasNegativeTestJSON-418616716-project] Task 'cinder.volume.flows.api.create_volume.ExtractVolumeRequestTask;volume:create' (049a28a5-04cb-40b5-a46d-191533a8f35d) transitioned into state 'RUNNING' from state 'PENDING' {{(pid=110213) _task_receiver /usr/local/lib/python3.8/dist-packages/taskflow/listeners/logging.py:190}}
Jan 17 11:03:53.225591 dv-cinder-824911-1-iscsi devstack@c-api.service[110213]: DEBUG cinder.volume.flows.api.create_volume [None req-dad52bab-daf7-4a84-ae98-b1ebc6528208 tempest-VolumeSnapshotQuotasNegativeTestJSON-418616716 tempest-VolumeSnapshotQuotasNegativeTestJSON-418616716-project] Validating volume size '1' using validate_int {{(pid=110213) _extract_size /opt/stack/cinder/cinder/volume/flows/api/create_volume.py:225}}
Jan 17 11:03:53.256596 dv-cinder-824911-1-iscsi devstack@c-api.service[110213]: DEBUG cinder.volume.api [None req-dad52bab-daf7-4a84-ae98-b1ebc6528208 tempest-VolumeSnapshotQuotasNegativeTestJSON-418616716 tempest-VolumeSnapshotQuotasNegativeTestJSON-418616716-project] Task 'cinder.volume.flows.api.create_volume.ExtractVolumeRequestTask;volume:create' (049a28a5-04cb-40b5-a46d-191533a8f35d) transitioned into state 'SUCCESS' from state 'RUNNING' with result '{'size': 1, 'snapshot_id': None, 'source_volid': None, 'volume_type': VolumeType(created_at=2022-01-17T10:48:01Z,deleted=False,deleted_at=None,description='Default Volume Type',extra_specs={},id=9af57b39-7cc0-45ed-9d30-3adf76b39366,is_public=True,name='__DEFAULT__',projects=[],qos_specs=,qos_specs_id=None,updated_at=2022-01-17T10:48:01Z), 'volume_type_id': '9af57b39-7cc0-45ed-9d30-3adf76b39366', 'encryption_key_id': None, 'qos_specs': None, 'consistencygroup_id': None, 'cgsnapshot_id': None, 'group_id': None, 'replication_status': 'disabled', 'refresh_az': False, 'backup_id': None, 'multiattach': False, 'availability_zones': ['nova']}' {{(pid=110213) _task_receiver /usr/local/lib/python3.8/dist-packages/taskflow/listeners/logging.py:178}}
Jan 17 11:03:53.258634 dv-cinder-824911-1-iscsi devstack@c-api.service[110213]: DEBUG cinder.volume.api [None req-dad52bab-daf7-4a84-ae98-b1ebc6528208 tempest-VolumeSnapshotQuotasNegativeTestJSON-418616716 tempest-VolumeSnapshotQuotasNegativeTestJSON-418616716-project] Task 'cinder.volume.flows.api.create_volume.QuotaReserveTask;volume:create' (4b1b98d9-e0dd-4344-baa3-6ef08bef43b8) transitioned into state 'RUNNING' from state 'PENDING' {{(pid=110213) _task_receiver /usr/local/lib/python3.8/dist-packages/taskflow/listeners/logging.py:190}}
Jan 17 11:03:53.308159 dv-cinder-824911-1-iscsi devstack@c-api.service[110212]: DEBUG cinder.quota [None req-c9af9857-0b36-43de-80a4-4c269f20f533 tempest-DeleteServersTestJSON-1463540379 tempest-DeleteServersTestJSON-1463540379-project] Created reservations ['a663126b-a0b3-48e3-ba6a-d52ab10c6bc8', 'd5156fea-ff0c-40ee-8993-83850a1aa8df', 'ff8fe105-1b10-429a-ba48-a511f8f23864', 'e333d6db-4824-4ec8-a135-bddefcedbdcc'] {{(pid=110212) reserve /opt/stack/cinder/cinder/quota.py:755}}
Jan 17 11:03:53.310182 dv-cinder-824911-1-iscsi devstack@c-api.service[110212]: DEBUG cinder.volume.api [None req-c9af9857-0b36-43de-80a4-4c269f20f533 tempest-DeleteServersTestJSON-1463540379 tempest-DeleteServersTestJSON-1463540379-project] Task 'cinder.volume.flows.api.create_volume.QuotaReserveTask;volume:create' (e41113eb-dec8-4b29-a41b-880b8e2ac1a0) transitioned into state 'SUCCESS' from state 'RUNNING' with result '{'reservations': ['a663126b-a0b3-48e3-ba6a-d52ab10c6bc8', 'd5156fea-ff0c-40ee-8993-83850a1aa8df', 'ff8fe105-1b10-429a-ba48-a511f8f23864', 'e333d6db-4824-4ec8-a135-bddefcedbdcc']}' {{(pid=110212) _task_receiver /usr/local/lib/python3.8/dist-packages/taskflow/listeners/logging.py:178}}
Jan 17 11:03:53.312172 dv-cinder-824911-1-iscsi devstack@c-api.service[110212]: DEBUG cinder.volume.api [None req-c9af9857-0b36-43de-80a4-4c269f20f533 tempest-DeleteServersTestJSON-1463540379 tempest-DeleteServersTestJSON-1463540379-project] Task 'cinder.volume.flows.api.create_volume.EntryCreateTask;volume:create' (03998f75-7ce1-429d-a609-0664183ade79) transitioned into state 'RUNNING' from state 'PENDING' {{(pid=110212) _task_receiver /usr/local/lib/python3.8/dist-packages/taskflow/listeners/logging.py:190}}
Jan 17 11:03:53.476333 dv-cinder-824911-1-iscsi devstack@c-api.service[110212]: DEBUG cinder.volume.api [None req-c9af9857-0b36-43de-80a4-4c269f20f533 tempest-DeleteServersTestJSON-1463540379 tempest-DeleteServersTestJSON-1463540379-project] Task 'cinder.volume.flows.api.create_volume.EntryCreateTask;volume:create' (03998f75-7ce1-429d-a609-0664183ade79) transitioned into state 'SUCCESS' from state 'RUNNING' with result '{'volume_id': '5a51d92d-0e96-4823-9ab6-9a1f9ee88ec3', 'volume_properties': VolumeProperties(attach_status='detached',availability_zone='nova',cgsnapshot_id=None,consistencygroup_id=None,display_description=None,display_name='tempest-DeleteServersTestJSON-volume-546509384',encryption_key_id=None,group_id=None,group_type_id=,metadata={},multiattach=False,project_id='a25bb672b93d4d69806f5a4dcf6a47aa',qos_specs=None,replication_status=,reservations=['a663126b-a0b3-48e3-ba6a-d52ab10c6bc8','d5156fea-ff0c-40ee-8993-83850a1aa8df','ff8fe105-1b10-429a-ba48-a511f8f23864','e333d6db-4824-4ec8-a135-bddefcedbdcc'],size=1,snapshot_id=None,source_replicaid=,source_volid=None,status='creating',user_id='76ce3f1dbb9148d981eeb151f99db3a5',volume_type_id=9af57b39-7cc0-45ed-9d30-3adf76b39366), 'volume': Volume(_name_id=None,admin_metadata=,attach_status='detached',availability_zone='nova',bootable=False,cluster=,cluster_name=None,consistencygroup=,consistencygroup_id=None,created_at=2022-01-17T11:03:53Z,deleted=False,deleted_at=None,display_description=None,display_name='tempest-DeleteServersTestJSON-volume-546509384',ec2_id=None,encryption_key_id=None,glance_metadata=,group=,group_id=None,host=None,id=5a51d92d-0e96-4823-9ab6-9a1f9ee88ec3,launched_at=None,metadata={},migration_status=None,multiattach=False,previous_status=None,project_id='a25bb672b93d4d69806f5a4dcf6a47aa',provider_auth=None,provider_geometry=None,provider_id=None,provider_location=None,replication_driver_data=None,replication_extended_status=None,replication_status=None,scheduled_at=None,service_uuid=None,shared_targets=True,size=1,snapshot_id=None,snapshots=,source_volid=None,status='creating',terminated_at=None,updated_at=None,use_quota=True,user_id='76ce3f1dbb9148d981eeb151f99db3a5',volume_attachment=VolumeAttachmentList,volume_type=VolumeType(9af57b39-7cc0-45ed-9d30-3adf76b39366),volume_type_id=9af57b39-7cc0-45ed-9d30-3adf76b39366)}' {{(pid=110212) _task_receiver /usr/local/lib/python3.8/dist-packages/taskflow/listeners/logging.py:178}}
Jan 17 11:03:53.478286 dv-cinder-824911-1-iscsi devstack@c-api.service[110212]: DEBUG cinder.volume.api [None req-c9af9857-0b36-43de-80a4-4c269f20f533 tempest-DeleteServersTestJSON-1463540379 tempest-DeleteServersTestJSON-1463540379-project] Task 'cinder.volume.flows.api.create_volume.QuotaCommitTask;volume:create' (4079cc66-dc10-4533-a949-ecc0acf341d6) transitioned into state 'RUNNING' from state 'PENDING' {{(pid=110212) _task_receiver /usr/local/lib/python3.8/dist-packages/taskflow/listeners/logging.py:190}}
Jan 17 11:03:53.582533 dv-cinder-824911-1-iscsi devstack@c-api.service[110213]: DEBUG cinder.quota [None req-dad52bab-daf7-4a84-ae98-b1ebc6528208 tempest-VolumeSnapshotQuotasNegativeTestJSON-418616716 tempest-VolumeSnapshotQuotasNegativeTestJSON-418616716-project] Created reservations ['7a6b7e4e-8844-417f-a7c0-55843af98ceb', '7872b126-bbfd-430a-ab55-e999d019708f', '4a3c96e8-0de3-422a-8dbe-68b54bb8618e', '83d5d5d4-f645-466a-9710-9d96e2c3871f'] {{(pid=110213) reserve /opt/stack/cinder/cinder/quota.py:755}}
Jan 17 11:03:53.584294 dv-cinder-824911-1-iscsi devstack@c-api.service[110213]: DEBUG cinder.volume.api [None req-dad52bab-daf7-4a84-ae98-b1ebc6528208 tempest-VolumeSnapshotQuotasNegativeTestJSON-418616716 tempest-VolumeSnapshotQuotasNegativeTestJSON-418616716-project] Task 'cinder.volume.flows.api.create_volume.QuotaReserveTask;volume:create' (4b1b98d9-e0dd-4344-baa3-6ef08bef43b8) transitioned into state 'SUCCESS' from state 'RUNNING' with result '{'reservations': ['7a6b7e4e-8844-417f-a7c0-55843af98ceb', '7872b126-bbfd-430a-ab55-e999d019708f', '4a3c96e8-0de3-422a-8dbe-68b54bb8618e', '83d5d5d4-f645-466a-9710-9d96e2c3871f']}' {{(pid=110213) _task_receiver /usr/local/lib/python3.8/dist-packages/taskflow/listeners/logging.py:178}}
Jan 17 11:03:53.586273 dv-cinder-824911-1-iscsi devstack@c-api.service[110213]: DEBUG cinder.volume.api [None req-dad52bab-daf7-4a84-ae98-b1ebc6528208 tempest-VolumeSnapshotQuotasNegativeTestJSON-418616716 tempest-VolumeSnapshotQuotasNegativeTestJSON-418616716-project] Task 'cinder.volume.flows.api.create_volume.EntryCreateTask;volume:create' (7cf51b76-21f3-4eb4-ace3-abc6e64cd970) transitioned into state 'RUNNING' from state 'PENDING' {{(pid=110213) _task_receiver /usr/local/lib/python3.8/dist-packages/taskflow/listeners/logging.py:190}}
Jan 17 11:03:53.704956 dv-cinder-824911-1-iscsi devstack@c-api.service[110213]: DEBUG cinder.volume.api [None req-dad52bab-daf7-4a84-ae98-b1ebc6528208 tempest-VolumeSnapshotQuotasNegativeTestJSON-418616716 tempest-VolumeSnapshotQuotasNegativeTestJSON-418616716-project] Task 'cinder.volume.flows.api.create_volume.EntryCreateTask;volume:create' (7cf51b76-21f3-4eb4-ace3-abc6e64cd970) transitioned into state 'SUCCESS' from state 'RUNNING' with result '{'volume_id': '75f7d6f4-39fd-47fa-a1f8-67dbd213c605', 'volume_properties': VolumeProperties(attach_status='detached',availability_zone='nova',cgsnapshot_id=None,consistencygroup_id=None,display_description=None,display_name='tempest-VolumeSnapshotQuotasNegativeTestJSON-Volume-1960143752',encryption_key_id=None,group_id=None,group_type_id=,metadata={},multiattach=False,project_id='1194d38866c741abb73b7d9304eb658f',qos_specs=None,replication_status=,reservations=['7a6b7e4e-8844-417f-a7c0-55843af98ceb','7872b126-bbfd-430a-ab55-e999d019708f','4a3c96e8-0de3-422a-8dbe-68b54bb8618e','83d5d5d4-f645-466a-9710-9d96e2c3871f'],size=1,snapshot_id=None,source_replicaid=,source_volid=None,status='creating',user_id='a67a33d717ce4d8999b9cdeabf5c44d0',volume_type_id=9af57b39-7cc0-45ed-9d30-3adf76b39366), 'volume': Volume(_name_id=None,admin_metadata=,attach_status='detached',availability_zone='nova',bootable=False,cluster=,cluster_name=None,consistencygroup=,consistencygroup_id=None,created_at=2022-01-17T11:03:53Z,deleted=False,deleted_at=None,display_description=None,display_name='tempest-VolumeSnapshotQuotasNegativeTestJSON-Volume-1960143752',ec2_id=None,encryption_key_id=None,glance_metadata=,group=,group_id=None,host=None,id=75f7d6f4-39fd-47fa-a1f8-67dbd213c605,launched_at=None,metadata={},migration_status=None,multiattach=False,previous_status=None,project_id='1194d38866c741abb73b7d9304eb658f',provider_auth=None,provider_geometry=None,provider_id=None,provider_location=None,replication_driver_data=None,replication_extended_status=None,replication_status=None,scheduled_at=None,service_uuid=None,shared_targets=True,size=1,snapshot_id=None,snapshots=,source_volid=None,status='creating',terminated_at=None,updated_at=None,use_quota=True,user_id='a67a33d717ce4d8999b9cdeabf5c44d0',volume_attachment=VolumeAttachmentList,volume_type=VolumeType(9af57b39-7cc0-45ed-9d30-3adf76b39366),volume_type_id=9af57b39-7cc0-45ed-9d30-3adf76b39366)}' {{(pid=110213) _task_receiver /usr/local/lib/python3.8/dist-packages/taskflow/listeners/logging.py:178}}
Jan 17 11:03:53.707339 dv-cinder-824911-1-iscsi devstack@c-api.service[110213]: DEBUG cinder.volume.api [None req-dad52bab-daf7-4a84-ae98-b1ebc6528208 tempest-VolumeSnapshotQuotasNegativeTestJSON-418616716 tempest-VolumeSnapshotQuotasNegativeTestJSON-418616716-project] Task 'cinder.volume.flows.api.create_volume.QuotaCommitTask;volume:create' (045227ec-07ad-4b78-a5e1-37f80f7493dd) transitioned into state 'RUNNING' from state 'PENDING' {{(pid=110213) _task_receiver /usr/local/lib/python3.8/dist-packages/taskflow/listeners/logging.py:190}}
Jan 17 11:03:53.720509 dv-cinder-824911-1-iscsi devstack@c-api.service[110212]: DEBUG cinder.volume.api [None req-c9af9857-0b36-43de-80a4-4c269f20f533 tempest-DeleteServersTestJSON-1463540379 tempest-DeleteServersTestJSON-1463540379-project] Task 'cinder.volume.flows.api.create_volume.QuotaCommitTask;volume:create' (4079cc66-dc10-4533-a949-ecc0acf341d6) transitioned into state 'SUCCESS' from state 'RUNNING' with result '{'volume_properties': VolumeProperties(attach_status='detached',availability_zone='nova',cgsnapshot_id=None,consistencygroup_id=None,display_description=None,display_name='tempest-DeleteServersTestJSON-volume-546509384',encryption_key_id=None,group_id=None,group_type_id=,metadata={},multiattach=False,project_id='a25bb672b93d4d69806f5a4dcf6a47aa',qos_specs=None,replication_status=,reservations=['a663126b-a0b3-48e3-ba6a-d52ab10c6bc8','d5156fea-ff0c-40ee-8993-83850a1aa8df','ff8fe105-1b10-429a-ba48-a511f8f23864','e333d6db-4824-4ec8-a135-bddefcedbdcc'],size=1,snapshot_id=None,source_replicaid=,source_volid=None,status='creating',user_id='76ce3f1dbb9148d981eeb151f99db3a5',volume_type_id=9af57b39-7cc0-45ed-9d30-3adf76b39366)}' {{(pid=110212) _task_receiver /usr/local/lib/python3.8/dist-packages/taskflow/listeners/logging.py:178}}
Jan 17 11:03:53.723875 dv-cinder-824911-1-iscsi devstack@c-api.service[110212]: DEBUG cinder.volume.api [None req-c9af9857-0b36-43de-80a4-4c269f20f533 tempest-DeleteServersTestJSON-1463540379 tempest-DeleteServersTestJSON-1463540379-project] Task 'cinder.volume.flows.api.create_volume.VolumeCastTask;volume:create' (5234f65e-9afc-4ee9-a7ba-c7ed96274171) transitioned into state 'RUNNING' from state 'PENDING' {{(pid=110212) _task_receiver /usr/local/lib/python3.8/dist-packages/taskflow/listeners/logging.py:190}}
Jan 17 11:03:53.869613 dv-cinder-824911-1-iscsi devstack@c-api.service[110212]: DEBUG cinder.volume.api [None req-c9af9857-0b36-43de-80a4-4c269f20f533 tempest-DeleteServersTestJSON-1463540379 tempest-DeleteServersTestJSON-1463540379-project] Task 'cinder.volume.flows.api.create_volume.VolumeCastTask;volume:create' (5234f65e-9afc-4ee9-a7ba-c7ed96274171) transitioned into state 'SUCCESS' from state 'RUNNING' with result 'None' {{(pid=110212) _task_receiver /usr/local/lib/python3.8/dist-packages/taskflow/listeners/logging.py:178}}
Jan 17 11:03:53.872005 dv-cinder-824911-1-iscsi devstack@c-api.service[110212]: DEBUG cinder.volume.api [None req-c9af9857-0b36-43de-80a4-4c269f20f533 tempest-DeleteServersTestJSON-1463540379 tempest-DeleteServersTestJSON-1463540379-project] Flow 'volume_create_api' (4a47bead-07a5-4315-9131-0612cca50336) transitioned into state 'SUCCESS' from state 'RUNNING' {{(pid=110212) _flow_receiver /usr/local/lib/python3.8/dist-packages/taskflow/listeners/logging.py:141}}
Jan 17 11:03:53.872728 dv-cinder-824911-1-iscsi devstack@c-api.service[110212]: INFO cinder.volume.api [None req-c9af9857-0b36-43de-80a4-4c269f20f533 tempest-DeleteServersTestJSON-1463540379 tempest-DeleteServersTestJSON-1463540379-project] Create volume request issued successfully.
Jan 17 11:03:53.873873 dv-cinder-824911-1-iscsi devstack@c-api.service[110212]: INFO cinder.api.openstack.wsgi [None req-c9af9857-0b36-43de-80a4-4c269f20f533 tempest-DeleteServersTestJSON-1463540379 tempest-DeleteServersTestJSON-1463540379-project] http://10.222.0.44/volume/v3/a25bb672b93d4d69806f5a4dcf6a47aa/volumes returned with HTTP 202
Jan 17 11:03:53.874648 dv-cinder-824911-1-iscsi devstack@c-api.service[110212]: [pid: 110212|app: 0|req: 106/224] 10.222.0.44 () {60 vars in 1234 bytes} [Mon Jan 17 11:03:53 2022] POST /volume/v3/a25bb672b93d4d69806f5a4dcf6a47aa/volumes => generated 820 bytes in 862 msecs (HTTP/1.1 202) 7 headers in 291 bytes (1 switches on core 0)
Jan 17 11:03:53.879153 dv-cinder-824911-1-iscsi devstack@c-api.service[110212]: INFO cinder.api.openstack.wsgi [None req-97feec61-d2db-4026-84db-379153f50fc5 tempest-GroupsV320Test-1480487880 tempest-GroupsV320Test-1480487880-project-admin] POST http://10.222.0.44/volume/v3/db39d88d4f0e42b0ac4295caaa19d51f/groups/0c9ce942-a587-49e8-a00a-f044570a6437/action
Jan 17 11:03:53.879881 dv-cinder-824911-1-iscsi devstack@c-api.service[110212]: DEBUG cinder.api.openstack.wsgi [None req-97feec61-d2db-4026-84db-379153f50fc5 tempest-GroupsV320Test-1480487880 tempest-GroupsV320Test-1480487880-project-admin] Action body: b'{"reset_status": {"status": "available"}}' {{(pid=110212) get_method /opt/stack/cinder/cinder/api/openstack/wsgi.py:983}}
Jan 17 11:03:53.880759 dv-cinder-824911-1-iscsi devstack@c-api.service[110212]: DEBUG cinder.api.openstack.wsgi [None req-97feec61-d2db-4026-84db-379153f50fc5 tempest-GroupsV320Test-1480487880 tempest-GroupsV320Test-1480487880-project-admin] Action: 'action', calling method: reset_status, body: {"reset_status": {"status": "available"}} {{(pid=110212) _process_stack /opt/stack/cinder/cinder/api/openstack/wsgi.py:866}}
Jan 17 11:03:53.881152 dv-cinder-824911-1-iscsi devstack@c-api.service[110212]: DEBUG cinder.api.v3.groups [None req-97feec61-d2db-4026-84db-379153f50fc5 tempest-GroupsV320Test-1480487880 tempest-GroupsV320Test-1480487880-project-admin] Updating group '0c9ce942-a587-49e8-a00a-f044570a6437' with 'available' {{(pid=110212) _reset_status /opt/stack/cinder/cinder/api/v3/groups.py:82}}
Jan 17 11:03:53.886469 dv-cinder-824911-1-iscsi devstack@c-api.service[110212]: /usr/local/lib/python3.8/dist-packages/oslo_context/context.py:105: DeprecationWarning: Policy enforcement is depending on the value of is_admin. This key is deprecated. Please update your policy file to use the standard policy values.
Jan 17 11:03:53.886469 dv-cinder-824911-1-iscsi devstack@c-api.service[110212]: warnings.warn('Policy enforcement is depending on the value of '
Jan 17 11:03:53.926952 dv-cinder-824911-1-iscsi devstack@c-api.service[110213]: DEBUG cinder.volume.api [None req-dad52bab-daf7-4a84-ae98-b1ebc6528208 tempest-VolumeSnapshotQuotasNegativeTestJSON-418616716 tempest-VolumeSnapshotQuotasNegativeTestJSON-418616716-project] Task 'cinder.volume.flows.api.create_volume.QuotaCommitTask;volume:create' (045227ec-07ad-4b78-a5e1-37f80f7493dd) transitioned into state 'SUCCESS' from state 'RUNNING' with result '{'volume_properties': VolumeProperties(attach_status='detached',availability_zone='nova',cgsnapshot_id=None,consistencygroup_id=None,display_description=None,display_name='tempest-VolumeSnapshotQuotasNegativeTestJSON-Volume-1960143752',encryption_key_id=None,group_id=None,group_type_id=,metadata={},multiattach=False,project_id='1194d38866c741abb73b7d9304eb658f',qos_specs=None,replication_status=,reservations=['7a6b7e4e-8844-417f-a7c0-55843af98ceb','7872b126-bbfd-430a-ab55-e999d019708f','4a3c96e8-0de3-422a-8dbe-68b54bb8618e','83d5d5d4-f645-466a-9710-9d96e2c3871f'],size=1,snapshot_id=None,source_replicaid=,source_volid=None,status='creating',user_id='a67a33d717ce4d8999b9cdeabf5c44d0',volume_type_id=9af57b39-7cc0-45ed-9d30-3adf76b39366)}' {{(pid=110213) _task_receiver /usr/local/lib/python3.8/dist-packages/taskflow/listeners/logging.py:178}}
Jan 17 11:03:53.928697 dv-cinder-824911-1-iscsi devstack@c-api.service[110213]: DEBUG cinder.volume.api [None req-dad52bab-daf7-4a84-ae98-b1ebc6528208 tempest-VolumeSnapshotQuotasNegativeTestJSON-418616716 tempest-VolumeSnapshotQuotasNegativeTestJSON-418616716-project] Task 'cinder.volume.flows.api.create_volume.VolumeCastTask;volume:create' (84a256ca-2db1-4822-811b-9569fda6dc61) transitioned into state 'RUNNING' from state 'PENDING' {{(pid=110213) _task_receiver /usr/local/lib/python3.8/dist-packages/taskflow/listeners/logging.py:190}}
Jan 17 11:03:54.095061 dv-cinder-824911-1-iscsi devstack@c-api.service[110212]: INFO cinder.api.openstack.wsgi [None req-97feec61-d2db-4026-84db-379153f50fc5 tempest-GroupsV320Test-1480487880 tempest-GroupsV320Test-1480487880-project-admin] http://10.222.0.44/volume/v3/db39d88d4f0e42b0ac4295caaa19d51f/groups/0c9ce942-a587-49e8-a00a-f044570a6437/action returned with HTTP 202
Jan 17 11:03:54.095982 dv-cinder-824911-1-iscsi devstack@c-api.service[110212]: [pid: 110212|app: 0|req: 107/225] 10.222.0.44 () {62 vars in 1404 bytes} [Mon Jan 17 11:03:53 2022] POST /volume/v3/db39d88d4f0e42b0ac4295caaa19d51f/groups/0c9ce942-a587-49e8-a00a-f044570a6437/action => generated 0 bytes in 221 msecs (HTTP/1.1 202) 6 headers in 234 bytes (1 switches on core 0)
Jan 17 11:03:54.103469 dv-cinder-824911-1-iscsi devstack@c-api.service[110213]: DEBUG cinder.volume.api [None req-dad52bab-daf7-4a84-ae98-b1ebc6528208 tempest-VolumeSnapshotQuotasNegativeTestJSON-418616716 tempest-VolumeSnapshotQuotasNegativeTestJSON-418616716-project] Task 'cinder.volume.flows.api.create_volume.VolumeCastTask;volume:create' (84a256ca-2db1-4822-811b-9569fda6dc61) transitioned into state 'SUCCESS' from state 'RUNNING' with result 'None' {{(pid=110213) _task_receiver /usr/local/lib/python3.8/dist-packages/taskflow/listeners/logging.py:178}}
Jan 17 11:03:54.104393 dv-cinder-824911-1-iscsi devstack@c-api.service[110212]: INFO cinder.api.openstack.wsgi [None req-6e28e5b4-b9ed-4617-b602-f80dd0521cde tempest-VolumesActionsTest-693874249 tempest-VolumesActionsTest-693874249-project] GET http://10.222.0.44/volume/v3/6cb15f36b9a1494ab031adca820eb322/volumes/420e597c-eb85-40de-8efe-d7e179586b39
Jan 17 11:03:54.104831 dv-cinder-824911-1-iscsi devstack@c-api.service[110212]: DEBUG cinder.api.openstack.wsgi [None req-6e28e5b4-b9ed-4617-b602-f80dd0521cde tempest-VolumesActionsTest-693874249 tempest-VolumesActionsTest-693874249-project] Empty body provided in request {{(pid=110212) get_body /opt/stack/cinder/cinder/api/openstack/wsgi.py:715}}
Jan 17 11:03:54.106196 dv-cinder-824911-1-iscsi devstack@c-api.service[110213]: DEBUG cinder.volume.api [None req-dad52bab-daf7-4a84-ae98-b1ebc6528208 tempest-VolumeSnapshotQuotasNegativeTestJSON-418616716 tempest-VolumeSnapshotQuotasNegativeTestJSON-418616716-project] Flow 'volume_create_api' (e57ef9cf-db57-47f9-a0bc-edaff700124d) transitioned into state 'SUCCESS' from state 'RUNNING' {{(pid=110213) _flow_receiver /usr/local/lib/python3.8/dist-packages/taskflow/listeners/logging.py:141}}
Jan 17 11:03:54.106332 dv-cinder-824911-1-iscsi devstack@c-api.service[110212]: DEBUG cinder.api.openstack.wsgi [None req-6e28e5b4-b9ed-4617-b602-f80dd0521cde tempest-VolumesActionsTest-693874249 tempest-VolumesActionsTest-693874249-project] Calling method 'show' {{(pid=110212) _process_stack /opt/stack/cinder/cinder/api/openstack/wsgi.py:868}}
Jan 17 11:03:54.106870 dv-cinder-824911-1-iscsi devstack@c-api.service[110213]: INFO cinder.volume.api [None req-dad52bab-daf7-4a84-ae98-b1ebc6528208 tempest-VolumeSnapshotQuotasNegativeTestJSON-418616716 tempest-VolumeSnapshotQuotasNegativeTestJSON-418616716-project] Create volume request issued successfully.
Jan 17 11:03:54.112539 dv-cinder-824911-1-iscsi devstack@c-api.service[110213]: INFO cinder.api.openstack.wsgi [None req-dad52bab-daf7-4a84-ae98-b1ebc6528208 tempest-VolumeSnapshotQuotasNegativeTestJSON-418616716 tempest-VolumeSnapshotQuotasNegativeTestJSON-418616716-project] http://10.222.0.44/volume/v3/1194d38866c741abb73b7d9304eb658f/volumes returned with HTTP 202
Jan 17 11:03:54.112539 dv-cinder-824911-1-iscsi devstack@c-api.service[110213]: [pid: 110213|app: 0|req: 119/226] 10.222.0.44 () {60 vars in 1234 bytes} [Mon Jan 17 11:03:53 2022] POST /volume/v3/1194d38866c741abb73b7d9304eb658f/volumes => generated 836 bytes in 1018 msecs (HTTP/1.1 202) 7 headers in 291 bytes (1 switches on core 0)
Jan 17 11:03:54.114539 dv-cinder-824911-1-iscsi devstack@c-api.service[110213]: INFO cinder.api.openstack.wsgi [None req-8090718e-fa5f-4be5-bd2a-a7b9b434f6ec tempest-GroupSnapshotsV319Test-2088551648 tempest-GroupSnapshotsV319Test-2088551648-project] GET http://10.222.0.44/volume/v3/be55c40fc6d54ecdb8b14e873ab29b18/group_snapshots/14377b5a-3d73-4dd9-b97a-baf796ed28d9
Jan 17 11:03:54.115032 dv-cinder-824911-1-iscsi devstack@c-api.service[110213]: DEBUG cinder.api.openstack.wsgi [None req-8090718e-fa5f-4be5-bd2a-a7b9b434f6ec tempest-GroupSnapshotsV319Test-2088551648 tempest-GroupSnapshotsV319Test-2088551648-project] Empty body provided in request {{(pid=110213) get_body /opt/stack/cinder/cinder/api/openstack/wsgi.py:715}}
Jan 17 11:03:54.115680 dv-cinder-824911-1-iscsi devstack@c-api.service[110213]: DEBUG cinder.api.openstack.wsgi [None req-8090718e-fa5f-4be5-bd2a-a7b9b434f6ec tempest-GroupSnapshotsV319Test-2088551648 tempest-GroupSnapshotsV319Test-2088551648-project] Calling method 'version_select' {{(pid=110213) _process_stack /opt/stack/cinder/cinder/api/openstack/wsgi.py:868}}
Jan 17 11:03:54.120315 dv-cinder-824911-1-iscsi devstack@c-api.service[110213]: DEBUG cinder.api.v3.group_snapshots [None req-8090718e-fa5f-4be5-bd2a-a7b9b434f6ec tempest-GroupSnapshotsV319Test-2088551648 tempest-GroupSnapshotsV319Test-2088551648-project] show called for member 14377b5a-3d73-4dd9-b97a-baf796ed28d9 {{(pid=110213) show /opt/stack/cinder/cinder/api/v3/group_snapshots.py:58}}
Jan 17 11:03:54.125361 dv-cinder-824911-1-iscsi devstack@c-api.service[110213]: /usr/local/lib/python3.8/dist-packages/oslo_context/context.py:105: DeprecationWarning: Policy enforcement is depending on the value of is_admin. This key is deprecated. Please update your policy file to use the standard policy values.
Jan 17 11:03:54.125361 dv-cinder-824911-1-iscsi devstack@c-api.service[110213]: warnings.warn('Policy enforcement is depending on the value of '
Jan 17 11:03:54.135036 dv-cinder-824911-1-iscsi devstack@c-api.service[110212]: /usr/local/lib/python3.8/dist-packages/oslo_context/context.py:105: DeprecationWarning: Policy enforcement is depending on the value of is_admin. This key is deprecated. Please update your policy file to use the standard policy values.
Jan 17 11:03:54.135036 dv-cinder-824911-1-iscsi devstack@c-api.service[110212]: warnings.warn('Policy enforcement is depending on the value of '
Jan 17 11:03:54.135224 dv-cinder-824911-1-iscsi devstack@c-api.service[110213]: INFO cinder.api.openstack.wsgi [None req-8090718e-fa5f-4be5-bd2a-a7b9b434f6ec tempest-GroupSnapshotsV319Test-2088551648 tempest-GroupSnapshotsV319Test-2088551648-project] http://10.222.0.44/volume/v3/be55c40fc6d54ecdb8b14e873ab29b18/group_snapshots/14377b5a-3d73-4dd9-b97a-baf796ed28d9 returned with HTTP 200
Jan 17 11:03:54.135224 dv-cinder-824911-1-iscsi devstack@c-api.service[110213]: [pid: 110213|app: 0|req: 120/227] 10.222.0.44 () {60 vars in 1389 bytes} [Mon Jan 17 11:03:54 2022] GET /volume/v3/be55c40fc6d54ecdb8b14e873ab29b18/group_snapshots/14377b5a-3d73-4dd9-b97a-baf796ed28d9 => generated 330 bytes in 25 msecs (HTTP/1.1 200) 7 headers in 286 bytes (1 switches on core 0)
Jan 17 11:03:54.139006 dv-cinder-824911-1-iscsi devstack@c-api.service[110213]: INFO cinder.api.openstack.wsgi [None req-05c8a541-2d08-4911-8ac2-e9a6b1500bce tempest-DeleteServersTestJSON-1463540379 tempest-DeleteServersTestJSON-1463540379-project] GET http://10.222.0.44/volume/v3/a25bb672b93d4d69806f5a4dcf6a47aa/volumes/5a51d92d-0e96-4823-9ab6-9a1f9ee88ec3
Jan 17 11:03:54.139567 dv-cinder-824911-1-iscsi devstack@c-api.service[110213]: DEBUG cinder.api.openstack.wsgi [None req-05c8a541-2d08-4911-8ac2-e9a6b1500bce tempest-DeleteServersTestJSON-1463540379 tempest-DeleteServersTestJSON-1463540379-project] Empty body provided in request {{(pid=110213) get_body /opt/stack/cinder/cinder/api/openstack/wsgi.py:715}}
Jan 17 11:03:54.140136 dv-cinder-824911-1-iscsi devstack@c-api.service[110213]: DEBUG cinder.api.openstack.wsgi [None req-05c8a541-2d08-4911-8ac2-e9a6b1500bce tempest-DeleteServersTestJSON-1463540379 tempest-DeleteServersTestJSON-1463540379-project] Calling method 'show' {{(pid=110213) _process_stack /opt/stack/cinder/cinder/api/openstack/wsgi.py:868}}
Jan 17 11:03:54.141372 dv-cinder-824911-1-iscsi devstack@c-api.service[110212]: INFO cinder.volume.api [None req-6e28e5b4-b9ed-4617-b602-f80dd0521cde tempest-VolumesActionsTest-693874249 tempest-VolumesActionsTest-693874249-project] Volume info retrieved successfully.
Jan 17 11:03:54.151055 dv-cinder-824911-1-iscsi devstack@c-api.service[110212]: INFO cinder.api.openstack.wsgi [None req-6e28e5b4-b9ed-4617-b602-f80dd0521cde tempest-VolumesActionsTest-693874249 tempest-VolumesActionsTest-693874249-project] http://10.222.0.44/volume/v3/6cb15f36b9a1494ab031adca820eb322/volumes/420e597c-eb85-40de-8efe-d7e179586b39 returned with HTTP 200
Jan 17 11:03:54.160770 dv-cinder-824911-1-iscsi devstack@c-api.service[110212]: [pid: 110212|app: 0|req: 108/228] 10.222.0.44 () {58 vars in 1324 bytes} [Mon Jan 17 11:03:54 2022] GET /volume/v3/6cb15f36b9a1494ab031adca820eb322/volumes/420e597c-eb85-40de-8efe-d7e179586b39 => generated 909 bytes in 52 msecs (HTTP/1.1 200) 7 headers in 285 bytes (1 switches on core 0)
Jan 17 11:03:54.160933 dv-cinder-824911-1-iscsi devstack@c-api.service[110213]: /usr/local/lib/python3.8/dist-packages/oslo_context/context.py:105: DeprecationWarning: Policy enforcement is depending on the value of is_admin. This key is deprecated. Please update your policy file to use the standard policy values.
Jan 17 11:03:54.160933 dv-cinder-824911-1-iscsi devstack@c-api.service[110213]: warnings.warn('Policy enforcement is depending on the value of '
Jan 17 11:03:54.161082 dv-cinder-824911-1-iscsi devstack@c-api.service[110212]: INFO cinder.api.openstack.wsgi [None req-a4fde98a-0728-44c7-a273-79a1eb847002 tempest-GroupsV320Test-1160143323 tempest-GroupsV320Test-1160143323-project] GET http://10.222.0.44/volume/v3/645bca3232f64cad94742b7983a52a76/groups/0c9ce942-a587-49e8-a00a-f044570a6437
Jan 17 11:03:54.161082 dv-cinder-824911-1-iscsi devstack@c-api.service[110212]: DEBUG cinder.api.openstack.wsgi [None req-a4fde98a-0728-44c7-a273-79a1eb847002 tempest-GroupsV320Test-1160143323 tempest-GroupsV320Test-1160143323-project] Empty body provided in request {{(pid=110212) get_body /opt/stack/cinder/cinder/api/openstack/wsgi.py:715}}
Jan 17 11:03:54.161082 dv-cinder-824911-1-iscsi devstack@c-api.service[110212]: DEBUG cinder.api.openstack.wsgi [None req-a4fde98a-0728-44c7-a273-79a1eb847002 tempest-GroupsV320Test-1160143323 tempest-GroupsV320Test-1160143323-project] Calling method 'version_select' {{(pid=110212) _process_stack /opt/stack/cinder/cinder/api/openstack/wsgi.py:868}}
Jan 17 11:03:54.161082 dv-cinder-824911-1-iscsi devstack@c-api.service[110212]: DEBUG cinder.api.v3.groups [None req-a4fde98a-0728-44c7-a273-79a1eb847002 tempest-GroupsV320Test-1160143323 tempest-GroupsV320Test-1160143323-project] show called for member 0c9ce942-a587-49e8-a00a-f044570a6437 {{(pid=110212) show /opt/stack/cinder/cinder/api/v3/groups.py:58}}
Jan 17 11:03:54.163426 dv-cinder-824911-1-iscsi devstack@c-api.service[110212]: /usr/local/lib/python3.8/dist-packages/oslo_context/context.py:105: DeprecationWarning: Policy enforcement is depending on the value of is_admin. This key is deprecated. Please update your policy file to use the standard policy values.
Jan 17 11:03:54.163426 dv-cinder-824911-1-iscsi devstack@c-api.service[110212]: warnings.warn('Policy enforcement is depending on the value of '
Jan 17 11:03:54.165332 dv-cinder-824911-1-iscsi devstack@c-api.service[110213]: INFO cinder.volume.api [None req-05c8a541-2d08-4911-8ac2-e9a6b1500bce tempest-DeleteServersTestJSON-1463540379 tempest-DeleteServersTestJSON-1463540379-project] Volume info retrieved successfully.
Jan 17 11:03:54.173830 dv-cinder-824911-1-iscsi devstack@c-api.service[110213]: INFO cinder.api.openstack.wsgi [None req-05c8a541-2d08-4911-8ac2-e9a6b1500bce tempest-DeleteServersTestJSON-1463540379 tempest-DeleteServersTestJSON-1463540379-project] http://10.222.0.44/volume/v3/a25bb672b93d4d69806f5a4dcf6a47aa/volumes/5a51d92d-0e96-4823-9ab6-9a1f9ee88ec3 returned with HTTP 200
Jan 17 11:03:54.179647 dv-cinder-824911-1-iscsi devstack@c-api.service[110213]: [pid: 110213|app: 0|req: 121/229] 10.222.0.44 () {58 vars in 1324 bytes} [Mon Jan 17 11:03:54 2022] GET /volume/v3/a25bb672b93d4d69806f5a4dcf6a47aa/volumes/5a51d92d-0e96-4823-9ab6-9a1f9ee88ec3 => generated 888 bytes in 40 msecs (HTTP/1.1 200) 7 headers in 285 bytes (1 switches on core 0)
Jan 17 11:03:54.179647 dv-cinder-824911-1-iscsi devstack@c-api.service[110213]: INFO cinder.api.openstack.wsgi [None req-95e4f144-1cec-4244-8e2e-4e496e81eb6e tempest-VolumeSnapshotQuotasNegativeTestJSON-418616716 tempest-VolumeSnapshotQuotasNegativeTestJSON-418616716-project] GET http://10.222.0.44/volume/v3/1194d38866c741abb73b7d9304eb658f/volumes/75f7d6f4-39fd-47fa-a1f8-67dbd213c605
Jan 17 11:03:54.179647 dv-cinder-824911-1-iscsi devstack@c-api.service[110213]: DEBUG cinder.api.openstack.wsgi [None req-95e4f144-1cec-4244-8e2e-4e496e81eb6e tempest-VolumeSnapshotQuotasNegativeTestJSON-418616716 tempest-VolumeSnapshotQuotasNegativeTestJSON-418616716-project] Empty body provided in request {{(pid=110213) get_body /opt/stack/cinder/cinder/api/openstack/wsgi.py:715}}
Jan 17 11:03:54.179647 dv-cinder-824911-1-iscsi devstack@c-api.service[110213]: DEBUG cinder.api.openstack.wsgi [None req-95e4f144-1cec-4244-8e2e-4e496e81eb6e tempest-VolumeSnapshotQuotasNegativeTestJSON-418616716 tempest-VolumeSnapshotQuotasNegativeTestJSON-418616716-project] Calling method 'show' {{(pid=110213) _process_stack /opt/stack/cinder/cinder/api/openstack/wsgi.py:868}}
Jan 17 11:03:54.180541 dv-cinder-824911-1-iscsi devstack@c-api.service[110212]: INFO cinder.api.openstack.wsgi [None req-a4fde98a-0728-44c7-a273-79a1eb847002 tempest-GroupsV320Test-1160143323 tempest-GroupsV320Test-1160143323-project] http://10.222.0.44/volume/v3/645bca3232f64cad94742b7983a52a76/groups/0c9ce942-a587-49e8-a00a-f044570a6437 returned with HTTP 200
Jan 17 11:03:54.181629 dv-cinder-824911-1-iscsi devstack@c-api.service[110212]: [pid: 110212|app: 0|req: 109/230] 10.222.0.44 () {60 vars in 1362 bytes} [Mon Jan 17 11:03:54 2022] GET /volume/v3/645bca3232f64cad94742b7983a52a76/groups/0c9ce942-a587-49e8-a00a-f044570a6437 => generated 389 bytes in 29 msecs (HTTP/1.1 200) 7 headers in 286 bytes (1 switches on core 0)
Jan 17 11:03:54.191387 dv-cinder-824911-1-iscsi devstack@c-api.service[110212]: INFO cinder.api.openstack.wsgi [None req-052c4837-56d3-4934-9858-f1581a932ee6 tempest-GroupsV320Test-1480487880 tempest-GroupsV320Test-1480487880-project-admin] POST http://10.222.0.44/volume/v3/db39d88d4f0e42b0ac4295caaa19d51f/groups/0c9ce942-a587-49e8-a00a-f044570a6437/action
Jan 17 11:03:54.192119 dv-cinder-824911-1-iscsi devstack@c-api.service[110212]: DEBUG cinder.api.openstack.wsgi [None req-052c4837-56d3-4934-9858-f1581a932ee6 tempest-GroupsV320Test-1480487880 tempest-GroupsV320Test-1480487880-project-admin] Action body: b'{"reset_status": {"status": "error"}}' {{(pid=110212) get_method /opt/stack/cinder/cinder/api/openstack/wsgi.py:983}}
Jan 17 11:03:54.192438 dv-cinder-824911-1-iscsi devstack@c-api.service[110212]: DEBUG cinder.api.openstack.wsgi [None req-052c4837-56d3-4934-9858-f1581a932ee6 tempest-GroupsV320Test-1480487880 tempest-GroupsV320Test-1480487880-project-admin] Action: 'action', calling method: reset_status, body: {"reset_status": {"status": "error"}} {{(pid=110212) _process_stack /opt/stack/cinder/cinder/api/openstack/wsgi.py:866}}
Jan 17 11:03:54.193217 dv-cinder-824911-1-iscsi devstack@c-api.service[110212]: DEBUG cinder.api.v3.groups [None req-052c4837-56d3-4934-9858-f1581a932ee6 tempest-GroupsV320Test-1480487880 tempest-GroupsV320Test-1480487880-project-admin] Updating group '0c9ce942-a587-49e8-a00a-f044570a6437' with 'error' {{(pid=110212) _reset_status /opt/stack/cinder/cinder/api/v3/groups.py:82}}
Jan 17 11:03:54.195100 dv-cinder-824911-1-iscsi devstack@c-api.service[110213]: /usr/local/lib/python3.8/dist-packages/oslo_context/context.py:105: DeprecationWarning: Policy enforcement is depending on the value of is_admin. This key is deprecated. Please update your policy file to use the standard policy values.
Jan 17 11:03:54.195100 dv-cinder-824911-1-iscsi devstack@c-api.service[110213]: warnings.warn('Policy enforcement is depending on the value of '
Jan 17 11:03:54.198446 dv-cinder-824911-1-iscsi devstack@c-api.service[110212]: /usr/local/lib/python3.8/dist-packages/oslo_context/context.py:105: DeprecationWarning: Policy enforcement is depending on the value of is_admin. This key is deprecated. Please update your policy file to use the standard policy values.
Jan 17 11:03:54.198446 dv-cinder-824911-1-iscsi devstack@c-api.service[110212]: warnings.warn('Policy enforcement is depending on the value of '
Jan 17 11:03:54.202163 dv-cinder-824911-1-iscsi devstack@c-api.service[110213]: INFO cinder.volume.api [None req-95e4f144-1cec-4244-8e2e-4e496e81eb6e tempest-VolumeSnapshotQuotasNegativeTestJSON-418616716 tempest-VolumeSnapshotQuotasNegativeTestJSON-418616716-project] Volume info retrieved successfully.
Jan 17 11:03:54.210244 dv-cinder-824911-1-iscsi devstack@c-api.service[110213]: INFO cinder.api.openstack.wsgi [None req-95e4f144-1cec-4244-8e2e-4e496e81eb6e tempest-VolumeSnapshotQuotasNegativeTestJSON-418616716 tempest-VolumeSnapshotQuotasNegativeTestJSON-418616716-project] http://10.222.0.44/volume/v3/1194d38866c741abb73b7d9304eb658f/volumes/75f7d6f4-39fd-47fa-a1f8-67dbd213c605 returned with HTTP 200
