Jan 17 11:03:56.365795 dv-cinder-824911-1-iscsi devstack@c-api.service[110212]: [pid: 110212|app: 0|req: 118/250] 10.222.0.44 () {62 vars in 1431 bytes} [Mon Jan 17 11:03:56 2022] POST /volume/v3/7b55cc2a6e174f13af92b269232b50ce/group_snapshots/14377b5a-3d73-4dd9-b97a-baf796ed28d9/action => generated 0 bytes in 101 msecs (HTTP/1.1 202) 6 headers in 234 bytes (1 switches on core 0)
Jan 17 11:03:56.372769 dv-cinder-824911-1-iscsi devstack@c-api.service[110213]: INFO cinder.api.openstack.wsgi [None req-6751b980-5fd0-4180-8556-bfa57a2471c5 tempest-GroupSnapshotsV319Test-2088551648 tempest-GroupSnapshotsV319Test-2088551648-project] GET http://10.222.0.44/volume/v3/be55c40fc6d54ecdb8b14e873ab29b18/group_snapshots/14377b5a-3d73-4dd9-b97a-baf796ed28d9
Jan 17 11:03:56.373483 dv-cinder-824911-1-iscsi devstack@c-api.service[110213]: DEBUG cinder.api.openstack.wsgi [None req-6751b980-5fd0-4180-8556-bfa57a2471c5 tempest-GroupSnapshotsV319Test-2088551648 tempest-GroupSnapshotsV319Test-2088551648-project] Empty body provided in request {{(pid=110213) get_body /opt/stack/cinder/cinder/api/openstack/wsgi.py:715}}
Jan 17 11:03:56.373954 dv-cinder-824911-1-iscsi devstack@c-api.service[110213]: DEBUG cinder.api.openstack.wsgi [None req-6751b980-5fd0-4180-8556-bfa57a2471c5 tempest-GroupSnapshotsV319Test-2088551648 tempest-GroupSnapshotsV319Test-2088551648-project] Calling method 'version_select' {{(pid=110213) _process_stack /opt/stack/cinder/cinder/api/openstack/wsgi.py:868}}
Jan 17 11:03:56.374319 dv-cinder-824911-1-iscsi devstack@c-api.service[110213]: DEBUG cinder.api.v3.group_snapshots [None req-6751b980-5fd0-4180-8556-bfa57a2471c5 tempest-GroupSnapshotsV319Test-2088551648 tempest-GroupSnapshotsV319Test-2088551648-project] show called for member 14377b5a-3d73-4dd9-b97a-baf796ed28d9 {{(pid=110213) show /opt/stack/cinder/cinder/api/v3/group_snapshots.py:58}}
Jan 17 11:03:56.379804 dv-cinder-824911-1-iscsi devstack@c-api.service[110213]: /usr/local/lib/python3.8/dist-packages/oslo_context/context.py:105: DeprecationWarning: Policy enforcement is depending on the value of is_admin. This key is deprecated. Please update your policy file to use the standard policy values.
Jan 17 11:03:56.379804 dv-cinder-824911-1-iscsi devstack@c-api.service[110213]: warnings.warn('Policy enforcement is depending on the value of '
Jan 17 11:03:56.385110 dv-cinder-824911-1-iscsi devstack@c-api.service[110213]: INFO cinder.api.openstack.wsgi [None req-6751b980-5fd0-4180-8556-bfa57a2471c5 tempest-GroupSnapshotsV319Test-2088551648 tempest-GroupSnapshotsV319Test-2088551648-project] http://10.222.0.44/volume/v3/be55c40fc6d54ecdb8b14e873ab29b18/group_snapshots/14377b5a-3d73-4dd9-b97a-baf796ed28d9 returned with HTTP 200
Jan 17 11:03:56.385801 dv-cinder-824911-1-iscsi devstack@c-api.service[110213]: [pid: 110213|app: 0|req: 133/251] 10.222.0.44 () {60 vars in 1389 bytes} [Mon Jan 17 11:03:56 2022] GET /volume/v3/be55c40fc6d54ecdb8b14e873ab29b18/group_snapshots/14377b5a-3d73-4dd9-b97a-baf796ed28d9 => generated 330 bytes in 17 msecs (HTTP/1.1 200) 7 headers in 286 bytes (1 switches on core 0)
Jan 17 11:03:56.398723 dv-cinder-824911-1-iscsi devstack@c-api.service[110212]: INFO cinder.api.openstack.wsgi [None req-929ef3b0-6ff6-425c-9982-04287b53dff4 tempest-GroupSnapshotsV319Test-1359578151 tempest-GroupSnapshotsV319Test-1359578151-project-admin] POST http://10.222.0.44/volume/v3/7b55cc2a6e174f13af92b269232b50ce/group_snapshots/14377b5a-3d73-4dd9-b97a-baf796ed28d9/action
Jan 17 11:03:56.399503 dv-cinder-824911-1-iscsi devstack@c-api.service[110212]: DEBUG cinder.api.openstack.wsgi [None req-929ef3b0-6ff6-425c-9982-04287b53dff4 tempest-GroupSnapshotsV319Test-1359578151 tempest-GroupSnapshotsV319Test-1359578151-project-admin] Action body: b'{"reset_status": {"status": "available"}}' {{(pid=110212) get_method /opt/stack/cinder/cinder/api/openstack/wsgi.py:983}}
Jan 17 11:03:56.399828 dv-cinder-824911-1-iscsi devstack@c-api.service[110212]: DEBUG cinder.api.openstack.wsgi [None req-929ef3b0-6ff6-425c-9982-04287b53dff4 tempest-GroupSnapshotsV319Test-1359578151 tempest-GroupSnapshotsV319Test-1359578151-project-admin] Action: 'action', calling method: reset_status, body: {"reset_status": {"status": "available"}} {{(pid=110212) _process_stack /opt/stack/cinder/cinder/api/openstack/wsgi.py:866}}
Jan 17 11:03:56.400626 dv-cinder-824911-1-iscsi devstack@c-api.service[110212]: DEBUG cinder.api.v3.group_snapshots [None req-929ef3b0-6ff6-425c-9982-04287b53dff4 tempest-GroupSnapshotsV319Test-1359578151 tempest-GroupSnapshotsV319Test-1359578151-project-admin] Updating group '14377b5a-3d73-4dd9-b97a-baf796ed28d9' with 'available' {{(pid=110212) _reset_status /opt/stack/cinder/cinder/api/v3/group_snapshots.py:194}}
Jan 17 11:03:56.407327 dv-cinder-824911-1-iscsi devstack@c-api.service[110212]: /usr/local/lib/python3.8/dist-packages/oslo_context/context.py:105: DeprecationWarning: Policy enforcement is depending on the value of is_admin. This key is deprecated. Please update your policy file to use the standard policy values.
Jan 17 11:03:56.407327 dv-cinder-824911-1-iscsi devstack@c-api.service[110212]: warnings.warn('Policy enforcement is depending on the value of '
Jan 17 11:03:56.490656 dv-cinder-824911-1-iscsi devstack@c-api.service[110212]: INFO cinder.api.openstack.wsgi [None req-929ef3b0-6ff6-425c-9982-04287b53dff4 tempest-GroupSnapshotsV319Test-1359578151 tempest-GroupSnapshotsV319Test-1359578151-project-admin] http://10.222.0.44/volume/v3/7b55cc2a6e174f13af92b269232b50ce/group_snapshots/14377b5a-3d73-4dd9-b97a-baf796ed28d9/action returned with HTTP 202
Jan 17 11:03:56.491591 dv-cinder-824911-1-iscsi devstack@c-api.service[110212]: [pid: 110212|app: 0|req: 119/252] 10.222.0.44 () {62 vars in 1431 bytes} [Mon Jan 17 11:03:56 2022] POST /volume/v3/7b55cc2a6e174f13af92b269232b50ce/group_snapshots/14377b5a-3d73-4dd9-b97a-baf796ed28d9/action => generated 0 bytes in 97 msecs (HTTP/1.1 202) 6 headers in 234 bytes (1 switches on core 0)
Jan 17 11:03:56.499101 dv-cinder-824911-1-iscsi devstack@c-api.service[110213]: INFO cinder.api.openstack.wsgi [None req-da09f664-750a-416b-b4d8-bdd1c7517ac0 tempest-GroupSnapshotsV319Test-2088551648 tempest-GroupSnapshotsV319Test-2088551648-project] GET http://10.222.0.44/volume/v3/be55c40fc6d54ecdb8b14e873ab29b18/group_snapshots/14377b5a-3d73-4dd9-b97a-baf796ed28d9
Jan 17 11:03:56.500235 dv-cinder-824911-1-iscsi devstack@c-api.service[110213]: DEBUG cinder.api.openstack.wsgi [None req-da09f664-750a-416b-b4d8-bdd1c7517ac0 tempest-GroupSnapshotsV319Test-2088551648 tempest-GroupSnapshotsV319Test-2088551648-project] Empty body provided in request {{(pid=110213) get_body /opt/stack/cinder/cinder/api/openstack/wsgi.py:715}}
Jan 17 11:03:56.500692 dv-cinder-824911-1-iscsi devstack@c-api.service[110213]: DEBUG cinder.api.openstack.wsgi [None req-da09f664-750a-416b-b4d8-bdd1c7517ac0 tempest-GroupSnapshotsV319Test-2088551648 tempest-GroupSnapshotsV319Test-2088551648-project] Calling method 'version_select' {{(pid=110213) _process_stack /opt/stack/cinder/cinder/api/openstack/wsgi.py:868}}
Jan 17 11:03:56.501044 dv-cinder-824911-1-iscsi devstack@c-api.service[110213]: DEBUG cinder.api.v3.group_snapshots [None req-da09f664-750a-416b-b4d8-bdd1c7517ac0 tempest-GroupSnapshotsV319Test-2088551648 tempest-GroupSnapshotsV319Test-2088551648-project] show called for member 14377b5a-3d73-4dd9-b97a-baf796ed28d9 {{(pid=110213) show /opt/stack/cinder/cinder/api/v3/group_snapshots.py:58}}
Jan 17 11:03:56.506806 dv-cinder-824911-1-iscsi devstack@c-api.service[110213]: /usr/local/lib/python3.8/dist-packages/oslo_context/context.py:105: DeprecationWarning: Policy enforcement is depending on the value of is_admin. This key is deprecated. Please update your policy file to use the standard policy values.
Jan 17 11:03:56.506806 dv-cinder-824911-1-iscsi devstack@c-api.service[110213]: warnings.warn('Policy enforcement is depending on the value of '
Jan 17 11:03:56.512155 dv-cinder-824911-1-iscsi devstack@c-api.service[110213]: INFO cinder.api.openstack.wsgi [None req-da09f664-750a-416b-b4d8-bdd1c7517ac0 tempest-GroupSnapshotsV319Test-2088551648 tempest-GroupSnapshotsV319Test-2088551648-project] http://10.222.0.44/volume/v3/be55c40fc6d54ecdb8b14e873ab29b18/group_snapshots/14377b5a-3d73-4dd9-b97a-baf796ed28d9 returned with HTTP 200
Jan 17 11:03:56.513763 dv-cinder-824911-1-iscsi devstack@c-api.service[110213]: [pid: 110213|app: 0|req: 134/253] 10.222.0.44 () {60 vars in 1389 bytes} [Mon Jan 17 11:03:56 2022] GET /volume/v3/be55c40fc6d54ecdb8b14e873ab29b18/group_snapshots/14377b5a-3d73-4dd9-b97a-baf796ed28d9 => generated 331 bytes in 18 msecs (HTTP/1.1 200) 7 headers in 286 bytes (1 switches on core 0)
Jan 17 11:03:56.523521 dv-cinder-824911-1-iscsi devstack@c-api.service[110212]: INFO cinder.api.openstack.wsgi [None req-5419dec9-96a3-431c-9ada-b1582e55721d tempest-GroupSnapshotsV319Test-1359578151 tempest-GroupSnapshotsV319Test-1359578151-project-admin] POST http://10.222.0.44/volume/v3/7b55cc2a6e174f13af92b269232b50ce/group_snapshots/14377b5a-3d73-4dd9-b97a-baf796ed28d9/action
Jan 17 11:03:56.524347 dv-cinder-824911-1-iscsi devstack@c-api.service[110212]: DEBUG cinder.api.openstack.wsgi [None req-5419dec9-96a3-431c-9ada-b1582e55721d tempest-GroupSnapshotsV319Test-1359578151 tempest-GroupSnapshotsV319Test-1359578151-project-admin] Action body: b'{"reset_status": {"status": "error"}}' {{(pid=110212) get_method /opt/stack/cinder/cinder/api/openstack/wsgi.py:983}}
Jan 17 11:03:56.524711 dv-cinder-824911-1-iscsi devstack@c-api.service[110212]: DEBUG cinder.api.openstack.wsgi [None req-5419dec9-96a3-431c-9ada-b1582e55721d tempest-GroupSnapshotsV319Test-1359578151 tempest-GroupSnapshotsV319Test-1359578151-project-admin] Action: 'action', calling method: reset_status, body: {"reset_status": {"status": "error"}} {{(pid=110212) _process_stack /opt/stack/cinder/cinder/api/openstack/wsgi.py:866}}
Jan 17 11:03:56.525496 dv-cinder-824911-1-iscsi devstack@c-api.service[110212]: DEBUG cinder.api.v3.group_snapshots [None req-5419dec9-96a3-431c-9ada-b1582e55721d tempest-GroupSnapshotsV319Test-1359578151 tempest-GroupSnapshotsV319Test-1359578151-project-admin] Updating group '14377b5a-3d73-4dd9-b97a-baf796ed28d9' with 'error' {{(pid=110212) _reset_status /opt/stack/cinder/cinder/api/v3/group_snapshots.py:194}}
Jan 17 11:03:56.530427 dv-cinder-824911-1-iscsi devstack@c-api.service[110212]: /usr/local/lib/python3.8/dist-packages/oslo_context/context.py:105: DeprecationWarning: Policy enforcement is depending on the value of is_admin. This key is deprecated. Please update your policy file to use the standard policy values.
Jan 17 11:03:56.530427 dv-cinder-824911-1-iscsi devstack@c-api.service[110212]: warnings.warn('Policy enforcement is depending on the value of '
Jan 17 11:03:56.610765 dv-cinder-824911-1-iscsi devstack@c-api.service[110212]: INFO cinder.api.openstack.wsgi [None req-5419dec9-96a3-431c-9ada-b1582e55721d tempest-GroupSnapshotsV319Test-1359578151 tempest-GroupSnapshotsV319Test-1359578151-project-admin] http://10.222.0.44/volume/v3/7b55cc2a6e174f13af92b269232b50ce/group_snapshots/14377b5a-3d73-4dd9-b97a-baf796ed28d9/action returned with HTTP 202
Jan 17 11:03:56.614392 dv-cinder-824911-1-iscsi devstack@c-api.service[110212]: [pid: 110212|app: 0|req: 120/254] 10.222.0.44 () {62 vars in 1431 bytes} [Mon Jan 17 11:03:56 2022] POST /volume/v3/7b55cc2a6e174f13af92b269232b50ce/group_snapshots/14377b5a-3d73-4dd9-b97a-baf796ed28d9/action => generated 0 bytes in 92 msecs (HTTP/1.1 202) 6 headers in 234 bytes (1 switches on core 0)
Jan 17 11:03:56.619144 dv-cinder-824911-1-iscsi devstack@c-api.service[110213]: INFO cinder.api.openstack.wsgi [None req-4403c62b-15cb-47a9-b24d-14510aac3e52 tempest-GroupSnapshotsV319Test-2088551648 tempest-GroupSnapshotsV319Test-2088551648-project] GET http://10.222.0.44/volume/v3/be55c40fc6d54ecdb8b14e873ab29b18/group_snapshots/14377b5a-3d73-4dd9-b97a-baf796ed28d9
Jan 17 11:03:56.619627 dv-cinder-824911-1-iscsi devstack@c-api.service[110213]: DEBUG cinder.api.openstack.wsgi [None req-4403c62b-15cb-47a9-b24d-14510aac3e52 tempest-GroupSnapshotsV319Test-2088551648 tempest-GroupSnapshotsV319Test-2088551648-project] Empty body provided in request {{(pid=110213) get_body /opt/stack/cinder/cinder/api/openstack/wsgi.py:715}}
Jan 17 11:03:56.620076 dv-cinder-824911-1-iscsi devstack@c-api.service[110213]: DEBUG cinder.api.openstack.wsgi [None req-4403c62b-15cb-47a9-b24d-14510aac3e52 tempest-GroupSnapshotsV319Test-2088551648 tempest-GroupSnapshotsV319Test-2088551648-project] Calling method 'version_select' {{(pid=110213) _process_stack /opt/stack/cinder/cinder/api/openstack/wsgi.py:868}}
Jan 17 11:03:56.620444 dv-cinder-824911-1-iscsi devstack@c-api.service[110213]: DEBUG cinder.api.v3.group_snapshots [None req-4403c62b-15cb-47a9-b24d-14510aac3e52 tempest-GroupSnapshotsV319Test-2088551648 tempest-GroupSnapshotsV319Test-2088551648-project] show called for member 14377b5a-3d73-4dd9-b97a-baf796ed28d9 {{(pid=110213) show /opt/stack/cinder/cinder/api/v3/group_snapshots.py:58}}
Jan 17 11:03:56.628582 dv-cinder-824911-1-iscsi devstack@c-api.service[110213]: /usr/local/lib/python3.8/dist-packages/oslo_context/context.py:105: DeprecationWarning: Policy enforcement is depending on the value of is_admin. This key is deprecated. Please update your policy file to use the standard policy values.
Jan 17 11:03:56.628582 dv-cinder-824911-1-iscsi devstack@c-api.service[110213]: warnings.warn('Policy enforcement is depending on the value of '
Jan 17 11:03:56.631615 dv-cinder-824911-1-iscsi devstack@c-api.service[110213]: INFO cinder.api.openstack.wsgi [None req-4403c62b-15cb-47a9-b24d-14510aac3e52 tempest-GroupSnapshotsV319Test-2088551648 tempest-GroupSnapshotsV319Test-2088551648-project] http://10.222.0.44/volume/v3/be55c40fc6d54ecdb8b14e873ab29b18/group_snapshots/14377b5a-3d73-4dd9-b97a-baf796ed28d9 returned with HTTP 200
Jan 17 11:03:56.632315 dv-cinder-824911-1-iscsi devstack@c-api.service[110213]: [pid: 110213|app: 0|req: 135/255] 10.222.0.44 () {60 vars in 1389 bytes} [Mon Jan 17 11:03:56 2022] GET /volume/v3/be55c40fc6d54ecdb8b14e873ab29b18/group_snapshots/14377b5a-3d73-4dd9-b97a-baf796ed28d9 => generated 327 bytes in 17 msecs (HTTP/1.1 200) 7 headers in 286 bytes (1 switches on core 0)
Jan 17 11:03:56.641930 dv-cinder-824911-1-iscsi devstack@c-api.service[110212]: INFO cinder.api.openstack.wsgi [None req-94b514e9-8d24-4921-9e7a-527aab8c5d95 tempest-GroupSnapshotsV319Test-1359578151 tempest-GroupSnapshotsV319Test-1359578151-project-admin] POST http://10.222.0.44/volume/v3/7b55cc2a6e174f13af92b269232b50ce/group_snapshots/14377b5a-3d73-4dd9-b97a-baf796ed28d9/action
Jan 17 11:03:56.642721 dv-cinder-824911-1-iscsi devstack@c-api.service[110212]: DEBUG cinder.api.openstack.wsgi [None req-94b514e9-8d24-4921-9e7a-527aab8c5d95 tempest-GroupSnapshotsV319Test-1359578151 tempest-GroupSnapshotsV319Test-1359578151-project-admin] Action body: b'{"reset_status": {"status": "available"}}' {{(pid=110212) get_method /opt/stack/cinder/cinder/api/openstack/wsgi.py:983}}
Jan 17 11:03:56.643676 dv-cinder-824911-1-iscsi devstack@c-api.service[110212]: DEBUG cinder.api.openstack.wsgi [None req-94b514e9-8d24-4921-9e7a-527aab8c5d95 tempest-GroupSnapshotsV319Test-1359578151 tempest-GroupSnapshotsV319Test-1359578151-project-admin] Action: 'action', calling method: reset_status, body: {"reset_status": {"status": "available"}} {{(pid=110212) _process_stack /opt/stack/cinder/cinder/api/openstack/wsgi.py:866}}
Jan 17 11:03:56.644484 dv-cinder-824911-1-iscsi devstack@c-api.service[110212]: DEBUG cinder.api.v3.group_snapshots [None req-94b514e9-8d24-4921-9e7a-527aab8c5d95 tempest-GroupSnapshotsV319Test-1359578151 tempest-GroupSnapshotsV319Test-1359578151-project-admin] Updating group '14377b5a-3d73-4dd9-b97a-baf796ed28d9' with 'available' {{(pid=110212) _reset_status /opt/stack/cinder/cinder/api/v3/group_snapshots.py:194}}
Jan 17 11:03:56.649488 dv-cinder-824911-1-iscsi devstack@c-api.service[110212]: /usr/local/lib/python3.8/dist-packages/oslo_context/context.py:105: DeprecationWarning: Policy enforcement is depending on the value of is_admin. This key is deprecated. Please update your policy file to use the standard policy values.
Jan 17 11:03:56.649488 dv-cinder-824911-1-iscsi devstack@c-api.service[110212]: warnings.warn('Policy enforcement is depending on the value of '
Jan 17 11:03:56.765144 dv-cinder-824911-1-iscsi devstack@c-api.service[110212]: INFO cinder.api.openstack.wsgi [None req-94b514e9-8d24-4921-9e7a-527aab8c5d95 tempest-GroupSnapshotsV319Test-1359578151 tempest-GroupSnapshotsV319Test-1359578151-project-admin] http://10.222.0.44/volume/v3/7b55cc2a6e174f13af92b269232b50ce/group_snapshots/14377b5a-3d73-4dd9-b97a-baf796ed28d9/action returned with HTTP 202
Jan 17 11:03:56.765965 dv-cinder-824911-1-iscsi devstack@c-api.service[110212]: [pid: 110212|app: 0|req: 121/256] 10.222.0.44 () {62 vars in 1431 bytes} [Mon Jan 17 11:03:56 2022] POST /volume/v3/7b55cc2a6e174f13af92b269232b50ce/group_snapshots/14377b5a-3d73-4dd9-b97a-baf796ed28d9/action => generated 0 bytes in 128 msecs (HTTP/1.1 202) 6 headers in 234 bytes (2 switches on core 0)
Jan 17 11:03:56.773482 dv-cinder-824911-1-iscsi devstack@c-api.service[110213]: INFO cinder.api.openstack.wsgi [None req-d3daa975-d8d8-4e84-96f6-13026b78908f tempest-GroupSnapshotsV319Test-2088551648 tempest-GroupSnapshotsV319Test-2088551648-project] GET http://10.222.0.44/volume/v3/be55c40fc6d54ecdb8b14e873ab29b18/group_snapshots/14377b5a-3d73-4dd9-b97a-baf796ed28d9
Jan 17 11:03:56.774006 dv-cinder-824911-1-iscsi devstack@c-api.service[110213]: DEBUG cinder.api.openstack.wsgi [None req-d3daa975-d8d8-4e84-96f6-13026b78908f tempest-GroupSnapshotsV319Test-2088551648 tempest-GroupSnapshotsV319Test-2088551648-project] Empty body provided in request {{(pid=110213) get_body /opt/stack/cinder/cinder/api/openstack/wsgi.py:715}}
Jan 17 11:03:56.774474 dv-cinder-824911-1-iscsi devstack@c-api.service[110213]: DEBUG cinder.api.openstack.wsgi [None req-d3daa975-d8d8-4e84-96f6-13026b78908f tempest-GroupSnapshotsV319Test-2088551648 tempest-GroupSnapshotsV319Test-2088551648-project] Calling method 'version_select' {{(pid=110213) _process_stack /opt/stack/cinder/cinder/api/openstack/wsgi.py:868}}
Jan 17 11:03:56.777489 dv-cinder-824911-1-iscsi devstack@c-api.service[110213]: DEBUG cinder.api.v3.group_snapshots [None req-d3daa975-d8d8-4e84-96f6-13026b78908f tempest-GroupSnapshotsV319Test-2088551648 tempest-GroupSnapshotsV319Test-2088551648-project] show called for member 14377b5a-3d73-4dd9-b97a-baf796ed28d9 {{(pid=110213) show /opt/stack/cinder/cinder/api/v3/group_snapshots.py:58}}
Jan 17 11:03:56.779839 dv-cinder-824911-1-iscsi devstack@c-api.service[110213]: /usr/local/lib/python3.8/dist-packages/oslo_context/context.py:105: DeprecationWarning: Policy enforcement is depending on the value of is_admin. This key is deprecated. Please update your policy file to use the standard policy values.
Jan 17 11:03:56.779839 dv-cinder-824911-1-iscsi devstack@c-api.service[110213]: warnings.warn('Policy enforcement is depending on the value of '
Jan 17 11:03:56.785383 dv-cinder-824911-1-iscsi devstack@c-api.service[110213]: INFO cinder.api.openstack.wsgi [None req-d3daa975-d8d8-4e84-96f6-13026b78908f tempest-GroupSnapshotsV319Test-2088551648 tempest-GroupSnapshotsV319Test-2088551648-project] http://10.222.0.44/volume/v3/be55c40fc6d54ecdb8b14e873ab29b18/group_snapshots/14377b5a-3d73-4dd9-b97a-baf796ed28d9 returned with HTTP 200
Jan 17 11:03:56.786113 dv-cinder-824911-1-iscsi devstack@c-api.service[110213]: [pid: 110213|app: 0|req: 136/257] 10.222.0.44 () {60 vars in 1389 bytes} [Mon Jan 17 11:03:56 2022] GET /volume/v3/be55c40fc6d54ecdb8b14e873ab29b18/group_snapshots/14377b5a-3d73-4dd9-b97a-baf796ed28d9 => generated 331 bytes in 16 msecs (HTTP/1.1 200) 7 headers in 286 bytes (1 switches on core 0)
Jan 17 11:03:56.789411 dv-cinder-824911-1-iscsi devstack@c-api.service[110212]: INFO cinder.api.openstack.wsgi [None req-8a6d8970-075d-47f8-a8bf-75ee1a7eca4f tempest-GroupsV320Test-1160143323 tempest-GroupsV320Test-1160143323-project] GET http://10.222.0.44/volume/v3/645bca3232f64cad94742b7983a52a76/groups/0c9ce942-a587-49e8-a00a-f044570a6437
Jan 17 11:03:56.789920 dv-cinder-824911-1-iscsi devstack@c-api.service[110212]: DEBUG cinder.api.openstack.wsgi [None req-8a6d8970-075d-47f8-a8bf-75ee1a7eca4f tempest-GroupsV320Test-1160143323 tempest-GroupsV320Test-1160143323-project] Empty body provided in request {{(pid=110212) get_body /opt/stack/cinder/cinder/api/openstack/wsgi.py:715}}
Jan 17 11:03:56.790360 dv-cinder-824911-1-iscsi devstack@c-api.service[110212]: DEBUG cinder.api.openstack.wsgi [None req-8a6d8970-075d-47f8-a8bf-75ee1a7eca4f tempest-GroupsV320Test-1160143323 tempest-GroupsV320Test-1160143323-project] Calling method 'version_select' {{(pid=110212) _process_stack /opt/stack/cinder/cinder/api/openstack/wsgi.py:868}}
Jan 17 11:03:56.790694 dv-cinder-824911-1-iscsi devstack@c-api.service[110212]: DEBUG cinder.api.v3.groups [None req-8a6d8970-075d-47f8-a8bf-75ee1a7eca4f tempest-GroupsV320Test-1160143323 tempest-GroupsV320Test-1160143323-project] show called for member 0c9ce942-a587-49e8-a00a-f044570a6437 {{(pid=110212) show /opt/stack/cinder/cinder/api/v3/groups.py:58}}
Jan 17 11:03:56.795611 dv-cinder-824911-1-iscsi devstack@c-api.service[110213]: INFO cinder.api.openstack.wsgi [None req-e01d9808-e351-4875-8ef7-811f8d4d8f14 tempest-GroupSnapshotsV319Test-2088551648 tempest-GroupSnapshotsV319Test-2088551648-project] DELETE http://10.222.0.44/volume/v3/be55c40fc6d54ecdb8b14e873ab29b18/group_snapshots/14377b5a-3d73-4dd9-b97a-baf796ed28d9
Jan 17 11:03:56.795748 dv-cinder-824911-1-iscsi devstack@c-api.service[110212]: INFO cinder.api.openstack.wsgi [None req-8a6d8970-075d-47f8-a8bf-75ee1a7eca4f tempest-GroupsV320Test-1160143323 tempest-GroupsV320Test-1160143323-project] http://10.222.0.44/volume/v3/645bca3232f64cad94742b7983a52a76/groups/0c9ce942-a587-49e8-a00a-f044570a6437 returned with HTTP 404
Jan 17 11:03:56.796082 dv-cinder-824911-1-iscsi devstack@c-api.service[110213]: DEBUG cinder.api.openstack.wsgi [None req-e01d9808-e351-4875-8ef7-811f8d4d8f14 tempest-GroupSnapshotsV319Test-2088551648 tempest-GroupSnapshotsV319Test-2088551648-project] Empty body provided in request {{(pid=110213) get_body /opt/stack/cinder/cinder/api/openstack/wsgi.py:715}}
Jan 17 11:03:56.796470 dv-cinder-824911-1-iscsi devstack@c-api.service[110212]: [pid: 110212|app: 0|req: 122/258] 10.222.0.44 () {60 vars in 1362 bytes} [Mon Jan 17 11:03:56 2022] GET /volume/v3/645bca3232f64cad94742b7983a52a76/groups/0c9ce942-a587-49e8-a00a-f044570a6437 => generated 108 bytes in 11 msecs (HTTP/1.1 404) 7 headers in 293 bytes (2 switches on core 0)
Jan 17 11:03:56.796566 dv-cinder-824911-1-iscsi devstack@c-api.service[110213]: DEBUG cinder.api.openstack.wsgi [None req-e01d9808-e351-4875-8ef7-811f8d4d8f14 tempest-GroupSnapshotsV319Test-2088551648 tempest-GroupSnapshotsV319Test-2088551648-project] Calling method 'version_select' {{(pid=110213) _process_stack /opt/stack/cinder/cinder/api/openstack/wsgi.py:868}}
Jan 17 11:03:56.796840 dv-cinder-824911-1-iscsi devstack@c-api.service[110213]: DEBUG cinder.api.v3.group_snapshots [None req-e01d9808-e351-4875-8ef7-811f8d4d8f14 tempest-GroupSnapshotsV319Test-2088551648 tempest-GroupSnapshotsV319Test-2088551648-project] delete called for member 14377b5a-3d73-4dd9-b97a-baf796ed28d9 {{(pid=110213) delete /opt/stack/cinder/cinder/api/v3/group_snapshots.py:72}}
Jan 17 11:03:56.797115 dv-cinder-824911-1-iscsi devstack@c-api.service[110213]: INFO cinder.api.v3.group_snapshots [None req-e01d9808-e351-4875-8ef7-811f8d4d8f14 tempest-GroupSnapshotsV319Test-2088551648 tempest-GroupSnapshotsV319Test-2088551648-project] Delete group_snapshot with id: 14377b5a-3d73-4dd9-b97a-baf796ed28d9
Jan 17 11:03:56.802782 dv-cinder-824911-1-iscsi devstack@c-api.service[110213]: /usr/local/lib/python3.8/dist-packages/oslo_context/context.py:105: DeprecationWarning: Policy enforcement is depending on the value of is_admin. This key is deprecated. Please update your policy file to use the standard policy values.
Jan 17 11:03:56.802782 dv-cinder-824911-1-iscsi devstack@c-api.service[110213]: warnings.warn('Policy enforcement is depending on the value of '
Jan 17 11:03:56.803923 dv-cinder-824911-1-iscsi devstack@c-api.service[110212]: INFO cinder.api.openstack.wsgi [None req-2dbde45d-a74c-4b41-a11c-fa2de44e200f tempest-GroupsV320Test-1480487880 tempest-GroupsV320Test-1480487880-project-admin] DELETE http://10.222.0.44/volume/v3/db39d88d4f0e42b0ac4295caaa19d51f/group_types/5a1e0ae5-116a-40f0-9af4-62f4be270dbc
Jan 17 11:03:56.804392 dv-cinder-824911-1-iscsi devstack@c-api.service[110212]: DEBUG cinder.api.openstack.wsgi [None req-2dbde45d-a74c-4b41-a11c-fa2de44e200f tempest-GroupsV320Test-1480487880 tempest-GroupsV320Test-1480487880-project-admin] Empty body provided in request {{(pid=110212) get_body /opt/stack/cinder/cinder/api/openstack/wsgi.py:715}}
Jan 17 11:03:56.804823 dv-cinder-824911-1-iscsi devstack@c-api.service[110212]: DEBUG cinder.api.openstack.wsgi [None req-2dbde45d-a74c-4b41-a11c-fa2de44e200f tempest-GroupsV320Test-1480487880 tempest-GroupsV320Test-1480487880-project-admin] Calling method 'version_select' {{(pid=110212) _process_stack /opt/stack/cinder/cinder/api/openstack/wsgi.py:868}}
Jan 17 11:03:56.948134 dv-cinder-824911-1-iscsi devstack@c-api.service[110212]: INFO cinder.api.openstack.wsgi [None req-2dbde45d-a74c-4b41-a11c-fa2de44e200f tempest-GroupsV320Test-1480487880 tempest-GroupsV320Test-1480487880-project-admin] http://10.222.0.44/volume/v3/db39d88d4f0e42b0ac4295caaa19d51f/group_types/5a1e0ae5-116a-40f0-9af4-62f4be270dbc returned with HTTP 202
Jan 17 11:03:56.949008 dv-cinder-824911-1-iscsi devstack@c-api.service[110212]: [pid: 110212|app: 0|req: 123/259] 10.222.0.44 () {60 vars in 1380 bytes} [Mon Jan 17 11:03:56 2022] DELETE /volume/v3/db39d88d4f0e42b0ac4295caaa19d51f/group_types/5a1e0ae5-116a-40f0-9af4-62f4be270dbc => generated 0 bytes in 148 msecs (HTTP/1.1 202) 6 headers in 234 bytes (1 switches on core 0)
Jan 17 11:03:56.958076 dv-cinder-824911-1-iscsi devstack@c-api.service[110212]: INFO cinder.api.openstack.wsgi [None req-e6dfc41b-9152-46de-916f-fe0fa3bb2ef4 tempest-GroupsV320Test-1480487880 tempest-GroupsV320Test-1480487880-project-admin] DELETE http://10.222.0.44/volume/v3/db39d88d4f0e42b0ac4295caaa19d51f/types/4231ea3e-3d33-4d2c-9a13-268a375ace23
Jan 17 11:03:56.960024 dv-cinder-824911-1-iscsi devstack@c-api.service[110212]: DEBUG cinder.api.openstack.wsgi [None req-e6dfc41b-9152-46de-916f-fe0fa3bb2ef4 tempest-GroupsV320Test-1480487880 tempest-GroupsV320Test-1480487880-project-admin] Empty body provided in request {{(pid=110212) get_body /opt/stack/cinder/cinder/api/openstack/wsgi.py:715}}
Jan 17 11:03:56.960024 dv-cinder-824911-1-iscsi devstack@c-api.service[110212]: DEBUG cinder.api.openstack.wsgi [None req-e6dfc41b-9152-46de-916f-fe0fa3bb2ef4 tempest-GroupsV320Test-1480487880 tempest-GroupsV320Test-1480487880-project-admin] Calling method '_delete' {{(pid=110212) _process_stack /opt/stack/cinder/cinder/api/openstack/wsgi.py:868}}
Jan 17 11:03:57.080783 dv-cinder-824911-1-iscsi devstack@c-api.service[110213]: INFO cinder.api.openstack.wsgi [None req-e01d9808-e351-4875-8ef7-811f8d4d8f14 tempest-GroupSnapshotsV319Test-2088551648 tempest-GroupSnapshotsV319Test-2088551648-project] http://10.222.0.44/volume/v3/be55c40fc6d54ecdb8b14e873ab29b18/group_snapshots/14377b5a-3d73-4dd9-b97a-baf796ed28d9 returned with HTTP 202
Jan 17 11:03:57.081467 dv-cinder-824911-1-iscsi devstack@c-api.service[110213]: [pid: 110213|app: 0|req: 137/260] 10.222.0.44 () {60 vars in 1392 bytes} [Mon Jan 17 11:03:56 2022] DELETE /volume/v3/be55c40fc6d54ecdb8b14e873ab29b18/group_snapshots/14377b5a-3d73-4dd9-b97a-baf796ed28d9 => generated 0 bytes in 290 msecs (HTTP/1.1 202) 6 headers in 234 bytes (2 switches on core 0)
Jan 17 11:03:57.088242 dv-cinder-824911-1-iscsi devstack@c-api.service[110213]: INFO cinder.api.openstack.wsgi [None req-90ada9fd-f376-4792-90a9-ab4e7b81dcf5 tempest-GroupSnapshotsV319Test-2088551648 tempest-GroupSnapshotsV319Test-2088551648-project] GET http://10.222.0.44/volume/v3/be55c40fc6d54ecdb8b14e873ab29b18/volumes/detail
Jan 17 11:03:57.088725 dv-cinder-824911-1-iscsi devstack@c-api.service[110213]: DEBUG cinder.api.openstack.wsgi [None req-90ada9fd-f376-4792-90a9-ab4e7b81dcf5 tempest-GroupSnapshotsV319Test-2088551648 tempest-GroupSnapshotsV319Test-2088551648-project] Empty body provided in request {{(pid=110213) get_body /opt/stack/cinder/cinder/api/openstack/wsgi.py:715}}
Jan 17 11:03:57.090893 dv-cinder-824911-1-iscsi devstack@c-api.service[110213]: DEBUG cinder.api.openstack.wsgi [None req-90ada9fd-f376-4792-90a9-ab4e7b81dcf5 tempest-GroupSnapshotsV319Test-2088551648 tempest-GroupSnapshotsV319Test-2088551648-project] Calling method 'detail' {{(pid=110213) _process_stack /opt/stack/cinder/cinder/api/openstack/wsgi.py:868}}
Jan 17 11:03:57.090893 dv-cinder-824911-1-iscsi devstack@c-api.service[110213]: DEBUG cinder.api.api_utils [None req-90ada9fd-f376-4792-90a9-ab4e7b81dcf5 tempest-GroupSnapshotsV319Test-2088551648 tempest-GroupSnapshotsV319Test-2088551648-project] Removing options '' from query. {{(pid=110213) remove_invalid_filter_options /opt/stack/cinder/cinder/api/api_utils.py:73}}
Jan 17 11:03:57.090893 dv-cinder-824911-1-iscsi devstack@c-api.service[110213]: /usr/local/lib/python3.8/dist-packages/oslo_context/context.py:105: DeprecationWarning: Policy enforcement is depending on the value of is_admin. This key is deprecated. Please update your policy file to use the standard policy values.
Jan 17 11:03:57.090893 dv-cinder-824911-1-iscsi devstack@c-api.service[110213]: warnings.warn('Policy enforcement is depending on the value of '
Jan 17 11:03:57.091192 dv-cinder-824911-1-iscsi devstack@c-api.service[110212]: INFO cinder.api.openstack.wsgi [None req-e6dfc41b-9152-46de-916f-fe0fa3bb2ef4 tempest-GroupsV320Test-1480487880 tempest-GroupsV320Test-1480487880-project-admin] http://10.222.0.44/volume/v3/db39d88d4f0e42b0ac4295caaa19d51f/types/4231ea3e-3d33-4d2c-9a13-268a375ace23 returned with HTTP 202
Jan 17 11:03:57.094409 dv-cinder-824911-1-iscsi devstack@c-api.service[110212]: [pid: 110212|app: 0|req: 124/261] 10.222.0.44 () {58 vars in 1321 bytes} [Mon Jan 17 11:03:56 2022] DELETE /volume/v3/db39d88d4f0e42b0ac4295caaa19d51f/types/4231ea3e-3d33-4d2c-9a13-268a375ace23 => generated 0 bytes in 138 msecs (HTTP/1.1 202) 6 headers in 233 bytes (2 switches on core 0)
Jan 17 11:03:57.094552 dv-cinder-824911-1-iscsi devstack@c-api.service[110213]: DEBUG cinder.volume.api [None req-90ada9fd-f376-4792-90a9-ab4e7b81dcf5 tempest-GroupSnapshotsV319Test-2088551648 tempest-GroupSnapshotsV319Test-2088551648-project] Searching by: MultiDict([('no_migration_targets', True)]). {{(pid=110213) get_all /opt/stack/cinder/cinder/volume/api.py:661}}
Jan 17 11:03:57.099048 dv-cinder-824911-1-iscsi devstack@c-api.service[110212]: INFO cinder.api.openstack.wsgi [None req-3f605172-c62a-45ba-897c-4c4649c201b5 tempest-GroupsV320Test-1480487880 tempest-GroupsV320Test-1480487880-project-admin] GET http://10.222.0.44/volume/v3/db39d88d4f0e42b0ac4295caaa19d51f/types/4231ea3e-3d33-4d2c-9a13-268a375ace23
Jan 17 11:03:57.099498 dv-cinder-824911-1-iscsi devstack@c-api.service[110212]: DEBUG cinder.api.openstack.wsgi [None req-3f605172-c62a-45ba-897c-4c4649c201b5 tempest-GroupsV320Test-1480487880 tempest-GroupsV320Test-1480487880-project-admin] Empty body provided in request {{(pid=110212) get_body /opt/stack/cinder/cinder/api/openstack/wsgi.py:715}}
Jan 17 11:03:57.099948 dv-cinder-824911-1-iscsi devstack@c-api.service[110212]: DEBUG cinder.api.openstack.wsgi [None req-3f605172-c62a-45ba-897c-4c4649c201b5 tempest-GroupsV320Test-1480487880 tempest-GroupsV320Test-1480487880-project-admin] Calling method 'show' {{(pid=110212) _process_stack /opt/stack/cinder/cinder/api/openstack/wsgi.py:868}}
Jan 17 11:03:57.105347 dv-cinder-824911-1-iscsi devstack@c-api.service[110212]: INFO cinder.api.openstack.wsgi [None req-3f605172-c62a-45ba-897c-4c4649c201b5 tempest-GroupsV320Test-1480487880 tempest-GroupsV320Test-1480487880-project-admin] http://10.222.0.44/volume/v3/db39d88d4f0e42b0ac4295caaa19d51f/types/4231ea3e-3d33-4d2c-9a13-268a375ace23 returned with HTTP 404
Jan 17 11:03:57.106365 dv-cinder-824911-1-iscsi devstack@c-api.service[110212]: [pid: 110212|app: 0|req: 125/262] 10.222.0.44 () {58 vars in 1318 bytes} [Mon Jan 17 11:03:57 2022] GET /volume/v3/db39d88d4f0e42b0ac4295caaa19d51f/types/4231ea3e-3d33-4d2c-9a13-268a375ace23 => generated 114 bytes in 11 msecs (HTTP/1.1 404) 7 headers in 292 bytes (1 switches on core 0)
Jan 17 11:03:57.138255 dv-cinder-824911-1-iscsi devstack@c-api.service[110213]: INFO cinder.volume.api [None req-90ada9fd-f376-4792-90a9-ab4e7b81dcf5 tempest-GroupSnapshotsV319Test-2088551648 tempest-GroupSnapshotsV319Test-2088551648-project] Get all volumes completed successfully.
Jan 17 11:03:57.139612 dv-cinder-824911-1-iscsi devstack@c-api.service[110213]: WARNING stevedore.named [None req-90ada9fd-f376-4792-90a9-ab4e7b81dcf5 tempest-GroupSnapshotsV319Test-2088551648 tempest-GroupSnapshotsV319Test-2088551648-project] Could not load cinder.keymgr.conf_key_mgr.ConfKeyManager
Jan 17 11:03:57.139992 dv-cinder-824911-1-iscsi devstack@c-api.service[110213]: WARNING castellan.key_manager [None req-90ada9fd-f376-4792-90a9-ab4e7b81dcf5 tempest-GroupSnapshotsV319Test-2088551648 tempest-GroupSnapshotsV319Test-2088551648-project] Deprecation Warning : cinder.keymgr.conf_key_mgr.ConfKeyManager is not a stevedore based driver, trying to load it as a class: stevedore.exception.NoMatches: No 'castellan.drivers' driver found, looking for 'cinder.keymgr.conf_key_mgr.ConfKeyManager'
Jan 17 11:03:57.146834 dv-cinder-824911-1-iscsi devstack@c-api.service[110213]: DEBUG oslo_db.sqlalchemy.engines [None req-90ada9fd-f376-4792-90a9-ab4e7b81dcf5 tempest-GroupSnapshotsV319Test-2088551648 tempest-GroupSnapshotsV319Test-2088551648-project] MySQL server mode set to STRICT_TRANS_TABLES,STRICT_ALL_TABLES,NO_ZERO_IN_DATE,NO_ZERO_DATE,ERROR_FOR_DIVISION_BY_ZERO,TRADITIONAL,NO_ENGINE_SUBSTITUTION {{(pid=110213) _check_effective_sql_mode /usr/local/lib/python3.8/dist-packages/oslo_db/sqlalchemy/engines.py:314}}
Jan 17 11:03:57.152556 dv-cinder-824911-1-iscsi devstack@c-api.service[110213]: /usr/local/lib/python3.8/dist-packages/oslo_context/context.py:105: DeprecationWarning: Policy enforcement is depending on the value of is_admin. This key is deprecated. Please update your policy file to use the standard policy values.
Jan 17 11:03:57.152556 dv-cinder-824911-1-iscsi devstack@c-api.service[110213]: warnings.warn('Policy enforcement is depending on the value of '
Jan 17 11:03:57.167006 dv-cinder-824911-1-iscsi devstack@c-api.service[110213]: INFO cinder.api.openstack.wsgi [None req-90ada9fd-f376-4792-90a9-ab4e7b81dcf5 tempest-GroupSnapshotsV319Test-2088551648 tempest-GroupSnapshotsV319Test-2088551648-project] http://10.222.0.44/volume/v3/be55c40fc6d54ecdb8b14e873ab29b18/volumes/detail returned with HTTP 200
Jan 17 11:03:57.167752 dv-cinder-824911-1-iscsi devstack@c-api.service[110213]: [pid: 110213|app: 0|req: 138/263] 10.222.0.44 () {60 vars in 1275 bytes} [Mon Jan 17 11:03:57 2022] GET /volume/v3/be55c40fc6d54ecdb8b14e873ab29b18/volumes/detail => generated 1011 bytes in 83 msecs (HTTP/1.1 200) 7 headers in 287 bytes (2 switches on core 0)
Jan 17 11:03:57.182938 dv-cinder-824911-1-iscsi devstack@c-api.service[110212]: INFO cinder.api.openstack.wsgi [None req-185348d9-e97d-4eee-bdfb-fabc7a55476d tempest-GroupSnapshotsV319Test-2088551648 tempest-GroupSnapshotsV319Test-2088551648-project] GET http://10.222.0.44/volume/v3/be55c40fc6d54ecdb8b14e873ab29b18/snapshots/detail
Jan 17 11:03:57.183394 dv-cinder-824911-1-iscsi devstack@c-api.service[110212]: DEBUG cinder.api.openstack.wsgi [None req-185348d9-e97d-4eee-bdfb-fabc7a55476d tempest-GroupSnapshotsV319Test-2088551648 tempest-GroupSnapshotsV319Test-2088551648-project] Empty body provided in request {{(pid=110212) get_body /opt/stack/cinder/cinder/api/openstack/wsgi.py:715}}
Jan 17 11:03:57.183806 dv-cinder-824911-1-iscsi devstack@c-api.service[110212]: DEBUG cinder.api.openstack.wsgi [None req-185348d9-e97d-4eee-bdfb-fabc7a55476d tempest-GroupSnapshotsV319Test-2088551648 tempest-GroupSnapshotsV319Test-2088551648-project] Calling method 'detail' {{(pid=110212) _process_stack /opt/stack/cinder/cinder/api/openstack/wsgi.py:868}}
Jan 17 11:03:57.184306 dv-cinder-824911-1-iscsi devstack@c-api.service[110212]: DEBUG cinder.api.api_utils [None req-185348d9-e97d-4eee-bdfb-fabc7a55476d tempest-GroupSnapshotsV319Test-2088551648 tempest-GroupSnapshotsV319Test-2088551648-project] Removing options '' from query. {{(pid=110212) remove_invalid_filter_options /opt/stack/cinder/cinder/api/api_utils.py:73}}
Jan 17 11:03:57.186704 dv-cinder-824911-1-iscsi devstack@c-api.service[110212]: DEBUG cinder.db.sqlalchemy.api [None req-185348d9-e97d-4eee-bdfb-fabc7a55476d tempest-GroupSnapshotsV319Test-2088551648 tempest-GroupSnapshotsV319Test-2088551648-project] Building query based on filter {{(pid=110212) _process_snaps_filters /opt/stack/cinder/cinder/db/sqlalchemy/api.py:3156}}
Jan 17 11:03:57.203282 dv-cinder-824911-1-iscsi devstack@c-api.service[110212]: INFO cinder.volume.api [None req-185348d9-e97d-4eee-bdfb-fabc7a55476d tempest-GroupSnapshotsV319Test-2088551648 tempest-GroupSnapshotsV319Test-2088551648-project] Get all snapshots completed successfully.
Jan 17 11:03:57.205598 dv-cinder-824911-1-iscsi devstack@c-api.service[110212]: /usr/local/lib/python3.8/dist-packages/oslo_context/context.py:105: DeprecationWarning: Policy enforcement is depending on the value of is_admin. This key is deprecated. Please update your policy file to use the standard policy values.
Jan 17 11:03:57.205598 dv-cinder-824911-1-iscsi devstack@c-api.service[110212]: warnings.warn('Policy enforcement is depending on the value of '
Jan 17 11:03:57.205598 dv-cinder-824911-1-iscsi devstack@c-api.service[110212]: INFO cinder.api.openstack.wsgi [None req-185348d9-e97d-4eee-bdfb-fabc7a55476d tempest-GroupSnapshotsV319Test-2088551648 tempest-GroupSnapshotsV319Test-2088551648-project] http://10.222.0.44/volume/v3/be55c40fc6d54ecdb8b14e873ab29b18/snapshots/detail returned with HTTP 200
Jan 17 11:03:57.206344 dv-cinder-824911-1-iscsi devstack@c-api.service[110212]: [pid: 110212|app: 0|req: 126/264] 10.222.0.44 () {58 vars in 1240 bytes} [Mon Jan 17 11:03:57 2022] GET /volume/v3/be55c40fc6d54ecdb8b14e873ab29b18/snapshots/detail => generated 476 bytes in 27 msecs (HTTP/1.1 200) 7 headers in 285 bytes (1 switches on core 0)
Jan 17 11:03:57.217250 dv-cinder-824911-1-iscsi devstack@c-api.service[110213]: INFO cinder.api.openstack.wsgi [None req-3226737c-26fb-421d-abe3-dc8f0daa2688 tempest-GroupSnapshotsV319Test-2088551648 tempest-GroupSnapshotsV319Test-2088551648-project] GET http://10.222.0.44/volume/v3/be55c40fc6d54ecdb8b14e873ab29b18/snapshots/26cb415c-d87e-49f0-a093-bd4f01c011e1
Jan 17 11:03:57.217726 dv-cinder-824911-1-iscsi devstack@c-api.service[110213]: DEBUG cinder.api.openstack.wsgi [None req-3226737c-26fb-421d-abe3-dc8f0daa2688 tempest-GroupSnapshotsV319Test-2088551648 tempest-GroupSnapshotsV319Test-2088551648-project] Empty body provided in request {{(pid=110213) get_body /opt/stack/cinder/cinder/api/openstack/wsgi.py:715}}
Jan 17 11:03:57.218205 dv-cinder-824911-1-iscsi devstack@c-api.service[110213]: DEBUG cinder.api.openstack.wsgi [None req-3226737c-26fb-421d-abe3-dc8f0daa2688 tempest-GroupSnapshotsV319Test-2088551648 tempest-GroupSnapshotsV319Test-2088551648-project] Calling method 'show' {{(pid=110213) _process_stack /opt/stack/cinder/cinder/api/openstack/wsgi.py:868}}
Jan 17 11:03:57.227579 dv-cinder-824911-1-iscsi devstack@c-api.service[110213]: /usr/local/lib/python3.8/dist-packages/oslo_context/context.py:105: DeprecationWarning: Policy enforcement is depending on the value of is_admin. This key is deprecated. Please update your policy file to use the standard policy values.
Jan 17 11:03:57.227579 dv-cinder-824911-1-iscsi devstack@c-api.service[110213]: warnings.warn('Policy enforcement is depending on the value of '
Jan 17 11:03:57.231531 dv-cinder-824911-1-iscsi devstack@c-api.service[110213]: INFO cinder.volume.api [None req-3226737c-26fb-421d-abe3-dc8f0daa2688 tempest-GroupSnapshotsV319Test-2088551648 tempest-GroupSnapshotsV319Test-2088551648-project] Snapshot retrieved successfully.
Jan 17 11:03:57.231531 dv-cinder-824911-1-iscsi devstack@c-api.service[110213]: INFO cinder.api.openstack.wsgi [None req-3226737c-26fb-421d-abe3-dc8f0daa2688 tempest-GroupSnapshotsV319Test-2088551648 tempest-GroupSnapshotsV319Test-2088551648-project] http://10.222.0.44/volume/v3/be55c40fc6d54ecdb8b14e873ab29b18/snapshots/26cb415c-d87e-49f0-a093-bd4f01c011e1 returned with HTTP 200
Jan 17 11:03:57.231531 dv-cinder-824911-1-iscsi devstack@c-api.service[110213]: [pid: 110213|app: 0|req: 139/265] 10.222.0.44 () {58 vars in 1330 bytes} [Mon Jan 17 11:03:57 2022] GET /volume/v3/be55c40fc6d54ecdb8b14e873ab29b18/snapshots/26cb415c-d87e-49f0-a093-bd4f01c011e1 => generated 473 bytes in 18 msecs (HTTP/1.1 200) 7 headers in 285 bytes (1 switches on core 0)
Jan 17 11:03:57.279512 dv-cinder-824911-1-iscsi devstack@c-api.service[110212]: INFO cinder.api.openstack.wsgi [None req-b8ec3c8b-fa2d-49fb-a884-5e2daa184b91 tempest-VolumesActionsTest-693874249 tempest-VolumesActionsTest-693874249-project] GET http://10.222.0.44/volume/v3/6cb15f36b9a1494ab031adca820eb322/volumes/420e597c-eb85-40de-8efe-d7e179586b39
Jan 17 11:03:57.279955 dv-cinder-824911-1-iscsi devstack@c-api.service[110212]: DEBUG cinder.api.openstack.wsgi [None req-b8ec3c8b-fa2d-49fb-a884-5e2daa184b91 tempest-VolumesActionsTest-693874249 tempest-VolumesActionsTest-693874249-project] Empty body provided in request {{(pid=110212) get_body /opt/stack/cinder/cinder/api/openstack/wsgi.py:715}}
Jan 17 11:03:57.280421 dv-cinder-824911-1-iscsi devstack@c-api.service[110212]: DEBUG cinder.api.openstack.wsgi [None req-b8ec3c8b-fa2d-49fb-a884-5e2daa184b91 tempest-VolumesActionsTest-693874249 tempest-VolumesActionsTest-693874249-project] Calling method 'show' {{(pid=110212) _process_stack /opt/stack/cinder/cinder/api/openstack/wsgi.py:868}}
Jan 17 11:03:57.295959 dv-cinder-824911-1-iscsi devstack@c-api.service[110213]: INFO cinder.api.openstack.wsgi [None req-265bdeae-3a59-4b9a-a0df-50e2f2d7edfd tempest-DeleteServersTestJSON-1463540379 tempest-DeleteServersTestJSON-1463540379-project] GET http://10.222.0.44/volume/v3/a25bb672b93d4d69806f5a4dcf6a47aa/volumes/5a51d92d-0e96-4823-9ab6-9a1f9ee88ec3
Jan 17 11:03:57.296728 dv-cinder-824911-1-iscsi devstack@c-api.service[110213]: DEBUG cinder.api.openstack.wsgi [None req-265bdeae-3a59-4b9a-a0df-50e2f2d7edfd tempest-DeleteServersTestJSON-1463540379 tempest-DeleteServersTestJSON-1463540379-project] Empty body provided in request {{(pid=110213) get_body /opt/stack/cinder/cinder/api/openstack/wsgi.py:715}}
Jan 17 11:03:57.297801 dv-cinder-824911-1-iscsi devstack@c-api.service[110212]: /usr/local/lib/python3.8/dist-packages/oslo_context/context.py:105: DeprecationWarning: Policy enforcement is depending on the value of is_admin. This key is deprecated. Please update your policy file to use the standard policy values.
Jan 17 11:03:57.297801 dv-cinder-824911-1-iscsi devstack@c-api.service[110212]: warnings.warn('Policy enforcement is depending on the value of '
Jan 17 11:03:57.298260 dv-cinder-824911-1-iscsi devstack@c-api.service[110213]: DEBUG cinder.api.openstack.wsgi [None req-265bdeae-3a59-4b9a-a0df-50e2f2d7edfd tempest-DeleteServersTestJSON-1463540379 tempest-DeleteServersTestJSON-1463540379-project] Calling method 'show' {{(pid=110213) _process_stack /opt/stack/cinder/cinder/api/openstack/wsgi.py:868}}
Jan 17 11:03:57.307428 dv-cinder-824911-1-iscsi devstack@c-api.service[110212]: INFO cinder.volume.api [None req-b8ec3c8b-fa2d-49fb-a884-5e2daa184b91 tempest-VolumesActionsTest-693874249 tempest-VolumesActionsTest-693874249-project] Volume info retrieved successfully.
Jan 17 11:03:57.316832 dv-cinder-824911-1-iscsi devstack@c-api.service[110213]: /usr/local/lib/python3.8/dist-packages/oslo_context/context.py:105: DeprecationWarning: Policy enforcement is depending on the value of is_admin. This key is deprecated. Please update your policy file to use the standard policy values.
Jan 17 11:03:57.316832 dv-cinder-824911-1-iscsi devstack@c-api.service[110213]: warnings.warn('Policy enforcement is depending on the value of '
Jan 17 11:03:57.319129 dv-cinder-824911-1-iscsi devstack@c-api.service[110212]: INFO cinder.api.openstack.wsgi [None req-b8ec3c8b-fa2d-49fb-a884-5e2daa184b91 tempest-VolumesActionsTest-693874249 tempest-VolumesActionsTest-693874249-project] http://10.222.0.44/volume/v3/6cb15f36b9a1494ab031adca820eb322/volumes/420e597c-eb85-40de-8efe-d7e179586b39 returned with HTTP 200
Jan 17 11:03:57.320050 dv-cinder-824911-1-iscsi devstack@c-api.service[110212]: [pid: 110212|app: 0|req: 127/266] 10.222.0.44 () {58 vars in 1324 bytes} [Mon Jan 17 11:03:57 2022] GET /volume/v3/6cb15f36b9a1494ab031adca820eb322/volumes/420e597c-eb85-40de-8efe-d7e179586b39 => generated 909 bytes in 44 msecs (HTTP/1.1 200) 7 headers in 285 bytes (1 switches on core 0)
Jan 17 11:03:57.329316 dv-cinder-824911-1-iscsi devstack@c-api.service[110213]: INFO cinder.volume.api [None req-265bdeae-3a59-4b9a-a0df-50e2f2d7edfd tempest-DeleteServersTestJSON-1463540379 tempest-DeleteServersTestJSON-1463540379-project] Volume info retrieved successfully.
Jan 17 11:03:57.330634 dv-cinder-824911-1-iscsi devstack@c-api.service[110212]: INFO cinder.api.openstack.wsgi [None req-9cfc6628-aa72-4314-81b9-807369c71e59 tempest-VolumeSnapshotQuotasNegativeTestJSON-418616716 tempest-VolumeSnapshotQuotasNegativeTestJSON-418616716-project] GET http://10.222.0.44/volume/v3/1194d38866c741abb73b7d9304eb658f/volumes/75f7d6f4-39fd-47fa-a1f8-67dbd213c605
Jan 17 11:03:57.331210 dv-cinder-824911-1-iscsi devstack@c-api.service[110212]: DEBUG cinder.api.openstack.wsgi [None req-9cfc6628-aa72-4314-81b9-807369c71e59 tempest-VolumeSnapshotQuotasNegativeTestJSON-418616716 tempest-VolumeSnapshotQuotasNegativeTestJSON-418616716-project] Empty body provided in request {{(pid=110212) get_body /opt/stack/cinder/cinder/api/openstack/wsgi.py:715}}
Jan 17 11:03:57.331676 dv-cinder-824911-1-iscsi devstack@c-api.service[110212]: DEBUG cinder.api.openstack.wsgi [None req-9cfc6628-aa72-4314-81b9-807369c71e59 tempest-VolumeSnapshotQuotasNegativeTestJSON-418616716 tempest-VolumeSnapshotQuotasNegativeTestJSON-418616716-project] Calling method 'show' {{(pid=110212) _process_stack /opt/stack/cinder/cinder/api/openstack/wsgi.py:868}}
Jan 17 11:03:57.342107 dv-cinder-824911-1-iscsi devstack@c-api.service[110213]: INFO cinder.api.openstack.wsgi [None req-265bdeae-3a59-4b9a-a0df-50e2f2d7edfd tempest-DeleteServersTestJSON-1463540379 tempest-DeleteServersTestJSON-1463540379-project] http://10.222.0.44/volume/v3/a25bb672b93d4d69806f5a4dcf6a47aa/volumes/5a51d92d-0e96-4823-9ab6-9a1f9ee88ec3 returned with HTTP 200
Jan 17 11:03:57.343053 dv-cinder-824911-1-iscsi devstack@c-api.service[110213]: [pid: 110213|app: 0|req: 140/267] 10.222.0.44 () {58 vars in 1324 bytes} [Mon Jan 17 11:03:57 2022] GET /volume/v3/a25bb672b93d4d69806f5a4dcf6a47aa/volumes/5a51d92d-0e96-4823-9ab6-9a1f9ee88ec3 => generated 913 bytes in 52 msecs (HTTP/1.1 200) 7 headers in 285 bytes (1 switches on core 0)
Jan 17 11:03:57.346808 dv-cinder-824911-1-iscsi devstack@c-api.service[110212]: /usr/local/lib/python3.8/dist-packages/oslo_context/context.py:105: DeprecationWarning: Policy enforcement is depending on the value of is_admin. This key is deprecated. Please update your policy file to use the standard policy values.
Jan 17 11:03:57.346808 dv-cinder-824911-1-iscsi devstack@c-api.service[110212]: warnings.warn('Policy enforcement is depending on the value of '
Jan 17 11:03:57.354305 dv-cinder-824911-1-iscsi devstack@c-api.service[110212]: INFO cinder.volume.api [None req-9cfc6628-aa72-4314-81b9-807369c71e59 tempest-VolumeSnapshotQuotasNegativeTestJSON-418616716 tempest-VolumeSnapshotQuotasNegativeTestJSON-418616716-project] Volume info retrieved successfully.
Jan 17 11:03:57.363551 dv-cinder-824911-1-iscsi devstack@c-api.service[110212]: INFO cinder.api.openstack.wsgi [None req-9cfc6628-aa72-4314-81b9-807369c71e59 tempest-VolumeSnapshotQuotasNegativeTestJSON-418616716 tempest-VolumeSnapshotQuotasNegativeTestJSON-418616716-project] http://10.222.0.44/volume/v3/1194d38866c741abb73b7d9304eb658f/volumes/75f7d6f4-39fd-47fa-a1f8-67dbd213c605 returned with HTTP 200
Jan 17 11:03:57.364348 dv-cinder-824911-1-iscsi devstack@c-api.service[110212]: [pid: 110212|app: 0|req: 128/268] 10.222.0.44 () {58 vars in 1324 bytes} [Mon Jan 17 11:03:57 2022] GET /volume/v3/1194d38866c741abb73b7d9304eb658f/volumes/75f7d6f4-39fd-47fa-a1f8-67dbd213c605 => generated 929 bytes in 38 msecs (HTTP/1.1 200) 7 headers in 285 bytes (1 switches on core 0)
Jan 17 11:03:57.378450 dv-cinder-824911-1-iscsi devstack@c-api.service[110213]: INFO cinder.api.openstack.wsgi [None req-863a131b-0aa6-40cc-a36b-4ed8b3494ee8 tempest-VolumeSnapshotQuotasNegativeTestJSON-418616716 tempest-VolumeSnapshotQuotasNegativeTestJSON-418616716-project] POST http://10.222.0.44/volume/v3/1194d38866c741abb73b7d9304eb658f/snapshots
Jan 17 11:03:57.379179 dv-cinder-824911-1-iscsi devstack@c-api.service[110213]: DEBUG cinder.api.openstack.wsgi [None req-863a131b-0aa6-40cc-a36b-4ed8b3494ee8 tempest-VolumeSnapshotQuotasNegativeTestJSON-418616716 tempest-VolumeSnapshotQuotasNegativeTestJSON-418616716-project] Action: 'create', calling method: create, body: {"snapshot": {"volume_id": "75f7d6f4-39fd-47fa-a1f8-67dbd213c605", "name": "tempest-VolumeSnapshotQuotasNegativeTestJSON-Snapshot-2026931868"}} {{(pid=110213) _process_stack /opt/stack/cinder/cinder/api/openstack/wsgi.py:866}}
