Jan 12 18:26:23.658569 dv-cinder-824472-1-iscsi devstack@n-api.service[116486]: DEBUG oslo_concurrency.lockutils [None req-faca5a49-e14f-453a-9040-cffb2547d1af tempest-DeleteServersTestJSON-277634967 tempest-DeleteServersTestJSON-277634967-project] Lock "145758fb-2302-4d07-861a-71aca320226b" "released" by "nova.context.set_target_cell..get_or_set_cached_cell_and_set_connections" :: held 0.001s {{(pid=116486) inner /usr/local/lib/python3.8/dist-packages/oslo_concurrency/lockutils.py:400}}
Jan 12 18:26:23.659441 dv-cinder-824472-1-iscsi devstack@n-api.service[116486]: DEBUG oslo_concurrency.lockutils [None req-faca5a49-e14f-453a-9040-cffb2547d1af tempest-DeleteServersTestJSON-277634967 tempest-DeleteServersTestJSON-277634967-project] Lock "145758fb-2302-4d07-861a-71aca320226b" acquired by "nova.context.set_target_cell..get_or_set_cached_cell_and_set_connections" :: waited 0.000s {{(pid=116486) inner /usr/local/lib/python3.8/dist-packages/oslo_concurrency/lockutils.py:386}}
Jan 12 18:26:23.661800 dv-cinder-824472-1-iscsi devstack@n-api.service[116486]: DEBUG oslo_concurrency.lockutils [None req-faca5a49-e14f-453a-9040-cffb2547d1af tempest-DeleteServersTestJSON-277634967 tempest-DeleteServersTestJSON-277634967-project] Lock "145758fb-2302-4d07-861a-71aca320226b" "released" by "nova.context.set_target_cell..get_or_set_cached_cell_and_set_connections" :: held 0.002s {{(pid=116486) inner /usr/local/lib/python3.8/dist-packages/oslo_concurrency/lockutils.py:400}}
Jan 12 18:26:23.919700 dv-cinder-824472-1-iscsi devstack@n-api.service[116485]: DEBUG nova.policy [None req-263a0fa9-ba85-438c-844b-fa79100e3475 tempest-AttachVolumeShelveTestJSON-1948079191 tempest-AttachVolumeShelveTestJSON-1948079191-project] Policy check for os_compute_api:os-extended-server-attributes failed with credentials {'is_admin': False, 'user_id': '5815ad988f924b7492c5663d31f3a61a', 'user_domain_id': 'default', 'system_scope': None, 'domain_id': None, 'project_id': 'b7b77e4e770748a1915e7c538d56a15d', 'project_domain_id': 'default', 'roles': ['member', 'reader'], 'is_admin_project': True, 'service_user_id': None, 'service_user_domain_id': None, 'service_project_id': None, 'service_project_domain_id': None, 'service_roles': []} {{(pid=116485) authorize /opt/stack/nova/nova/policy.py:199}}
Jan 12 18:26:23.934386 dv-cinder-824472-1-iscsi devstack@n-api.service[116485]: DEBUG nova.policy [None req-263a0fa9-ba85-438c-844b-fa79100e3475 tempest-AttachVolumeShelveTestJSON-1948079191 tempest-AttachVolumeShelveTestJSON-1948079191-project] Policy check for os_compute_api:servers:show:host_status failed with credentials {'is_admin': False, 'user_id': '5815ad988f924b7492c5663d31f3a61a', 'user_domain_id': 'default', 'system_scope': None, 'domain_id': None, 'project_id': 'b7b77e4e770748a1915e7c538d56a15d', 'project_domain_id': 'default', 'roles': ['member', 'reader'], 'is_admin_project': True, 'service_user_id': None, 'service_user_domain_id': None, 'service_project_id': None, 'service_project_domain_id': None, 'service_roles': []} {{(pid=116485) authorize /opt/stack/nova/nova/policy.py:199}}
Jan 12 18:26:23.936591 dv-cinder-824472-1-iscsi devstack@n-api.service[116485]: DEBUG nova.policy [None req-263a0fa9-ba85-438c-844b-fa79100e3475 tempest-AttachVolumeShelveTestJSON-1948079191 tempest-AttachVolumeShelveTestJSON-1948079191-project] Policy check for os_compute_api:servers:show:host_status:unknown-only failed with credentials {'is_admin': False, 'user_id': '5815ad988f924b7492c5663d31f3a61a', 'user_domain_id': 'default', 'system_scope': None, 'domain_id': None, 'project_id': 'b7b77e4e770748a1915e7c538d56a15d', 'project_domain_id': 'default', 'roles': ['member', 'reader'], 'is_admin_project': True, 'service_user_id': None, 'service_user_domain_id': None, 'service_project_id': None, 'service_project_domain_id': None, 'service_roles': []} {{(pid=116485) authorize /opt/stack/nova/nova/policy.py:199}}
Jan 12 18:26:23.943416 dv-cinder-824472-1-iscsi devstack@n-api.service[116485]: INFO nova.api.openstack.requestlog [None req-263a0fa9-ba85-438c-844b-fa79100e3475 tempest-AttachVolumeShelveTestJSON-1948079191 tempest-AttachVolumeShelveTestJSON-1948079191-project] 10.222.0.20 "GET /compute/v2.1/servers/08b664e5-0f39-4adf-a8bd-627d0ea30145" status: 200 len: 1405 microversion: 2.20 time: 0.542274
Jan 12 18:26:23.943416 dv-cinder-824472-1-iscsi devstack@n-api.service[116485]: [pid: 116485|app: 0|req: 50/91] 10.222.0.20 () {60 vars in 1276 bytes} [Wed Jan 12 18:26:23 2022] GET /compute/v2.1/servers/08b664e5-0f39-4adf-a8bd-627d0ea30145 => generated 1405 bytes in 543 msecs (HTTP/1.1 200) 9 headers in 360 bytes (1 switches on core 0)
Jan 12 18:26:23.945119 dv-cinder-824472-1-iscsi devstack@n-api.service[116485]: INFO nova.api.openstack.requestlog [None req-55a6c4b7-d070-4b97-bf84-d05f4b9a3976 tempest-VolumesNegativeTest-1657535991 tempest-VolumesNegativeTest-1657535991-project] 10.222.0.20 "DELETE /compute/v2.1/os-volumes/" status: 404 len: 112 microversion: - time: 0.005556
Jan 12 18:26:23.953178 dv-cinder-824472-1-iscsi devstack@n-api.service[116485]: [pid: 116485|app: 0|req: 51/92] 10.222.0.20 () {58 vars in 1139 bytes} [Wed Jan 12 18:26:23 2022] DELETE /compute/v2.1/os-volumes/ => generated 112 bytes in 14 msecs (HTTP/1.1 404) 5 headers in 228 bytes (1 switches on core 0)
Jan 12 18:26:23.959196 dv-cinder-824472-1-iscsi devstack@n-api.service[116485]: DEBUG nova.api.openstack.wsgi [req-8f09fbb5-5277-462b-918a-b7fcb4d522ca req-843066f1-74a0-4ce6-ad86-ba9b5e3537a7 service nova] Action: 'create', calling method: >, body: {"events": [{"name": "network-changed", "server_uuid": "a7476197-b7f0-4cde-8ac3-fc8d19f68dd9", "tag": "a2997c90-4ae6-45d1-9aa1-31593b607870"}]} {{(pid=116485) _process_stack /opt/stack/nova/nova/api/openstack/wsgi.py:511}}
Jan 12 18:26:23.960800 dv-cinder-824472-1-iscsi devstack@n-api.service[116485]: /usr/local/lib/python3.8/dist-packages/oslo_policy/policy.py:1119: UserWarning: Policy "os_compute_api:os-server-external-events:create": "rule:system_admin_api" failed scope check. The token used to make the request was project scoped but the policy requires ['system'] scope. This behavior may change in the future where using the intended scope is required
Jan 12 18:26:23.960800 dv-cinder-824472-1-iscsi devstack@n-api.service[116485]: warnings.warn(msg)
Jan 12 18:26:23.969893 dv-cinder-824472-1-iscsi devstack@n-api.service[116485]: DEBUG oslo_concurrency.lockutils [req-8f09fbb5-5277-462b-918a-b7fcb4d522ca req-843066f1-74a0-4ce6-ad86-ba9b5e3537a7 service nova] Lock "145758fb-2302-4d07-861a-71aca320226b" acquired by "nova.context.set_target_cell..get_or_set_cached_cell_and_set_connections" :: waited 0.000s {{(pid=116485) inner /usr/local/lib/python3.8/dist-packages/oslo_concurrency/lockutils.py:386}}
Jan 12 18:26:23.970343 dv-cinder-824472-1-iscsi devstack@n-api.service[116485]: DEBUG oslo_concurrency.lockutils [req-8f09fbb5-5277-462b-918a-b7fcb4d522ca req-843066f1-74a0-4ce6-ad86-ba9b5e3537a7 service nova] Lock "145758fb-2302-4d07-861a-71aca320226b" "released" by "nova.context.set_target_cell..get_or_set_cached_cell_and_set_connections" :: held 0.001s {{(pid=116485) inner /usr/local/lib/python3.8/dist-packages/oslo_concurrency/lockutils.py:400}}
Jan 12 18:26:23.987708 dv-cinder-824472-1-iscsi devstack@n-api.service[116485]: INFO nova.api.openstack.compute.server_external_events [req-8f09fbb5-5277-462b-918a-b7fcb4d522ca req-843066f1-74a0-4ce6-ad86-ba9b5e3537a7 service nova] Creating event network-changed:a2997c90-4ae6-45d1-9aa1-31593b607870 for instance a7476197-b7f0-4cde-8ac3-fc8d19f68dd9 on hv-cinder-82447
Jan 12 18:26:23.995217 dv-cinder-824472-1-iscsi devstack@n-api.service[116485]: INFO nova.api.openstack.requestlog [req-8f09fbb5-5277-462b-918a-b7fcb4d522ca req-843066f1-74a0-4ce6-ad86-ba9b5e3537a7 service nova] 10.222.0.20 "POST /compute/v2.1/os-server-external-events" status: 200 len: 179 microversion: 2.1 time: 0.039456
Jan 12 18:26:23.997674 dv-cinder-824472-1-iscsi devstack@n-api.service[116485]: [pid: 116485|app: 0|req: 52/93] 10.222.0.20 () {64 vars in 1317 bytes} [Wed Jan 12 18:26:23 2022] POST /compute/v2.1/os-server-external-events => generated 179 bytes in 44 msecs (HTTP/1.1 200) 9 headers in 357 bytes (1 switches on core 0)
Jan 12 18:26:24.007752 dv-cinder-824472-1-iscsi devstack@n-api.service[116485]: INFO nova.api.openstack.requestlog [None req-0282adc7-9dd6-40af-b365-d462427a7884 tempest-VolumesNegativeTest-1657535991 tempest-VolumesNegativeTest-1657535991-project] 10.222.0.20 "GET /compute/v2.1/os-volumes/" status: 404 len: 112 microversion: - time: 0.004032
Jan 12 18:26:24.009913 dv-cinder-824472-1-iscsi devstack@n-api.service[116486]: DEBUG nova.policy [None req-faca5a49-e14f-453a-9040-cffb2547d1af tempest-DeleteServersTestJSON-277634967 tempest-DeleteServersTestJSON-277634967-project] Policy check for os_compute_api:os-extended-server-attributes failed with credentials {'is_admin': False, 'user_id': '835b14ef8dfc47bdaf5500b62b1a6b73', 'user_domain_id': 'default', 'system_scope': None, 'domain_id': None, 'project_id': '9a55a66118874c90828c383f39220f4d', 'project_domain_id': 'default', 'roles': ['member', 'reader'], 'is_admin_project': True, 'service_user_id': None, 'service_user_domain_id': None, 'service_project_id': None, 'service_project_domain_id': None, 'service_roles': []} {{(pid=116486) authorize /opt/stack/nova/nova/policy.py:199}}
Jan 12 18:26:24.013144 dv-cinder-824472-1-iscsi devstack@n-api.service[116485]: [pid: 116485|app: 0|req: 53/94] 10.222.0.20 () {58 vars in 1136 bytes} [Wed Jan 12 18:26:23 2022] GET /compute/v2.1/os-volumes/ => generated 112 bytes in 15 msecs (HTTP/1.1 404) 5 headers in 228 bytes (1 switches on core 0)
Jan 12 18:26:24.024077 dv-cinder-824472-1-iscsi devstack@n-api.service[116486]: INFO nova.api.openstack.requestlog [None req-faca5a49-e14f-453a-9040-cffb2547d1af tempest-DeleteServersTestJSON-277634967 tempest-DeleteServersTestJSON-277634967-project] 10.222.0.20 "GET /compute/v2.1/servers/714ead20-7c2c-44bd-9045-15ca1446ab58" status: 200 len: 1315 microversion: 2.1 time: 0.388862
Jan 12 18:26:24.024281 dv-cinder-824472-1-iscsi devstack@n-api.service[116485]: DEBUG nova.api.openstack.wsgi [None req-85fd1b66-934a-4530-9be8-0d442af1188d tempest-VolumesNegativeTest-1657535991 tempest-VolumesNegativeTest-1657535991-project] Calling method '.version_select at 0x7f68d2e95040>' {{(pid=116485) _process_stack /opt/stack/nova/nova/api/openstack/wsgi.py:513}}
Jan 12 18:26:24.028161 dv-cinder-824472-1-iscsi devstack@n-api.service[116486]: [pid: 116486|app: 0|req: 42/95] 10.222.0.20 () {58 vars in 1235 bytes} [Wed Jan 12 18:26:23 2022] GET /compute/v2.1/servers/714ead20-7c2c-44bd-9045-15ca1446ab58 => generated 1315 bytes in 393 msecs (HTTP/1.1 200) 9 headers in 358 bytes (1 switches on core 0)
Jan 12 18:26:24.069435 dv-cinder-824472-1-iscsi devstack@n-api.service[116485]: INFO nova.api.openstack.wsgi [None req-85fd1b66-934a-4530-9be8-0d442af1188d tempest-VolumesNegativeTest-1657535991 tempest-VolumesNegativeTest-1657535991-project] HTTP exception thrown: Volume 1efe00a7-264f-4d32-8aa2-c20202d3e82f could not be found.
Jan 12 18:26:24.070025 dv-cinder-824472-1-iscsi devstack@n-api.service[116485]: DEBUG nova.api.openstack.wsgi [None req-85fd1b66-934a-4530-9be8-0d442af1188d tempest-VolumesNegativeTest-1657535991 tempest-VolumesNegativeTest-1657535991-project] Returning 404 to user: Volume 1efe00a7-264f-4d32-8aa2-c20202d3e82f could not be found. {{(pid=116485) __call__ /opt/stack/nova/nova/api/openstack/wsgi.py:936}}
Jan 12 18:26:24.070901 dv-cinder-824472-1-iscsi devstack@n-api.service[116485]: INFO nova.api.openstack.requestlog [None req-85fd1b66-934a-4530-9be8-0d442af1188d tempest-VolumesNegativeTest-1657535991 tempest-VolumesNegativeTest-1657535991-project] 10.222.0.20 "DELETE /compute/v2.1/os-volumes/1efe00a7-264f-4d32-8aa2-c20202d3e82f" status: 404 len: 109 microversion: 2.1 time: 0.053099
Jan 12 18:26:24.076858 dv-cinder-824472-1-iscsi devstack@n-api.service[116485]: [pid: 116485|app: 0|req: 54/96] 10.222.0.20 () {58 vars in 1247 bytes} [Wed Jan 12 18:26:24 2022] DELETE /compute/v2.1/os-volumes/1efe00a7-264f-4d32-8aa2-c20202d3e82f => generated 109 bytes in 59 msecs (HTTP/1.1 404) 9 headers in 379 bytes (2 switches on core 0)
Jan 12 18:26:24.081851 dv-cinder-824472-1-iscsi devstack@n-api.service[116486]: DEBUG nova.api.openstack.wsgi [None req-30216499-bee9-48c1-b424-be2d2758724e tempest-VolumesNegativeTest-1657535991 tempest-VolumesNegativeTest-1657535991-project] Calling method '.version_select at 0x7f68d35ec430>' {{(pid=116486) _process_stack /opt/stack/nova/nova/api/openstack/wsgi.py:513}}
Jan 12 18:26:24.112554 dv-cinder-824472-1-iscsi devstack@n-api.service[116486]: INFO nova.api.openstack.wsgi [None req-30216499-bee9-48c1-b424-be2d2758724e tempest-VolumesNegativeTest-1657535991 tempest-VolumesNegativeTest-1657535991-project] HTTP exception thrown: Volume 72bbf26c-6f0c-43f2-a881-52f308acfb66 could not be found.
Jan 12 18:26:24.113151 dv-cinder-824472-1-iscsi devstack@n-api.service[116486]: DEBUG nova.api.openstack.wsgi [None req-30216499-bee9-48c1-b424-be2d2758724e tempest-VolumesNegativeTest-1657535991 tempest-VolumesNegativeTest-1657535991-project] Returning 404 to user: Volume 72bbf26c-6f0c-43f2-a881-52f308acfb66 could not be found. {{(pid=116486) __call__ /opt/stack/nova/nova/api/openstack/wsgi.py:936}}
Jan 12 18:26:24.114136 dv-cinder-824472-1-iscsi devstack@n-api.service[116486]: INFO nova.api.openstack.requestlog [None req-30216499-bee9-48c1-b424-be2d2758724e tempest-VolumesNegativeTest-1657535991 tempest-VolumesNegativeTest-1657535991-project] 10.222.0.20 "GET /compute/v2.1/os-volumes/72bbf26c-6f0c-43f2-a881-52f308acfb66" status: 404 len: 109 microversion: 2.1 time: 0.036320
Jan 12 18:26:24.114677 dv-cinder-824472-1-iscsi devstack@n-api.service[116486]: [pid: 116486|app: 0|req: 43/97] 10.222.0.20 () {58 vars in 1244 bytes} [Wed Jan 12 18:26:24 2022] GET /compute/v2.1/os-volumes/72bbf26c-6f0c-43f2-a881-52f308acfb66 => generated 109 bytes in 38 msecs (HTTP/1.1 404) 9 headers in 379 bytes (1 switches on core 0)
Jan 12 18:26:24.413350 dv-cinder-824472-1-iscsi devstack@n-api.service[116485]: DEBUG nova.api.openstack.wsgi [None req-88e15a70-e4a0-4eba-8344-4885bd6178ad tempest-ServerRescueNegativeTestJSON-1563579294 tempest-ServerRescueNegativeTestJSON-1563579294-project] Calling method '>' {{(pid=116485) _process_stack /opt/stack/nova/nova/api/openstack/wsgi.py:513}}
Jan 12 18:26:24.414185 dv-cinder-824472-1-iscsi devstack@n-api.service[116485]: DEBUG nova.compute.api [None req-88e15a70-e4a0-4eba-8344-4885bd6178ad tempest-ServerRescueNegativeTestJSON-1563579294 tempest-ServerRescueNegativeTestJSON-1563579294-project] [instance: 18425550-a470-46ec-b1d9-c4d59bd647c0] Fetching instance by UUID {{(pid=116485) get /opt/stack/nova/nova/compute/api.py:2865}}
Jan 12 18:26:24.423172 dv-cinder-824472-1-iscsi devstack@n-api.service[116485]: DEBUG oslo_concurrency.lockutils [None req-88e15a70-e4a0-4eba-8344-4885bd6178ad tempest-ServerRescueNegativeTestJSON-1563579294 tempest-ServerRescueNegativeTestJSON-1563579294-project] Lock "145758fb-2302-4d07-861a-71aca320226b" acquired by "nova.context.set_target_cell..get_or_set_cached_cell_and_set_connections" :: waited 0.000s {{(pid=116485) inner /usr/local/lib/python3.8/dist-packages/oslo_concurrency/lockutils.py:386}}
Jan 12 18:26:24.423630 dv-cinder-824472-1-iscsi devstack@n-api.service[116485]: DEBUG oslo_concurrency.lockutils [None req-88e15a70-e4a0-4eba-8344-4885bd6178ad tempest-ServerRescueNegativeTestJSON-1563579294 tempest-ServerRescueNegativeTestJSON-1563579294-project] Lock "145758fb-2302-4d07-861a-71aca320226b" "released" by "nova.context.set_target_cell..get_or_set_cached_cell_and_set_connections" :: held 0.001s {{(pid=116485) inner /usr/local/lib/python3.8/dist-packages/oslo_concurrency/lockutils.py:400}}
Jan 12 18:26:24.424597 dv-cinder-824472-1-iscsi devstack@n-api.service[116485]: DEBUG oslo_concurrency.lockutils [None req-88e15a70-e4a0-4eba-8344-4885bd6178ad tempest-ServerRescueNegativeTestJSON-1563579294 tempest-ServerRescueNegativeTestJSON-1563579294-project] Lock "145758fb-2302-4d07-861a-71aca320226b" acquired by "nova.context.set_target_cell..get_or_set_cached_cell_and_set_connections" :: waited 0.000s {{(pid=116485) inner /usr/local/lib/python3.8/dist-packages/oslo_concurrency/lockutils.py:386}}
Jan 12 18:26:24.426055 dv-cinder-824472-1-iscsi devstack@n-api.service[116485]: DEBUG oslo_concurrency.lockutils [None req-88e15a70-e4a0-4eba-8344-4885bd6178ad tempest-ServerRescueNegativeTestJSON-1563579294 tempest-ServerRescueNegativeTestJSON-1563579294-project] Lock "145758fb-2302-4d07-861a-71aca320226b" "released" by "nova.context.set_target_cell..get_or_set_cached_cell_and_set_connections" :: held 0.001s {{(pid=116485) inner /usr/local/lib/python3.8/dist-packages/oslo_concurrency/lockutils.py:400}}
Jan 12 18:26:24.466698 dv-cinder-824472-1-iscsi devstack@n-api.service[116486]: DEBUG nova.api.openstack.wsgi [None req-57c5bd28-d8da-41e3-b020-72cae2045d95 tempest-AttachVolumeNegativeTest-1549814330 tempest-AttachVolumeNegativeTest-1549814330-project] Calling method '>' {{(pid=116486) _process_stack /opt/stack/nova/nova/api/openstack/wsgi.py:513}}
Jan 12 18:26:24.468388 dv-cinder-824472-1-iscsi devstack@n-api.service[116486]: DEBUG nova.compute.api [None req-57c5bd28-d8da-41e3-b020-72cae2045d95 tempest-AttachVolumeNegativeTest-1549814330 tempest-AttachVolumeNegativeTest-1549814330-project] [instance: e06917b0-f7c7-4015-9830-dbfaa17f964e] Fetching instance by UUID {{(pid=116486) get /opt/stack/nova/nova/compute/api.py:2865}}
Jan 12 18:26:24.478316 dv-cinder-824472-1-iscsi devstack@n-api.service[116486]: DEBUG oslo_concurrency.lockutils [None req-57c5bd28-d8da-41e3-b020-72cae2045d95 tempest-AttachVolumeNegativeTest-1549814330 tempest-AttachVolumeNegativeTest-1549814330-project] Lock "145758fb-2302-4d07-861a-71aca320226b" acquired by "nova.context.set_target_cell..get_or_set_cached_cell_and_set_connections" :: waited 0.000s {{(pid=116486) inner /usr/local/lib/python3.8/dist-packages/oslo_concurrency/lockutils.py:386}}
Jan 12 18:26:24.479058 dv-cinder-824472-1-iscsi devstack@n-api.service[116486]: DEBUG oslo_concurrency.lockutils [None req-57c5bd28-d8da-41e3-b020-72cae2045d95 tempest-AttachVolumeNegativeTest-1549814330 tempest-AttachVolumeNegativeTest-1549814330-project] Lock "145758fb-2302-4d07-861a-71aca320226b" "released" by "nova.context.set_target_cell..get_or_set_cached_cell_and_set_connections" :: held 0.001s {{(pid=116486) inner /usr/local/lib/python3.8/dist-packages/oslo_concurrency/lockutils.py:400}}
Jan 12 18:26:24.480108 dv-cinder-824472-1-iscsi devstack@n-api.service[116486]: DEBUG oslo_concurrency.lockutils [None req-57c5bd28-d8da-41e3-b020-72cae2045d95 tempest-AttachVolumeNegativeTest-1549814330 tempest-AttachVolumeNegativeTest-1549814330-project] Lock "145758fb-2302-4d07-861a-71aca320226b" acquired by "nova.context.set_target_cell..get_or_set_cached_cell_and_set_connections" :: waited 0.000s {{(pid=116486) inner /usr/local/lib/python3.8/dist-packages/oslo_concurrency/lockutils.py:386}}
Jan 12 18:26:24.480750 dv-cinder-824472-1-iscsi devstack@n-api.service[116486]: DEBUG oslo_concurrency.lockutils [None req-57c5bd28-d8da-41e3-b020-72cae2045d95 tempest-AttachVolumeNegativeTest-1549814330 tempest-AttachVolumeNegativeTest-1549814330-project] Lock "145758fb-2302-4d07-861a-71aca320226b" "released" by "nova.context.set_target_cell..get_or_set_cached_cell_and_set_connections" :: held 0.001s {{(pid=116486) inner /usr/local/lib/python3.8/dist-packages/oslo_concurrency/lockutils.py:400}}
Jan 12 18:26:24.684789 dv-cinder-824472-1-iscsi devstack@n-api.service[116485]: DEBUG nova.policy [None req-88e15a70-e4a0-4eba-8344-4885bd6178ad tempest-ServerRescueNegativeTestJSON-1563579294 tempest-ServerRescueNegativeTestJSON-1563579294-project] Policy check for os_compute_api:os-extended-server-attributes failed with credentials {'is_admin': False, 'user_id': '43952a95b1e64684a99347e7d3904c84', 'user_domain_id': 'default', 'system_scope': None, 'domain_id': None, 'project_id': '41bf9b2343ac410aae14f0479c3224c7', 'project_domain_id': 'default', 'roles': ['member', 'reader'], 'is_admin_project': True, 'service_user_id': None, 'service_user_domain_id': None, 'service_project_id': None, 'service_project_domain_id': None, 'service_roles': []} {{(pid=116485) authorize /opt/stack/nova/nova/policy.py:199}}
Jan 12 18:26:24.693433 dv-cinder-824472-1-iscsi devstack@n-api.service[116485]: INFO nova.api.openstack.requestlog [None req-88e15a70-e4a0-4eba-8344-4885bd6178ad tempest-ServerRescueNegativeTestJSON-1563579294 tempest-ServerRescueNegativeTestJSON-1563579294-project] 10.222.0.20 "GET /compute/v2.1/servers/18425550-a470-46ec-b1d9-c4d59bd647c0" status: 200 len: 1321 microversion: 2.1 time: 0.285302
Jan 12 18:26:24.693998 dv-cinder-824472-1-iscsi devstack@n-api.service[116485]: [pid: 116485|app: 0|req: 55/98] 10.222.0.20 () {58 vars in 1235 bytes} [Wed Jan 12 18:26:24 2022] GET /compute/v2.1/servers/18425550-a470-46ec-b1d9-c4d59bd647c0 => generated 1321 bytes in 287 msecs (HTTP/1.1 200) 9 headers in 358 bytes (1 switches on core 0)
Jan 12 18:26:24.706490 dv-cinder-824472-1-iscsi devstack@n-api.service[116486]: DEBUG nova.policy [None req-57c5bd28-d8da-41e3-b020-72cae2045d95 tempest-AttachVolumeNegativeTest-1549814330 tempest-AttachVolumeNegativeTest-1549814330-project] Policy check for os_compute_api:os-extended-server-attributes failed with credentials {'is_admin': False, 'user_id': '9230f0ce7159431297beba0781d400a0', 'user_domain_id': 'default', 'system_scope': None, 'domain_id': None, 'project_id': 'adeb168a80a04099a03a71633ba175c3', 'project_domain_id': 'default', 'roles': ['member', 'reader'], 'is_admin_project': True, 'service_user_id': None, 'service_user_domain_id': None, 'service_project_id': None, 'service_project_domain_id': None, 'service_roles': []} {{(pid=116486) authorize /opt/stack/nova/nova/policy.py:199}}
Jan 12 18:26:24.715744 dv-cinder-824472-1-iscsi devstack@n-api.service[116486]: INFO nova.api.openstack.requestlog [None req-57c5bd28-d8da-41e3-b020-72cae2045d95 tempest-AttachVolumeNegativeTest-1549814330 tempest-AttachVolumeNegativeTest-1549814330-project] 10.222.0.20 "GET /compute/v2.1/servers/e06917b0-f7c7-4015-9830-dbfaa17f964e" status: 200 len: 1317 microversion: 2.1 time: 0.254669
Jan 12 18:26:24.725162 dv-cinder-824472-1-iscsi devstack@n-api.service[116486]: [pid: 116486|app: 0|req: 44/99] 10.222.0.20 () {58 vars in 1235 bytes} [Wed Jan 12 18:26:24 2022] GET /compute/v2.1/servers/e06917b0-f7c7-4015-9830-dbfaa17f964e => generated 1317 bytes in 265 msecs (HTTP/1.1 200) 9 headers in 358 bytes (1 switches on core 0)
Jan 12 18:26:24.962873 dv-cinder-824472-1-iscsi devstack@n-api.service[116485]: DEBUG nova.api.openstack.wsgi [None req-ae0323eb-017b-4366-8362-51d8c4faa38e tempest-AttachVolumeShelveTestJSON-1948079191 tempest-AttachVolumeShelveTestJSON-1948079191-project] Calling method '>' {{(pid=116485) _process_stack /opt/stack/nova/nova/api/openstack/wsgi.py:513}}
Jan 12 18:26:24.964039 dv-cinder-824472-1-iscsi devstack@n-api.service[116485]: DEBUG nova.compute.api [None req-ae0323eb-017b-4366-8362-51d8c4faa38e tempest-AttachVolumeShelveTestJSON-1948079191 tempest-AttachVolumeShelveTestJSON-1948079191-project] [instance: 08b664e5-0f39-4adf-a8bd-627d0ea30145] Fetching instance by UUID {{(pid=116485) get /opt/stack/nova/nova/compute/api.py:2865}}
Jan 12 18:26:24.970425 dv-cinder-824472-1-iscsi devstack@n-api.service[116485]: DEBUG oslo_concurrency.lockutils [None req-ae0323eb-017b-4366-8362-51d8c4faa38e tempest-AttachVolumeShelveTestJSON-1948079191 tempest-AttachVolumeShelveTestJSON-1948079191-project] Lock "145758fb-2302-4d07-861a-71aca320226b" acquired by "nova.context.set_target_cell..get_or_set_cached_cell_and_set_connections" :: waited 0.000s {{(pid=116485) inner /usr/local/lib/python3.8/dist-packages/oslo_concurrency/lockutils.py:386}}
Jan 12 18:26:24.970890 dv-cinder-824472-1-iscsi devstack@n-api.service[116485]: DEBUG oslo_concurrency.lockutils [None req-ae0323eb-017b-4366-8362-51d8c4faa38e tempest-AttachVolumeShelveTestJSON-1948079191 tempest-AttachVolumeShelveTestJSON-1948079191-project] Lock "145758fb-2302-4d07-861a-71aca320226b" "released" by "nova.context.set_target_cell..get_or_set_cached_cell_and_set_connections" :: held 0.001s {{(pid=116485) inner /usr/local/lib/python3.8/dist-packages/oslo_concurrency/lockutils.py:400}}
Jan 12 18:26:24.971726 dv-cinder-824472-1-iscsi devstack@n-api.service[116485]: DEBUG oslo_concurrency.lockutils [None req-ae0323eb-017b-4366-8362-51d8c4faa38e tempest-AttachVolumeShelveTestJSON-1948079191 tempest-AttachVolumeShelveTestJSON-1948079191-project] Lock "145758fb-2302-4d07-861a-71aca320226b" acquired by "nova.context.set_target_cell..get_or_set_cached_cell_and_set_connections" :: waited 0.000s {{(pid=116485) inner /usr/local/lib/python3.8/dist-packages/oslo_concurrency/lockutils.py:386}}
Jan 12 18:26:24.972469 dv-cinder-824472-1-iscsi devstack@n-api.service[116485]: DEBUG oslo_concurrency.lockutils [None req-ae0323eb-017b-4366-8362-51d8c4faa38e tempest-AttachVolumeShelveTestJSON-1948079191 tempest-AttachVolumeShelveTestJSON-1948079191-project] Lock "145758fb-2302-4d07-861a-71aca320226b" "released" by "nova.context.set_target_cell..get_or_set_cached_cell_and_set_connections" :: held 0.001s {{(pid=116485) inner /usr/local/lib/python3.8/dist-packages/oslo_concurrency/lockutils.py:400}}
Jan 12 18:26:25.044253 dv-cinder-824472-1-iscsi devstack@n-api.service[116486]: DEBUG nova.api.openstack.wsgi [None req-1220ee44-677d-444f-bc8f-afe543b2f0aa tempest-DeleteServersTestJSON-277634967 tempest-DeleteServersTestJSON-277634967-project] Calling method '>' {{(pid=116486) _process_stack /opt/stack/nova/nova/api/openstack/wsgi.py:513}}
Jan 12 18:26:25.045158 dv-cinder-824472-1-iscsi devstack@n-api.service[116486]: DEBUG nova.compute.api [None req-1220ee44-677d-444f-bc8f-afe543b2f0aa tempest-DeleteServersTestJSON-277634967 tempest-DeleteServersTestJSON-277634967-project] [instance: 714ead20-7c2c-44bd-9045-15ca1446ab58] Fetching instance by UUID {{(pid=116486) get /opt/stack/nova/nova/compute/api.py:2865}}
Jan 12 18:26:25.051758 dv-cinder-824472-1-iscsi devstack@n-api.service[116486]: DEBUG oslo_concurrency.lockutils [None req-1220ee44-677d-444f-bc8f-afe543b2f0aa tempest-DeleteServersTestJSON-277634967 tempest-DeleteServersTestJSON-277634967-project] Lock "145758fb-2302-4d07-861a-71aca320226b" acquired by "nova.context.set_target_cell..get_or_set_cached_cell_and_set_connections" :: waited 0.000s {{(pid=116486) inner /usr/local/lib/python3.8/dist-packages/oslo_concurrency/lockutils.py:386}}
Jan 12 18:26:25.052332 dv-cinder-824472-1-iscsi devstack@n-api.service[116486]: DEBUG oslo_concurrency.lockutils [None req-1220ee44-677d-444f-bc8f-afe543b2f0aa tempest-DeleteServersTestJSON-277634967 tempest-DeleteServersTestJSON-277634967-project] Lock "145758fb-2302-4d07-861a-71aca320226b" "released" by "nova.context.set_target_cell..get_or_set_cached_cell_and_set_connections" :: held 0.001s {{(pid=116486) inner /usr/local/lib/python3.8/dist-packages/oslo_concurrency/lockutils.py:400}}
Jan 12 18:26:25.053291 dv-cinder-824472-1-iscsi devstack@n-api.service[116486]: DEBUG oslo_concurrency.lockutils [None req-1220ee44-677d-444f-bc8f-afe543b2f0aa tempest-DeleteServersTestJSON-277634967 tempest-DeleteServersTestJSON-277634967-project] Lock "145758fb-2302-4d07-861a-71aca320226b" acquired by "nova.context.set_target_cell..get_or_set_cached_cell_and_set_connections" :: waited 0.000s {{(pid=116486) inner /usr/local/lib/python3.8/dist-packages/oslo_concurrency/lockutils.py:386}}
Jan 12 18:26:25.053790 dv-cinder-824472-1-iscsi devstack@n-api.service[116486]: DEBUG oslo_concurrency.lockutils [None req-1220ee44-677d-444f-bc8f-afe543b2f0aa tempest-DeleteServersTestJSON-277634967 tempest-DeleteServersTestJSON-277634967-project] Lock "145758fb-2302-4d07-861a-71aca320226b" "released" by "nova.context.set_target_cell..get_or_set_cached_cell_and_set_connections" :: held 0.000s {{(pid=116486) inner /usr/local/lib/python3.8/dist-packages/oslo_concurrency/lockutils.py:400}}
Jan 12 18:26:25.164089 dv-cinder-824472-1-iscsi devstack@n-api.service[116485]: DEBUG nova.policy [None req-ae0323eb-017b-4366-8362-51d8c4faa38e tempest-AttachVolumeShelveTestJSON-1948079191 tempest-AttachVolumeShelveTestJSON-1948079191-project] Policy check for os_compute_api:os-extended-server-attributes failed with credentials {'is_admin': False, 'user_id': '5815ad988f924b7492c5663d31f3a61a', 'user_domain_id': 'default', 'system_scope': None, 'domain_id': None, 'project_id': 'b7b77e4e770748a1915e7c538d56a15d', 'project_domain_id': 'default', 'roles': ['member', 'reader'], 'is_admin_project': True, 'service_user_id': None, 'service_user_domain_id': None, 'service_project_id': None, 'service_project_domain_id': None, 'service_roles': []} {{(pid=116485) authorize /opt/stack/nova/nova/policy.py:199}}
Jan 12 18:26:25.173674 dv-cinder-824472-1-iscsi devstack@n-api.service[116485]: DEBUG nova.policy [None req-ae0323eb-017b-4366-8362-51d8c4faa38e tempest-AttachVolumeShelveTestJSON-1948079191 tempest-AttachVolumeShelveTestJSON-1948079191-project] Policy check for os_compute_api:servers:show:host_status failed with credentials {'is_admin': False, 'user_id': '5815ad988f924b7492c5663d31f3a61a', 'user_domain_id': 'default', 'system_scope': None, 'domain_id': None, 'project_id': 'b7b77e4e770748a1915e7c538d56a15d', 'project_domain_id': 'default', 'roles': ['member', 'reader'], 'is_admin_project': True, 'service_user_id': None, 'service_user_domain_id': None, 'service_project_id': None, 'service_project_domain_id': None, 'service_roles': []} {{(pid=116485) authorize /opt/stack/nova/nova/policy.py:199}}
Jan 12 18:26:25.175706 dv-cinder-824472-1-iscsi devstack@n-api.service[116485]: DEBUG nova.policy [None req-ae0323eb-017b-4366-8362-51d8c4faa38e tempest-AttachVolumeShelveTestJSON-1948079191 tempest-AttachVolumeShelveTestJSON-1948079191-project] Policy check for os_compute_api:servers:show:host_status:unknown-only failed with credentials {'is_admin': False, 'user_id': '5815ad988f924b7492c5663d31f3a61a', 'user_domain_id': 'default', 'system_scope': None, 'domain_id': None, 'project_id': 'b7b77e4e770748a1915e7c538d56a15d', 'project_domain_id': 'default', 'roles': ['member', 'reader'], 'is_admin_project': True, 'service_user_id': None, 'service_user_domain_id': None, 'service_project_id': None, 'service_project_domain_id': None, 'service_roles': []} {{(pid=116485) authorize /opt/stack/nova/nova/policy.py:199}}
Jan 12 18:26:25.198252 dv-cinder-824472-1-iscsi devstack@n-api.service[116485]: INFO nova.api.openstack.requestlog [None req-ae0323eb-017b-4366-8362-51d8c4faa38e tempest-AttachVolumeShelveTestJSON-1948079191 tempest-AttachVolumeShelveTestJSON-1948079191-project] 10.222.0.20 "GET /compute/v2.1/servers/08b664e5-0f39-4adf-a8bd-627d0ea30145" status: 200 len: 1405 microversion: 2.20 time: 0.240626
Jan 12 18:26:25.203916 dv-cinder-824472-1-iscsi devstack@n-api.service[116485]: [pid: 116485|app: 0|req: 56/100] 10.222.0.20 () {60 vars in 1276 bytes} [Wed Jan 12 18:26:24 2022] GET /compute/v2.1/servers/08b664e5-0f39-4adf-a8bd-627d0ea30145 => generated 1405 bytes in 247 msecs (HTTP/1.1 200) 9 headers in 360 bytes (1 switches on core 0)
Jan 12 18:26:25.247136 dv-cinder-824472-1-iscsi devstack@n-api.service[116486]: DEBUG nova.policy [None req-1220ee44-677d-444f-bc8f-afe543b2f0aa tempest-DeleteServersTestJSON-277634967 tempest-DeleteServersTestJSON-277634967-project] Policy check for os_compute_api:os-extended-server-attributes failed with credentials {'is_admin': False, 'user_id': '835b14ef8dfc47bdaf5500b62b1a6b73', 'user_domain_id': 'default', 'system_scope': None, 'domain_id': None, 'project_id': '9a55a66118874c90828c383f39220f4d', 'project_domain_id': 'default', 'roles': ['member', 'reader'], 'is_admin_project': True, 'service_user_id': None, 'service_user_domain_id': None, 'service_project_id': None, 'service_project_domain_id': None, 'service_roles': []} {{(pid=116486) authorize /opt/stack/nova/nova/policy.py:199}}
Jan 12 18:26:25.256436 dv-cinder-824472-1-iscsi devstack@n-api.service[116486]: INFO nova.api.openstack.requestlog [None req-1220ee44-677d-444f-bc8f-afe543b2f0aa tempest-DeleteServersTestJSON-277634967 tempest-DeleteServersTestJSON-277634967-project] 10.222.0.20 "GET /compute/v2.1/servers/714ead20-7c2c-44bd-9045-15ca1446ab58" status: 200 len: 1315 microversion: 2.1 time: 0.216061
Jan 12 18:26:25.257306 dv-cinder-824472-1-iscsi devstack@n-api.service[116486]: [pid: 116486|app: 0|req: 45/101] 10.222.0.20 () {58 vars in 1235 bytes} [Wed Jan 12 18:26:25 2022] GET /compute/v2.1/servers/714ead20-7c2c-44bd-9045-15ca1446ab58 => generated 1315 bytes in 218 msecs (HTTP/1.1 200) 9 headers in 358 bytes (2 switches on core 0)
Jan 12 18:26:25.710430 dv-cinder-824472-1-iscsi devstack@n-api.service[116485]: DEBUG nova.api.openstack.wsgi [None req-89a095cb-2c29-4737-8afe-a3132cbd1a30 tempest-ServerRescueNegativeTestJSON-1563579294 tempest-ServerRescueNegativeTestJSON-1563579294-project] Calling method '>' {{(pid=116485) _process_stack /opt/stack/nova/nova/api/openstack/wsgi.py:513}}
Jan 12 18:26:25.711262 dv-cinder-824472-1-iscsi devstack@n-api.service[116485]: DEBUG nova.compute.api [None req-89a095cb-2c29-4737-8afe-a3132cbd1a30 tempest-ServerRescueNegativeTestJSON-1563579294 tempest-ServerRescueNegativeTestJSON-1563579294-project] [instance: 18425550-a470-46ec-b1d9-c4d59bd647c0] Fetching instance by UUID {{(pid=116485) get /opt/stack/nova/nova/compute/api.py:2865}}
Jan 12 18:26:25.718493 dv-cinder-824472-1-iscsi devstack@n-api.service[116485]: DEBUG oslo_concurrency.lockutils [None req-89a095cb-2c29-4737-8afe-a3132cbd1a30 tempest-ServerRescueNegativeTestJSON-1563579294 tempest-ServerRescueNegativeTestJSON-1563579294-project] Lock "145758fb-2302-4d07-861a-71aca320226b" acquired by "nova.context.set_target_cell..get_or_set_cached_cell_and_set_connections" :: waited 0.000s {{(pid=116485) inner /usr/local/lib/python3.8/dist-packages/oslo_concurrency/lockutils.py:386}}
Jan 12 18:26:25.719243 dv-cinder-824472-1-iscsi devstack@n-api.service[116485]: DEBUG oslo_concurrency.lockutils [None req-89a095cb-2c29-4737-8afe-a3132cbd1a30 tempest-ServerRescueNegativeTestJSON-1563579294 tempest-ServerRescueNegativeTestJSON-1563579294-project] Lock "145758fb-2302-4d07-861a-71aca320226b" "released" by "nova.context.set_target_cell..get_or_set_cached_cell_and_set_connections" :: held 0.001s {{(pid=116485) inner /usr/local/lib/python3.8/dist-packages/oslo_concurrency/lockutils.py:400}}
Jan 12 18:26:25.720633 dv-cinder-824472-1-iscsi devstack@n-api.service[116485]: DEBUG oslo_concurrency.lockutils [None req-89a095cb-2c29-4737-8afe-a3132cbd1a30 tempest-ServerRescueNegativeTestJSON-1563579294 tempest-ServerRescueNegativeTestJSON-1563579294-project] Lock "145758fb-2302-4d07-861a-71aca320226b" acquired by "nova.context.set_target_cell..get_or_set_cached_cell_and_set_connections" :: waited 0.000s {{(pid=116485) inner /usr/local/lib/python3.8/dist-packages/oslo_concurrency/lockutils.py:386}}
Jan 12 18:26:25.721289 dv-cinder-824472-1-iscsi devstack@n-api.service[116485]: DEBUG oslo_concurrency.lockutils [None req-89a095cb-2c29-4737-8afe-a3132cbd1a30 tempest-ServerRescueNegativeTestJSON-1563579294 tempest-ServerRescueNegativeTestJSON-1563579294-project] Lock "145758fb-2302-4d07-861a-71aca320226b" "released" by "nova.context.set_target_cell..get_or_set_cached_cell_and_set_connections" :: held 0.001s {{(pid=116485) inner /usr/local/lib/python3.8/dist-packages/oslo_concurrency/lockutils.py:400}}
Jan 12 18:26:25.733141 dv-cinder-824472-1-iscsi devstack@n-api.service[116486]: DEBUG nova.api.openstack.wsgi [None req-8c9d0130-68e8-4880-b22a-a1df5293ccf0 tempest-AttachVolumeNegativeTest-1549814330 tempest-AttachVolumeNegativeTest-1549814330-project] Calling method '>' {{(pid=116486) _process_stack /opt/stack/nova/nova/api/openstack/wsgi.py:513}}
Jan 12 18:26:25.734511 dv-cinder-824472-1-iscsi devstack@n-api.service[116486]: DEBUG nova.compute.api [None req-8c9d0130-68e8-4880-b22a-a1df5293ccf0 tempest-AttachVolumeNegativeTest-1549814330 tempest-AttachVolumeNegativeTest-1549814330-project] [instance: e06917b0-f7c7-4015-9830-dbfaa17f964e] Fetching instance by UUID {{(pid=116486) get /opt/stack/nova/nova/compute/api.py:2865}}
Jan 12 18:26:25.746608 dv-cinder-824472-1-iscsi devstack@n-api.service[116486]: DEBUG oslo_concurrency.lockutils [None req-8c9d0130-68e8-4880-b22a-a1df5293ccf0 tempest-AttachVolumeNegativeTest-1549814330 tempest-AttachVolumeNegativeTest-1549814330-project] Lock "145758fb-2302-4d07-861a-71aca320226b" acquired by "nova.context.set_target_cell..get_or_set_cached_cell_and_set_connections" :: waited 0.000s {{(pid=116486) inner /usr/local/lib/python3.8/dist-packages/oslo_concurrency/lockutils.py:386}}
Jan 12 18:26:25.748497 dv-cinder-824472-1-iscsi devstack@n-api.service[116486]: DEBUG oslo_concurrency.lockutils [None req-8c9d0130-68e8-4880-b22a-a1df5293ccf0 tempest-AttachVolumeNegativeTest-1549814330 tempest-AttachVolumeNegativeTest-1549814330-project] Lock "145758fb-2302-4d07-861a-71aca320226b" "released" by "nova.context.set_target_cell..get_or_set_cached_cell_and_set_connections" :: held 0.001s {{(pid=116486) inner /usr/local/lib/python3.8/dist-packages/oslo_concurrency/lockutils.py:400}}
Jan 12 18:26:25.751471 dv-cinder-824472-1-iscsi devstack@n-api.service[116486]: DEBUG oslo_concurrency.lockutils [None req-8c9d0130-68e8-4880-b22a-a1df5293ccf0 tempest-AttachVolumeNegativeTest-1549814330 tempest-AttachVolumeNegativeTest-1549814330-project] Lock "145758fb-2302-4d07-861a-71aca320226b" acquired by "nova.context.set_target_cell..get_or_set_cached_cell_and_set_connections" :: waited 0.000s {{(pid=116486) inner /usr/local/lib/python3.8/dist-packages/oslo_concurrency/lockutils.py:386}}
Jan 12 18:26:25.752928 dv-cinder-824472-1-iscsi devstack@n-api.service[116486]: DEBUG oslo_concurrency.lockutils [None req-8c9d0130-68e8-4880-b22a-a1df5293ccf0 tempest-AttachVolumeNegativeTest-1549814330 tempest-AttachVolumeNegativeTest-1549814330-project] Lock "145758fb-2302-4d07-861a-71aca320226b" "released" by "nova.context.set_target_cell..get_or_set_cached_cell_and_set_connections" :: held 0.001s {{(pid=116486) inner /usr/local/lib/python3.8/dist-packages/oslo_concurrency/lockutils.py:400}}
Jan 12 18:26:26.256223 dv-cinder-824472-1-iscsi devstack@n-api.service[116485]: DEBUG nova.policy [None req-89a095cb-2c29-4737-8afe-a3132cbd1a30 tempest-ServerRescueNegativeTestJSON-1563579294 tempest-ServerRescueNegativeTestJSON-1563579294-project] Policy check for os_compute_api:os-extended-server-attributes failed with credentials {'is_admin': False, 'user_id': '43952a95b1e64684a99347e7d3904c84', 'user_domain_id': 'default', 'system_scope': None, 'domain_id': None, 'project_id': '41bf9b2343ac410aae14f0479c3224c7', 'project_domain_id': 'default', 'roles': ['member', 'reader'], 'is_admin_project': True, 'service_user_id': None, 'service_user_domain_id': None, 'service_project_id': None, 'service_project_domain_id': None, 'service_roles': []} {{(pid=116485) authorize /opt/stack/nova/nova/policy.py:199}}
Jan 12 18:26:26.262400 dv-cinder-824472-1-iscsi devstack@n-api.service[116486]: DEBUG nova.policy [None req-8c9d0130-68e8-4880-b22a-a1df5293ccf0 tempest-AttachVolumeNegativeTest-1549814330 tempest-AttachVolumeNegativeTest-1549814330-project] Policy check for os_compute_api:os-extended-server-attributes failed with credentials {'is_admin': False, 'user_id': '9230f0ce7159431297beba0781d400a0', 'user_domain_id': 'default', 'system_scope': None, 'domain_id': None, 'project_id': 'adeb168a80a04099a03a71633ba175c3', 'project_domain_id': 'default', 'roles': ['member', 'reader'], 'is_admin_project': True, 'service_user_id': None, 'service_user_domain_id': None, 'service_project_id': None, 'service_project_domain_id': None, 'service_roles': []} {{(pid=116486) authorize /opt/stack/nova/nova/policy.py:199}}
Jan 12 18:26:26.269114 dv-cinder-824472-1-iscsi devstack@n-api.service[116485]: INFO nova.api.openstack.requestlog [None req-89a095cb-2c29-4737-8afe-a3132cbd1a30 tempest-ServerRescueNegativeTestJSON-1563579294 tempest-ServerRescueNegativeTestJSON-1563579294-project] 10.222.0.20 "GET /compute/v2.1/servers/18425550-a470-46ec-b1d9-c4d59bd647c0" status: 200 len: 1321 microversion: 2.1 time: 0.562417
Jan 12 18:26:26.269783 dv-cinder-824472-1-iscsi devstack@n-api.service[116485]: [pid: 116485|app: 0|req: 57/102] 10.222.0.20 () {58 vars in 1235 bytes} [Wed Jan 12 18:26:25 2022] GET /compute/v2.1/servers/18425550-a470-46ec-b1d9-c4d59bd647c0 => generated 1321 bytes in 564 msecs (HTTP/1.1 200) 9 headers in 358 bytes (1 switches on core 0)
Jan 12 18:26:26.282328 dv-cinder-824472-1-iscsi devstack@n-api.service[116486]: INFO nova.api.openstack.requestlog [None req-8c9d0130-68e8-4880-b22a-a1df5293ccf0 tempest-AttachVolumeNegativeTest-1549814330 tempest-AttachVolumeNegativeTest-1549814330-project] 10.222.0.20 "GET /compute/v2.1/servers/e06917b0-f7c7-4015-9830-dbfaa17f964e" status: 200 len: 1317 microversion: 2.1 time: 0.552305
Jan 12 18:26:26.283409 dv-cinder-824472-1-iscsi devstack@n-api.service[116485]: DEBUG nova.api.openstack.wsgi [req-df2441f9-c142-4b50-8aeb-37999cde4dba req-414288e5-3e84-4c0e-8f6d-1db50afc264a service nova] Action: 'create', calling method: >, body: {"events": [{"name": "network-changed", "server_uuid": "18425550-a470-46ec-b1d9-c4d59bd647c0", "tag": "90b6b7b2-066b-472f-b136-1a93658c0b85"}]} {{(pid=116485) _process_stack /opt/stack/nova/nova/api/openstack/wsgi.py:511}}
Jan 12 18:26:26.283927 dv-cinder-824472-1-iscsi devstack@n-api.service[116486]: [pid: 116486|app: 0|req: 46/103] 10.222.0.20 () {58 vars in 1235 bytes} [Wed Jan 12 18:26:25 2022] GET /compute/v2.1/servers/e06917b0-f7c7-4015-9830-dbfaa17f964e => generated 1317 bytes in 556 msecs (HTTP/1.1 200) 9 headers in 358 bytes (1 switches on core 0)
Jan 12 18:26:26.285681 dv-cinder-824472-1-iscsi devstack@n-api.service[116485]: /usr/local/lib/python3.8/dist-packages/oslo_policy/policy.py:1119: UserWarning: Policy "os_compute_api:os-server-external-events:create": "rule:system_admin_api" failed scope check. The token used to make the request was project scoped but the policy requires ['system'] scope. This behavior may change in the future where using the intended scope is required
Jan 12 18:26:26.285681 dv-cinder-824472-1-iscsi devstack@n-api.service[116485]: warnings.warn(msg)
Jan 12 18:26:26.294678 dv-cinder-824472-1-iscsi devstack@n-api.service[116486]: DEBUG nova.api.openstack.wsgi [None req-4c2211d6-b4c1-49f2-977a-b2bc76c8171e tempest-AttachVolumeShelveTestJSON-1948079191 tempest-AttachVolumeShelveTestJSON-1948079191-project] Calling method '>' {{(pid=116486) _process_stack /opt/stack/nova/nova/api/openstack/wsgi.py:513}}
Jan 12 18:26:26.297091 dv-cinder-824472-1-iscsi devstack@n-api.service[116486]: DEBUG nova.compute.api [None req-4c2211d6-b4c1-49f2-977a-b2bc76c8171e tempest-AttachVolumeShelveTestJSON-1948079191 tempest-AttachVolumeShelveTestJSON-1948079191-project] [instance: 08b664e5-0f39-4adf-a8bd-627d0ea30145] Fetching instance by UUID {{(pid=116486) get /opt/stack/nova/nova/compute/api.py:2865}}
Jan 12 18:26:26.308381 dv-cinder-824472-1-iscsi devstack@n-api.service[116485]: DEBUG oslo_concurrency.lockutils [req-df2441f9-c142-4b50-8aeb-37999cde4dba req-414288e5-3e84-4c0e-8f6d-1db50afc264a service nova] Lock "145758fb-2302-4d07-861a-71aca320226b" acquired by "nova.context.set_target_cell..get_or_set_cached_cell_and_set_connections" :: waited 0.000s {{(pid=116485) inner /usr/local/lib/python3.8/dist-packages/oslo_concurrency/lockutils.py:386}}
Jan 12 18:26:26.308960 dv-cinder-824472-1-iscsi devstack@n-api.service[116485]: DEBUG oslo_concurrency.lockutils [req-df2441f9-c142-4b50-8aeb-37999cde4dba req-414288e5-3e84-4c0e-8f6d-1db50afc264a service nova] Lock "145758fb-2302-4d07-861a-71aca320226b" "released" by "nova.context.set_target_cell..get_or_set_cached_cell_and_set_connections" :: held 0.001s {{(pid=116485) inner /usr/local/lib/python3.8/dist-packages/oslo_concurrency/lockutils.py:400}}
Jan 12 18:26:26.329123 dv-cinder-824472-1-iscsi devstack@n-api.service[116486]: DEBUG oslo_concurrency.lockutils [None req-4c2211d6-b4c1-49f2-977a-b2bc76c8171e tempest-AttachVolumeShelveTestJSON-1948079191 tempest-AttachVolumeShelveTestJSON-1948079191-project] Lock "145758fb-2302-4d07-861a-71aca320226b" acquired by "nova.context.set_target_cell..get_or_set_cached_cell_and_set_connections" :: waited 0.000s {{(pid=116486) inner /usr/local/lib/python3.8/dist-packages/oslo_concurrency/lockutils.py:386}}
Jan 12 18:26:26.333234 dv-cinder-824472-1-iscsi devstack@n-api.service[116486]: DEBUG oslo_concurrency.lockutils [None req-4c2211d6-b4c1-49f2-977a-b2bc76c8171e tempest-AttachVolumeShelveTestJSON-1948079191 tempest-AttachVolumeShelveTestJSON-1948079191-project] Lock "145758fb-2302-4d07-861a-71aca320226b" "released" by "nova.context.set_target_cell..get_or_set_cached_cell_and_set_connections" :: held 0.004s {{(pid=116486) inner /usr/local/lib/python3.8/dist-packages/oslo_concurrency/lockutils.py:400}}
Jan 12 18:26:26.337211 dv-cinder-824472-1-iscsi devstack@n-api.service[116485]: INFO nova.api.openstack.compute.server_external_events [req-df2441f9-c142-4b50-8aeb-37999cde4dba req-414288e5-3e84-4c0e-8f6d-1db50afc264a service nova] Creating event network-changed:90b6b7b2-066b-472f-b136-1a93658c0b85 for instance 18425550-a470-46ec-b1d9-c4d59bd647c0 on hv-cinder-82447
Jan 12 18:26:26.338406 dv-cinder-824472-1-iscsi devstack@n-api.service[116486]: DEBUG oslo_concurrency.lockutils [None req-4c2211d6-b4c1-49f2-977a-b2bc76c8171e tempest-AttachVolumeShelveTestJSON-1948079191 tempest-AttachVolumeShelveTestJSON-1948079191-project] Lock "145758fb-2302-4d07-861a-71aca320226b" acquired by "nova.context.set_target_cell..get_or_set_cached_cell_and_set_connections" :: waited 0.000s {{(pid=116486) inner /usr/local/lib/python3.8/dist-packages/oslo_concurrency/lockutils.py:386}}
Jan 12 18:26:26.341308 dv-cinder-824472-1-iscsi devstack@n-api.service[116486]: DEBUG oslo_concurrency.lockutils [None req-4c2211d6-b4c1-49f2-977a-b2bc76c8171e tempest-AttachVolumeShelveTestJSON-1948079191 tempest-AttachVolumeShelveTestJSON-1948079191-project] Lock "145758fb-2302-4d07-861a-71aca320226b" "released" by "nova.context.set_target_cell..get_or_set_cached_cell_and_set_connections" :: held 0.003s {{(pid=116486) inner /usr/local/lib/python3.8/dist-packages/oslo_concurrency/lockutils.py:400}}
Jan 12 18:26:26.353762 dv-cinder-824472-1-iscsi devstack@n-api.service[116485]: INFO nova.api.openstack.requestlog [req-df2441f9-c142-4b50-8aeb-37999cde4dba req-414288e5-3e84-4c0e-8f6d-1db50afc264a service nova] 10.222.0.20 "POST /compute/v2.1/os-server-external-events" status: 200 len: 179 microversion: 2.1 time: 0.080258
Jan 12 18:26:26.354826 dv-cinder-824472-1-iscsi devstack@n-api.service[116485]: [pid: 116485|app: 0|req: 58/104] 10.222.0.20 () {64 vars in 1317 bytes} [Wed Jan 12 18:26:26 2022] POST /compute/v2.1/os-server-external-events => generated 179 bytes in 84 msecs (HTTP/1.1 200) 9 headers in 357 bytes (1 switches on core 0)
Jan 12 18:26:26.363277 dv-cinder-824472-1-iscsi devstack@n-api.service[116485]: DEBUG nova.api.openstack.wsgi [None req-0a922a3c-e23a-4ab4-a852-dcf32aa38a22 tempest-DeleteServersTestJSON-277634967 tempest-DeleteServersTestJSON-277634967-project] Calling method '>' {{(pid=116485) _process_stack /opt/stack/nova/nova/api/openstack/wsgi.py:513}}
Jan 12 18:26:26.367218 dv-cinder-824472-1-iscsi devstack@n-api.service[116485]: DEBUG nova.compute.api [None req-0a922a3c-e23a-4ab4-a852-dcf32aa38a22 tempest-DeleteServersTestJSON-277634967 tempest-DeleteServersTestJSON-277634967-project] [instance: 714ead20-7c2c-44bd-9045-15ca1446ab58] Fetching instance by UUID {{(pid=116485) get /opt/stack/nova/nova/compute/api.py:2865}}
Jan 12 18:26:26.387097 dv-cinder-824472-1-iscsi devstack@n-api.service[116485]: DEBUG oslo_concurrency.lockutils [None req-0a922a3c-e23a-4ab4-a852-dcf32aa38a22 tempest-DeleteServersTestJSON-277634967 tempest-DeleteServersTestJSON-277634967-project] Lock "145758fb-2302-4d07-861a-71aca320226b" acquired by "nova.context.set_target_cell..get_or_set_cached_cell_and_set_connections" :: waited 0.000s {{(pid=116485) inner /usr/local/lib/python3.8/dist-packages/oslo_concurrency/lockutils.py:386}}
Jan 12 18:26:26.387948 dv-cinder-824472-1-iscsi devstack@n-api.service[116485]: DEBUG oslo_concurrency.lockutils [None req-0a922a3c-e23a-4ab4-a852-dcf32aa38a22 tempest-DeleteServersTestJSON-277634967 tempest-DeleteServersTestJSON-277634967-project] Lock "145758fb-2302-4d07-861a-71aca320226b" "released" by "nova.context.set_target_cell..get_or_set_cached_cell_and_set_connections" :: held 0.001s {{(pid=116485) inner /usr/local/lib/python3.8/dist-packages/oslo_concurrency/lockutils.py:400}}
Jan 12 18:26:26.389100 dv-cinder-824472-1-iscsi devstack@n-api.service[116485]: DEBUG oslo_concurrency.lockutils [None req-0a922a3c-e23a-4ab4-a852-dcf32aa38a22 tempest-DeleteServersTestJSON-277634967 tempest-DeleteServersTestJSON-277634967-project] Lock "145758fb-2302-4d07-861a-71aca320226b" acquired by "nova.context.set_target_cell..get_or_set_cached_cell_and_set_connections" :: waited 0.000s {{(pid=116485) inner /usr/local/lib/python3.8/dist-packages/oslo_concurrency/lockutils.py:386}}
Jan 12 18:26:26.390501 dv-cinder-824472-1-iscsi devstack@n-api.service[116485]: DEBUG oslo_concurrency.lockutils [None req-0a922a3c-e23a-4ab4-a852-dcf32aa38a22 tempest-DeleteServersTestJSON-277634967 tempest-DeleteServersTestJSON-277634967-project] Lock "145758fb-2302-4d07-861a-71aca320226b" "released" by "nova.context.set_target_cell..get_or_set_cached_cell_and_set_connections" :: held 0.001s {{(pid=116485) inner /usr/local/lib/python3.8/dist-packages/oslo_concurrency/lockutils.py:400}}
