Jan 28 13:45:47.209652 dv-cinder-824187-7-smb neutron-server[114313]: DEBUG neutron_lib.callbacks.manager [None req-94f44d45-6672-484d-973d-5d3a5385a488 None None] Publish callbacks ['neutron.plugins.ml2.plugin.SecurityGroupServerNotifierRpcMixin._notify_sg_on_port_change-4091719', 'neutron.plugins.ml2.ovo_rpc._ObjectChangeHandler.handle_event-396700', 'neutron.api.rpc.agentnotifiers.dhcp_rpc_agent_api.DhcpAgentNotifyAPI._native_event_send_dhcp_notification-622575', 'neutron.db.l3_db.L3RpcNotifierMixin._notify_gateway_port_ip_changed-8730181359324', 'neutron.db.l3_dvrscheduler_db._notify_l3_agent_port_update-8730180930609', 'neutron.db.l3_hascheduler_db._notify_l3_agent_ha_port_update-8730180930627'] for port (50f00a5c-30df-47e8-ab4d-1a46cdd195c7), after_update {{(pid=114313) _notify_loop /usr/local/lib/python3.8/dist-packages/neutron_lib/callbacks/manager.py:176}}
Jan 28 13:45:47.225822 dv-cinder-824187-7-smb neutron-server[114312]: DEBUG neutron.scheduler.dhcp_agent_scheduler [req-874dd2b3-365f-403f-a567-c89654555a73 req-7d206e8f-1e0c-4ef0-b410-538aac77fb5c tempest-AttachVolumeShelveTestJSON-347498824 tempest-AttachVolumeShelveTestJSON-347498824-project] Network 5fec15e9-8eb4-4059-986d-da4360d6f5ce is already hosted by enough agents. {{(pid=114312) _get_dhcp_agents_hosting_network /opt/stack/neutron/neutron/scheduler/dhcp_agent_scheduler.py:275}}
Jan 28 13:45:47.243755 dv-cinder-824187-7-smb neutron-server[114312]: INFO neutron.wsgi [req-47d88d18-9699-4f74-acb9-d68863530c15 req-0d934f60-1edc-4d0f-8339-55eba35f31d5 tempest-AttachVolumeTestJSON-50600770 tempest-AttachVolumeTestJSON-50600770-project] 10.222.0.75 "GET /v2.0/ports?tenant_id=08fb3de1ed2843b8a70cc270ffcc6341&fields=id HTTP/1.1" status: 200 len: 302 time: 0.1704950
Jan 28 13:45:47.244467 dv-cinder-824187-7-smb neutron-server[114312]: DEBUG neutron.api.rpc.handlers.resources_rpc [None req-7d206e8f-1e0c-4ef0-b410-538aac77fb5c tempest-AttachVolumeShelveTestJSON-347498824 tempest-AttachVolumeShelveTestJSON-347498824-project] Pushing event updated for resources: {'Port': ['ID=912733d9-4fb8-43af-bebe-a83fe9543f45,revision_number=1']} {{(pid=114312) push /opt/stack/neutron/neutron/api/rpc/handlers/resources_rpc.py:237}}
Jan 28 13:45:47.248178 dv-cinder-824187-7-smb neutron-server[114313]: DEBUG neutron.api.rpc.handlers.resources_rpc [None req-94f44d45-6672-484d-973d-5d3a5385a488 None None] Pushing event updated for resources: {'Port': ['ID=d2c289cb-2e61-4c30-877c-4f830f7b60d2,revision_number=4']} {{(pid=114313) push /opt/stack/neutron/neutron/api/rpc/handlers/resources_rpc.py:237}}
Jan 28 13:45:47.248692 dv-cinder-824187-7-smb neutron-server[114312]: DEBUG neutron.scheduler.base_scheduler [req-874dd2b3-365f-403f-a567-c89654555a73 req-7d206e8f-1e0c-4ef0-b410-538aac77fb5c tempest-AttachVolumeShelveTestJSON-347498824 tempest-AttachVolumeShelveTestJSON-347498824-project] Resources bound (agent type, host, resource id): {{(pid=114312) schedule /opt/stack/neutron/neutron/scheduler/base_scheduler.py:57}}
Jan 28 13:45:47.255509 dv-cinder-824187-7-smb neutron-server[114312]: DEBUG neutron.db.l3_dvrscheduler_db [req-874dd2b3-365f-403f-a567-c89654555a73 req-7d206e8f-1e0c-4ef0-b410-538aac77fb5c tempest-AttachVolumeShelveTestJSON-347498824 tempest-AttachVolumeShelveTestJSON-347498824-project] Received port after_create {{(pid=114312) _notify_l3_agent_new_port /opt/stack/neutron/neutron/db/l3_dvrscheduler_db.py:536}}
Jan 28 13:45:47.261342 dv-cinder-824187-7-smb neutron-server[114312]: DEBUG neutron.pecan_wsgi.hooks.policy_enforcement [req-874dd2b3-365f-403f-a567-c89654555a73 req-7d206e8f-1e0c-4ef0-b410-538aac77fb5c tempest-AttachVolumeShelveTestJSON-347498824 tempest-AttachVolumeShelveTestJSON-347498824-project] Attributes excluded by policy engine: ['standard_attr_id', 'binding:profile', 'binding:host_id', 'binding:vif_type', 'binding:vif_details', 'network'] {{(pid=114312) _exclude_attributes_by_policy /opt/stack/neutron/neutron/pecan_wsgi/hooks/policy_enforcement.py:255}}
Jan 28 13:45:47.262165 dv-cinder-824187-7-smb neutron-server[114312]: DEBUG neutron_lib.callbacks.manager [req-874dd2b3-365f-403f-a567-c89654555a73 req-7d206e8f-1e0c-4ef0-b410-538aac77fb5c tempest-AttachVolumeShelveTestJSON-347498824 tempest-AttachVolumeShelveTestJSON-347498824-project] Publish callbacks ['neutron.notifiers.nova.Notifier._send_nova_notification-465498', 'neutron.api.rpc.agentnotifiers.dhcp_rpc_agent_api.DhcpAgentNotifyAPI._send_dhcp_notification-622585'] for port (None), before_response {{(pid=114312) _notify_loop /usr/local/lib/python3.8/dist-packages/neutron_lib/callbacks/manager.py:176}}
Jan 28 13:45:47.355656 dv-cinder-824187-7-smb neutron-server[114311]: DEBUG neutron.pecan_wsgi.hooks.policy_enforcement [req-fa008c99-7792-4e88-913d-9d7cc5f8acd6 req-b1b44750-28db-432b-9ffb-39f5f089f6e8 service neutron] Attributes excluded by policy engine: ['standard_attr_id', 'shared'] {{(pid=114311) _exclude_attributes_by_policy /opt/stack/neutron/neutron/pecan_wsgi/hooks/policy_enforcement.py:255}}
Jan 28 13:45:47.359406 dv-cinder-824187-7-smb neutron-server[114311]: INFO neutron.wsgi [req-fa008c99-7792-4e88-913d-9d7cc5f8acd6 req-b1b44750-28db-432b-9ffb-39f5f089f6e8 service neutron] 10.222.0.76 "GET /v2.0/subnets?id=86b696c2-1066-4ab3-b62e-6496b4e6dfa5 HTTP/1.1" status: 200 len: 859 time: 0.1831412
Jan 28 13:45:47.370154 dv-cinder-824187-7-smb neutron-server[114311]: DEBUG neutron.pecan_wsgi.hooks.policy_enforcement [req-e6831b3c-7ab1-4a64-9878-0d3b44b0868e req-846f7e44-f721-467a-b6bf-e21212863041 tempest-DeleteServersTestJSON-314547537 tempest-DeleteServersTestJSON-314547537-project] Attributes excluded by policy engine: ['standard_attr_id', 'binding:profile', 'binding:host_id', 'binding:vif_type', 'binding:vif_details'] {{(pid=114311) _exclude_attributes_by_policy /opt/stack/neutron/neutron/pecan_wsgi/hooks/policy_enforcement.py:255}}
Jan 28 13:45:47.370612 dv-cinder-824187-7-smb neutron-server[114312]: INFO neutron.wsgi [req-874dd2b3-365f-403f-a567-c89654555a73 req-7d206e8f-1e0c-4ef0-b410-538aac77fb5c tempest-AttachVolumeShelveTestJSON-347498824 tempest-AttachVolumeShelveTestJSON-347498824-project] 10.222.0.76 "POST /v2.0/ports HTTP/1.1" status: 201 len: 934 time: 1.7421331
Jan 28 13:45:47.371938 dv-cinder-824187-7-smb neutron-server[114311]: INFO neutron.wsgi [req-e6831b3c-7ab1-4a64-9878-0d3b44b0868e req-846f7e44-f721-467a-b6bf-e21212863041 tempest-DeleteServersTestJSON-314547537 tempest-DeleteServersTestJSON-314547537-project] 10.222.0.75 "GET /v2.0/ports?device_id=2f916e56-cb3a-41d9-ba94-05eb7e123dbb HTTP/1.1" status: 200 len: 945 time: 0.1257253
Jan 28 13:45:47.394546 dv-cinder-824187-7-smb neutron-server[114312]: DEBUG neutron.api.v2.base [req-874dd2b3-365f-403f-a567-c89654555a73 req-7afca655-8fd6-42df-a9e0-250f24c0896a service neutron] Request body: {'port': {'device_id': '4e8368f7-0f03-4101-8b10-5a03a7b20385', 'device_owner': 'compute:nova', 'binding:host_id': 'hv-cinder-82418'}} {{(pid=114312) prepare_request_body /opt/stack/neutron/neutron/api/v2/base.py:729}}
Jan 28 13:45:47.520099 dv-cinder-824187-7-smb neutron-server[114312]: INFO neutron.wsgi [req-47d88d18-9699-4f74-acb9-d68863530c15 req-8828c32a-aace-42af-967c-b0d6b11b5cba service neutron] 10.222.0.75 "GET /v2.0/networks/74ffbe68-2ac2-42e3-9680-2144a8138aa7?fields=segments HTTP/1.1" status: 200 len: 212 time: 0.2488322
Jan 28 13:45:47.532416 dv-cinder-824187-7-smb neutron-server[114313]: DEBUG neutron.api.rpc.handlers.resources_rpc [None req-94f44d45-6672-484d-973d-5d3a5385a488 None None] Pushing event updated for resources: {'Port': ['ID=50f00a5c-30df-47e8-ab4d-1a46cdd195c7,revision_number=5']} {{(pid=114313) push /opt/stack/neutron/neutron/api/rpc/handlers/resources_rpc.py:237}}
Jan 28 13:45:47.540410 dv-cinder-824187-7-smb neutron-server[114312]: DEBUG neutron_lib.callbacks.manager [None req-7a762257-5567-4624-b31c-d9b61e7b1ed3 admin admin] Publish callbacks [] for security_group (abbd4a19-e2d7-41f0-b471-75a31c7ac48a), precommit_create {{(pid=114312) _notify_loop /usr/local/lib/python3.8/dist-packages/neutron_lib/callbacks/manager.py:176}}
Jan 28 13:45:47.562726 dv-cinder-824187-7-smb neutron-server[114312]: DEBUG neutron_lib.callbacks.manager [None req-7a762257-5567-4624-b31c-d9b61e7b1ed3 admin admin] Publish callbacks ['neutron.plugins.ml2.ovo_rpc._ObjectChangeHandler.handle_event-545699'] for security_group (abbd4a19-e2d7-41f0-b471-75a31c7ac48a), after_create {{(pid=114312) _notify_loop /usr/local/lib/python3.8/dist-packages/neutron_lib/callbacks/manager.py:176}}
Jan 28 13:45:47.562726 dv-cinder-824187-7-smb neutron-server[114312]: DEBUG neutron_lib.callbacks.manager [req-874dd2b3-365f-403f-a567-c89654555a73 req-7afca655-8fd6-42df-a9e0-250f24c0896a service neutron] Publish callbacks ['neutron.plugins.ml2.plugin.SecurityGroupDbMixin._ensure_default_security_group_handler-4091242'] for port (912733d9-4fb8-43af-bebe-a83fe9543f45), before_update {{(pid=114312) _notify_loop /usr/local/lib/python3.8/dist-packages/neutron_lib/callbacks/manager.py:176}}
Jan 28 13:45:47.567431 dv-cinder-824187-7-smb neutron-server[114313]: DEBUG neutron.plugins.ml2.db [None req-94f44d45-6672-484d-973d-5d3a5385a488 None None] get_ports_and_sgs() called for port_ids ['d2c289cb-2e61-4c30-877c-4f830f7b60d2'] {{(pid=114313) get_ports_and_sgs /opt/stack/neutron/neutron/plugins/ml2/db.py:156}}
Jan 28 13:45:47.687069 dv-cinder-824187-7-smb neutron-server[114312]: INFO neutron.wsgi [None req-7a762257-5567-4624-b31c-d9b61e7b1ed3 admin admin] 10.222.0.75 "GET /v2.0/security-groups?tenant_id=d169165301a9458c851d6b9c4d060c4e&name=default HTTP/1.1" status: 200 len: 2996 time: 0.7681394
Jan 28 13:45:47.695991 dv-cinder-824187-7-smb neutron-server[114312]: DEBUG neutron.wsgi [-] (114312) accepted ('10.222.0.75', 51006) {{(pid=114312) server /usr/local/lib/python3.8/dist-packages/eventlet/wsgi.py:1004}}
Jan 28 13:45:47.698212 dv-cinder-824187-7-smb neutron-server[114312]: DEBUG neutron.api.rpc.handlers.resources_rpc [None req-7a762257-5567-4624-b31c-d9b61e7b1ed3 admin admin] Pushing event updated for resources: {'SecurityGroup': ['ID=abbd4a19-e2d7-41f0-b471-75a31c7ac48a,revision_number=1']} {{(pid=114312) push /opt/stack/neutron/neutron/api/rpc/handlers/resources_rpc.py:237}}
Jan 28 13:45:47.701902 dv-cinder-824187-7-smb neutron-server[114311]: INFO neutron.wsgi [req-fa008c99-7792-4e88-913d-9d7cc5f8acd6 req-e54e3689-2e75-4b74-8102-ef25d6aefcaf service neutron] 10.222.0.76 "GET /v2.0/ports?network_id=75fede4e-de4d-427a-b5a6-05417f560f0e&device_owner=network%3Adhcp HTTP/1.1" status: 200 len: 210 time: 0.3280206
Jan 28 13:45:47.722298 dv-cinder-824187-7-smb neutron-server[114313]: DEBUG neutron.db.provisioning_blocks [None req-bc2f1bf6-59ac-4f64-8472-fe4474062139 None None] Provisioning complete for port 912733d9-4fb8-43af-bebe-a83fe9543f45 triggered by entity DHCP. {{(pid=114313) provisioning_complete /opt/stack/neutron/neutron/db/provisioning_blocks.py:139}}
Jan 28 13:45:47.722837 dv-cinder-824187-7-smb neutron-server[114313]: DEBUG neutron_lib.callbacks.manager [None req-bc2f1bf6-59ac-4f64-8472-fe4474062139 None None] Publish callbacks ['neutron.plugins.ml2.plugin.Ml2Plugin._port_provisioned-3727542'] for port (912733d9-4fb8-43af-bebe-a83fe9543f45), provisioning_complete {{(pid=114313) _notify_loop /usr/local/lib/python3.8/dist-packages/neutron_lib/callbacks/manager.py:176}}
Jan 28 13:45:47.853968 dv-cinder-824187-7-smb neutron-server[114313]: DEBUG neutron.plugins.ml2.plugin [None req-bc2f1bf6-59ac-4f64-8472-fe4474062139 None None] Port 912733d9-4fb8-43af-bebe-a83fe9543f45 cannot update to ACTIVE because it is not bound. {{(pid=114313) _port_provisioned /opt/stack/neutron/neutron/plugins/ml2/plugin.py:343}}
Jan 28 13:45:47.887153 dv-cinder-824187-7-smb neutron-server[114313]: DEBUG neutron.notifiers.nova [-] Sending events: [{'server_uuid': '2f916e56-cb3a-41d9-ba94-05eb7e123dbb', 'name': 'network-vif-plugged', 'status': 'completed', 'tag': '50f00a5c-30df-47e8-ab4d-1a46cdd195c7'}] {{(pid=114313) send_events /opt/stack/neutron/neutron/notifiers/nova.py:266}}
Jan 28 13:45:47.889483 dv-cinder-824187-7-smb neutron-server[114313]: DEBUG novaclient.v2.client [-] REQ: curl -g -i --cacert "/opt/stack/data/ca-bundle.pem" -X POST http://10.222.0.75/compute/v2.1/os-server-external-events -H "Accept: application/json" -H "Content-Type: application/json" -H "User-Agent: python-novaclient" -H "X-Auth-Token: {SHA256}30b4bf04ca6a21bfd3731b036dbb06b896eab06e4afa7102fee37f900b081436" -H "X-OpenStack-Nova-API-Version: 2.1" -H "X-OpenStack-Request-ID: req-47e6217c-1e2f-4b65-9f85-3ee48eb521d9" -d '{"events": [{"server_uuid": "2f916e56-cb3a-41d9-ba94-05eb7e123dbb", "name": "network-vif-plugged", "status": "completed", "tag": "50f00a5c-30df-47e8-ab4d-1a46cdd195c7"}]}' {{(pid=114313) _http_log_request /usr/local/lib/python3.8/dist-packages/keystoneauth1/session.py:519}}
Jan 28 13:45:47.898655 dv-cinder-824187-7-smb neutron-server[114311]: INFO neutron.wsgi [req-fa008c99-7792-4e88-913d-9d7cc5f8acd6 req-815eea67-4f56-4078-b5ca-79052ddaa202 service neutron] 10.222.0.76 "GET /v2.0/networks/75fede4e-de4d-427a-b5a6-05417f560f0e?fields=segments HTTP/1.1" status: 200 len: 212 time: 0.1890483
Jan 28 13:45:47.933339 dv-cinder-824187-7-smb neutron-server[114313]: DEBUG neutron_lib.callbacks.manager [None req-94f44d45-6672-484d-973d-5d3a5385a488 None None] Publish callbacks ['neutron.services.segments.db._update_segment_host_mapping_for_agent-8730181230722', 'neutron.plugins.ml2.plugin.Ml2Plugin._retry_binding_revived_agents-3727440'] for agent (e4a61fb1-5b0d-401c-b7de-d90451468086), after_update {{(pid=114313) _notify_loop /usr/local/lib/python3.8/dist-packages/neutron_lib/callbacks/manager.py:176}}
Jan 28 13:45:47.948314 dv-cinder-824187-7-smb neutron-server[114312]: INFO neutron.wsgi [req-47d88d18-9699-4f74-acb9-d68863530c15 req-ed43e7d6-ad99-4870-8296-88865c03a2e9 service neutron] 10.222.0.75 "GET /v2.0/networks/74ffbe68-2ac2-42e3-9680-2144a8138aa7?fields=provider%3Aphysical_network&fields=provider%3Anetwork_type HTTP/1.1" status: 200 len: 281 time: 0.4218414
Jan 28 13:45:47.961886 dv-cinder-824187-7-smb neutron-server[114311]: INFO neutron.wsgi [req-e6831b3c-7ab1-4a64-9878-0d3b44b0868e req-18a2b27e-227b-4b83-8030-6e5a1c20cc3a tempest-DeleteServersTestJSON-314547537 tempest-DeleteServersTestJSON-314547537-project] 10.222.0.75 "GET /v2.0/security-groups?id=2299e0f4-ead2-4cc0-a3f0-6e490ed784da&fields=id&fields=name HTTP/1.1" status: 200 len: 286 time: 0.5752785
Jan 28 13:45:47.999438 dv-cinder-824187-7-smb neutron-server[114312]: DEBUG neutron_lib.callbacks.manager [None req-0aed89ec-2edd-41b5-80cb-01c7722bccc0 admin admin] Publish callbacks [] for security_group (abbd4a19-e2d7-41f0-b471-75a31c7ac48a), before_delete {{(pid=114312) _notify_loop /usr/local/lib/python3.8/dist-packages/neutron_lib/callbacks/manager.py:176}}
Jan 28 13:45:48.029937 dv-cinder-824187-7-smb neutron-server[114312]: DEBUG neutron_lib.callbacks.manager [None req-0aed89ec-2edd-41b5-80cb-01c7722bccc0 admin admin] Publish callbacks [] for security_group (abbd4a19-e2d7-41f0-b471-75a31c7ac48a), precommit_delete {{(pid=114312) _notify_loop /usr/local/lib/python3.8/dist-packages/neutron_lib/callbacks/manager.py:176}}
Jan 28 13:45:48.120628 dv-cinder-824187-7-smb neutron-server[114312]: DEBUG neutron.notifiers.nova [req-874dd2b3-365f-403f-a567-c89654555a73 req-7afca655-8fd6-42df-a9e0-250f24c0896a service neutron] Ignoring state change previous_port_status: DOWN current_port_status: DOWN port_id 912733d9-4fb8-43af-bebe-a83fe9543f45 {{(pid=114312) record_port_status_changed /opt/stack/neutron/neutron/notifiers/nova.py:228}}
Jan 28 13:45:48.129372 dv-cinder-824187-7-smb neutron-server[114312]: DEBUG neutron_lib.callbacks.manager [req-874dd2b3-365f-403f-a567-c89654555a73 req-7afca655-8fd6-42df-a9e0-250f24c0896a service neutron] Publish callbacks [] for port (912733d9-4fb8-43af-bebe-a83fe9543f45), precommit_update {{(pid=114312) _notify_loop /usr/local/lib/python3.8/dist-packages/neutron_lib/callbacks/manager.py:176}}
Jan 28 13:45:48.133866 dv-cinder-824187-7-smb neutron-server[114311]: INFO neutron.wsgi [req-fa008c99-7792-4e88-913d-9d7cc5f8acd6 req-c5e41a1b-6afb-47f4-a102-9047d4386f65 service neutron] 10.222.0.76 "GET /v2.0/networks/75fede4e-de4d-427a-b5a6-05417f560f0e?fields=provider%3Aphysical_network&fields=provider%3Anetwork_type HTTP/1.1" status: 200 len: 281 time: 0.2221463
Jan 28 13:45:48.164194 dv-cinder-824187-7-smb neutron-server[114312]: DEBUG neutron.db.provisioning_blocks [req-874dd2b3-365f-403f-a567-c89654555a73 req-7afca655-8fd6-42df-a9e0-250f24c0896a service neutron] Transition to ACTIVE for port object 912733d9-4fb8-43af-bebe-a83fe9543f45 will not be triggered until provisioned by entity L2. {{(pid=114312) add_provisioning_component /opt/stack/neutron/neutron/db/provisioning_blocks.py:73}}
Jan 28 13:45:48.168473 dv-cinder-824187-7-smb neutron-server[114311]: DEBUG neutron.pecan_wsgi.hooks.policy_enforcement [req-654de989-2ef1-445b-ba34-4016668f96e1 req-af42fcd9-fc62-415b-96a7-95cd6198ae41 tempest-AttachVolumeShelveTestJSON-347498824 tempest-AttachVolumeShelveTestJSON-347498824-project] Attributes excluded by policy engine: ['standard_attr_id', 'binding:profile', 'binding:host_id', 'binding:vif_type', 'binding:vif_details'] {{(pid=114311) _exclude_attributes_by_policy /opt/stack/neutron/neutron/pecan_wsgi/hooks/policy_enforcement.py:255}}
Jan 28 13:45:48.174052 dv-cinder-824187-7-smb neutron-server[114312]: DEBUG neutron_lib.callbacks.manager [req-874dd2b3-365f-403f-a567-c89654555a73 req-7afca655-8fd6-42df-a9e0-250f24c0896a service neutron] Publish callbacks ['neutron.plugins.ml2.plugin.SecurityGroupServerNotifierRpcMixin._notify_sg_on_port_change-4091719', 'neutron.plugins.ml2.ovo_rpc._ObjectChangeHandler.handle_event-396700', 'neutron.api.rpc.agentnotifiers.dhcp_rpc_agent_api.DhcpAgentNotifyAPI._native_event_send_dhcp_notification-622575', 'neutron.db.l3_db.L3RpcNotifierMixin._notify_gateway_port_ip_changed-8730181359324', 'neutron.db.l3_dvrscheduler_db._notify_l3_agent_port_update-8730180930609', 'neutron.db.l3_hascheduler_db._notify_l3_agent_ha_port_update-8730180930627'] for port (912733d9-4fb8-43af-bebe-a83fe9543f45), after_update {{(pid=114312) _notify_loop /usr/local/lib/python3.8/dist-packages/neutron_lib/callbacks/manager.py:176}}
Jan 28 13:45:48.181921 dv-cinder-824187-7-smb neutron-server[114311]: INFO neutron.wsgi [req-654de989-2ef1-445b-ba34-4016668f96e1 req-af42fcd9-fc62-415b-96a7-95cd6198ae41 tempest-AttachVolumeShelveTestJSON-347498824 tempest-AttachVolumeShelveTestJSON-347498824-project] 10.222.0.75 "GET /v2.0/ports?device_id=4e8368f7-0f03-4101-8b10-5a03a7b20385 HTTP/1.1" status: 200 len: 932 time: 0.0991833
Jan 28 13:45:48.239475 dv-cinder-824187-7-smb neutron-server[114312]: DEBUG neutron.api.rpc.handlers.resources_rpc [None req-7afca655-8fd6-42df-a9e0-250f24c0896a service neutron] Pushing event updated for resources: {'Port': ['ID=912733d9-4fb8-43af-bebe-a83fe9543f45,revision_number=2']} {{(pid=114312) push /opt/stack/neutron/neutron/api/rpc/handlers/resources_rpc.py:237}}
Jan 28 13:45:48.294681 dv-cinder-824187-7-smb neutron-server[114312]: DEBUG neutron.plugins.ml2.managers [req-874dd2b3-365f-403f-a567-c89654555a73 req-7afca655-8fd6-42df-a9e0-250f24c0896a service neutron] Attempting to bind port 912733d9-4fb8-43af-bebe-a83fe9543f45 on host hv-cinder-82418 for vnic_type normal with profile {{(pid=114312) bind_port /opt/stack/neutron/neutron/plugins/ml2/managers.py:795}}
Jan 28 13:45:48.295027 dv-cinder-824187-7-smb neutron-server[114312]: DEBUG neutron.plugins.ml2.managers [req-874dd2b3-365f-403f-a567-c89654555a73 req-7afca655-8fd6-42df-a9e0-250f24c0896a service neutron] Attempting to bind port 912733d9-4fb8-43af-bebe-a83fe9543f45 by drivers openvswitch,hyperv on host hv-cinder-82418 at level 0 using segments [{'id': 'd3a9dfc2-cc20-4468-9466-08f9daa34af3', 'network_type': 'vlan', 'physical_network': 'physnet1', 'segmentation_id': 786, 'network_id': '5fec15e9-8eb4-4059-986d-da4360d6f5ce'}] {{(pid=114312) _bind_port_level /opt/stack/neutron/neutron/plugins/ml2/managers.py:820}}
Jan 28 13:45:48.295393 dv-cinder-824187-7-smb neutron-server[114312]: DEBUG neutron.plugins.ml2.drivers.mech_agent [req-874dd2b3-365f-403f-a567-c89654555a73 req-7afca655-8fd6-42df-a9e0-250f24c0896a service neutron] Attempting to bind port 912733d9-4fb8-43af-bebe-a83fe9543f45 on network 5fec15e9-8eb4-4059-986d-da4360d6f5ce {{(pid=114312) bind_port /opt/stack/neutron/neutron/plugins/ml2/drivers/mech_agent.py:91}}
Jan 28 13:45:48.297687 dv-cinder-824187-7-smb neutron-server[114312]: DEBUG neutron_lib.callbacks.manager [None req-0aed89ec-2edd-41b5-80cb-01c7722bccc0 admin admin] Publish callbacks ['neutron.plugins.ml2.ovo_rpc._ObjectChangeHandler.handle_event-545699'] for security_group (abbd4a19-e2d7-41f0-b471-75a31c7ac48a), after_delete {{(pid=114312) _notify_loop /usr/local/lib/python3.8/dist-packages/neutron_lib/callbacks/manager.py:176}}
Jan 28 13:45:48.300420 dv-cinder-824187-7-smb neutron-server[114312]: DEBUG neutron_lib.callbacks.manager [None req-0aed89ec-2edd-41b5-80cb-01c7722bccc0 admin admin] Publish callbacks [] for security_group (None), before_response {{(pid=114312) _notify_loop /usr/local/lib/python3.8/dist-packages/neutron_lib/callbacks/manager.py:176}}
Jan 28 13:45:48.304601 dv-cinder-824187-7-smb neutron-server[114312]: INFO neutron.wsgi [None req-0aed89ec-2edd-41b5-80cb-01c7722bccc0 admin admin] 10.222.0.75 "DELETE /v2.0/security-groups/abbd4a19-e2d7-41f0-b471-75a31c7ac48a HTTP/1.1" status: 204 len: 168 time: 0.6031029
Jan 28 13:45:48.311353 dv-cinder-824187-7-smb neutron-server[114312]: DEBUG neutron.plugins.ml2.drivers.mech_agent [req-874dd2b3-365f-403f-a567-c89654555a73 req-7afca655-8fd6-42df-a9e0-250f24c0896a service neutron] Port 912733d9-4fb8-43af-bebe-a83fe9543f45 on network 5fec15e9-8eb4-4059-986d-da4360d6f5ce not bound, no agent of type Open vSwitch agent registered on host hv-cinder-82418 {{(pid=114312) bind_port /opt/stack/neutron/neutron/plugins/ml2/drivers/mech_agent.py:103}}
Jan 28 13:45:48.311684 dv-cinder-824187-7-smb neutron-server[114312]: DEBUG neutron.plugins.ml2.drivers.mech_agent [req-874dd2b3-365f-403f-a567-c89654555a73 req-7afca655-8fd6-42df-a9e0-250f24c0896a service neutron] Attempting to bind port 912733d9-4fb8-43af-bebe-a83fe9543f45 on network 5fec15e9-8eb4-4059-986d-da4360d6f5ce {{(pid=114312) bind_port /opt/stack/neutron/neutron/plugins/ml2/drivers/mech_agent.py:91}}
Jan 28 13:45:48.324398 dv-cinder-824187-7-smb neutron-server[114312]: DEBUG neutron.plugins.ml2.drivers.mech_agent [req-874dd2b3-365f-403f-a567-c89654555a73 req-7afca655-8fd6-42df-a9e0-250f24c0896a service neutron] Checking agent: {'id': 'e4a61fb1-5b0d-401c-b7de-d90451468086', 'agent_type': 'HyperV agent', 'binary': 'neutron-hyperv-agent', 'topic': 'N/A', 'host': 'hv-cinder-82418', 'admin_state_up': True, 'created_at': datetime.datetime(2022, 1, 28, 13, 43, 18), 'started_at': datetime.datetime(2022, 1, 28, 13, 43, 18), 'heartbeat_timestamp': datetime.datetime(2022, 1, 28, 13, 45, 48), 'description': None, 'resources_synced': None, 'availability_zone': None, 'alive': True, 'configurations': {'vswitch_mappings': {'physnet1$': 'br-data'}}, 'resource_versions': {}} {{(pid=114312) bind_port /opt/stack/neutron/neutron/plugins/ml2/drivers/mech_agent.py:110}}
Jan 28 13:45:48.325434 dv-cinder-824187-7-smb neutron-server[114312]: DEBUG neutron.plugins.ml2.drivers.mech_agent [req-874dd2b3-365f-403f-a567-c89654555a73 req-7afca655-8fd6-42df-a9e0-250f24c0896a service neutron] Checking segment: {'id': 'd3a9dfc2-cc20-4468-9466-08f9daa34af3', 'network_type': 'vlan', 'physical_network': 'physnet1', 'segmentation_id': 786, 'network_id': '5fec15e9-8eb4-4059-986d-da4360d6f5ce'} for mappings: {'physnet1$': 'br-data'} with network types: ['local', 'flat', 'vlan'] {{(pid=114312) check_segment_for_agent /opt/stack/neutron/neutron/plugins/ml2/drivers/mech_agent.py:373}}
Jan 28 13:45:48.325835 dv-cinder-824187-7-smb neutron-server[114312]: DEBUG neutron.plugins.ml2.drivers.mech_agent [req-874dd2b3-365f-403f-a567-c89654555a73 req-7afca655-8fd6-42df-a9e0-250f24c0896a service neutron] Bound using segment: {'id': 'd3a9dfc2-cc20-4468-9466-08f9daa34af3', 'network_type': 'vlan', 'physical_network': 'physnet1', 'segmentation_id': 786, 'network_id': '5fec15e9-8eb4-4059-986d-da4360d6f5ce'} {{(pid=114312) bind_port /opt/stack/neutron/neutron/plugins/ml2/drivers/mech_agent.py:120}}
Jan 28 13:45:48.326424 dv-cinder-824187-7-smb neutron-server[114312]: DEBUG neutron.plugins.ml2.managers [req-874dd2b3-365f-403f-a567-c89654555a73 req-7afca655-8fd6-42df-a9e0-250f24c0896a service neutron] Bound port: 912733d9-4fb8-43af-bebe-a83fe9543f45, host: hv-cinder-82418, vif_type: hyperv, vif_details: {"connectivity": "legacy", "port_filter": false}, binding_levels: [{'bound_driver': 'hyperv', 'bound_segment': {'id': 'd3a9dfc2-cc20-4468-9466-08f9daa34af3', 'network_type': 'vlan', 'physical_network': 'physnet1', 'segmentation_id': 786, 'network_id': '5fec15e9-8eb4-4059-986d-da4360d6f5ce'}}] {{(pid=114312) _bind_port_level /opt/stack/neutron/neutron/plugins/ml2/managers.py:932}}
Jan 28 13:45:48.327358 dv-cinder-824187-7-smb neutron-server[114312]: DEBUG neutron_lib.callbacks.manager [req-874dd2b3-365f-403f-a567-c89654555a73 req-7afca655-8fd6-42df-a9e0-250f24c0896a service neutron] Publish callbacks ['neutron.plugins.ml2.plugin.SecurityGroupDbMixin._ensure_default_security_group_handler-4091242'] for port (912733d9-4fb8-43af-bebe-a83fe9543f45), before_update {{(pid=114312) _notify_loop /usr/local/lib/python3.8/dist-packages/neutron_lib/callbacks/manager.py:176}}
Jan 28 13:45:48.354587 dv-cinder-824187-7-smb neutron-server[114312]: DEBUG neutron.api.rpc.handlers.resources_rpc [None req-0aed89ec-2edd-41b5-80cb-01c7722bccc0 admin admin] Pushing event deleted for resources: {'SecurityGroup': ['ID=abbd4a19-e2d7-41f0-b471-75a31c7ac48a,revision_number=None']} {{(pid=114312) push /opt/stack/neutron/neutron/api/rpc/handlers/resources_rpc.py:237}}
Jan 28 13:45:48.379479 dv-cinder-824187-7-smb neutron-server[114311]: DEBUG neutron.pecan_wsgi.hooks.policy_enforcement [req-5cff385f-1b75-460d-9d5b-98a568daa8b9 req-b5d013b1-0f7c-453e-94f8-028e08ff1d35 service neutron] Attributes excluded by policy engine: ['standard_attr_id'] {{(pid=114311) _exclude_attributes_by_policy /opt/stack/neutron/neutron/pecan_wsgi/hooks/policy_enforcement.py:255}}
Jan 28 13:45:48.381888 dv-cinder-824187-7-smb neutron-server[114311]: INFO neutron.wsgi [req-5cff385f-1b75-460d-9d5b-98a568daa8b9 req-b5d013b1-0f7c-453e-94f8-028e08ff1d35 service neutron] 10.222.0.76 "GET /v2.0/ports?tenant_id=8f489227af1e44889b57239ae7ceb9d0&device_id=248fc7aa-ed0a-4f87-857d-2b42ab182487 HTTP/1.1" status: 200 len: 1096 time: 0.1867452
Jan 28 13:45:48.450054 dv-cinder-824187-7-smb neutron-server[114311]: INFO neutron.wsgi [req-654de989-2ef1-445b-ba34-4016668f96e1 req-82e4c004-5aa7-43ed-9751-bedb99d33595 tempest-AttachVolumeShelveTestJSON-347498824 tempest-AttachVolumeShelveTestJSON-347498824-project] 10.222.0.75 "GET /v2.0/security-groups?id=77a6cc2d-12d2-46d1-a710-55f904097280&fields=id&fields=name HTTP/1.1" status: 200 len: 313 time: 0.2666342
Jan 28 13:45:48.484275 dv-cinder-824187-7-smb neutron-server[114312]: DEBUG neutron.pecan_wsgi.hooks.policy_enforcement [req-9c27a336-9e5d-438a-a55b-20a54de86e23 req-4bb1366d-9f0f-48fa-9c7e-cee8bdfddd26 tempest-ServerRescueNegativeTestJSON-808565417 tempest-ServerRescueNegativeTestJSON-808565417-project] Attributes excluded by policy engine: ['standard_attr_id', 'binding:profile', 'binding:host_id', 'binding:vif_type', 'binding:vif_details'] {{(pid=114312) _exclude_attributes_by_policy /opt/stack/neutron/neutron/pecan_wsgi/hooks/policy_enforcement.py:255}}
Jan 28 13:45:48.486637 dv-cinder-824187-7-smb neutron-server[114312]: INFO neutron.wsgi [req-9c27a336-9e5d-438a-a55b-20a54de86e23 req-4bb1366d-9f0f-48fa-9c7e-cee8bdfddd26 tempest-ServerRescueNegativeTestJSON-808565417 tempest-ServerRescueNegativeTestJSON-808565417-project] 10.222.0.75 "GET /v2.0/ports?device_id=248fc7aa-ed0a-4f87-857d-2b42ab182487 HTTP/1.1" status: 200 len: 943 time: 0.1427855
Jan 28 13:45:48.571794 dv-cinder-824187-7-smb neutron-server[114313]: DEBUG neutron.plugins.ml2.rpc [None req-94f44d45-6672-484d-973d-5d3a5385a488 None None] Device d2c289cb-2e61-4c30-877c-4f830f7b60d2 up at agent hyperv_hv-cinder-82418 {{(pid=114313) update_device_up /opt/stack/neutron/neutron/plugins/ml2/rpc.py:296}}
Jan 28 13:45:48.695875 dv-cinder-824187-7-smb neutron-server[114312]: DEBUG neutron.plugins.ml2.db [req-874dd2b3-365f-403f-a567-c89654555a73 req-7afca655-8fd6-42df-a9e0-250f24c0896a service neutron] For port 912733d9-4fb8-43af-bebe-a83fe9543f45, host hv-cinder-82418, cleared binding levels {{(pid=114312) clear_binding_levels /opt/stack/neutron/neutron/plugins/ml2/db.py:87}}
Jan 28 13:45:48.705729 dv-cinder-824187-7-smb neutron-server[114312]: DEBUG neutron.plugins.ml2.db [req-874dd2b3-365f-403f-a567-c89654555a73 req-7afca655-8fd6-42df-a9e0-250f24c0896a service neutron] For port 912733d9-4fb8-43af-bebe-a83fe9543f45, host hv-cinder-82418, set binding levels [PortBindingLevel(driver='hyperv',host='hv-cinder-82418',level=0,port_id=912733d9-4fb8-43af-bebe-a83fe9543f45,segment=NetworkSegment(d3a9dfc2-cc20-4468-9466-08f9daa34af3),segment_id=d3a9dfc2-cc20-4468-9466-08f9daa34af3)] {{(pid=114312) set_binding_levels /opt/stack/neutron/neutron/plugins/ml2/db.py:59}}
Jan 28 13:45:48.726985 dv-cinder-824187-7-smb neutron-server[114312]: INFO neutron.wsgi [req-9c27a336-9e5d-438a-a55b-20a54de86e23 req-ee536570-20a5-4269-aa50-13c930bcbdb1 tempest-ServerRescueNegativeTestJSON-808565417 tempest-ServerRescueNegativeTestJSON-808565417-project] 10.222.0.75 "GET /v2.0/security-groups?id=e86a1f33-4d51-47db-8f4c-98b9b35c23f0&fields=id&fields=name HTTP/1.1" status: 200 len: 286 time: 0.2317994
Jan 28 13:45:48.728438 dv-cinder-824187-7-smb neutron-server[114312]: DEBUG neutron_lib.callbacks.manager [req-874dd2b3-365f-403f-a567-c89654555a73 req-7afca655-8fd6-42df-a9e0-250f24c0896a service neutron] Publish callbacks ['neutron.plugins.ml2.plugin.SecurityGroupServerNotifierRpcMixin._notify_sg_on_port_change-4091719', 'neutron.plugins.ml2.ovo_rpc._ObjectChangeHandler.handle_event-396700', 'neutron.api.rpc.agentnotifiers.dhcp_rpc_agent_api.DhcpAgentNotifyAPI._native_event_send_dhcp_notification-622575', 'neutron.db.l3_db.L3RpcNotifierMixin._notify_gateway_port_ip_changed-8730181359324', 'neutron.db.l3_dvrscheduler_db._notify_l3_agent_port_update-8730180930609', 'neutron.db.l3_hascheduler_db._notify_l3_agent_ha_port_update-8730180930627'] for port (912733d9-4fb8-43af-bebe-a83fe9543f45), after_update {{(pid=114312) _notify_loop /usr/local/lib/python3.8/dist-packages/neutron_lib/callbacks/manager.py:176}}
Jan 28 13:45:48.758289 dv-cinder-824187-7-smb neutron-server[114313]: DEBUG neutron.db.provisioning_blocks [None req-94f44d45-6672-484d-973d-5d3a5385a488 None None] Provisioning for port d2c289cb-2e61-4c30-877c-4f830f7b60d2 completed by entity L2. {{(pid=114313) provisioning_complete /opt/stack/neutron/neutron/db/provisioning_blocks.py:133}}
Jan 28 13:45:48.768543 dv-cinder-824187-7-smb neutron-server[114313]: DEBUG novaclient.v2.client [-] RESP: [200] Connection: close Content-Length: 183 Content-Type: application/json Date: Fri, 28 Jan 2022 13:45:47 GMT OpenStack-API-Version: compute 2.1 Server: Apache/2.4.41 (Ubuntu) Vary: OpenStack-API-Version,X-OpenStack-Nova-API-Version X-OpenStack-Nova-API-Version: 2.1 x-compute-request-id: req-3a4777d8-3129-490d-9dbb-cd426eb90ad0 x-openstack-request-id: req-3a4777d8-3129-490d-9dbb-cd426eb90ad0 {{(pid=114313) _http_log_response /usr/local/lib/python3.8/dist-packages/keystoneauth1/session.py:550}}
Jan 28 13:45:48.771974 dv-cinder-824187-7-smb neutron-server[114313]: DEBUG novaclient.v2.client [-] RESP BODY: {"events": [{"server_uuid": "2f916e56-cb3a-41d9-ba94-05eb7e123dbb", "name": "network-vif-plugged", "status": "completed", "tag": "50f00a5c-30df-47e8-ab4d-1a46cdd195c7", "code": 200}]} {{(pid=114313) _http_log_response /usr/local/lib/python3.8/dist-packages/keystoneauth1/session.py:582}}
Jan 28 13:45:48.772460 dv-cinder-824187-7-smb neutron-server[114313]: DEBUG novaclient.v2.client [-] POST call to compute for http://10.222.0.75/compute/v2.1/os-server-external-events used request id req-3a4777d8-3129-490d-9dbb-cd426eb90ad0 {{(pid=114313) request /usr/local/lib/python3.8/dist-packages/keystoneauth1/session.py:954}}
Jan 28 13:45:48.773825 dv-cinder-824187-7-smb neutron-server[114313]: INFO neutron.notifiers.nova [-] Nova event response: {'server_uuid': '2f916e56-cb3a-41d9-ba94-05eb7e123dbb', 'name': 'network-vif-plugged', 'status': 'completed', 'tag': '50f00a5c-30df-47e8-ab4d-1a46cdd195c7', 'code': 200}
Jan 28 13:45:48.776304 dv-cinder-824187-7-smb neutron-server[114313]: DEBUG neutron.db.provisioning_blocks [None req-94f44d45-6672-484d-973d-5d3a5385a488 None None] Provisioning complete for port d2c289cb-2e61-4c30-877c-4f830f7b60d2 triggered by entity L2. {{(pid=114313) provisioning_complete /opt/stack/neutron/neutron/db/provisioning_blocks.py:139}}
Jan 28 13:45:48.777993 dv-cinder-824187-7-smb neutron-server[114313]: DEBUG neutron_lib.callbacks.manager [None req-94f44d45-6672-484d-973d-5d3a5385a488 None None] Publish callbacks ['neutron.plugins.ml2.plugin.Ml2Plugin._port_provisioned-3727542'] for port (d2c289cb-2e61-4c30-877c-4f830f7b60d2), provisioning_complete {{(pid=114313) _notify_loop /usr/local/lib/python3.8/dist-packages/neutron_lib/callbacks/manager.py:176}}
Jan 28 13:45:48.945022 dv-cinder-824187-7-smb neutron-server[114312]: DEBUG neutron.pecan_wsgi.hooks.policy_enforcement [req-874dd2b3-365f-403f-a567-c89654555a73 req-7afca655-8fd6-42df-a9e0-250f24c0896a service neutron] Attributes excluded by policy engine: ['standard_attr_id'] {{(pid=114312) _exclude_attributes_by_policy /opt/stack/neutron/neutron/pecan_wsgi/hooks/policy_enforcement.py:255}}
Jan 28 13:45:48.946384 dv-cinder-824187-7-smb neutron-server[114312]: DEBUG neutron_lib.callbacks.manager [req-874dd2b3-365f-403f-a567-c89654555a73 req-7afca655-8fd6-42df-a9e0-250f24c0896a service neutron] Publish callbacks ['neutron.notifiers.nova.Notifier._send_nova_notification-465498', 'neutron.api.rpc.agentnotifiers.dhcp_rpc_agent_api.DhcpAgentNotifyAPI._send_dhcp_notification-622585'] for port (None), before_response {{(pid=114312) _notify_loop /usr/local/lib/python3.8/dist-packages/neutron_lib/callbacks/manager.py:176}}
Jan 28 13:45:48.963169 dv-cinder-824187-7-smb neutron-server[114312]: INFO neutron.wsgi [req-874dd2b3-365f-403f-a567-c89654555a73 req-7afca655-8fd6-42df-a9e0-250f24c0896a service neutron] 10.222.0.76 "PUT /v2.0/ports/912733d9-4fb8-43af-bebe-a83fe9543f45 HTTP/1.1" status: 200 len: 1094 time: 1.5811527
Jan 28 13:45:48.963714 dv-cinder-824187-7-smb neutron-server[114312]: DEBUG neutron.notifiers.nova [-] Sending events: [{'name': 'network-changed', 'server_uuid': '4e8368f7-0f03-4101-8b10-5a03a7b20385', 'tag': '912733d9-4fb8-43af-bebe-a83fe9543f45'}] {{(pid=114312) send_events /opt/stack/neutron/neutron/notifiers/nova.py:266}}
Jan 28 13:45:48.966624 dv-cinder-824187-7-smb neutron-server[114312]: DEBUG novaclient.v2.client [-] REQ: curl -g -i --cacert "/opt/stack/data/ca-bundle.pem" -X POST http://10.222.0.75/compute/v2.1/os-server-external-events -H "Accept: application/json" -H "Content-Type: application/json" -H "User-Agent: python-novaclient" -H "X-Auth-Token: {SHA256}f9077f1d22ba8c18edd28eacf58afa80e91d08f12a7cdefb07a12305be98bc48" -H "X-OpenStack-Nova-API-Version: 2.1" -H "X-OpenStack-Request-ID: req-534120ca-e456-499a-b899-94863cfb37f3" -d '{"events": [{"name": "network-changed", "server_uuid": "4e8368f7-0f03-4101-8b10-5a03a7b20385", "tag": "912733d9-4fb8-43af-bebe-a83fe9543f45"}]}' {{(pid=114312) _http_log_request /usr/local/lib/python3.8/dist-packages/keystoneauth1/session.py:519}}
Jan 28 13:45:49.048268 dv-cinder-824187-7-smb neutron-server[114311]: INFO neutron.wsgi [req-07bfa6ab-9f31-4e2f-8420-c8fc4ca10cae req-e65ddeb1-49a4-49ab-885a-24c2cbb984c0 tempest-AttachVolumeTestJSON-50600770 tempest-AttachVolumeTestJSON-50600770-project] 10.222.0.75 "GET /v2.0/ports?device_id=66724941-2139-4765-abde-88028bf019e6 HTTP/1.1" status: 200 len: 210 time: 0.1562505
Jan 28 13:45:49.080653 dv-cinder-824187-7-smb neutron-server[114311]: DEBUG neutron.pecan_wsgi.hooks.policy_enforcement [req-5cff385f-1b75-460d-9d5b-98a568daa8b9 req-77d3d314-fa44-4666-9eae-96fad0095b11 service neutron] Attributes excluded by policy engine: ['standard_attr_id', 'vlan_transparent'] {{(pid=114311) _exclude_attributes_by_policy /opt/stack/neutron/neutron/pecan_wsgi/hooks/policy_enforcement.py:255}}
Jan 28 13:45:49.099754 dv-cinder-824187-7-smb neutron-server[114311]: INFO neutron.wsgi [req-5cff385f-1b75-460d-9d5b-98a568daa8b9 req-77d3d314-fa44-4666-9eae-96fad0095b11 service neutron] 10.222.0.76 "GET /v2.0/networks?id=75fede4e-de4d-427a-b5a6-05417f560f0e HTTP/1.1" status: 200 len: 920 time: 0.6949997
Jan 28 13:45:49.168663 dv-cinder-824187-7-smb neutron-server[114313]: DEBUG neutron.plugins.ml2.plugin [None req-94f44d45-6672-484d-973d-5d3a5385a488 None None] Current status of the port d2c289cb-2e61-4c30-877c-4f830f7b60d2 is: BUILD; New status is: ACTIVE {{(pid=114313) _update_individual_port_db_status /opt/stack/neutron/neutron/plugins/ml2/plugin.py:2225}}
Jan 28 13:45:49.172765 dv-cinder-824187-7-smb neutron-server[114313]: DEBUG neutron_lib.callbacks.manager [None req-94f44d45-6672-484d-973d-5d3a5385a488 None None] Publish callbacks ['neutron.plugins.ml2.plugin.SecurityGroupDbMixin._ensure_default_security_group_handler-4091242'] for port (d2c289cb-2e61-4c30-877c-4f830f7b60d2), before_update {{(pid=114313) _notify_loop /usr/local/lib/python3.8/dist-packages/neutron_lib/callbacks/manager.py:176}}
Jan 28 13:45:49.261546 dv-cinder-824187-7-smb neutron-server[114311]: INFO neutron.wsgi [req-5cff385f-1b75-460d-9d5b-98a568daa8b9 req-33505fd8-1abe-4f03-bcff-f78e5431471c service neutron] 10.222.0.76 "GET /v2.0/floatingips?fixed_ip_address=172.20.0.2&port_id=891583e2-2a2b-4b24-b62f-95aaf9fa8a43 HTTP/1.1" status: 200 len: 217 time: 0.1533234
Jan 28 13:45:49.264267 dv-cinder-824187-7-smb neutron-server[114312]: DEBUG neutron.api.rpc.handlers.resources_rpc [None req-7afca655-8fd6-42df-a9e0-250f24c0896a service neutron] Pushing event updated for resources: {'Port': ['ID=912733d9-4fb8-43af-bebe-a83fe9543f45,revision_number=3']} {{(pid=114312) push /opt/stack/neutron/neutron/api/rpc/handlers/resources_rpc.py:237}}
Jan 28 13:45:49.266756 dv-cinder-824187-7-smb neutron-server[114313]: DEBUG neutron.plugins.ml2.db [None req-94f44d45-6672-484d-973d-5d3a5385a488 None None] For port d2c289cb-2e61-4c30-877c-4f830f7b60d2, host hv-cinder-82418, got binding levels [PortBindingLevel(driver='hyperv',host='hv-cinder-82418',level=0,port_id=d2c289cb-2e61-4c30-877c-4f830f7b60d2,segment=NetworkSegment(889c9d92-d3c1-443a-bd30-f7a89bccbde7),segment_id=889c9d92-d3c1-443a-bd30-f7a89bccbde7)] {{(pid=114313) get_binding_level_objs /opt/stack/neutron/neutron/plugins/ml2/db.py:74}}
Jan 28 13:45:49.277867 dv-cinder-824187-7-smb neutron-server[114313]: DEBUG neutron_lib.callbacks.manager [None req-94f44d45-6672-484d-973d-5d3a5385a488 None None] Publish callbacks ['neutron.plugins.ml2.plugin.SecurityGroupServerNotifierRpcMixin._notify_sg_on_port_change-4091719', 'neutron.plugins.ml2.ovo_rpc._ObjectChangeHandler.handle_event-396700', 'neutron.api.rpc.agentnotifiers.dhcp_rpc_agent_api.DhcpAgentNotifyAPI._native_event_send_dhcp_notification-622575', 'neutron.db.l3_db.L3RpcNotifierMixin._notify_gateway_port_ip_changed-8730181359324', 'neutron.db.l3_dvrscheduler_db._notify_l3_agent_port_update-8730180930609', 'neutron.db.l3_hascheduler_db._notify_l3_agent_ha_port_update-8730180930627'] for port (d2c289cb-2e61-4c30-877c-4f830f7b60d2), after_update {{(pid=114313) _notify_loop /usr/local/lib/python3.8/dist-packages/neutron_lib/callbacks/manager.py:176}}
Jan 28 13:45:49.316622 dv-cinder-824187-7-smb neutron-server[114312]: DEBUG neutron.pecan_wsgi.hooks.policy_enforcement [req-874dd2b3-365f-403f-a567-c89654555a73 req-dca9b532-c801-4e81-a978-25fae4a1a6a3 service neutron] Attributes excluded by policy engine: ['standard_attr_id'] {{(pid=114312) _exclude_attributes_by_policy /opt/stack/neutron/neutron/pecan_wsgi/hooks/policy_enforcement.py:255}}
Jan 28 13:45:49.318359 dv-cinder-824187-7-smb neutron-server[114312]: INFO neutron.wsgi [req-874dd2b3-365f-403f-a567-c89654555a73 req-dca9b532-c801-4e81-a978-25fae4a1a6a3 service neutron] 10.222.0.76 "GET /v2.0/ports?tenant_id=ca15de40eb28461f9ff152ec88af851d&device_id=4e8368f7-0f03-4101-8b10-5a03a7b20385 HTTP/1.1" status: 200 len: 1097 time: 0.1606686
Jan 28 13:45:49.346617 dv-cinder-824187-7-smb neutron-server[114312]: DEBUG neutron.pecan_wsgi.hooks.policy_enforcement [req-e5dcb34a-9e3a-4f38-8056-6dfffc8d1de4 req-0bdb66d3-8833-4992-87cb-2bd8fe65e117 tempest-AttachVolumeNegativeTest-1397902867 tempest-AttachVolumeNegativeTest-1397902867-project] Attributes excluded by policy engine: ['standard_attr_id', 'binding:profile', 'binding:host_id', 'binding:vif_type', 'binding:vif_details'] {{(pid=114312) _exclude_attributes_by_policy /opt/stack/neutron/neutron/pecan_wsgi/hooks/policy_enforcement.py:255}}
Jan 28 13:45:49.348970 dv-cinder-824187-7-smb neutron-server[114313]: DEBUG neutron.api.rpc.handlers.resources_rpc [None req-94f44d45-6672-484d-973d-5d3a5385a488 None None] Pushing event updated for resources: {'Port': ['ID=d2c289cb-2e61-4c30-877c-4f830f7b60d2,revision_number=5']} {{(pid=114313) push /opt/stack/neutron/neutron/api/rpc/handlers/resources_rpc.py:237}}
Jan 28 13:45:49.357203 dv-cinder-824187-7-smb neutron-server[114312]: INFO neutron.wsgi [req-e5dcb34a-9e3a-4f38-8056-6dfffc8d1de4 req-0bdb66d3-8833-4992-87cb-2bd8fe65e117 tempest-AttachVolumeNegativeTest-1397902867 tempest-AttachVolumeNegativeTest-1397902867-project] 10.222.0.75 "GET /v2.0/ports?device_id=2b57bc38-f95b-462f-acf6-3d045f855975 HTTP/1.1" status: 200 len: 945 time: 0.3542411
Jan 28 13:45:49.426824 dv-cinder-824187-7-smb neutron-server[114311]: DEBUG neutron.pecan_wsgi.hooks.policy_enforcement [req-db14a298-69d5-4de0-8056-cf2be1b2cad1 req-9d714399-9ad5-462d-9e9e-25111912f62e service neutron] Attributes excluded by policy engine: ['standard_attr_id'] {{(pid=114311) _exclude_attributes_by_policy /opt/stack/neutron/neutron/pecan_wsgi/hooks/policy_enforcement.py:255}}
Jan 28 13:45:49.428406 dv-cinder-824187-7-smb neutron-server[114311]: INFO neutron.wsgi [req-db14a298-69d5-4de0-8056-cf2be1b2cad1 req-9d714399-9ad5-462d-9e9e-25111912f62e service neutron] 10.222.0.76 "GET /v2.0/ports?device_id=2f916e56-cb3a-41d9-ba94-05eb7e123dbb HTTP/1.1" status: 200 len: 1098 time: 0.2014351
Jan 28 13:45:49.429815 dv-cinder-824187-7-smb neutron-server[114311]: DEBUG neutron.pecan_wsgi.hooks.policy_enforcement [req-5cff385f-1b75-460d-9d5b-98a568daa8b9 req-40101f39-9320-4fde-97c0-46354e1620f0 service neutron] Attributes excluded by policy engine: ['standard_attr_id', 'shared'] {{(pid=114311) _exclude_attributes_by_policy /opt/stack/neutron/neutron/pecan_wsgi/hooks/policy_enforcement.py:255}}
Jan 28 13:45:49.431236 dv-cinder-824187-7-smb neutron-server[114311]: INFO neutron.wsgi [req-5cff385f-1b75-460d-9d5b-98a568daa8b9 req-40101f39-9320-4fde-97c0-46354e1620f0 service neutron] 10.222.0.76 "GET /v2.0/subnets?id=86b696c2-1066-4ab3-b62e-6496b4e6dfa5 HTTP/1.1" status: 200 len: 859 time: 0.1548996
Jan 28 13:45:49.439526 dv-cinder-824187-7-smb neutron-server[114311]: DEBUG neutron.pecan_wsgi.hooks.policy_enforcement [req-875cb056-5325-4ccc-9286-5ce2492e5e34 req-0a38f60e-976d-4cb5-933a-55ebde13f815 tempest-DeleteServersTestJSON-314547537 tempest-DeleteServersTestJSON-314547537-project] Attributes excluded by policy engine: ['standard_attr_id', 'binding:profile', 'binding:host_id', 'binding:vif_type', 'binding:vif_details'] {{(pid=114311) _exclude_attributes_by_policy /opt/stack/neutron/neutron/pecan_wsgi/hooks/policy_enforcement.py:255}}
Jan 28 13:45:49.441027 dv-cinder-824187-7-smb neutron-server[114311]: INFO neutron.wsgi [req-875cb056-5325-4ccc-9286-5ce2492e5e34 req-0a38f60e-976d-4cb5-933a-55ebde13f815 tempest-DeleteServersTestJSON-314547537 tempest-DeleteServersTestJSON-314547537-project] 10.222.0.75 "GET /v2.0/ports?device_id=2f916e56-cb3a-41d9-ba94-05eb7e123dbb HTTP/1.1" status: 200 len: 945 time: 0.1701586
Jan 28 13:45:49.487306 dv-cinder-824187-7-smb neutron-server[114311]: INFO neutron.wsgi [req-5cff385f-1b75-460d-9d5b-98a568daa8b9 req-befc2551-3526-41a2-a0a8-0eec6bb1c9ae service neutron] 10.222.0.76 "GET /v2.0/ports?network_id=75fede4e-de4d-427a-b5a6-05417f560f0e&device_owner=network%3Adhcp HTTP/1.1" status: 200 len: 210 time: 0.0442204
Jan 28 13:45:49.509618 dv-cinder-824187-7-smb neutron-server[114312]: INFO neutron.wsgi [req-874dd2b3-365f-403f-a567-c89654555a73 req-62b42c6b-f3d2-4882-84ca-03564c3aeedc service neutron] 10.222.0.76 "GET /v2.0/floatingips?fixed_ip_address=172.20.0.10&port_id=912733d9-4fb8-43af-bebe-a83fe9543f45 HTTP/1.1" status: 200 len: 217 time: 0.1801238
Jan 28 13:45:49.513955 dv-cinder-824187-7-smb neutron-server[114312]: INFO neutron.wsgi [req-e5dcb34a-9e3a-4f38-8056-6dfffc8d1de4 req-63bdc3ee-1e41-469d-b989-c93fb48821c9 tempest-AttachVolumeNegativeTest-1397902867 tempest-AttachVolumeNegativeTest-1397902867-project] 10.222.0.75 "GET /v2.0/security-groups?id=0ce7f2be-bb84-4869-8609-79bd44047575&fields=id&fields=name HTTP/1.1" status: 200 len: 286 time: 0.1558392
Jan 28 13:45:49.590715 dv-cinder-824187-7-smb neutron-server[114312]: DEBUG neutron.pecan_wsgi.hooks.policy_enforcement [req-874dd2b3-365f-403f-a567-c89654555a73 req-5945c0e2-0dca-4a57-a9ca-c3c794194c33 service neutron] Attributes excluded by policy engine: ['standard_attr_id', 'shared'] {{(pid=114312) _exclude_attributes_by_policy /opt/stack/neutron/neutron/pecan_wsgi/hooks/policy_enforcement.py:255}}
Jan 28 13:45:49.592458 dv-cinder-824187-7-smb neutron-server[114312]: INFO neutron.wsgi [req-874dd2b3-365f-403f-a567-c89654555a73 req-5945c0e2-0dca-4a57-a9ca-c3c794194c33 service neutron] 10.222.0.76 "GET /v2.0/subnets?id=34070f33-fc85-4aac-b688-204a5e4d196b HTTP/1.1" status: 200 len: 856 time: 0.0774336
Jan 28 13:45:49.638038 dv-cinder-824187-7-smb neutron-server[114311]: INFO neutron.wsgi [req-db14a298-69d5-4de0-8056-cf2be1b2cad1 req-5c71873d-2dfc-436f-baf2-fe9e73c18f03 service neutron] 10.222.0.76 "GET /v2.0/security-groups?id=2299e0f4-ead2-4cc0-a3f0-6e490ed784da&fields=id&fields=name HTTP/1.1" status: 200 len: 286 time: 0.1954544
Jan 28 13:45:49.666311 dv-cinder-824187-7-smb neutron-server[114312]: DEBUG novaclient.v2.client [-] RESP: [200] Connection: close Content-Length: 179 Content-Type: application/json Date: Fri, 28 Jan 2022 13:45:49 GMT OpenStack-API-Version: compute 2.1 Server: Apache/2.4.41 (Ubuntu) Vary: OpenStack-API-Version,X-OpenStack-Nova-API-Version X-OpenStack-Nova-API-Version: 2.1 x-compute-request-id: req-da2db0db-4d29-4644-8af6-68196e3ff3af x-openstack-request-id: req-da2db0db-4d29-4644-8af6-68196e3ff3af {{(pid=114312) _http_log_response /usr/local/lib/python3.8/dist-packages/keystoneauth1/session.py:550}}
Jan 28 13:45:49.666703 dv-cinder-824187-7-smb neutron-server[114312]: DEBUG novaclient.v2.client [-] RESP BODY: {"events": [{"name": "network-changed", "server_uuid": "4e8368f7-0f03-4101-8b10-5a03a7b20385", "tag": "912733d9-4fb8-43af-bebe-a83fe9543f45", "status": "completed", "code": 200}]} {{(pid=114312) _http_log_response /usr/local/lib/python3.8/dist-packages/keystoneauth1/session.py:582}}
Jan 28 13:45:49.667406 dv-cinder-824187-7-smb neutron-server[114312]: DEBUG novaclient.v2.client [-] POST call to compute for http://10.222.0.75/compute/v2.1/os-server-external-events used request id req-da2db0db-4d29-4644-8af6-68196e3ff3af {{(pid=114312) request /usr/local/lib/python3.8/dist-packages/keystoneauth1/session.py:954}}
Jan 28 13:45:49.668222 dv-cinder-824187-7-smb neutron-server[114312]: INFO neutron.notifiers.nova [-] Nova event response: {'name': 'network-changed', 'server_uuid': '4e8368f7-0f03-4101-8b10-5a03a7b20385', 'tag': '912733d9-4fb8-43af-bebe-a83fe9543f45', 'status': 'completed', 'code': 200}
Jan 28 13:45:49.674067 dv-cinder-824187-7-smb neutron-server[114311]: INFO neutron.wsgi [req-875cb056-5325-4ccc-9286-5ce2492e5e34 req-0245b713-fe0a-4f59-8b55-a8fb6a550442 tempest-DeleteServersTestJSON-314547537 tempest-DeleteServersTestJSON-314547537-project] 10.222.0.75 "GET /v2.0/security-groups?id=2299e0f4-ead2-4cc0-a3f0-6e490ed784da&fields=id&fields=name HTTP/1.1" status: 200 len: 286 time: 0.2183361
Jan 28 13:45:49.717727 dv-cinder-824187-7-smb neutron-server[114312]: DEBUG neutron.pecan_wsgi.hooks.policy_enforcement [req-874dd2b3-365f-403f-a567-c89654555a73 req-384acb99-4877-4fab-aa36-281f3a6ca5d8 service neutron] Attributes excluded by policy engine: ['standard_attr_id'] {{(pid=114312) _exclude_attributes_by_policy /opt/stack/neutron/neutron/pecan_wsgi/hooks/policy_enforcement.py:255}}
Jan 28 13:45:49.722974 dv-cinder-824187-7-smb neutron-server[114312]: INFO neutron.wsgi [req-874dd2b3-365f-403f-a567-c89654555a73 req-384acb99-4877-4fab-aa36-281f3a6ca5d8 service neutron] 10.222.0.76 "GET /v2.0/ports?network_id=5fec15e9-8eb4-4059-986d-da4360d6f5ce&device_owner=network%3Adhcp HTTP/1.1" status: 200 len: 1173 time: 0.1231561
Jan 28 13:45:49.737376 dv-cinder-824187-7-smb neutron-server[114311]: INFO neutron.wsgi [req-5cff385f-1b75-460d-9d5b-98a568daa8b9 req-00eefc52-346b-45fd-8f15-bc26ed6dd427 service neutron] 10.222.0.76 "GET /v2.0/networks/75fede4e-de4d-427a-b5a6-05417f560f0e?fields=segments HTTP/1.1" status: 200 len: 212 time: 0.2395823
Jan 28 13:45:49.737796 dv-cinder-824187-7-smb neutron-server[114312]: DEBUG neutron.wsgi [-] (114312) accepted ('10.222.0.75', 51084) {{(pid=114312) server /usr/local/lib/python3.8/dist-packages/eventlet/wsgi.py:1004}}
