Jan 19 15:59:49.939648 dv-cinder-824187-4-smb devstack@c-api.service[109405]: INFO cinder.volume.api [None req-319ed3e8-08b7-4638-a9d5-74acc0f9103a tempest-VolumeSnapshotQuotasNegativeTestJSON-6047553 tempest-VolumeSnapshotQuotasNegativeTestJSON-6047553-project] Volume info retrieved successfully.
Jan 19 15:59:49.964142 dv-cinder-824187-4-smb devstack@c-api.service[109405]: INFO cinder.api.openstack.wsgi [None req-319ed3e8-08b7-4638-a9d5-74acc0f9103a tempest-VolumeSnapshotQuotasNegativeTestJSON-6047553 tempest-VolumeSnapshotQuotasNegativeTestJSON-6047553-project] http://10.222.0.36/volume/v3/7070f7a41b914b6bbf6d52ba07523d57/volumes/684ed776-40da-40fd-9805-a4d3631df60b returned with HTTP 200
Jan 19 15:59:49.965250 dv-cinder-824187-4-smb devstack@c-api.service[109405]: [pid: 109405|app: 0|req: 164/333] 10.222.0.36 () {58 vars in 1324 bytes} [Wed Jan 19 15:59:49 2022] GET /volume/v3/7070f7a41b914b6bbf6d52ba07523d57/volumes/684ed776-40da-40fd-9805-a4d3631df60b => generated 927 bytes in 108 msecs (HTTP/1.1 200) 7 headers in 285 bytes (1 switches on core 0)
Jan 19 15:59:49.966211 dv-cinder-824187-4-smb devstack@c-api.service[109406]: INFO cinder.volume.api [None req-0ddfeae8-ef01-44c8-ad48-a7d598bde6e4 tempest-VolumesDeleteCascade-380814522 tempest-VolumesDeleteCascade-380814522-project] Get all volumes completed successfully.
Jan 19 15:59:49.966930 dv-cinder-824187-4-smb devstack@c-api.service[109406]: INFO cinder.api.openstack.wsgi [None req-0ddfeae8-ef01-44c8-ad48-a7d598bde6e4 tempest-VolumesDeleteCascade-380814522 tempest-VolumesDeleteCascade-380814522-project] http://10.222.0.36/volume/v3/dc0654d67e4042f8a8e786d3decb5032/volumes returned with HTTP 200
Jan 19 15:59:49.967813 dv-cinder-824187-4-smb devstack@c-api.service[109406]: [pid: 109406|app: 0|req: 170/334] 10.222.0.36 () {58 vars in 1213 bytes} [Wed Jan 19 15:59:49 2022] GET /volume/v3/dc0654d67e4042f8a8e786d3decb5032/volumes => generated 15 bytes in 166 msecs (HTTP/1.1 200) 7 headers in 284 bytes (1 switches on core 0)
Jan 19 15:59:49.979682 dv-cinder-824187-4-smb devstack@c-api.service[109405]: INFO cinder.api.openstack.wsgi [None req-93fb5a09-bbfd-46b7-91fd-e06be3f62cd0 tempest-VolumesDeleteCascade-380814522 tempest-VolumesDeleteCascade-380814522-project] GET http://10.222.0.36/volume/v3/dc0654d67e4042f8a8e786d3decb5032/snapshots
Jan 19 15:59:49.980146 dv-cinder-824187-4-smb devstack@c-api.service[109405]: DEBUG cinder.api.openstack.wsgi [None req-93fb5a09-bbfd-46b7-91fd-e06be3f62cd0 tempest-VolumesDeleteCascade-380814522 tempest-VolumesDeleteCascade-380814522-project] Empty body provided in request {{(pid=109405) get_body /opt/stack/cinder/cinder/api/openstack/wsgi.py:715}}
Jan 19 15:59:49.980681 dv-cinder-824187-4-smb devstack@c-api.service[109405]: DEBUG cinder.api.openstack.wsgi [None req-93fb5a09-bbfd-46b7-91fd-e06be3f62cd0 tempest-VolumesDeleteCascade-380814522 tempest-VolumesDeleteCascade-380814522-project] Calling method 'index' {{(pid=109405) _process_stack /opt/stack/cinder/cinder/api/openstack/wsgi.py:868}}
Jan 19 15:59:49.981199 dv-cinder-824187-4-smb devstack@c-api.service[109405]: DEBUG cinder.api.api_utils [None req-93fb5a09-bbfd-46b7-91fd-e06be3f62cd0 tempest-VolumesDeleteCascade-380814522 tempest-VolumesDeleteCascade-380814522-project] Removing options '' from query. {{(pid=109405) remove_invalid_filter_options /opt/stack/cinder/cinder/api/api_utils.py:73}}
Jan 19 15:59:49.984294 dv-cinder-824187-4-smb devstack@c-api.service[109405]: DEBUG cinder.db.sqlalchemy.api [None req-93fb5a09-bbfd-46b7-91fd-e06be3f62cd0 tempest-VolumesDeleteCascade-380814522 tempest-VolumesDeleteCascade-380814522-project] Building query based on filter {{(pid=109405) _process_snaps_filters /opt/stack/cinder/cinder/db/sqlalchemy/api.py:3156}}
Jan 19 15:59:49.995047 dv-cinder-824187-4-smb devstack@c-api.service[109405]: INFO cinder.volume.api [None req-93fb5a09-bbfd-46b7-91fd-e06be3f62cd0 tempest-VolumesDeleteCascade-380814522 tempest-VolumesDeleteCascade-380814522-project] Get all snapshots completed successfully.
Jan 19 15:59:49.995975 dv-cinder-824187-4-smb devstack@c-api.service[109405]: INFO cinder.api.openstack.wsgi [None req-93fb5a09-bbfd-46b7-91fd-e06be3f62cd0 tempest-VolumesDeleteCascade-380814522 tempest-VolumesDeleteCascade-380814522-project] http://10.222.0.36/volume/v3/dc0654d67e4042f8a8e786d3decb5032/snapshots returned with HTTP 200
Jan 19 15:59:50.007351 dv-cinder-824187-4-smb devstack@c-api.service[109405]: [pid: 109405|app: 0|req: 165/335] 10.222.0.36 () {58 vars in 1219 bytes} [Wed Jan 19 15:59:49 2022] GET /volume/v3/dc0654d67e4042f8a8e786d3decb5032/snapshots => generated 17 bytes in 22 msecs (HTTP/1.1 200) 7 headers in 284 bytes (1 switches on core 0)
Jan 19 15:59:50.014450 dv-cinder-824187-4-smb devstack@c-api.service[109406]: INFO cinder.api.openstack.wsgi [None req-de2d26ad-3788-4c55-84d9-39ba24f92492 tempest-VolumesDeleteCascade-380814522 tempest-VolumesDeleteCascade-380814522-project] POST http://10.222.0.36/volume/v3/dc0654d67e4042f8a8e786d3decb5032/volumes
Jan 19 15:59:50.015482 dv-cinder-824187-4-smb devstack@c-api.service[109406]: DEBUG cinder.api.openstack.wsgi [None req-de2d26ad-3788-4c55-84d9-39ba24f92492 tempest-VolumesDeleteCascade-380814522 tempest-VolumesDeleteCascade-380814522-project] Action: 'create', calling method: create, body: {"volume": {"size": 1, "name": "tempest-VolumesDeleteCascade-Volume-2089676017"}} {{(pid=109406) _process_stack /opt/stack/cinder/cinder/api/openstack/wsgi.py:866}}
Jan 19 15:59:50.016631 dv-cinder-824187-4-smb devstack@c-api.service[109406]: DEBUG cinder.api.v3.volumes [None req-de2d26ad-3788-4c55-84d9-39ba24f92492 tempest-VolumesDeleteCascade-380814522 tempest-VolumesDeleteCascade-380814522-project] Create volume request body: {'volume': {'size': 1, 'name': 'tempest-VolumesDeleteCascade-Volume-2089676017'}} {{(pid=109406) create /opt/stack/cinder/cinder/api/v3/volumes.py:298}}
Jan 19 15:59:50.017087 dv-cinder-824187-4-smb devstack@c-api.service[109406]: INFO cinder.api.v3.volumes [None req-de2d26ad-3788-4c55-84d9-39ba24f92492 tempest-VolumesDeleteCascade-380814522 tempest-VolumesDeleteCascade-380814522-project] Create volume of 1 GB
Jan 19 15:59:50.026541 dv-cinder-824187-4-smb devstack@c-api.service[109406]: INFO cinder.volume.api [None req-de2d26ad-3788-4c55-84d9-39ba24f92492 tempest-VolumesDeleteCascade-380814522 tempest-VolumesDeleteCascade-380814522-project] Availability Zones retrieved successfully.
Jan 19 15:59:50.048391 dv-cinder-824187-4-smb devstack@c-api.service[109406]: DEBUG cinder.volume.api [None req-de2d26ad-3788-4c55-84d9-39ba24f92492 tempest-VolumesDeleteCascade-380814522 tempest-VolumesDeleteCascade-380814522-project] Flow 'volume_create_api' (99b23ef5-0274-4bce-96f3-064af61594f2) transitioned into state 'RUNNING' from state 'PENDING' {{(pid=109406) _flow_receiver /usr/local/lib/python3.8/dist-packages/taskflow/listeners/logging.py:141}}
Jan 19 15:59:50.052467 dv-cinder-824187-4-smb devstack@c-api.service[109406]: DEBUG cinder.volume.api [None req-de2d26ad-3788-4c55-84d9-39ba24f92492 tempest-VolumesDeleteCascade-380814522 tempest-VolumesDeleteCascade-380814522-project] Task 'cinder.volume.flows.api.create_volume.ExtractVolumeRequestTask;volume:create' (e6c4d717-1594-4d9f-ba27-e8f9b70e8041) transitioned into state 'RUNNING' from state 'PENDING' {{(pid=109406) _task_receiver /usr/local/lib/python3.8/dist-packages/taskflow/listeners/logging.py:190}}
Jan 19 15:59:50.055797 dv-cinder-824187-4-smb devstack@c-api.service[109406]: DEBUG cinder.volume.flows.api.create_volume [None req-de2d26ad-3788-4c55-84d9-39ba24f92492 tempest-VolumesDeleteCascade-380814522 tempest-VolumesDeleteCascade-380814522-project] Validating volume size '1' using validate_int {{(pid=109406) _extract_size /opt/stack/cinder/cinder/volume/flows/api/create_volume.py:225}}
Jan 19 15:59:50.098914 dv-cinder-824187-4-smb devstack@c-api.service[109406]: DEBUG cinder.volume.api [None req-de2d26ad-3788-4c55-84d9-39ba24f92492 tempest-VolumesDeleteCascade-380814522 tempest-VolumesDeleteCascade-380814522-project] Task 'cinder.volume.flows.api.create_volume.ExtractVolumeRequestTask;volume:create' (e6c4d717-1594-4d9f-ba27-e8f9b70e8041) transitioned into state 'SUCCESS' from state 'RUNNING' with result '{'size': 1, 'snapshot_id': None, 'source_volid': None, 'volume_type': VolumeType(created_at=2022-01-19T15:49:19Z,deleted=False,deleted_at=None,description='Default Volume Type',extra_specs={},id=727422ef-5f23-4b9d-ab09-e8c939bc08b2,is_public=True,name='__DEFAULT__',projects=[],qos_specs=,qos_specs_id=None,updated_at=2022-01-19T15:49:19Z), 'volume_type_id': '727422ef-5f23-4b9d-ab09-e8c939bc08b2', 'encryption_key_id': None, 'qos_specs': None, 'consistencygroup_id': None, 'cgsnapshot_id': None, 'group_id': None, 'replication_status': 'disabled', 'refresh_az': False, 'backup_id': None, 'multiattach': False, 'availability_zones': ['nova']}' {{(pid=109406) _task_receiver /usr/local/lib/python3.8/dist-packages/taskflow/listeners/logging.py:178}}
Jan 19 15:59:50.103094 dv-cinder-824187-4-smb devstack@c-api.service[109406]: DEBUG cinder.volume.api [None req-de2d26ad-3788-4c55-84d9-39ba24f92492 tempest-VolumesDeleteCascade-380814522 tempest-VolumesDeleteCascade-380814522-project] Task 'cinder.volume.flows.api.create_volume.QuotaReserveTask;volume:create' (3e3c06a6-1ffa-4825-86ac-20f1a5316606) transitioned into state 'RUNNING' from state 'PENDING' {{(pid=109406) _task_receiver /usr/local/lib/python3.8/dist-packages/taskflow/listeners/logging.py:190}}
Jan 19 15:59:50.260793 dv-cinder-824187-4-smb devstack@c-api.service[109406]: DEBUG cinder.quota [None req-de2d26ad-3788-4c55-84d9-39ba24f92492 tempest-VolumesDeleteCascade-380814522 tempest-VolumesDeleteCascade-380814522-project] Created reservations ['e41a18cb-ee8a-415c-b381-13721b6ecad1', '256e80d7-158a-4439-a4ba-1aa8b9be65e3', 'cf15be5a-44ff-4fc8-8ef9-0787fc3bb625', 'd9e1fc4a-6632-49f7-a267-a8306fa6ff03'] {{(pid=109406) reserve /opt/stack/cinder/cinder/quota.py:755}}
Jan 19 15:59:50.261756 dv-cinder-824187-4-smb devstack@c-api.service[109406]: DEBUG cinder.volume.api [None req-de2d26ad-3788-4c55-84d9-39ba24f92492 tempest-VolumesDeleteCascade-380814522 tempest-VolumesDeleteCascade-380814522-project] Task 'cinder.volume.flows.api.create_volume.QuotaReserveTask;volume:create' (3e3c06a6-1ffa-4825-86ac-20f1a5316606) transitioned into state 'SUCCESS' from state 'RUNNING' with result '{'reservations': ['e41a18cb-ee8a-415c-b381-13721b6ecad1', '256e80d7-158a-4439-a4ba-1aa8b9be65e3', 'cf15be5a-44ff-4fc8-8ef9-0787fc3bb625', 'd9e1fc4a-6632-49f7-a267-a8306fa6ff03']}' {{(pid=109406) _task_receiver /usr/local/lib/python3.8/dist-packages/taskflow/listeners/logging.py:178}}
Jan 19 15:59:50.266115 dv-cinder-824187-4-smb devstack@c-api.service[109406]: DEBUG cinder.volume.api [None req-de2d26ad-3788-4c55-84d9-39ba24f92492 tempest-VolumesDeleteCascade-380814522 tempest-VolumesDeleteCascade-380814522-project] Task 'cinder.volume.flows.api.create_volume.EntryCreateTask;volume:create' (307aeac4-ce6c-4c09-897c-c43572ac3ed0) transitioned into state 'RUNNING' from state 'PENDING' {{(pid=109406) _task_receiver /usr/local/lib/python3.8/dist-packages/taskflow/listeners/logging.py:190}}
Jan 19 15:59:50.318957 dv-cinder-824187-4-smb devstack@c-api.service[109406]: DEBUG cinder.volume.api [None req-de2d26ad-3788-4c55-84d9-39ba24f92492 tempest-VolumesDeleteCascade-380814522 tempest-VolumesDeleteCascade-380814522-project] Task 'cinder.volume.flows.api.create_volume.EntryCreateTask;volume:create' (307aeac4-ce6c-4c09-897c-c43572ac3ed0) transitioned into state 'SUCCESS' from state 'RUNNING' with result '{'volume_id': 'd27b3143-44c2-4fff-9e8e-d5ed6b3d0f44', 'volume_properties': VolumeProperties(attach_status='detached',availability_zone='nova',cgsnapshot_id=None,consistencygroup_id=None,display_description=None,display_name='tempest-VolumesDeleteCascade-Volume-2089676017',encryption_key_id=None,group_id=None,group_type_id=,metadata={},multiattach=False,project_id='dc0654d67e4042f8a8e786d3decb5032',qos_specs=None,replication_status=,reservations=['e41a18cb-ee8a-415c-b381-13721b6ecad1','256e80d7-158a-4439-a4ba-1aa8b9be65e3','cf15be5a-44ff-4fc8-8ef9-0787fc3bb625','d9e1fc4a-6632-49f7-a267-a8306fa6ff03'],size=1,snapshot_id=None,source_replicaid=,source_volid=None,status='creating',user_id='b3ad26374b784b71983dc30287e86796',volume_type_id=727422ef-5f23-4b9d-ab09-e8c939bc08b2), 'volume': Volume(_name_id=None,admin_metadata=,attach_status='detached',availability_zone='nova',bootable=False,cluster=,cluster_name=None,consistencygroup=,consistencygroup_id=None,created_at=2022-01-19T15:59:50Z,deleted=False,deleted_at=None,display_description=None,display_name='tempest-VolumesDeleteCascade-Volume-2089676017',ec2_id=None,encryption_key_id=None,glance_metadata=,group=,group_id=None,host=None,id=d27b3143-44c2-4fff-9e8e-d5ed6b3d0f44,launched_at=None,metadata={},migration_status=None,multiattach=False,previous_status=None,project_id='dc0654d67e4042f8a8e786d3decb5032',provider_auth=None,provider_geometry=None,provider_id=None,provider_location=None,replication_driver_data=None,replication_extended_status=None,replication_status=None,scheduled_at=None,service_uuid=None,shared_targets=True,size=1,snapshot_id=None,snapshots=,source_volid=None,status='creating',terminated_at=None,updated_at=None,use_quota=True,user_id='b3ad26374b784b71983dc30287e86796',volume_attachment=VolumeAttachmentList,volume_type=VolumeType(727422ef-5f23-4b9d-ab09-e8c939bc08b2),volume_type_id=727422ef-5f23-4b9d-ab09-e8c939bc08b2)}' {{(pid=109406) _task_receiver /usr/local/lib/python3.8/dist-packages/taskflow/listeners/logging.py:178}}
Jan 19 15:59:50.333293 dv-cinder-824187-4-smb devstack@c-api.service[109406]: DEBUG cinder.volume.api [None req-de2d26ad-3788-4c55-84d9-39ba24f92492 tempest-VolumesDeleteCascade-380814522 tempest-VolumesDeleteCascade-380814522-project] Task 'cinder.volume.flows.api.create_volume.QuotaCommitTask;volume:create' (ac220216-a4fb-4bd9-9a28-917ac27be34f) transitioned into state 'RUNNING' from state 'PENDING' {{(pid=109406) _task_receiver /usr/local/lib/python3.8/dist-packages/taskflow/listeners/logging.py:190}}
Jan 19 15:59:50.408019 dv-cinder-824187-4-smb devstack@c-api.service[109406]: DEBUG cinder.volume.api [None req-de2d26ad-3788-4c55-84d9-39ba24f92492 tempest-VolumesDeleteCascade-380814522 tempest-VolumesDeleteCascade-380814522-project] Task 'cinder.volume.flows.api.create_volume.QuotaCommitTask;volume:create' (ac220216-a4fb-4bd9-9a28-917ac27be34f) transitioned into state 'SUCCESS' from state 'RUNNING' with result '{'volume_properties': VolumeProperties(attach_status='detached',availability_zone='nova',cgsnapshot_id=None,consistencygroup_id=None,display_description=None,display_name='tempest-VolumesDeleteCascade-Volume-2089676017',encryption_key_id=None,group_id=None,group_type_id=,metadata={},multiattach=False,project_id='dc0654d67e4042f8a8e786d3decb5032',qos_specs=None,replication_status=,reservations=['e41a18cb-ee8a-415c-b381-13721b6ecad1','256e80d7-158a-4439-a4ba-1aa8b9be65e3','cf15be5a-44ff-4fc8-8ef9-0787fc3bb625','d9e1fc4a-6632-49f7-a267-a8306fa6ff03'],size=1,snapshot_id=None,source_replicaid=,source_volid=None,status='creating',user_id='b3ad26374b784b71983dc30287e86796',volume_type_id=727422ef-5f23-4b9d-ab09-e8c939bc08b2)}' {{(pid=109406) _task_receiver /usr/local/lib/python3.8/dist-packages/taskflow/listeners/logging.py:178}}
Jan 19 15:59:50.410262 dv-cinder-824187-4-smb devstack@c-api.service[109406]: DEBUG cinder.volume.api [None req-de2d26ad-3788-4c55-84d9-39ba24f92492 tempest-VolumesDeleteCascade-380814522 tempest-VolumesDeleteCascade-380814522-project] Task 'cinder.volume.flows.api.create_volume.VolumeCastTask;volume:create' (2674389e-453f-46b4-938d-e6601e2212f5) transitioned into state 'RUNNING' from state 'PENDING' {{(pid=109406) _task_receiver /usr/local/lib/python3.8/dist-packages/taskflow/listeners/logging.py:190}}
Jan 19 15:59:50.443526 dv-cinder-824187-4-smb devstack@c-api.service[109406]: DEBUG cinder.volume.api [None req-de2d26ad-3788-4c55-84d9-39ba24f92492 tempest-VolumesDeleteCascade-380814522 tempest-VolumesDeleteCascade-380814522-project] Task 'cinder.volume.flows.api.create_volume.VolumeCastTask;volume:create' (2674389e-453f-46b4-938d-e6601e2212f5) transitioned into state 'SUCCESS' from state 'RUNNING' with result 'None' {{(pid=109406) _task_receiver /usr/local/lib/python3.8/dist-packages/taskflow/listeners/logging.py:178}}
Jan 19 15:59:50.449415 dv-cinder-824187-4-smb devstack@c-api.service[109406]: DEBUG cinder.volume.api [None req-de2d26ad-3788-4c55-84d9-39ba24f92492 tempest-VolumesDeleteCascade-380814522 tempest-VolumesDeleteCascade-380814522-project] Flow 'volume_create_api' (99b23ef5-0274-4bce-96f3-064af61594f2) transitioned into state 'SUCCESS' from state 'RUNNING' {{(pid=109406) _flow_receiver /usr/local/lib/python3.8/dist-packages/taskflow/listeners/logging.py:141}}
Jan 19 15:59:50.453899 dv-cinder-824187-4-smb devstack@c-api.service[109406]: INFO cinder.volume.api [None req-de2d26ad-3788-4c55-84d9-39ba24f92492 tempest-VolumesDeleteCascade-380814522 tempest-VolumesDeleteCascade-380814522-project] Create volume request issued successfully.
Jan 19 15:59:50.455425 dv-cinder-824187-4-smb devstack@c-api.service[109406]: INFO cinder.api.openstack.wsgi [None req-de2d26ad-3788-4c55-84d9-39ba24f92492 tempest-VolumesDeleteCascade-380814522 tempest-VolumesDeleteCascade-380814522-project] http://10.222.0.36/volume/v3/dc0654d67e4042f8a8e786d3decb5032/volumes returned with HTTP 202
Jan 19 15:59:50.468156 dv-cinder-824187-4-smb devstack@c-api.service[109406]: [pid: 109406|app: 0|req: 171/336] 10.222.0.36 () {60 vars in 1234 bytes} [Wed Jan 19 15:59:50 2022] POST /volume/v3/dc0654d67e4042f8a8e786d3decb5032/volumes => generated 820 bytes in 457 msecs (HTTP/1.1 202) 7 headers in 291 bytes (1 switches on core 0)
Jan 19 15:59:50.471206 dv-cinder-824187-4-smb devstack@c-api.service[109405]: INFO cinder.api.openstack.wsgi [None req-ae2f1599-b692-4db7-b8d3-70100691ca5e tempest-VolumesDeleteCascade-380814522 tempest-VolumesDeleteCascade-380814522-project] GET http://10.222.0.36/volume/v3/dc0654d67e4042f8a8e786d3decb5032/volumes/d27b3143-44c2-4fff-9e8e-d5ed6b3d0f44
Jan 19 15:59:50.471942 dv-cinder-824187-4-smb devstack@c-api.service[109405]: DEBUG cinder.api.openstack.wsgi [None req-ae2f1599-b692-4db7-b8d3-70100691ca5e tempest-VolumesDeleteCascade-380814522 tempest-VolumesDeleteCascade-380814522-project] Empty body provided in request {{(pid=109405) get_body /opt/stack/cinder/cinder/api/openstack/wsgi.py:715}}
Jan 19 15:59:50.472489 dv-cinder-824187-4-smb devstack@c-api.service[109405]: DEBUG cinder.api.openstack.wsgi [None req-ae2f1599-b692-4db7-b8d3-70100691ca5e tempest-VolumesDeleteCascade-380814522 tempest-VolumesDeleteCascade-380814522-project] Calling method 'show' {{(pid=109405) _process_stack /opt/stack/cinder/cinder/api/openstack/wsgi.py:868}}
Jan 19 15:59:50.507163 dv-cinder-824187-4-smb devstack@c-api.service[109405]: /usr/local/lib/python3.8/dist-packages/oslo_context/context.py:105: DeprecationWarning: Policy enforcement is depending on the value of is_admin. This key is deprecated. Please update your policy file to use the standard policy values.
Jan 19 15:59:50.507163 dv-cinder-824187-4-smb devstack@c-api.service[109405]: warnings.warn('Policy enforcement is depending on the value of '
Jan 19 15:59:50.534135 dv-cinder-824187-4-smb devstack@c-api.service[109405]: INFO cinder.volume.api [None req-ae2f1599-b692-4db7-b8d3-70100691ca5e tempest-VolumesDeleteCascade-380814522 tempest-VolumesDeleteCascade-380814522-project] Volume info retrieved successfully.
Jan 19 15:59:50.560960 dv-cinder-824187-4-smb devstack@c-api.service[109405]: INFO cinder.api.openstack.wsgi [None req-ae2f1599-b692-4db7-b8d3-70100691ca5e tempest-VolumesDeleteCascade-380814522 tempest-VolumesDeleteCascade-380814522-project] http://10.222.0.36/volume/v3/dc0654d67e4042f8a8e786d3decb5032/volumes/d27b3143-44c2-4fff-9e8e-d5ed6b3d0f44 returned with HTTP 200
Jan 19 15:59:50.565983 dv-cinder-824187-4-smb devstack@c-api.service[109405]: [pid: 109405|app: 0|req: 166/337] 10.222.0.36 () {58 vars in 1324 bytes} [Wed Jan 19 15:59:50 2022] GET /volume/v3/dc0654d67e4042f8a8e786d3decb5032/volumes/d27b3143-44c2-4fff-9e8e-d5ed6b3d0f44 => generated 888 bytes in 98 msecs (HTTP/1.1 200) 7 headers in 285 bytes (2 switches on core 0)
Jan 19 15:59:50.981598 dv-cinder-824187-4-smb devstack@c-api.service[109406]: INFO cinder.api.openstack.wsgi [None req-70822f44-5388-4430-9bc3-abacd3102a8a tempest-VolumeSnapshotQuotasNegativeTestJSON-6047553 tempest-VolumeSnapshotQuotasNegativeTestJSON-6047553-project] GET http://10.222.0.36/volume/v3/7070f7a41b914b6bbf6d52ba07523d57/volumes/684ed776-40da-40fd-9805-a4d3631df60b
Jan 19 15:59:50.982090 dv-cinder-824187-4-smb devstack@c-api.service[109406]: DEBUG cinder.api.openstack.wsgi [None req-70822f44-5388-4430-9bc3-abacd3102a8a tempest-VolumeSnapshotQuotasNegativeTestJSON-6047553 tempest-VolumeSnapshotQuotasNegativeTestJSON-6047553-project] Empty body provided in request {{(pid=109406) get_body /opt/stack/cinder/cinder/api/openstack/wsgi.py:715}}
Jan 19 15:59:50.982700 dv-cinder-824187-4-smb devstack@c-api.service[109406]: DEBUG cinder.api.openstack.wsgi [None req-70822f44-5388-4430-9bc3-abacd3102a8a tempest-VolumeSnapshotQuotasNegativeTestJSON-6047553 tempest-VolumeSnapshotQuotasNegativeTestJSON-6047553-project] Calling method 'show' {{(pid=109406) _process_stack /opt/stack/cinder/cinder/api/openstack/wsgi.py:868}}
Jan 19 15:59:51.002484 dv-cinder-824187-4-smb devstack@c-api.service[109406]: INFO cinder.api.openstack.wsgi [None req-70822f44-5388-4430-9bc3-abacd3102a8a tempest-VolumeSnapshotQuotasNegativeTestJSON-6047553 tempest-VolumeSnapshotQuotasNegativeTestJSON-6047553-project] http://10.222.0.36/volume/v3/7070f7a41b914b6bbf6d52ba07523d57/volumes/684ed776-40da-40fd-9805-a4d3631df60b returned with HTTP 404
Jan 19 15:59:51.008591 dv-cinder-824187-4-smb devstack@c-api.service[109406]: [pid: 109406|app: 0|req: 172/338] 10.222.0.36 () {58 vars in 1324 bytes} [Wed Jan 19 15:59:50 2022] GET /volume/v3/7070f7a41b914b6bbf6d52ba07523d57/volumes/684ed776-40da-40fd-9805-a4d3631df60b => generated 109 bytes in 29 msecs (HTTP/1.1 404) 7 headers in 292 bytes (1 switches on core 0)
Jan 19 15:59:51.015600 dv-cinder-824187-4-smb devstack@c-api.service[109405]: INFO cinder.api.openstack.wsgi [None req-1fa64738-e70b-441c-8514-a9aadc8a22c0 tempest-VolumeSnapshotQuotasNegativeTestJSON-1417574720 tempest-VolumeSnapshotQuotasNegativeTestJSON-1417574720-project-admin] PUT http://10.222.0.36/volume/v3/008f645f0035441282ba553fa2e3c0c7/os-quota-sets/7070f7a41b914b6bbf6d52ba07523d57
Jan 19 15:59:51.016939 dv-cinder-824187-4-smb devstack@c-api.service[109405]: DEBUG cinder.api.openstack.wsgi [None req-1fa64738-e70b-441c-8514-a9aadc8a22c0 tempest-VolumeSnapshotQuotasNegativeTestJSON-1417574720 tempest-VolumeSnapshotQuotasNegativeTestJSON-1417574720-project-admin] Action: 'update', calling method: update, body: {"quota_set": {"volumes": 10, "per_volume_gigabytes": -1, "snapshots": 10, "gigabytes": 1000, "backups": 10, "backup_gigabytes": 1000}} {{(pid=109405) _process_stack /opt/stack/cinder/cinder/api/openstack/wsgi.py:866}}
Jan 19 15:59:51.289862 dv-cinder-824187-4-smb devstack@c-api.service[109405]: INFO cinder.api.openstack.wsgi [None req-1fa64738-e70b-441c-8514-a9aadc8a22c0 tempest-VolumeSnapshotQuotasNegativeTestJSON-1417574720 tempest-VolumeSnapshotQuotasNegativeTestJSON-1417574720-project-admin] http://10.222.0.36/volume/v3/008f645f0035441282ba553fa2e3c0c7/os-quota-sets/7070f7a41b914b6bbf6d52ba07523d57 returned with HTTP 200
Jan 19 15:59:51.291585 dv-cinder-824187-4-smb devstack@c-api.service[109405]: [pid: 109405|app: 0|req: 167/339] 10.222.0.36 () {60 vars in 1351 bytes} [Wed Jan 19 15:59:51 2022] PUT /volume/v3/008f645f0035441282ba553fa2e3c0c7/os-quota-sets/7070f7a41b914b6bbf6d52ba07523d57 => generated 319 bytes in 282 msecs (HTTP/1.1 200) 7 headers in 285 bytes (2 switches on core 0)
Jan 19 15:59:51.580611 dv-cinder-824187-4-smb devstack@c-api.service[109406]: INFO cinder.api.openstack.wsgi [None req-48eed0cc-094d-4591-b742-ac2ddb5a6162 tempest-VolumesDeleteCascade-380814522 tempest-VolumesDeleteCascade-380814522-project] GET http://10.222.0.36/volume/v3/dc0654d67e4042f8a8e786d3decb5032/volumes/d27b3143-44c2-4fff-9e8e-d5ed6b3d0f44
Jan 19 15:59:51.581356 dv-cinder-824187-4-smb devstack@c-api.service[109406]: DEBUG cinder.api.openstack.wsgi [None req-48eed0cc-094d-4591-b742-ac2ddb5a6162 tempest-VolumesDeleteCascade-380814522 tempest-VolumesDeleteCascade-380814522-project] Empty body provided in request {{(pid=109406) get_body /opt/stack/cinder/cinder/api/openstack/wsgi.py:715}}
Jan 19 15:59:51.582024 dv-cinder-824187-4-smb devstack@c-api.service[109406]: DEBUG cinder.api.openstack.wsgi [None req-48eed0cc-094d-4591-b742-ac2ddb5a6162 tempest-VolumesDeleteCascade-380814522 tempest-VolumesDeleteCascade-380814522-project] Calling method 'show' {{(pid=109406) _process_stack /opt/stack/cinder/cinder/api/openstack/wsgi.py:868}}
Jan 19 15:59:51.605372 dv-cinder-824187-4-smb devstack@c-api.service[109406]: /usr/local/lib/python3.8/dist-packages/oslo_context/context.py:105: DeprecationWarning: Policy enforcement is depending on the value of is_admin. This key is deprecated. Please update your policy file to use the standard policy values.
Jan 19 15:59:51.605372 dv-cinder-824187-4-smb devstack@c-api.service[109406]: warnings.warn('Policy enforcement is depending on the value of '
Jan 19 15:59:51.629896 dv-cinder-824187-4-smb devstack@c-api.service[109406]: INFO cinder.volume.api [None req-48eed0cc-094d-4591-b742-ac2ddb5a6162 tempest-VolumesDeleteCascade-380814522 tempest-VolumesDeleteCascade-380814522-project] Volume info retrieved successfully.
Jan 19 15:59:51.666675 dv-cinder-824187-4-smb devstack@c-api.service[109406]: INFO cinder.api.openstack.wsgi [None req-48eed0cc-094d-4591-b742-ac2ddb5a6162 tempest-VolumesDeleteCascade-380814522 tempest-VolumesDeleteCascade-380814522-project] http://10.222.0.36/volume/v3/dc0654d67e4042f8a8e786d3decb5032/volumes/d27b3143-44c2-4fff-9e8e-d5ed6b3d0f44 returned with HTTP 200
Jan 19 15:59:51.679472 dv-cinder-824187-4-smb devstack@c-api.service[109406]: [pid: 109406|app: 0|req: 173/340] 10.222.0.36 () {58 vars in 1324 bytes} [Wed Jan 19 15:59:51 2022] GET /volume/v3/dc0654d67e4042f8a8e786d3decb5032/volumes/d27b3143-44c2-4fff-9e8e-d5ed6b3d0f44 => generated 913 bytes in 102 msecs (HTTP/1.1 200) 7 headers in 285 bytes (1 switches on core 0)
Jan 19 15:59:51.695387 dv-cinder-824187-4-smb devstack@c-api.service[109405]: INFO cinder.api.openstack.wsgi [None req-b40a3074-50e7-4d05-820e-5eda103860df tempest-VolumesDeleteCascade-380814522 tempest-VolumesDeleteCascade-380814522-project] POST http://10.222.0.36/volume/v3/dc0654d67e4042f8a8e786d3decb5032/snapshots
Jan 19 15:59:51.698185 dv-cinder-824187-4-smb devstack@c-api.service[109405]: DEBUG cinder.api.openstack.wsgi [None req-b40a3074-50e7-4d05-820e-5eda103860df tempest-VolumesDeleteCascade-380814522 tempest-VolumesDeleteCascade-380814522-project] Action: 'create', calling method: create, body: {"snapshot": {"volume_id": "d27b3143-44c2-4fff-9e8e-d5ed6b3d0f44", "name": "tempest-VolumesDeleteCascade-Snapshot-748126728"}} {{(pid=109405) _process_stack /opt/stack/cinder/cinder/api/openstack/wsgi.py:866}}
Jan 19 15:59:51.763428 dv-cinder-824187-4-smb devstack@c-api.service[109405]: /usr/local/lib/python3.8/dist-packages/oslo_context/context.py:105: DeprecationWarning: Policy enforcement is depending on the value of is_admin. This key is deprecated. Please update your policy file to use the standard policy values.
Jan 19 15:59:51.763428 dv-cinder-824187-4-smb devstack@c-api.service[109405]: warnings.warn('Policy enforcement is depending on the value of '
Jan 19 15:59:51.764595 dv-cinder-824187-4-smb devstack@c-api.service[109405]: INFO cinder.volume.api [None req-b40a3074-50e7-4d05-820e-5eda103860df tempest-VolumesDeleteCascade-380814522 tempest-VolumesDeleteCascade-380814522-project] Volume info retrieved successfully.
Jan 19 15:59:51.764896 dv-cinder-824187-4-smb devstack@c-api.service[109405]: INFO cinder.api.v3.snapshots [None req-b40a3074-50e7-4d05-820e-5eda103860df tempest-VolumesDeleteCascade-380814522 tempest-VolumesDeleteCascade-380814522-project] Create snapshot from volume d27b3143-44c2-4fff-9e8e-d5ed6b3d0f44
Jan 19 15:59:51.947929 dv-cinder-824187-4-smb devstack@c-api.service[109405]: DEBUG cinder.quota [None req-b40a3074-50e7-4d05-820e-5eda103860df tempest-VolumesDeleteCascade-380814522 tempest-VolumesDeleteCascade-380814522-project] Created reservations ['137dca8d-3105-41b6-ad1d-2b48cdab67b8', '80cd712c-8e0b-45e1-bf35-086eadcaf6c1', '1980f3a1-9012-45f5-961d-3bef5a70f59e', '5247102c-3131-41fa-b54e-e6375ca93ab9'] {{(pid=109405) reserve /opt/stack/cinder/cinder/quota.py:755}}
Jan 19 15:59:52.069996 dv-cinder-824187-4-smb devstack@c-api.service[109405]: INFO cinder.volume.api [None req-b40a3074-50e7-4d05-820e-5eda103860df tempest-VolumesDeleteCascade-380814522 tempest-VolumesDeleteCascade-380814522-project] Snapshot create request issued successfully.
Jan 19 15:59:52.070748 dv-cinder-824187-4-smb devstack@c-api.service[109405]: INFO cinder.api.openstack.wsgi [None req-b40a3074-50e7-4d05-820e-5eda103860df tempest-VolumesDeleteCascade-380814522 tempest-VolumesDeleteCascade-380814522-project] http://10.222.0.36/volume/v3/dc0654d67e4042f8a8e786d3decb5032/snapshots returned with HTTP 202
Jan 19 15:59:52.077165 dv-cinder-824187-4-smb devstack@c-api.service[109405]: [pid: 109405|app: 0|req: 168/341] 10.222.0.36 () {60 vars in 1241 bytes} [Wed Jan 19 15:59:51 2022] POST /volume/v3/dc0654d67e4042f8a8e786d3decb5032/snapshots => generated 306 bytes in 398 msecs (HTTP/1.1 202) 7 headers in 291 bytes (2 switches on core 0)
Jan 19 15:59:52.087306 dv-cinder-824187-4-smb devstack@c-api.service[109406]: INFO cinder.api.openstack.wsgi [None req-fb089700-de8d-4092-9ada-0145cafb3fa0 tempest-VolumesDeleteCascade-380814522 tempest-VolumesDeleteCascade-380814522-project] GET http://10.222.0.36/volume/v3/dc0654d67e4042f8a8e786d3decb5032/snapshots/c255c189-534a-48a8-a1c9-b11ab8c7c60f
Jan 19 15:59:52.087821 dv-cinder-824187-4-smb devstack@c-api.service[109406]: DEBUG cinder.api.openstack.wsgi [None req-fb089700-de8d-4092-9ada-0145cafb3fa0 tempest-VolumesDeleteCascade-380814522 tempest-VolumesDeleteCascade-380814522-project] Empty body provided in request {{(pid=109406) get_body /opt/stack/cinder/cinder/api/openstack/wsgi.py:715}}
Jan 19 15:59:52.088433 dv-cinder-824187-4-smb devstack@c-api.service[109406]: DEBUG cinder.api.openstack.wsgi [None req-fb089700-de8d-4092-9ada-0145cafb3fa0 tempest-VolumesDeleteCascade-380814522 tempest-VolumesDeleteCascade-380814522-project] Calling method 'show' {{(pid=109406) _process_stack /opt/stack/cinder/cinder/api/openstack/wsgi.py:868}}
Jan 19 15:59:52.102215 dv-cinder-824187-4-smb devstack@c-api.service[109406]: /usr/local/lib/python3.8/dist-packages/oslo_context/context.py:105: DeprecationWarning: Policy enforcement is depending on the value of is_admin. This key is deprecated. Please update your policy file to use the standard policy values.
Jan 19 15:59:52.102215 dv-cinder-824187-4-smb devstack@c-api.service[109406]: warnings.warn('Policy enforcement is depending on the value of '
Jan 19 15:59:52.103499 dv-cinder-824187-4-smb devstack@c-api.service[109406]: INFO cinder.volume.api [None req-fb089700-de8d-4092-9ada-0145cafb3fa0 tempest-VolumesDeleteCascade-380814522 tempest-VolumesDeleteCascade-380814522-project] Snapshot retrieved successfully.
Jan 19 15:59:52.106375 dv-cinder-824187-4-smb devstack@c-api.service[109406]: INFO cinder.api.openstack.wsgi [None req-fb089700-de8d-4092-9ada-0145cafb3fa0 tempest-VolumesDeleteCascade-380814522 tempest-VolumesDeleteCascade-380814522-project] http://10.222.0.36/volume/v3/dc0654d67e4042f8a8e786d3decb5032/snapshots/c255c189-534a-48a8-a1c9-b11ab8c7c60f returned with HTTP 200
Jan 19 15:59:52.113979 dv-cinder-824187-4-smb devstack@c-api.service[109406]: [pid: 109406|app: 0|req: 174/342] 10.222.0.36 () {58 vars in 1330 bytes} [Wed Jan 19 15:59:52 2022] GET /volume/v3/dc0654d67e4042f8a8e786d3decb5032/snapshots/c255c189-534a-48a8-a1c9-b11ab8c7c60f => generated 438 bytes in 36 msecs (HTTP/1.1 200) 7 headers in 285 bytes (2 switches on core 0)
Jan 19 15:59:53.120818 dv-cinder-824187-4-smb devstack@c-api.service[109405]: INFO cinder.api.openstack.wsgi [None req-a390d78a-bcd4-4c92-a412-36602dd5ad5c tempest-VolumesDeleteCascade-380814522 tempest-VolumesDeleteCascade-380814522-project] GET http://10.222.0.36/volume/v3/dc0654d67e4042f8a8e786d3decb5032/snapshots/c255c189-534a-48a8-a1c9-b11ab8c7c60f
Jan 19 15:59:53.121315 dv-cinder-824187-4-smb devstack@c-api.service[109405]: DEBUG cinder.api.openstack.wsgi [None req-a390d78a-bcd4-4c92-a412-36602dd5ad5c tempest-VolumesDeleteCascade-380814522 tempest-VolumesDeleteCascade-380814522-project] Empty body provided in request {{(pid=109405) get_body /opt/stack/cinder/cinder/api/openstack/wsgi.py:715}}
Jan 19 15:59:53.121862 dv-cinder-824187-4-smb devstack@c-api.service[109405]: DEBUG cinder.api.openstack.wsgi [None req-a390d78a-bcd4-4c92-a412-36602dd5ad5c tempest-VolumesDeleteCascade-380814522 tempest-VolumesDeleteCascade-380814522-project] Calling method 'show' {{(pid=109405) _process_stack /opt/stack/cinder/cinder/api/openstack/wsgi.py:868}}
Jan 19 15:59:53.137040 dv-cinder-824187-4-smb devstack@c-api.service[109405]: /usr/local/lib/python3.8/dist-packages/oslo_context/context.py:105: DeprecationWarning: Policy enforcement is depending on the value of is_admin. This key is deprecated. Please update your policy file to use the standard policy values.
Jan 19 15:59:53.137040 dv-cinder-824187-4-smb devstack@c-api.service[109405]: warnings.warn('Policy enforcement is depending on the value of '
Jan 19 15:59:53.143117 dv-cinder-824187-4-smb devstack@c-api.service[109405]: INFO cinder.volume.api [None req-a390d78a-bcd4-4c92-a412-36602dd5ad5c tempest-VolumesDeleteCascade-380814522 tempest-VolumesDeleteCascade-380814522-project] Snapshot retrieved successfully.
Jan 19 15:59:53.147777 dv-cinder-824187-4-smb devstack@c-api.service[109405]: INFO cinder.api.openstack.wsgi [None req-a390d78a-bcd4-4c92-a412-36602dd5ad5c tempest-VolumesDeleteCascade-380814522 tempest-VolumesDeleteCascade-380814522-project] http://10.222.0.36/volume/v3/dc0654d67e4042f8a8e786d3decb5032/snapshots/c255c189-534a-48a8-a1c9-b11ab8c7c60f returned with HTTP 200
Jan 19 15:59:53.165425 dv-cinder-824187-4-smb devstack@c-api.service[109406]: INFO cinder.api.openstack.wsgi [None req-38dd4381-15f6-4224-9ddf-cd36b0f199f6 tempest-VolumesDeleteCascade-380814522 tempest-VolumesDeleteCascade-380814522-project] POST http://10.222.0.36/volume/v3/dc0654d67e4042f8a8e786d3decb5032/volumes
Jan 19 15:59:53.166829 dv-cinder-824187-4-smb devstack@c-api.service[109406]: DEBUG cinder.api.openstack.wsgi [None req-38dd4381-15f6-4224-9ddf-cd36b0f199f6 tempest-VolumesDeleteCascade-380814522 tempest-VolumesDeleteCascade-380814522-project] Action: 'create', calling method: create, body: {"volume": {"snapshot_id": "c255c189-534a-48a8-a1c9-b11ab8c7c60f", "size": 1, "name": "tempest-VolumesDeleteCascade-Volume-206406974"}} {{(pid=109406) _process_stack /opt/stack/cinder/cinder/api/openstack/wsgi.py:866}}
Jan 19 15:59:53.168297 dv-cinder-824187-4-smb devstack@c-api.service[109406]: DEBUG cinder.api.v3.volumes [None req-38dd4381-15f6-4224-9ddf-cd36b0f199f6 tempest-VolumesDeleteCascade-380814522 tempest-VolumesDeleteCascade-380814522-project] Create volume request body: {'volume': {'snapshot_id': 'c255c189-534a-48a8-a1c9-b11ab8c7c60f', 'size': 1, 'name': 'tempest-VolumesDeleteCascade-Volume-206406974'}} {{(pid=109406) create /opt/stack/cinder/cinder/api/v3/volumes.py:298}}
Jan 19 15:59:53.172049 dv-cinder-824187-4-smb devstack@c-api.service[109405]: [pid: 109405|app: 0|req: 169/343] 10.222.0.36 () {58 vars in 1330 bytes} [Wed Jan 19 15:59:53 2022] GET /volume/v3/dc0654d67e4042f8a8e786d3decb5032/snapshots/c255c189-534a-48a8-a1c9-b11ab8c7c60f => generated 531 bytes in 55 msecs (HTTP/1.1 200) 7 headers in 285 bytes (1 switches on core 0)
Jan 19 15:59:53.184689 dv-cinder-824187-4-smb devstack@c-api.service[109406]: /usr/local/lib/python3.8/dist-packages/oslo_context/context.py:105: DeprecationWarning: Policy enforcement is depending on the value of is_admin. This key is deprecated. Please update your policy file to use the standard policy values.
Jan 19 15:59:53.184689 dv-cinder-824187-4-smb devstack@c-api.service[109406]: warnings.warn('Policy enforcement is depending on the value of '
Jan 19 15:59:53.188410 dv-cinder-824187-4-smb devstack@c-api.service[109406]: INFO cinder.volume.api [None req-38dd4381-15f6-4224-9ddf-cd36b0f199f6 tempest-VolumesDeleteCascade-380814522 tempest-VolumesDeleteCascade-380814522-project] Snapshot retrieved successfully.
Jan 19 15:59:53.193512 dv-cinder-824187-4-smb devstack@c-api.service[109406]: INFO cinder.api.v3.volumes [None req-38dd4381-15f6-4224-9ddf-cd36b0f199f6 tempest-VolumesDeleteCascade-380814522 tempest-VolumesDeleteCascade-380814522-project] Create volume of 1 GB
Jan 19 15:59:53.203770 dv-cinder-824187-4-smb devstack@c-api.service[109406]: INFO cinder.volume.api [None req-38dd4381-15f6-4224-9ddf-cd36b0f199f6 tempest-VolumesDeleteCascade-380814522 tempest-VolumesDeleteCascade-380814522-project] Availability Zones retrieved successfully.
Jan 19 15:59:53.222158 dv-cinder-824187-4-smb devstack@c-api.service[109405]: INFO cinder.api.openstack.wsgi [None req-0fb0e665-ac74-4ee2-b2eb-475f8ff6d19f tempest-VolumesActionsTest-1725346603 tempest-VolumesActionsTest-1725346603-project] POST http://10.222.0.36/volume/v3/af6f1e47de2f484a8d6aaac09edb2778/volumes
Jan 19 15:59:53.222839 dv-cinder-824187-4-smb devstack@c-api.service[109405]: DEBUG cinder.api.openstack.wsgi [None req-0fb0e665-ac74-4ee2-b2eb-475f8ff6d19f tempest-VolumesActionsTest-1725346603 tempest-VolumesActionsTest-1725346603-project] Action: 'create', calling method: create, body: {"volume": {"size": 1, "name": "tempest-VolumesActionsTest-Volume-617636044"}} {{(pid=109405) _process_stack /opt/stack/cinder/cinder/api/openstack/wsgi.py:866}}
Jan 19 15:59:53.225673 dv-cinder-824187-4-smb devstack@c-api.service[109405]: DEBUG cinder.api.v3.volumes [None req-0fb0e665-ac74-4ee2-b2eb-475f8ff6d19f tempest-VolumesActionsTest-1725346603 tempest-VolumesActionsTest-1725346603-project] Create volume request body: {'volume': {'size': 1, 'name': 'tempest-VolumesActionsTest-Volume-617636044'}} {{(pid=109405) create /opt/stack/cinder/cinder/api/v3/volumes.py:298}}
Jan 19 15:59:53.226134 dv-cinder-824187-4-smb devstack@c-api.service[109405]: INFO cinder.api.v3.volumes [None req-0fb0e665-ac74-4ee2-b2eb-475f8ff6d19f tempest-VolumesActionsTest-1725346603 tempest-VolumesActionsTest-1725346603-project] Create volume of 1 GB
Jan 19 15:59:53.236296 dv-cinder-824187-4-smb devstack@c-api.service[109405]: INFO cinder.volume.api [None req-0fb0e665-ac74-4ee2-b2eb-475f8ff6d19f tempest-VolumesActionsTest-1725346603 tempest-VolumesActionsTest-1725346603-project] Availability Zones retrieved successfully.
Jan 19 15:59:53.248006 dv-cinder-824187-4-smb devstack@c-api.service[109406]: DEBUG cinder.volume.api [None req-38dd4381-15f6-4224-9ddf-cd36b0f199f6 tempest-VolumesDeleteCascade-380814522 tempest-VolumesDeleteCascade-380814522-project] Flow 'volume_create_api' (6944e091-b81c-4aaa-88b8-6c851df2c80c) transitioned into state 'RUNNING' from state 'PENDING' {{(pid=109406) _flow_receiver /usr/local/lib/python3.8/dist-packages/taskflow/listeners/logging.py:141}}
Jan 19 15:59:53.264047 dv-cinder-824187-4-smb devstack@c-api.service[109406]: DEBUG cinder.volume.api [None req-38dd4381-15f6-4224-9ddf-cd36b0f199f6 tempest-VolumesDeleteCascade-380814522 tempest-VolumesDeleteCascade-380814522-project] Task 'cinder.volume.flows.api.create_volume.ExtractVolumeRequestTask;volume:create' (5d4490f7-1766-4938-bd4a-268c3684696e) transitioned into state 'RUNNING' from state 'PENDING' {{(pid=109406) _task_receiver /usr/local/lib/python3.8/dist-packages/taskflow/listeners/logging.py:190}}
Jan 19 15:59:53.267054 dv-cinder-824187-4-smb devstack@c-api.service[109406]: DEBUG cinder.volume.flows.api.create_volume [None req-38dd4381-15f6-4224-9ddf-cd36b0f199f6 tempest-VolumesDeleteCascade-380814522 tempest-VolumesDeleteCascade-380814522-project] Validating volume size '1' using validate_int, validate_snap_size {{(pid=109406) _extract_size /opt/stack/cinder/cinder/volume/flows/api/create_volume.py:225}}
Jan 19 15:59:53.275236 dv-cinder-824187-4-smb devstack@c-api.service[109405]: DEBUG cinder.volume.api [None req-0fb0e665-ac74-4ee2-b2eb-475f8ff6d19f tempest-VolumesActionsTest-1725346603 tempest-VolumesActionsTest-1725346603-project] Flow 'volume_create_api' (30937b4f-1ca4-4e1d-9be4-9feb8bc8c405) transitioned into state 'RUNNING' from state 'PENDING' {{(pid=109405) _flow_receiver /usr/local/lib/python3.8/dist-packages/taskflow/listeners/logging.py:141}}
Jan 19 15:59:53.277822 dv-cinder-824187-4-smb devstack@c-api.service[109405]: DEBUG cinder.volume.api [None req-0fb0e665-ac74-4ee2-b2eb-475f8ff6d19f tempest-VolumesActionsTest-1725346603 tempest-VolumesActionsTest-1725346603-project] Task 'cinder.volume.flows.api.create_volume.ExtractVolumeRequestTask;volume:create' (7bca25c1-63cc-4888-8526-88767f4b1cba) transitioned into state 'RUNNING' from state 'PENDING' {{(pid=109405) _task_receiver /usr/local/lib/python3.8/dist-packages/taskflow/listeners/logging.py:190}}
Jan 19 15:59:53.292982 dv-cinder-824187-4-smb devstack@c-api.service[109405]: DEBUG cinder.volume.flows.api.create_volume [None req-0fb0e665-ac74-4ee2-b2eb-475f8ff6d19f tempest-VolumesActionsTest-1725346603 tempest-VolumesActionsTest-1725346603-project] Validating volume size '1' using validate_int {{(pid=109405) _extract_size /opt/stack/cinder/cinder/volume/flows/api/create_volume.py:225}}
Jan 19 15:59:53.379762 dv-cinder-824187-4-smb devstack@c-api.service[109406]: DEBUG cinder.volume.api [None req-38dd4381-15f6-4224-9ddf-cd36b0f199f6 tempest-VolumesDeleteCascade-380814522 tempest-VolumesDeleteCascade-380814522-project] Task 'cinder.volume.flows.api.create_volume.ExtractVolumeRequestTask;volume:create' (5d4490f7-1766-4938-bd4a-268c3684696e) transitioned into state 'SUCCESS' from state 'RUNNING' with result '{'size': 1, 'snapshot_id': 'c255c189-534a-48a8-a1c9-b11ab8c7c60f', 'source_volid': None, 'volume_type': VolumeType(created_at=2022-01-19T15:49:19Z,deleted=False,deleted_at=None,description='Default Volume Type',extra_specs={},id=727422ef-5f23-4b9d-ab09-e8c939bc08b2,is_public=True,name='__DEFAULT__',projects=[],qos_specs=,qos_specs_id=None,updated_at=2022-01-19T15:49:19Z), 'volume_type_id': '727422ef-5f23-4b9d-ab09-e8c939bc08b2', 'encryption_key_id': None, 'qos_specs': None, 'consistencygroup_id': None, 'cgsnapshot_id': None, 'group_id': None, 'replication_status': 'disabled', 'refresh_az': False, 'backup_id': None, 'multiattach': False, 'availability_zones': ['nova']}' {{(pid=109406) _task_receiver /usr/local/lib/python3.8/dist-packages/taskflow/listeners/logging.py:178}}
Jan 19 15:59:53.398090 dv-cinder-824187-4-smb devstack@c-api.service[109405]: DEBUG cinder.volume.api [None req-0fb0e665-ac74-4ee2-b2eb-475f8ff6d19f tempest-VolumesActionsTest-1725346603 tempest-VolumesActionsTest-1725346603-project] Task 'cinder.volume.flows.api.create_volume.ExtractVolumeRequestTask;volume:create' (7bca25c1-63cc-4888-8526-88767f4b1cba) transitioned into state 'SUCCESS' from state 'RUNNING' with result '{'size': 1, 'snapshot_id': None, 'source_volid': None, 'volume_type': VolumeType(created_at=2022-01-19T15:49:19Z,deleted=False,deleted_at=None,description='Default Volume Type',extra_specs={},id=727422ef-5f23-4b9d-ab09-e8c939bc08b2,is_public=True,name='__DEFAULT__',projects=[],qos_specs=,qos_specs_id=None,updated_at=2022-01-19T15:49:19Z), 'volume_type_id': '727422ef-5f23-4b9d-ab09-e8c939bc08b2', 'encryption_key_id': None, 'qos_specs': None, 'consistencygroup_id': None, 'cgsnapshot_id': None, 'group_id': None, 'replication_status': 'disabled', 'refresh_az': False, 'backup_id': None, 'multiattach': False, 'availability_zones': ['nova']}' {{(pid=109405) _task_receiver /usr/local/lib/python3.8/dist-packages/taskflow/listeners/logging.py:178}}
Jan 19 15:59:53.404539 dv-cinder-824187-4-smb devstack@c-api.service[109406]: DEBUG cinder.volume.api [None req-38dd4381-15f6-4224-9ddf-cd36b0f199f6 tempest-VolumesDeleteCascade-380814522 tempest-VolumesDeleteCascade-380814522-project] Task 'cinder.volume.flows.api.create_volume.QuotaReserveTask;volume:create' (9be13dc6-55dc-44c9-913b-628b3ae52286) transitioned into state 'RUNNING' from state 'PENDING' {{(pid=109406) _task_receiver /usr/local/lib/python3.8/dist-packages/taskflow/listeners/logging.py:190}}
Jan 19 15:59:53.404728 dv-cinder-824187-4-smb devstack@c-api.service[109405]: DEBUG cinder.volume.api [None req-0fb0e665-ac74-4ee2-b2eb-475f8ff6d19f tempest-VolumesActionsTest-1725346603 tempest-VolumesActionsTest-1725346603-project] Task 'cinder.volume.flows.api.create_volume.QuotaReserveTask;volume:create' (1641713a-ce56-4347-83a0-4f10d7919011) transitioned into state 'RUNNING' from state 'PENDING' {{(pid=109405) _task_receiver /usr/local/lib/python3.8/dist-packages/taskflow/listeners/logging.py:190}}
Jan 19 15:59:53.548980 dv-cinder-824187-4-smb devstack@c-api.service[109406]: DEBUG cinder.quota [None req-38dd4381-15f6-4224-9ddf-cd36b0f199f6 tempest-VolumesDeleteCascade-380814522 tempest-VolumesDeleteCascade-380814522-project] Created reservations ['539d1b67-42fb-47ea-95b7-12d8e24e081b', '67d279d4-e365-4db7-831e-2086aa0bb8dd', '088edcd1-eb99-4063-b15e-c1a2999fae7a', 'deab98f9-761a-4a60-a130-3d9da6cb844b'] {{(pid=109406) reserve /opt/stack/cinder/cinder/quota.py:755}}
Jan 19 15:59:53.555713 dv-cinder-824187-4-smb devstack@c-api.service[109406]: DEBUG cinder.volume.api [None req-38dd4381-15f6-4224-9ddf-cd36b0f199f6 tempest-VolumesDeleteCascade-380814522 tempest-VolumesDeleteCascade-380814522-project] Task 'cinder.volume.flows.api.create_volume.QuotaReserveTask;volume:create' (9be13dc6-55dc-44c9-913b-628b3ae52286) transitioned into state 'SUCCESS' from state 'RUNNING' with result '{'reservations': ['539d1b67-42fb-47ea-95b7-12d8e24e081b', '67d279d4-e365-4db7-831e-2086aa0bb8dd', '088edcd1-eb99-4063-b15e-c1a2999fae7a', 'deab98f9-761a-4a60-a130-3d9da6cb844b']}' {{(pid=109406) _task_receiver /usr/local/lib/python3.8/dist-packages/taskflow/listeners/logging.py:178}}
Jan 19 15:59:53.560333 dv-cinder-824187-4-smb devstack@c-api.service[109405]: DEBUG cinder.quota [None req-0fb0e665-ac74-4ee2-b2eb-475f8ff6d19f tempest-VolumesActionsTest-1725346603 tempest-VolumesActionsTest-1725346603-project] Created reservations ['3591adba-2557-4f74-9573-6efd3f05b397', 'af3c10db-13eb-40c8-8104-602978fc26e6', '7432f1f9-8674-4cd8-8b49-e0c3f8e7220b', 'fb92aff0-7171-441c-a89b-dda9ef38977f'] {{(pid=109405) reserve /opt/stack/cinder/cinder/quota.py:755}}
Jan 19 15:59:53.565470 dv-cinder-824187-4-smb devstack@c-api.service[109406]: DEBUG cinder.volume.api [None req-38dd4381-15f6-4224-9ddf-cd36b0f199f6 tempest-VolumesDeleteCascade-380814522 tempest-VolumesDeleteCascade-380814522-project] Task 'cinder.volume.flows.api.create_volume.EntryCreateTask;volume:create' (cc615d5e-8102-4ed1-808c-dec92f3397aa) transitioned into state 'RUNNING' from state 'PENDING' {{(pid=109406) _task_receiver /usr/local/lib/python3.8/dist-packages/taskflow/listeners/logging.py:190}}
Jan 19 15:59:53.567118 dv-cinder-824187-4-smb devstack@c-api.service[109405]: DEBUG cinder.volume.api [None req-0fb0e665-ac74-4ee2-b2eb-475f8ff6d19f tempest-VolumesActionsTest-1725346603 tempest-VolumesActionsTest-1725346603-project] Task 'cinder.volume.flows.api.create_volume.QuotaReserveTask;volume:create' (1641713a-ce56-4347-83a0-4f10d7919011) transitioned into state 'SUCCESS' from state 'RUNNING' with result '{'reservations': ['3591adba-2557-4f74-9573-6efd3f05b397', 'af3c10db-13eb-40c8-8104-602978fc26e6', '7432f1f9-8674-4cd8-8b49-e0c3f8e7220b', 'fb92aff0-7171-441c-a89b-dda9ef38977f']}' {{(pid=109405) _task_receiver /usr/local/lib/python3.8/dist-packages/taskflow/listeners/logging.py:178}}
Jan 19 15:59:53.573857 dv-cinder-824187-4-smb devstack@c-api.service[109405]: DEBUG cinder.volume.api [None req-0fb0e665-ac74-4ee2-b2eb-475f8ff6d19f tempest-VolumesActionsTest-1725346603 tempest-VolumesActionsTest-1725346603-project] Task 'cinder.volume.flows.api.create_volume.EntryCreateTask;volume:create' (2d915939-68b5-4afb-a6b2-43424ac4b954) transitioned into state 'RUNNING' from state 'PENDING' {{(pid=109405) _task_receiver /usr/local/lib/python3.8/dist-packages/taskflow/listeners/logging.py:190}}
