Jan 11 14:58:21.180847 dv-cinder-824187-2-smb devstack@c-api.service[109601]: INFO cinder.api.openstack.wsgi [None req-6746f615-a439-48eb-a9ab-1eb5440b7f82 tempest-VolumeTypesTest-1374749942 tempest-VolumeTypesTest-1374749942-project] http://10.222.0.15/volume/v3/27c6bdd24bdb49c1aba64d6c8410d880/volumes/6370bfa2-0f2d-4e0f-84e9-7603ef3260a9 returned with HTTP 404
Jan 11 14:58:21.181785 dv-cinder-824187-2-smb devstack@c-api.service[109601]: [pid: 109601|app: 0|req: 106/210] 10.222.0.15 () {58 vars in 1324 bytes} [Tue Jan 11 14:58:21 2022] GET /volume/v3/27c6bdd24bdb49c1aba64d6c8410d880/volumes/6370bfa2-0f2d-4e0f-84e9-7603ef3260a9 => generated 109 bytes in 18 msecs (HTTP/1.1 404) 7 headers in 292 bytes (1 switches on core 0)
Jan 11 14:58:21.189050 dv-cinder-824187-2-smb devstack@c-api.service[109602]: INFO cinder.api.openstack.wsgi [None req-e2b68409-a59c-49a9-a6f9-cfc1881bae8d tempest-VolumeTypesTest-246686381 tempest-VolumeTypesTest-246686381-project-admin] DELETE http://10.222.0.15/volume/v3/5f15227c45cb44488a820c441d5fa552/types/20903e58-8456-43c3-837b-b6f83738f6e9
Jan 11 14:58:21.189601 dv-cinder-824187-2-smb devstack@c-api.service[109602]: DEBUG cinder.api.openstack.wsgi [None req-e2b68409-a59c-49a9-a6f9-cfc1881bae8d tempest-VolumeTypesTest-246686381 tempest-VolumeTypesTest-246686381-project-admin] Empty body provided in request {{(pid=109602) get_body /opt/stack/cinder/cinder/api/openstack/wsgi.py:715}}
Jan 11 14:58:21.190071 dv-cinder-824187-2-smb devstack@c-api.service[109602]: DEBUG cinder.api.openstack.wsgi [None req-e2b68409-a59c-49a9-a6f9-cfc1881bae8d tempest-VolumeTypesTest-246686381 tempest-VolumeTypesTest-246686381-project-admin] Calling method '_delete' {{(pid=109602) _process_stack /opt/stack/cinder/cinder/api/openstack/wsgi.py:868}}
Jan 11 14:58:21.231953 dv-cinder-824187-2-smb devstack@c-api.service[109602]: INFO cinder.api.openstack.wsgi [None req-e2b68409-a59c-49a9-a6f9-cfc1881bae8d tempest-VolumeTypesTest-246686381 tempest-VolumeTypesTest-246686381-project-admin] http://10.222.0.15/volume/v3/5f15227c45cb44488a820c441d5fa552/types/20903e58-8456-43c3-837b-b6f83738f6e9 returned with HTTP 202
Jan 11 14:58:21.232662 dv-cinder-824187-2-smb devstack@c-api.service[109602]: [pid: 109602|app: 0|req: 105/211] 10.222.0.15 () {58 vars in 1321 bytes} [Tue Jan 11 14:58:21 2022] DELETE /volume/v3/5f15227c45cb44488a820c441d5fa552/types/20903e58-8456-43c3-837b-b6f83738f6e9 => generated 0 bytes in 47 msecs (HTTP/1.1 202) 6 headers in 233 bytes (1 switches on core 0)
Jan 11 14:58:21.240168 dv-cinder-824187-2-smb devstack@c-api.service[109601]: INFO cinder.api.openstack.wsgi [None req-e32ad550-b4ff-4653-82f7-94122ba56913 tempest-VolumeTypesTest-246686381 tempest-VolumeTypesTest-246686381-project-admin] GET http://10.222.0.15/volume/v3/5f15227c45cb44488a820c441d5fa552/types/20903e58-8456-43c3-837b-b6f83738f6e9
Jan 11 14:58:21.240618 dv-cinder-824187-2-smb devstack@c-api.service[109601]: DEBUG cinder.api.openstack.wsgi [None req-e32ad550-b4ff-4653-82f7-94122ba56913 tempest-VolumeTypesTest-246686381 tempest-VolumeTypesTest-246686381-project-admin] Empty body provided in request {{(pid=109601) get_body /opt/stack/cinder/cinder/api/openstack/wsgi.py:715}}
Jan 11 14:58:21.241076 dv-cinder-824187-2-smb devstack@c-api.service[109601]: DEBUG cinder.api.openstack.wsgi [None req-e32ad550-b4ff-4653-82f7-94122ba56913 tempest-VolumeTypesTest-246686381 tempest-VolumeTypesTest-246686381-project-admin] Calling method 'show' {{(pid=109601) _process_stack /opt/stack/cinder/cinder/api/openstack/wsgi.py:868}}
Jan 11 14:58:21.245870 dv-cinder-824187-2-smb devstack@c-api.service[109601]: INFO cinder.api.openstack.wsgi [None req-e32ad550-b4ff-4653-82f7-94122ba56913 tempest-VolumeTypesTest-246686381 tempest-VolumeTypesTest-246686381-project-admin] http://10.222.0.15/volume/v3/5f15227c45cb44488a820c441d5fa552/types/20903e58-8456-43c3-837b-b6f83738f6e9 returned with HTTP 404
Jan 11 14:58:21.246773 dv-cinder-824187-2-smb devstack@c-api.service[109601]: [pid: 109601|app: 0|req: 107/212] 10.222.0.15 () {58 vars in 1318 bytes} [Tue Jan 11 14:58:21 2022] GET /volume/v3/5f15227c45cb44488a820c441d5fa552/types/20903e58-8456-43c3-837b-b6f83738f6e9 => generated 114 bytes in 11 msecs (HTTP/1.1 404) 7 headers in 292 bytes (1 switches on core 0)
Jan 11 14:58:21.253641 dv-cinder-824187-2-smb devstack@c-api.service[109602]: INFO cinder.api.openstack.wsgi [None req-e191e5f1-7dfe-4bf1-b8b7-07895e78ffa0 tempest-VolumeTypesTest-246686381 tempest-VolumeTypesTest-246686381-project-admin] DELETE http://10.222.0.15/volume/v3/5f15227c45cb44488a820c441d5fa552/types/18dfdc8d-4c5c-4ff7-9796-1b6eaa6c171e
Jan 11 14:58:21.254098 dv-cinder-824187-2-smb devstack@c-api.service[109602]: DEBUG cinder.api.openstack.wsgi [None req-e191e5f1-7dfe-4bf1-b8b7-07895e78ffa0 tempest-VolumeTypesTest-246686381 tempest-VolumeTypesTest-246686381-project-admin] Empty body provided in request {{(pid=109602) get_body /opt/stack/cinder/cinder/api/openstack/wsgi.py:715}}
Jan 11 14:58:21.254727 dv-cinder-824187-2-smb devstack@c-api.service[109602]: DEBUG cinder.api.openstack.wsgi [None req-e191e5f1-7dfe-4bf1-b8b7-07895e78ffa0 tempest-VolumeTypesTest-246686381 tempest-VolumeTypesTest-246686381-project-admin] Calling method '_delete' {{(pid=109602) _process_stack /opt/stack/cinder/cinder/api/openstack/wsgi.py:868}}
Jan 11 14:58:21.296483 dv-cinder-824187-2-smb devstack@c-api.service[109602]: INFO cinder.api.openstack.wsgi [None req-e191e5f1-7dfe-4bf1-b8b7-07895e78ffa0 tempest-VolumeTypesTest-246686381 tempest-VolumeTypesTest-246686381-project-admin] http://10.222.0.15/volume/v3/5f15227c45cb44488a820c441d5fa552/types/18dfdc8d-4c5c-4ff7-9796-1b6eaa6c171e returned with HTTP 202
Jan 11 14:58:21.297440 dv-cinder-824187-2-smb devstack@c-api.service[109602]: [pid: 109602|app: 0|req: 106/213] 10.222.0.15 () {58 vars in 1321 bytes} [Tue Jan 11 14:58:21 2022] DELETE /volume/v3/5f15227c45cb44488a820c441d5fa552/types/18dfdc8d-4c5c-4ff7-9796-1b6eaa6c171e => generated 0 bytes in 47 msecs (HTTP/1.1 202) 6 headers in 233 bytes (1 switches on core 0)
Jan 11 14:58:21.304308 dv-cinder-824187-2-smb devstack@c-api.service[109601]: INFO cinder.api.openstack.wsgi [None req-779e9a18-0a7f-4553-80a4-7c481dc6e600 tempest-VolumeTypesTest-246686381 tempest-VolumeTypesTest-246686381-project-admin] GET http://10.222.0.15/volume/v3/5f15227c45cb44488a820c441d5fa552/types/18dfdc8d-4c5c-4ff7-9796-1b6eaa6c171e
Jan 11 14:58:21.304753 dv-cinder-824187-2-smb devstack@c-api.service[109601]: DEBUG cinder.api.openstack.wsgi [None req-779e9a18-0a7f-4553-80a4-7c481dc6e600 tempest-VolumeTypesTest-246686381 tempest-VolumeTypesTest-246686381-project-admin] Empty body provided in request {{(pid=109601) get_body /opt/stack/cinder/cinder/api/openstack/wsgi.py:715}}
Jan 11 14:58:21.305208 dv-cinder-824187-2-smb devstack@c-api.service[109601]: DEBUG cinder.api.openstack.wsgi [None req-779e9a18-0a7f-4553-80a4-7c481dc6e600 tempest-VolumeTypesTest-246686381 tempest-VolumeTypesTest-246686381-project-admin] Calling method 'show' {{(pid=109601) _process_stack /opt/stack/cinder/cinder/api/openstack/wsgi.py:868}}
Jan 11 14:58:21.309860 dv-cinder-824187-2-smb devstack@c-api.service[109601]: INFO cinder.api.openstack.wsgi [None req-779e9a18-0a7f-4553-80a4-7c481dc6e600 tempest-VolumeTypesTest-246686381 tempest-VolumeTypesTest-246686381-project-admin] http://10.222.0.15/volume/v3/5f15227c45cb44488a820c441d5fa552/types/18dfdc8d-4c5c-4ff7-9796-1b6eaa6c171e returned with HTTP 404
Jan 11 14:58:21.310835 dv-cinder-824187-2-smb devstack@c-api.service[109601]: [pid: 109601|app: 0|req: 108/214] 10.222.0.15 () {58 vars in 1318 bytes} [Tue Jan 11 14:58:21 2022] GET /volume/v3/5f15227c45cb44488a820c441d5fa552/types/18dfdc8d-4c5c-4ff7-9796-1b6eaa6c171e => generated 114 bytes in 10 msecs (HTTP/1.1 404) 7 headers in 292 bytes (1 switches on core 0)
Jan 11 14:58:21.731247 dv-cinder-824187-2-smb devstack@c-api.service[109602]: INFO cinder.api.openstack.wsgi [None req-a7f3c8ba-6734-4b6c-9997-b2b7cf863ff6 tempest-GroupsTest-694449384 tempest-GroupsTest-694449384-project] GET http://10.222.0.15/volume/v3/2fd5c6cbe6b742afb23ac1a06735de78/groups/edba5aae-fa0d-4fe6-85e8-ecac5beda103
Jan 11 14:58:21.731830 dv-cinder-824187-2-smb devstack@c-api.service[109602]: DEBUG cinder.api.openstack.wsgi [None req-a7f3c8ba-6734-4b6c-9997-b2b7cf863ff6 tempest-GroupsTest-694449384 tempest-GroupsTest-694449384-project] Empty body provided in request {{(pid=109602) get_body /opt/stack/cinder/cinder/api/openstack/wsgi.py:715}}
Jan 11 14:58:21.732454 dv-cinder-824187-2-smb devstack@c-api.service[109602]: DEBUG cinder.api.openstack.wsgi [None req-a7f3c8ba-6734-4b6c-9997-b2b7cf863ff6 tempest-GroupsTest-694449384 tempest-GroupsTest-694449384-project] Calling method 'version_select' {{(pid=109602) _process_stack /opt/stack/cinder/cinder/api/openstack/wsgi.py:868}}
Jan 11 14:58:21.732831 dv-cinder-824187-2-smb devstack@c-api.service[109602]: DEBUG cinder.api.v3.groups [None req-a7f3c8ba-6734-4b6c-9997-b2b7cf863ff6 tempest-GroupsTest-694449384 tempest-GroupsTest-694449384-project] show called for member edba5aae-fa0d-4fe6-85e8-ecac5beda103 {{(pid=109602) show /opt/stack/cinder/cinder/api/v3/groups.py:58}}
Jan 11 14:58:21.740793 dv-cinder-824187-2-smb devstack@c-api.service[109602]: /usr/local/lib/python3.8/dist-packages/oslo_context/context.py:105: DeprecationWarning: Policy enforcement is depending on the value of is_admin. This key is deprecated. Please update your policy file to use the standard policy values.
Jan 11 14:58:21.740793 dv-cinder-824187-2-smb devstack@c-api.service[109602]: warnings.warn('Policy enforcement is depending on the value of '
Jan 11 14:58:21.759232 dv-cinder-824187-2-smb devstack@c-api.service[109602]: INFO cinder.api.openstack.wsgi [None req-a7f3c8ba-6734-4b6c-9997-b2b7cf863ff6 tempest-GroupsTest-694449384 tempest-GroupsTest-694449384-project] http://10.222.0.15/volume/v3/2fd5c6cbe6b742afb23ac1a06735de78/groups/edba5aae-fa0d-4fe6-85e8-ecac5beda103 returned with HTTP 200
Jan 11 14:58:21.765734 dv-cinder-824187-2-smb devstack@c-api.service[109602]: [pid: 109602|app: 0|req: 107/215] 10.222.0.15 () {60 vars in 1362 bytes} [Tue Jan 11 14:58:21 2022] GET /volume/v3/2fd5c6cbe6b742afb23ac1a06735de78/groups/edba5aae-fa0d-4fe6-85e8-ecac5beda103 => generated 322 bytes in 34 msecs (HTTP/1.1 200) 7 headers in 286 bytes (1 switches on core 0)
Jan 11 14:58:21.770301 dv-cinder-824187-2-smb devstack@c-api.service[109601]: INFO cinder.api.openstack.wsgi [None req-f86c151d-80c7-48b8-a76a-a5b64160e72f tempest-GroupsTest-694449384 tempest-GroupsTest-694449384-project] POST http://10.222.0.15/volume/v3/2fd5c6cbe6b742afb23ac1a06735de78/volumes
Jan 11 14:58:21.771892 dv-cinder-824187-2-smb devstack@c-api.service[109601]: DEBUG cinder.api.openstack.wsgi [None req-f86c151d-80c7-48b8-a76a-a5b64160e72f tempest-GroupsTest-694449384 tempest-GroupsTest-694449384-project] Action: 'create', calling method: create, body: {"volume": {"name": "tempest-volume-646467441", "volume_type": "d6f18cbf-e293-40ff-8cd8-4ad75c09f183", "group_id": "697faad0-af04-441d-b146-d1bb90a1fe65", "size": 1}} {{(pid=109601) _process_stack /opt/stack/cinder/cinder/api/openstack/wsgi.py:866}}
Jan 11 14:58:21.773103 dv-cinder-824187-2-smb devstack@c-api.service[109601]: DEBUG cinder.api.v3.volumes [None req-f86c151d-80c7-48b8-a76a-a5b64160e72f tempest-GroupsTest-694449384 tempest-GroupsTest-694449384-project] Create volume request body: {'volume': {'name': 'tempest-volume-646467441', 'volume_type': 'd6f18cbf-e293-40ff-8cd8-4ad75c09f183', 'group_id': '697faad0-af04-441d-b146-d1bb90a1fe65', 'size': 1}} {{(pid=109601) create /opt/stack/cinder/cinder/api/v3/volumes.py:298}}
Jan 11 14:58:21.788448 dv-cinder-824187-2-smb devstack@c-api.service[109601]: /usr/local/lib/python3.8/dist-packages/oslo_context/context.py:105: DeprecationWarning: Policy enforcement is depending on the value of is_admin. This key is deprecated. Please update your policy file to use the standard policy values.
Jan 11 14:58:21.788448 dv-cinder-824187-2-smb devstack@c-api.service[109601]: warnings.warn('Policy enforcement is depending on the value of '
Jan 11 14:58:21.789801 dv-cinder-824187-2-smb devstack@c-api.service[109601]: INFO cinder.api.v3.volumes [None req-f86c151d-80c7-48b8-a76a-a5b64160e72f tempest-GroupsTest-694449384 tempest-GroupsTest-694449384-project] Create volume of 1 GB
Jan 11 14:58:21.802104 dv-cinder-824187-2-smb devstack@c-api.service[109601]: INFO cinder.volume.api [None req-f86c151d-80c7-48b8-a76a-a5b64160e72f tempest-GroupsTest-694449384 tempest-GroupsTest-694449384-project] Availability Zones retrieved successfully.
Jan 11 14:58:21.820596 dv-cinder-824187-2-smb devstack@c-api.service[109601]: DEBUG cinder.volume.api [None req-f86c151d-80c7-48b8-a76a-a5b64160e72f tempest-GroupsTest-694449384 tempest-GroupsTest-694449384-project] Flow 'volume_create_api' (ec46ef5c-c726-4576-8953-da54cf1fcdc6) transitioned into state 'RUNNING' from state 'PENDING' {{(pid=109601) _flow_receiver /usr/local/lib/python3.8/dist-packages/taskflow/listeners/logging.py:141}}
Jan 11 14:58:21.820789 dv-cinder-824187-2-smb devstack@c-api.service[109601]: DEBUG cinder.volume.api [None req-f86c151d-80c7-48b8-a76a-a5b64160e72f tempest-GroupsTest-694449384 tempest-GroupsTest-694449384-project] Task 'cinder.volume.flows.api.create_volume.ExtractVolumeRequestTask;volume:create' (9719a5a3-8a72-4c17-bbda-e2ee10dca0b6) transitioned into state 'RUNNING' from state 'PENDING' {{(pid=109601) _task_receiver /usr/local/lib/python3.8/dist-packages/taskflow/listeners/logging.py:190}}
Jan 11 14:58:21.822978 dv-cinder-824187-2-smb devstack@c-api.service[109601]: /usr/local/lib/python3.8/dist-packages/oslo_context/context.py:105: DeprecationWarning: Policy enforcement is depending on the value of is_admin. This key is deprecated. Please update your policy file to use the standard policy values.
Jan 11 14:58:21.822978 dv-cinder-824187-2-smb devstack@c-api.service[109601]: warnings.warn('Policy enforcement is depending on the value of '
Jan 11 14:58:21.823746 dv-cinder-824187-2-smb devstack@c-api.service[109601]: DEBUG cinder.volume.flows.api.create_volume [None req-f86c151d-80c7-48b8-a76a-a5b64160e72f tempest-GroupsTest-694449384 tempest-GroupsTest-694449384-project] Validating volume size '1' using validate_int {{(pid=109601) _extract_size /opt/stack/cinder/cinder/volume/flows/api/create_volume.py:225}}
Jan 11 14:58:21.846421 dv-cinder-824187-2-smb devstack@c-api.service[109601]: DEBUG cinder.volume.api [None req-f86c151d-80c7-48b8-a76a-a5b64160e72f tempest-GroupsTest-694449384 tempest-GroupsTest-694449384-project] Task 'cinder.volume.flows.api.create_volume.ExtractVolumeRequestTask;volume:create' (9719a5a3-8a72-4c17-bbda-e2ee10dca0b6) transitioned into state 'SUCCESS' from state 'RUNNING' with result '{'size': 1, 'snapshot_id': None, 'source_volid': None, 'volume_type': VolumeType(created_at=2022-01-11T14:58:19Z,deleted=False,deleted_at=None,description=None,extra_specs={},id=d6f18cbf-e293-40ff-8cd8-4ad75c09f183,is_public=True,name='tempest-GroupsTest-volume-type-1654857545',projects=[],qos_specs=,qos_specs_id=None,updated_at=None), 'volume_type_id': 'd6f18cbf-e293-40ff-8cd8-4ad75c09f183', 'encryption_key_id': None, 'qos_specs': None, 'consistencygroup_id': None, 'cgsnapshot_id': None, 'group_id': '697faad0-af04-441d-b146-d1bb90a1fe65', 'replication_status': 'disabled', 'refresh_az': False, 'backup_id': None, 'multiattach': False, 'availability_zones': ['nova']}' {{(pid=109601) _task_receiver /usr/local/lib/python3.8/dist-packages/taskflow/listeners/logging.py:178}}
Jan 11 14:58:21.848602 dv-cinder-824187-2-smb devstack@c-api.service[109601]: DEBUG cinder.volume.api [None req-f86c151d-80c7-48b8-a76a-a5b64160e72f tempest-GroupsTest-694449384 tempest-GroupsTest-694449384-project] Task 'cinder.volume.flows.api.create_volume.QuotaReserveTask;volume:create' (b21fef38-63dd-4cec-a8c3-8f9eb552823d) transitioned into state 'RUNNING' from state 'PENDING' {{(pid=109601) _task_receiver /usr/local/lib/python3.8/dist-packages/taskflow/listeners/logging.py:190}}
Jan 11 14:58:21.968422 dv-cinder-824187-2-smb devstack@c-api.service[109602]: INFO cinder.api.openstack.wsgi [None req-00020648-4bdd-4557-949d-3948840bc4d0 tempest-SnapshotsActionsTest-327020956 tempest-SnapshotsActionsTest-327020956-project] GET http://10.222.0.15/volume/v3/845462730e8e445d9721796d1f76203a/snapshots/c6366408-fdc1-4290-83ea-60e7f0e93828
Jan 11 14:58:21.968961 dv-cinder-824187-2-smb devstack@c-api.service[109602]: DEBUG cinder.api.openstack.wsgi [None req-00020648-4bdd-4557-949d-3948840bc4d0 tempest-SnapshotsActionsTest-327020956 tempest-SnapshotsActionsTest-327020956-project] Empty body provided in request {{(pid=109602) get_body /opt/stack/cinder/cinder/api/openstack/wsgi.py:715}}
Jan 11 14:58:21.969298 dv-cinder-824187-2-smb devstack@c-api.service[109602]: DEBUG cinder.api.openstack.wsgi [None req-00020648-4bdd-4557-949d-3948840bc4d0 tempest-SnapshotsActionsTest-327020956 tempest-SnapshotsActionsTest-327020956-project] Calling method 'show' {{(pid=109602) _process_stack /opt/stack/cinder/cinder/api/openstack/wsgi.py:868}}
Jan 11 14:58:21.977781 dv-cinder-824187-2-smb devstack@c-api.service[109601]: DEBUG cinder.quota [None req-f86c151d-80c7-48b8-a76a-a5b64160e72f tempest-GroupsTest-694449384 tempest-GroupsTest-694449384-project] Created reservations ['5fa0a963-3ce7-40ed-b264-60d52db11110', '4f3b123f-f2b2-409b-9f17-57ae2b8ae6e8', 'e3560d1c-41d0-4f37-9dcc-e866b1419310', '97556fde-6eb7-4a50-86a6-9c0107f87896'] {{(pid=109601) reserve /opt/stack/cinder/cinder/quota.py:755}}
Jan 11 14:58:21.981214 dv-cinder-824187-2-smb devstack@c-api.service[109601]: DEBUG cinder.volume.api [None req-f86c151d-80c7-48b8-a76a-a5b64160e72f tempest-GroupsTest-694449384 tempest-GroupsTest-694449384-project] Task 'cinder.volume.flows.api.create_volume.QuotaReserveTask;volume:create' (b21fef38-63dd-4cec-a8c3-8f9eb552823d) transitioned into state 'SUCCESS' from state 'RUNNING' with result '{'reservations': ['5fa0a963-3ce7-40ed-b264-60d52db11110', '4f3b123f-f2b2-409b-9f17-57ae2b8ae6e8', 'e3560d1c-41d0-4f37-9dcc-e866b1419310', '97556fde-6eb7-4a50-86a6-9c0107f87896']}' {{(pid=109601) _task_receiver /usr/local/lib/python3.8/dist-packages/taskflow/listeners/logging.py:178}}
Jan 11 14:58:21.982397 dv-cinder-824187-2-smb devstack@c-api.service[109602]: /usr/local/lib/python3.8/dist-packages/oslo_context/context.py:105: DeprecationWarning: Policy enforcement is depending on the value of is_admin. This key is deprecated. Please update your policy file to use the standard policy values.
Jan 11 14:58:21.982397 dv-cinder-824187-2-smb devstack@c-api.service[109602]: warnings.warn('Policy enforcement is depending on the value of '
Jan 11 14:58:21.983591 dv-cinder-824187-2-smb devstack@c-api.service[109602]: INFO cinder.volume.api [None req-00020648-4bdd-4557-949d-3948840bc4d0 tempest-SnapshotsActionsTest-327020956 tempest-SnapshotsActionsTest-327020956-project] Snapshot retrieved successfully.
Jan 11 14:58:21.985707 dv-cinder-824187-2-smb devstack@c-api.service[109602]: INFO cinder.api.openstack.wsgi [None req-00020648-4bdd-4557-949d-3948840bc4d0 tempest-SnapshotsActionsTest-327020956 tempest-SnapshotsActionsTest-327020956-project] http://10.222.0.15/volume/v3/845462730e8e445d9721796d1f76203a/snapshots/c6366408-fdc1-4290-83ea-60e7f0e93828 returned with HTTP 200
Jan 11 14:58:21.986429 dv-cinder-824187-2-smb devstack@c-api.service[109602]: [pid: 109602|app: 0|req: 108/216] 10.222.0.15 () {58 vars in 1330 bytes} [Tue Jan 11 14:58:21 2022] GET /volume/v3/845462730e8e445d9721796d1f76203a/snapshots/c6366408-fdc1-4290-83ea-60e7f0e93828 => generated 569 bytes in 24 msecs (HTTP/1.1 200) 7 headers in 285 bytes (2 switches on core 0)
Jan 11 14:58:21.990485 dv-cinder-824187-2-smb devstack@c-api.service[109601]: DEBUG cinder.volume.api [None req-f86c151d-80c7-48b8-a76a-a5b64160e72f tempest-GroupsTest-694449384 tempest-GroupsTest-694449384-project] Task 'cinder.volume.flows.api.create_volume.EntryCreateTask;volume:create' (c33b8bb0-a56a-4936-9353-903575960419) transitioned into state 'RUNNING' from state 'PENDING' {{(pid=109601) _task_receiver /usr/local/lib/python3.8/dist-packages/taskflow/listeners/logging.py:190}}
Jan 11 14:58:21.998779 dv-cinder-824187-2-smb devstack@c-api.service[109602]: INFO cinder.api.openstack.wsgi [None req-8b14b60c-8881-48ab-8658-bfba8656ce1d tempest-SnapshotsActionsTest-61897258 tempest-SnapshotsActionsTest-61897258-project-admin] POST http://10.222.0.15/volume/v3/a3a0c536c72343d58a5e37a5fa593770/snapshots/c6366408-fdc1-4290-83ea-60e7f0e93828/action
Jan 11 14:58:21.999729 dv-cinder-824187-2-smb devstack@c-api.service[109602]: DEBUG cinder.api.openstack.wsgi [None req-8b14b60c-8881-48ab-8658-bfba8656ce1d tempest-SnapshotsActionsTest-61897258 tempest-SnapshotsActionsTest-61897258-project-admin] Action body: b'{"os-reset_status": {"status": "creating"}}' {{(pid=109602) get_method /opt/stack/cinder/cinder/api/openstack/wsgi.py:983}}
Jan 11 14:58:21.999840 dv-cinder-824187-2-smb devstack@c-api.service[109602]: DEBUG cinder.api.openstack.wsgi [None req-8b14b60c-8881-48ab-8658-bfba8656ce1d tempest-SnapshotsActionsTest-61897258 tempest-SnapshotsActionsTest-61897258-project-admin] Action: 'action', calling method: _reset_status, body: {"os-reset_status": {"status": "creating"}} {{(pid=109602) _process_stack /opt/stack/cinder/cinder/api/openstack/wsgi.py:866}}
Jan 11 14:58:22.000715 dv-cinder-824187-2-smb devstack@c-api.service[109602]: DEBUG cinder.api.contrib.admin_actions [None req-8b14b60c-8881-48ab-8658-bfba8656ce1d tempest-SnapshotsActionsTest-61897258 tempest-SnapshotsActionsTest-61897258-project-admin] Updating snapshot 'c6366408-fdc1-4290-83ea-60e7f0e93828' with '{'status': 'creating'}' {{(pid=109602) _reset_status /opt/stack/cinder/cinder/api/contrib/admin_actions.py:100}}
Jan 11 14:58:22.046144 dv-cinder-824187-2-smb devstack@c-api.service[109602]: /usr/local/lib/python3.8/dist-packages/oslo_context/context.py:105: DeprecationWarning: Policy enforcement is depending on the value of is_admin. This key is deprecated. Please update your policy file to use the standard policy values.
Jan 11 14:58:22.046144 dv-cinder-824187-2-smb devstack@c-api.service[109602]: warnings.warn('Policy enforcement is depending on the value of '
Jan 11 14:58:22.048433 dv-cinder-824187-2-smb devstack@c-api.service[109601]: DEBUG cinder.volume.api [None req-f86c151d-80c7-48b8-a76a-a5b64160e72f tempest-GroupsTest-694449384 tempest-GroupsTest-694449384-project] Task 'cinder.volume.flows.api.create_volume.EntryCreateTask;volume:create' (c33b8bb0-a56a-4936-9353-903575960419) transitioned into state 'SUCCESS' from state 'RUNNING' with result '{'volume_id': 'e0762e69-dd08-4d13-a642-8321cf5fdbcd', 'volume_properties': VolumeProperties(attach_status='detached',availability_zone='nova',cgsnapshot_id=None,consistencygroup_id=None,display_description=None,display_name='tempest-volume-646467441',encryption_key_id=None,group_id=697faad0-af04-441d-b146-d1bb90a1fe65,group_type_id=,metadata={},multiattach=False,project_id='2fd5c6cbe6b742afb23ac1a06735de78',qos_specs=None,replication_status=,reservations=['5fa0a963-3ce7-40ed-b264-60d52db11110','4f3b123f-f2b2-409b-9f17-57ae2b8ae6e8','e3560d1c-41d0-4f37-9dcc-e866b1419310','97556fde-6eb7-4a50-86a6-9c0107f87896'],size=1,snapshot_id=None,source_replicaid=,source_volid=None,status='creating',user_id='233bf52d45c242779d31c2c3464dcbbf',volume_type_id=d6f18cbf-e293-40ff-8cd8-4ad75c09f183), 'volume': Volume(_name_id=None,admin_metadata=,attach_status='detached',availability_zone='nova',bootable=False,cluster=,cluster_name=None,consistencygroup=,consistencygroup_id=None,created_at=2022-01-11T14:58:22Z,deleted=False,deleted_at=None,display_description=None,display_name='tempest-volume-646467441',ec2_id=None,encryption_key_id=None,glance_metadata=,group=,group_id=697faad0-af04-441d-b146-d1bb90a1fe65,host=None,id=e0762e69-dd08-4d13-a642-8321cf5fdbcd,launched_at=None,metadata={},migration_status=None,multiattach=False,previous_status=None,project_id='2fd5c6cbe6b742afb23ac1a06735de78',provider_auth=None,provider_geometry=None,provider_id=None,provider_location=None,replication_driver_data=None,replication_extended_status=None,replication_status=None,scheduled_at=None,service_uuid=None,shared_targets=True,size=1,snapshot_id=None,snapshots=,source_volid=None,status='creating',terminated_at=None,updated_at=None,use_quota=True,user_id='233bf52d45c242779d31c2c3464dcbbf',volume_attachment=VolumeAttachmentList,volume_type=VolumeType(d6f18cbf-e293-40ff-8cd8-4ad75c09f183),volume_type_id=d6f18cbf-e293-40ff-8cd8-4ad75c09f183)}' {{(pid=109601) _task_receiver /usr/local/lib/python3.8/dist-packages/taskflow/listeners/logging.py:178}}
Jan 11 14:58:22.053667 dv-cinder-824187-2-smb devstack@c-api.service[109601]: DEBUG cinder.volume.api [None req-f86c151d-80c7-48b8-a76a-a5b64160e72f tempest-GroupsTest-694449384 tempest-GroupsTest-694449384-project] Task 'cinder.volume.flows.api.create_volume.QuotaCommitTask;volume:create' (47d9e48c-a359-4acf-9c07-5c8bd4c27167) transitioned into state 'RUNNING' from state 'PENDING' {{(pid=109601) _task_receiver /usr/local/lib/python3.8/dist-packages/taskflow/listeners/logging.py:190}}
Jan 11 14:58:22.091536 dv-cinder-824187-2-smb devstack@c-api.service[109602]: INFO cinder.api.openstack.wsgi [None req-8b14b60c-8881-48ab-8658-bfba8656ce1d tempest-SnapshotsActionsTest-61897258 tempest-SnapshotsActionsTest-61897258-project-admin] http://10.222.0.15/volume/v3/a3a0c536c72343d58a5e37a5fa593770/snapshots/c6366408-fdc1-4290-83ea-60e7f0e93828/action returned with HTTP 202
Jan 11 14:58:22.093047 dv-cinder-824187-2-smb devstack@c-api.service[109602]: [pid: 109602|app: 0|req: 109/217] 10.222.0.15 () {60 vars in 1372 bytes} [Tue Jan 11 14:58:21 2022] POST /volume/v3/a3a0c536c72343d58a5e37a5fa593770/snapshots/c6366408-fdc1-4290-83ea-60e7f0e93828/action => generated 0 bytes in 100 msecs (HTTP/1.1 202) 7 headers in 289 bytes (2 switches on core 0)
Jan 11 14:58:22.109079 dv-cinder-824187-2-smb devstack@c-api.service[109602]: INFO cinder.api.openstack.wsgi [None req-e29e91fa-9a0e-480a-aaaa-f1b905c7ad8a tempest-VolumeQuotasNegativeTestJSON-877260245 tempest-VolumeQuotasNegativeTestJSON-877260245-project] GET http://10.222.0.15/volume/v3/745707c1d71b4992842c86503e3df879/volumes/fba82583-d751-46cd-be3c-9b0196f1647f
Jan 11 14:58:22.109554 dv-cinder-824187-2-smb devstack@c-api.service[109602]: DEBUG cinder.api.openstack.wsgi [None req-e29e91fa-9a0e-480a-aaaa-f1b905c7ad8a tempest-VolumeQuotasNegativeTestJSON-877260245 tempest-VolumeQuotasNegativeTestJSON-877260245-project] Empty body provided in request {{(pid=109602) get_body /opt/stack/cinder/cinder/api/openstack/wsgi.py:715}}
Jan 11 14:58:22.110142 dv-cinder-824187-2-smb devstack@c-api.service[109602]: DEBUG cinder.api.openstack.wsgi [None req-e29e91fa-9a0e-480a-aaaa-f1b905c7ad8a tempest-VolumeQuotasNegativeTestJSON-877260245 tempest-VolumeQuotasNegativeTestJSON-877260245-project] Calling method 'show' {{(pid=109602) _process_stack /opt/stack/cinder/cinder/api/openstack/wsgi.py:868}}
Jan 11 14:58:22.119140 dv-cinder-824187-2-smb devstack@c-api.service[109601]: DEBUG cinder.volume.api [None req-f86c151d-80c7-48b8-a76a-a5b64160e72f tempest-GroupsTest-694449384 tempest-GroupsTest-694449384-project] Task 'cinder.volume.flows.api.create_volume.QuotaCommitTask;volume:create' (47d9e48c-a359-4acf-9c07-5c8bd4c27167) transitioned into state 'SUCCESS' from state 'RUNNING' with result '{'volume_properties': VolumeProperties(attach_status='detached',availability_zone='nova',cgsnapshot_id=None,consistencygroup_id=None,display_description=None,display_name='tempest-volume-646467441',encryption_key_id=None,group_id=697faad0-af04-441d-b146-d1bb90a1fe65,group_type_id=,metadata={},multiattach=False,project_id='2fd5c6cbe6b742afb23ac1a06735de78',qos_specs=None,replication_status=,reservations=['5fa0a963-3ce7-40ed-b264-60d52db11110','4f3b123f-f2b2-409b-9f17-57ae2b8ae6e8','e3560d1c-41d0-4f37-9dcc-e866b1419310','97556fde-6eb7-4a50-86a6-9c0107f87896'],size=1,snapshot_id=None,source_replicaid=,source_volid=None,status='creating',user_id='233bf52d45c242779d31c2c3464dcbbf',volume_type_id=d6f18cbf-e293-40ff-8cd8-4ad75c09f183)}' {{(pid=109601) _task_receiver /usr/local/lib/python3.8/dist-packages/taskflow/listeners/logging.py:178}}
Jan 11 14:58:22.121084 dv-cinder-824187-2-smb devstack@c-api.service[109601]: DEBUG cinder.volume.api [None req-f86c151d-80c7-48b8-a76a-a5b64160e72f tempest-GroupsTest-694449384 tempest-GroupsTest-694449384-project] Task 'cinder.volume.flows.api.create_volume.VolumeCastTask;volume:create' (94f964a2-73a9-4ebe-900b-b2bc313074f6) transitioned into state 'RUNNING' from state 'PENDING' {{(pid=109601) _task_receiver /usr/local/lib/python3.8/dist-packages/taskflow/listeners/logging.py:190}}
Jan 11 14:58:22.125521 dv-cinder-824187-2-smb devstack@c-api.service[109602]: INFO cinder.api.openstack.wsgi [None req-e29e91fa-9a0e-480a-aaaa-f1b905c7ad8a tempest-VolumeQuotasNegativeTestJSON-877260245 tempest-VolumeQuotasNegativeTestJSON-877260245-project] http://10.222.0.15/volume/v3/745707c1d71b4992842c86503e3df879/volumes/fba82583-d751-46cd-be3c-9b0196f1647f returned with HTTP 404
Jan 11 14:58:22.126168 dv-cinder-824187-2-smb devstack@c-api.service[109602]: [pid: 109602|app: 0|req: 110/218] 10.222.0.15 () {58 vars in 1324 bytes} [Tue Jan 11 14:58:22 2022] GET /volume/v3/745707c1d71b4992842c86503e3df879/volumes/fba82583-d751-46cd-be3c-9b0196f1647f => generated 109 bytes in 25 msecs (HTTP/1.1 404) 7 headers in 292 bytes (1 switches on core 0)
Jan 11 14:58:22.135997 dv-cinder-824187-2-smb devstack@c-api.service[109602]: INFO cinder.api.openstack.wsgi [None req-fc315f2a-0529-476e-a564-3d55e2424bdc tempest-SnapshotsActionsTest-327020956 tempest-SnapshotsActionsTest-327020956-project] GET http://10.222.0.15/volume/v3/845462730e8e445d9721796d1f76203a/snapshots/c6366408-fdc1-4290-83ea-60e7f0e93828
Jan 11 14:58:22.147009 dv-cinder-824187-2-smb devstack@c-api.service[109602]: DEBUG cinder.api.openstack.wsgi [None req-fc315f2a-0529-476e-a564-3d55e2424bdc tempest-SnapshotsActionsTest-327020956 tempest-SnapshotsActionsTest-327020956-project] Empty body provided in request {{(pid=109602) get_body /opt/stack/cinder/cinder/api/openstack/wsgi.py:715}}
Jan 11 14:58:22.147951 dv-cinder-824187-2-smb devstack@c-api.service[109602]: DEBUG cinder.api.openstack.wsgi [None req-fc315f2a-0529-476e-a564-3d55e2424bdc tempest-SnapshotsActionsTest-327020956 tempest-SnapshotsActionsTest-327020956-project] Calling method 'show' {{(pid=109602) _process_stack /opt/stack/cinder/cinder/api/openstack/wsgi.py:868}}
Jan 11 14:58:22.159001 dv-cinder-824187-2-smb devstack@c-api.service[109602]: /usr/local/lib/python3.8/dist-packages/oslo_context/context.py:105: DeprecationWarning: Policy enforcement is depending on the value of is_admin. This key is deprecated. Please update your policy file to use the standard policy values.
Jan 11 14:58:22.159001 dv-cinder-824187-2-smb devstack@c-api.service[109602]: warnings.warn('Policy enforcement is depending on the value of '
Jan 11 14:58:22.161066 dv-cinder-824187-2-smb devstack@c-api.service[109602]: INFO cinder.volume.api [None req-fc315f2a-0529-476e-a564-3d55e2424bdc tempest-SnapshotsActionsTest-327020956 tempest-SnapshotsActionsTest-327020956-project] Snapshot retrieved successfully.
Jan 11 14:58:22.163318 dv-cinder-824187-2-smb devstack@c-api.service[109602]: INFO cinder.api.openstack.wsgi [None req-fc315f2a-0529-476e-a564-3d55e2424bdc tempest-SnapshotsActionsTest-327020956 tempest-SnapshotsActionsTest-327020956-project] http://10.222.0.15/volume/v3/845462730e8e445d9721796d1f76203a/snapshots/c6366408-fdc1-4290-83ea-60e7f0e93828 returned with HTTP 200
Jan 11 14:58:22.164435 dv-cinder-824187-2-smb devstack@c-api.service[109601]: DEBUG cinder.volume.api [None req-f86c151d-80c7-48b8-a76a-a5b64160e72f tempest-GroupsTest-694449384 tempest-GroupsTest-694449384-project] Task 'cinder.volume.flows.api.create_volume.VolumeCastTask;volume:create' (94f964a2-73a9-4ebe-900b-b2bc313074f6) transitioned into state 'SUCCESS' from state 'RUNNING' with result 'None' {{(pid=109601) _task_receiver /usr/local/lib/python3.8/dist-packages/taskflow/listeners/logging.py:178}}
Jan 11 14:58:22.167988 dv-cinder-824187-2-smb devstack@c-api.service[109601]: DEBUG cinder.volume.api [None req-f86c151d-80c7-48b8-a76a-a5b64160e72f tempest-GroupsTest-694449384 tempest-GroupsTest-694449384-project] Flow 'volume_create_api' (ec46ef5c-c726-4576-8953-da54cf1fcdc6) transitioned into state 'SUCCESS' from state 'RUNNING' {{(pid=109601) _flow_receiver /usr/local/lib/python3.8/dist-packages/taskflow/listeners/logging.py:141}}
Jan 11 14:58:22.168908 dv-cinder-824187-2-smb devstack@c-api.service[109602]: [pid: 109602|app: 0|req: 111/219] 10.222.0.15 () {58 vars in 1330 bytes} [Tue Jan 11 14:58:22 2022] GET /volume/v3/845462730e8e445d9721796d1f76203a/snapshots/c6366408-fdc1-4290-83ea-60e7f0e93828 => generated 568 bytes in 42 msecs (HTTP/1.1 200) 7 headers in 285 bytes (1 switches on core 0)
Jan 11 14:58:22.169130 dv-cinder-824187-2-smb devstack@c-api.service[109601]: INFO cinder.volume.api [None req-f86c151d-80c7-48b8-a76a-a5b64160e72f tempest-GroupsTest-694449384 tempest-GroupsTest-694449384-project] Create volume request issued successfully.
Jan 11 14:58:22.176584 dv-cinder-824187-2-smb devstack@c-api.service[109602]: INFO cinder.api.openstack.wsgi [None req-de91e38c-4df3-45ae-aa6c-dc37f786df90 tempest-VolumeQuotasNegativeTestJSON-2031738176 tempest-VolumeQuotasNegativeTestJSON-2031738176-project-admin] PUT http://10.222.0.15/volume/v3/a3025a96bcca4a3c8937cf6a9e65e95d/os-quota-sets/745707c1d71b4992842c86503e3df879
Jan 11 14:58:22.182563 dv-cinder-824187-2-smb devstack@c-api.service[109602]: DEBUG cinder.api.openstack.wsgi [None req-de91e38c-4df3-45ae-aa6c-dc37f786df90 tempest-VolumeQuotasNegativeTestJSON-2031738176 tempest-VolumeQuotasNegativeTestJSON-2031738176-project-admin] Action: 'update', calling method: update, body: {"quota_set": {"volumes": 10, "per_volume_gigabytes": -1, "snapshots": 10, "gigabytes": 1000, "backups": 10, "backup_gigabytes": 1000}} {{(pid=109602) _process_stack /opt/stack/cinder/cinder/api/openstack/wsgi.py:866}}
Jan 11 14:58:22.186749 dv-cinder-824187-2-smb devstack@c-api.service[109601]: WARNING stevedore.named [None req-f86c151d-80c7-48b8-a76a-a5b64160e72f tempest-GroupsTest-694449384 tempest-GroupsTest-694449384-project] Could not load cinder.keymgr.conf_key_mgr.ConfKeyManager
Jan 11 14:58:22.187226 dv-cinder-824187-2-smb devstack@c-api.service[109601]: WARNING castellan.key_manager [None req-f86c151d-80c7-48b8-a76a-a5b64160e72f tempest-GroupsTest-694449384 tempest-GroupsTest-694449384-project] Deprecation Warning : cinder.keymgr.conf_key_mgr.ConfKeyManager is not a stevedore based driver, trying to load it as a class: stevedore.exception.NoMatches: No 'castellan.drivers' driver found, looking for 'cinder.keymgr.conf_key_mgr.ConfKeyManager'
Jan 11 14:58:22.205916 dv-cinder-824187-2-smb devstack@c-api.service[109601]: DEBUG oslo_db.sqlalchemy.engines [None req-f86c151d-80c7-48b8-a76a-a5b64160e72f tempest-GroupsTest-694449384 tempest-GroupsTest-694449384-project] MySQL server mode set to STRICT_TRANS_TABLES,STRICT_ALL_TABLES,NO_ZERO_IN_DATE,NO_ZERO_DATE,ERROR_FOR_DIVISION_BY_ZERO,TRADITIONAL,NO_ENGINE_SUBSTITUTION {{(pid=109601) _check_effective_sql_mode /usr/local/lib/python3.8/dist-packages/oslo_db/sqlalchemy/engines.py:314}}
Jan 11 14:58:22.212638 dv-cinder-824187-2-smb devstack@c-api.service[109601]: /usr/local/lib/python3.8/dist-packages/oslo_context/context.py:105: DeprecationWarning: Policy enforcement is depending on the value of is_admin. This key is deprecated. Please update your policy file to use the standard policy values.
Jan 11 14:58:22.212638 dv-cinder-824187-2-smb devstack@c-api.service[109601]: warnings.warn('Policy enforcement is depending on the value of '
Jan 11 14:58:22.231619 dv-cinder-824187-2-smb devstack@c-api.service[109601]: INFO cinder.api.openstack.wsgi [None req-f86c151d-80c7-48b8-a76a-a5b64160e72f tempest-GroupsTest-694449384 tempest-GroupsTest-694449384-project] http://10.222.0.15/volume/v3/2fd5c6cbe6b742afb23ac1a06735de78/volumes returned with HTTP 202
Jan 11 14:58:22.234969 dv-cinder-824187-2-smb devstack@c-api.service[109601]: [pid: 109601|app: 0|req: 109/220] 10.222.0.15 () {62 vars in 1276 bytes} [Tue Jan 11 14:58:21 2022] POST /volume/v3/2fd5c6cbe6b742afb23ac1a06735de78/volumes => generated 880 bytes in 468 msecs (HTTP/1.1 202) 7 headers in 292 bytes (1 switches on core 0)
Jan 11 14:58:22.249453 dv-cinder-824187-2-smb devstack@c-api.service[109601]: INFO cinder.api.openstack.wsgi [None req-91c1f9de-b072-4b07-8c85-11d75d92bbbe tempest-SnapshotsActionsTest-61897258 tempest-SnapshotsActionsTest-61897258-project-admin] POST http://10.222.0.15/volume/v3/a3a0c536c72343d58a5e37a5fa593770/snapshots/c6366408-fdc1-4290-83ea-60e7f0e93828/action
Jan 11 14:58:22.250190 dv-cinder-824187-2-smb devstack@c-api.service[109601]: DEBUG cinder.api.openstack.wsgi [None req-91c1f9de-b072-4b07-8c85-11d75d92bbbe tempest-SnapshotsActionsTest-61897258 tempest-SnapshotsActionsTest-61897258-project-admin] Action body: b'{"os-force_delete": {}}' {{(pid=109601) get_method /opt/stack/cinder/cinder/api/openstack/wsgi.py:983}}
Jan 11 14:58:22.250519 dv-cinder-824187-2-smb devstack@c-api.service[109601]: DEBUG cinder.api.openstack.wsgi [None req-91c1f9de-b072-4b07-8c85-11d75d92bbbe tempest-SnapshotsActionsTest-61897258 tempest-SnapshotsActionsTest-61897258-project-admin] Action: 'action', calling method: _force_delete, body: {"os-force_delete": {}} {{(pid=109601) _process_stack /opt/stack/cinder/cinder/api/openstack/wsgi.py:866}}
Jan 11 14:58:22.322418 dv-cinder-824187-2-smb devstack@c-api.service[109601]: /usr/local/lib/python3.8/dist-packages/oslo_context/context.py:105: DeprecationWarning: Policy enforcement is depending on the value of is_admin. This key is deprecated. Please update your policy file to use the standard policy values.
Jan 11 14:58:22.322418 dv-cinder-824187-2-smb devstack@c-api.service[109601]: warnings.warn('Policy enforcement is depending on the value of '
Jan 11 14:58:22.324341 dv-cinder-824187-2-smb devstack@c-api.service[109601]: INFO cinder.volume.api [None req-91c1f9de-b072-4b07-8c85-11d75d92bbbe tempest-SnapshotsActionsTest-61897258 tempest-SnapshotsActionsTest-61897258-project-admin] Snapshot retrieved successfully.
Jan 11 14:58:22.366200 dv-cinder-824187-2-smb devstack@c-api.service[109601]: INFO cinder.volume.api [None req-91c1f9de-b072-4b07-8c85-11d75d92bbbe tempest-SnapshotsActionsTest-61897258 tempest-SnapshotsActionsTest-61897258-project-admin] Snapshot delete request issued successfully.
Jan 11 14:58:22.367004 dv-cinder-824187-2-smb devstack@c-api.service[109601]: INFO cinder.api.openstack.wsgi [None req-91c1f9de-b072-4b07-8c85-11d75d92bbbe tempest-SnapshotsActionsTest-61897258 tempest-SnapshotsActionsTest-61897258-project-admin] http://10.222.0.15/volume/v3/a3a0c536c72343d58a5e37a5fa593770/snapshots/c6366408-fdc1-4290-83ea-60e7f0e93828/action returned with HTTP 202
Jan 11 14:58:22.368428 dv-cinder-824187-2-smb devstack@c-api.service[109601]: [pid: 109601|app: 0|req: 110/221] 10.222.0.15 () {60 vars in 1372 bytes} [Tue Jan 11 14:58:22 2022] POST /volume/v3/a3a0c536c72343d58a5e37a5fa593770/snapshots/c6366408-fdc1-4290-83ea-60e7f0e93828/action => generated 0 bytes in 133 msecs (HTTP/1.1 202) 7 headers in 289 bytes (1 switches on core 0)
Jan 11 14:58:22.374355 dv-cinder-824187-2-smb devstack@c-api.service[109601]: INFO cinder.api.openstack.wsgi [None req-5d53adc1-8d6c-4831-b748-fe0b7eb72ccf tempest-GroupsTest-694449384 tempest-GroupsTest-694449384-project] GET http://10.222.0.15/volume/v3/2fd5c6cbe6b742afb23ac1a06735de78/volumes/e0762e69-dd08-4d13-a642-8321cf5fdbcd
Jan 11 14:58:22.374916 dv-cinder-824187-2-smb devstack@c-api.service[109601]: DEBUG cinder.api.openstack.wsgi [None req-5d53adc1-8d6c-4831-b748-fe0b7eb72ccf tempest-GroupsTest-694449384 tempest-GroupsTest-694449384-project] Empty body provided in request {{(pid=109601) get_body /opt/stack/cinder/cinder/api/openstack/wsgi.py:715}}
Jan 11 14:58:22.375573 dv-cinder-824187-2-smb devstack@c-api.service[109601]: DEBUG cinder.api.openstack.wsgi [None req-5d53adc1-8d6c-4831-b748-fe0b7eb72ccf tempest-GroupsTest-694449384 tempest-GroupsTest-694449384-project] Calling method 'show' {{(pid=109601) _process_stack /opt/stack/cinder/cinder/api/openstack/wsgi.py:868}}
Jan 11 14:58:22.392023 dv-cinder-824187-2-smb devstack@c-api.service[109601]: /usr/local/lib/python3.8/dist-packages/oslo_context/context.py:105: DeprecationWarning: Policy enforcement is depending on the value of is_admin. This key is deprecated. Please update your policy file to use the standard policy values.
Jan 11 14:58:22.392023 dv-cinder-824187-2-smb devstack@c-api.service[109601]: warnings.warn('Policy enforcement is depending on the value of '
Jan 11 14:58:22.400269 dv-cinder-824187-2-smb devstack@c-api.service[109601]: INFO cinder.volume.api [None req-5d53adc1-8d6c-4831-b748-fe0b7eb72ccf tempest-GroupsTest-694449384 tempest-GroupsTest-694449384-project] Volume info retrieved successfully.
Jan 11 14:58:22.406780 dv-cinder-824187-2-smb devstack@c-api.service[109601]: WARNING stevedore.named [None req-5d53adc1-8d6c-4831-b748-fe0b7eb72ccf tempest-GroupsTest-694449384 tempest-GroupsTest-694449384-project] Could not load cinder.keymgr.conf_key_mgr.ConfKeyManager
Jan 11 14:58:22.407758 dv-cinder-824187-2-smb devstack@c-api.service[109601]: WARNING castellan.key_manager [None req-5d53adc1-8d6c-4831-b748-fe0b7eb72ccf tempest-GroupsTest-694449384 tempest-GroupsTest-694449384-project] Deprecation Warning : cinder.keymgr.conf_key_mgr.ConfKeyManager is not a stevedore based driver, trying to load it as a class: stevedore.exception.NoMatches: No 'castellan.drivers' driver found, looking for 'cinder.keymgr.conf_key_mgr.ConfKeyManager'
Jan 11 14:58:22.422750 dv-cinder-824187-2-smb devstack@c-api.service[109601]: DEBUG oslo_db.sqlalchemy.engines [None req-5d53adc1-8d6c-4831-b748-fe0b7eb72ccf tempest-GroupsTest-694449384 tempest-GroupsTest-694449384-project] MySQL server mode set to STRICT_TRANS_TABLES,STRICT_ALL_TABLES,NO_ZERO_IN_DATE,NO_ZERO_DATE,ERROR_FOR_DIVISION_BY_ZERO,TRADITIONAL,NO_ENGINE_SUBSTITUTION {{(pid=109601) _check_effective_sql_mode /usr/local/lib/python3.8/dist-packages/oslo_db/sqlalchemy/engines.py:314}}
Jan 11 14:58:22.429642 dv-cinder-824187-2-smb devstack@c-api.service[109601]: /usr/local/lib/python3.8/dist-packages/oslo_context/context.py:105: DeprecationWarning: Policy enforcement is depending on the value of is_admin. This key is deprecated. Please update your policy file to use the standard policy values.
Jan 11 14:58:22.429642 dv-cinder-824187-2-smb devstack@c-api.service[109601]: warnings.warn('Policy enforcement is depending on the value of '
Jan 11 14:58:22.443841 dv-cinder-824187-2-smb devstack@c-api.service[109602]: INFO cinder.api.openstack.wsgi [None req-de91e38c-4df3-45ae-aa6c-dc37f786df90 tempest-VolumeQuotasNegativeTestJSON-2031738176 tempest-VolumeQuotasNegativeTestJSON-2031738176-project-admin] http://10.222.0.15/volume/v3/a3025a96bcca4a3c8937cf6a9e65e95d/os-quota-sets/745707c1d71b4992842c86503e3df879 returned with HTTP 200
Jan 11 14:58:22.444725 dv-cinder-824187-2-smb devstack@c-api.service[109602]: [pid: 109602|app: 0|req: 112/222] 10.222.0.15 () {60 vars in 1351 bytes} [Tue Jan 11 14:58:22 2022] PUT /volume/v3/a3025a96bcca4a3c8937cf6a9e65e95d/os-quota-sets/745707c1d71b4992842c86503e3df879 => generated 494 bytes in 275 msecs (HTTP/1.1 200) 7 headers in 285 bytes (1 switches on core 0)
Jan 11 14:58:22.447322 dv-cinder-824187-2-smb devstack@c-api.service[109601]: INFO cinder.api.openstack.wsgi [None req-5d53adc1-8d6c-4831-b748-fe0b7eb72ccf tempest-GroupsTest-694449384 tempest-GroupsTest-694449384-project] http://10.222.0.15/volume/v3/2fd5c6cbe6b742afb23ac1a06735de78/volumes/e0762e69-dd08-4d13-a642-8321cf5fdbcd returned with HTTP 200
Jan 11 14:58:22.450691 dv-cinder-824187-2-smb devstack@c-api.service[109601]: [pid: 109601|app: 0|req: 111/223] 10.222.0.15 () {60 vars in 1365 bytes} [Tue Jan 11 14:58:22 2022] GET /volume/v3/2fd5c6cbe6b742afb23ac1a06735de78/volumes/e0762e69-dd08-4d13-a642-8321cf5fdbcd => generated 972 bytes in 82 msecs (HTTP/1.1 200) 7 headers in 286 bytes (1 switches on core 0)
Jan 11 14:58:22.460807 dv-cinder-824187-2-smb devstack@c-api.service[109602]: INFO cinder.api.openstack.wsgi [None req-aee3a114-e9bb-4e56-afb6-cc00049b5c8f tempest-SnapshotsActionsTest-327020956 tempest-SnapshotsActionsTest-327020956-project] GET http://10.222.0.15/volume/v3/845462730e8e445d9721796d1f76203a/snapshots/c6366408-fdc1-4290-83ea-60e7f0e93828
Jan 11 14:58:22.461336 dv-cinder-824187-2-smb devstack@c-api.service[109602]: DEBUG cinder.api.openstack.wsgi [None req-aee3a114-e9bb-4e56-afb6-cc00049b5c8f tempest-SnapshotsActionsTest-327020956 tempest-SnapshotsActionsTest-327020956-project] Empty body provided in request {{(pid=109602) get_body /opt/stack/cinder/cinder/api/openstack/wsgi.py:715}}
Jan 11 14:58:22.461786 dv-cinder-824187-2-smb devstack@c-api.service[109602]: DEBUG cinder.api.openstack.wsgi [None req-aee3a114-e9bb-4e56-afb6-cc00049b5c8f tempest-SnapshotsActionsTest-327020956 tempest-SnapshotsActionsTest-327020956-project] Calling method 'show' {{(pid=109602) _process_stack /opt/stack/cinder/cinder/api/openstack/wsgi.py:868}}
Jan 11 14:58:22.471046 dv-cinder-824187-2-smb devstack@c-api.service[109602]: /usr/local/lib/python3.8/dist-packages/oslo_context/context.py:105: DeprecationWarning: Policy enforcement is depending on the value of is_admin. This key is deprecated. Please update your policy file to use the standard policy values.
Jan 11 14:58:22.471046 dv-cinder-824187-2-smb devstack@c-api.service[109602]: warnings.warn('Policy enforcement is depending on the value of '
Jan 11 14:58:22.471996 dv-cinder-824187-2-smb devstack@c-api.service[109602]: INFO cinder.volume.api [None req-aee3a114-e9bb-4e56-afb6-cc00049b5c8f tempest-SnapshotsActionsTest-327020956 tempest-SnapshotsActionsTest-327020956-project] Snapshot retrieved successfully.
Jan 11 14:58:22.473771 dv-cinder-824187-2-smb devstack@c-api.service[109602]: INFO cinder.api.openstack.wsgi [None req-aee3a114-e9bb-4e56-afb6-cc00049b5c8f tempest-SnapshotsActionsTest-327020956 tempest-SnapshotsActionsTest-327020956-project] http://10.222.0.15/volume/v3/845462730e8e445d9721796d1f76203a/snapshots/c6366408-fdc1-4290-83ea-60e7f0e93828 returned with HTTP 200
Jan 11 14:58:22.474456 dv-cinder-824187-2-smb devstack@c-api.service[109602]: [pid: 109602|app: 0|req: 113/224] 10.222.0.15 () {58 vars in 1330 bytes} [Tue Jan 11 14:58:22 2022] GET /volume/v3/845462730e8e445d9721796d1f76203a/snapshots/c6366408-fdc1-4290-83ea-60e7f0e93828 => generated 568 bytes in 29 msecs (HTTP/1.1 200) 7 headers in 285 bytes (1 switches on core 0)
Jan 11 14:58:22.701110 dv-cinder-824187-2-smb devstack@c-api.service[109601]: INFO cinder.api.openstack.wsgi [None req-cddfc70d-c0df-442b-9700-2c084f74362a tempest-DeleteServersTestJSON-1462782190 tempest-DeleteServersTestJSON-1462782190-project] POST http://10.222.0.15/volume/v3/836586c0fd65499e97cf7747c61d3445/volumes
Jan 11 14:58:22.701805 dv-cinder-824187-2-smb devstack@c-api.service[109601]: DEBUG cinder.api.openstack.wsgi [None req-cddfc70d-c0df-442b-9700-2c084f74362a tempest-DeleteServersTestJSON-1462782190 tempest-DeleteServersTestJSON-1462782190-project] Action: 'create', calling method: create, body: {"volume": {"size": 1, "display_name": "tempest-DeleteServersTestJSON-volume-1641189115"}} {{(pid=109601) _process_stack /opt/stack/cinder/cinder/api/openstack/wsgi.py:866}}
Jan 11 14:58:22.702908 dv-cinder-824187-2-smb devstack@c-api.service[109601]: DEBUG cinder.api.v3.volumes [None req-cddfc70d-c0df-442b-9700-2c084f74362a tempest-DeleteServersTestJSON-1462782190 tempest-DeleteServersTestJSON-1462782190-project] Create volume request body: {'volume': {'size': 1, 'display_name': 'tempest-DeleteServersTestJSON-volume-1641189115'}} {{(pid=109601) create /opt/stack/cinder/cinder/api/v3/volumes.py:298}}
Jan 11 14:58:22.703235 dv-cinder-824187-2-smb devstack@c-api.service[109601]: INFO cinder.api.v3.volumes [None req-cddfc70d-c0df-442b-9700-2c084f74362a tempest-DeleteServersTestJSON-1462782190 tempest-DeleteServersTestJSON-1462782190-project] Create volume of 1 GB
Jan 11 14:58:22.710413 dv-cinder-824187-2-smb devstack@c-api.service[109601]: INFO cinder.volume.api [None req-cddfc70d-c0df-442b-9700-2c084f74362a tempest-DeleteServersTestJSON-1462782190 tempest-DeleteServersTestJSON-1462782190-project] Availability Zones retrieved successfully.
Jan 11 14:58:22.731919 dv-cinder-824187-2-smb devstack@c-api.service[109601]: DEBUG cinder.volume.api [None req-cddfc70d-c0df-442b-9700-2c084f74362a tempest-DeleteServersTestJSON-1462782190 tempest-DeleteServersTestJSON-1462782190-project] Flow 'volume_create_api' (05537175-ebe9-459a-ab5e-84d20e7f3b0c) transitioned into state 'RUNNING' from state 'PENDING' {{(pid=109601) _flow_receiver /usr/local/lib/python3.8/dist-packages/taskflow/listeners/logging.py:141}}
Jan 11 14:58:22.734504 dv-cinder-824187-2-smb devstack@c-api.service[109601]: DEBUG cinder.volume.api [None req-cddfc70d-c0df-442b-9700-2c084f74362a tempest-DeleteServersTestJSON-1462782190 tempest-DeleteServersTestJSON-1462782190-project] Task 'cinder.volume.flows.api.create_volume.ExtractVolumeRequestTask;volume:create' (a48c9089-ffac-4913-97f8-a4fa3c034cf1) transitioned into state 'RUNNING' from state 'PENDING' {{(pid=109601) _task_receiver /usr/local/lib/python3.8/dist-packages/taskflow/listeners/logging.py:190}}
