Jan 11 15:11:18.763092 dv-cinder-824187-2-iscsi devstack@c-api.service[110181]: DEBUG cinder.volume.api [None req-40ffc503-5056-4878-9e88-f0b361ac9ed6 tempest-GroupSnapshotsTest-1131436737 tempest-GroupSnapshotsTest-1131436737-project] Task 'cinder.volume.flows.api.create_volume.EntryCreateTask;volume:create' (fcc3c7fd-b429-40b4-8c4e-b51b0ba32765) transitioned into state 'SUCCESS' from state 'RUNNING' with result '{'volume_id': 'd3a003cd-d458-43fe-8542-fd4e01faacc7', 'volume_properties': VolumeProperties(attach_status='detached',availability_zone='nova',cgsnapshot_id=None,consistencygroup_id=None,display_description=None,display_name=None,encryption_key_id=None,group_id=65237e81-5e90-477f-99ad-5b2c914ae3fe,group_type_id=,metadata={},multiattach=False,project_id='53497e43c72040cf9fc7ed049bb7141b',qos_specs=None,replication_status=,reservations=['209bf615-ec5a-49a0-9d70-5b5e5f0a3dfa','6a3f8ecb-9c4d-41ee-a59e-4587c6783f92'],size=1,snapshot_id=42f18b02-5e35-46a0-a6f5-f581a3995a54,source_replicaid=,source_volid=None,status='creating',user_id='d9ce22f036324f789b78c014192a881e',volume_type_id=1f7a6add-1dc7-4129-b512-ac7dbe5fdfa4), 'volume': Volume(_name_id=None,admin_metadata=,attach_status='detached',availability_zone='nova',bootable=False,cluster=,cluster_name=None,consistencygroup=,consistencygroup_id=None,created_at=2022-01-11T15:11:18Z,deleted=False,deleted_at=None,display_description=None,display_name=None,ec2_id=None,encryption_key_id=None,glance_metadata=,group=,group_id=65237e81-5e90-477f-99ad-5b2c914ae3fe,host=None,id=d3a003cd-d458-43fe-8542-fd4e01faacc7,launched_at=None,metadata={},migration_status=None,multiattach=False,previous_status=None,project_id='53497e43c72040cf9fc7ed049bb7141b',provider_auth=None,provider_geometry=None,provider_id=None,provider_location=None,replication_driver_data=None,replication_extended_status=None,replication_status=None,scheduled_at=None,service_uuid=None,shared_targets=True,size=1,snapshot_id=42f18b02-5e35-46a0-a6f5-f581a3995a54,snapshots=,source_volid=None,status='creating',terminated_at=None,updated_at=None,use_quota=True,user_id='d9ce22f036324f789b78c014192a881e',volume_attachment=VolumeAttachmentList,volume_type=VolumeType(1f7a6add-1dc7-4129-b512-ac7dbe5fdfa4),volume_type_id=1f7a6add-1dc7-4129-b512-ac7dbe5fdfa4)}' {{(pid=110181) _task_receiver /usr/local/lib/python3.8/dist-packages/taskflow/listeners/logging.py:178}}
Jan 11 15:11:18.767181 dv-cinder-824187-2-iscsi devstack@c-api.service[110181]: DEBUG cinder.volume.api [None req-40ffc503-5056-4878-9e88-f0b361ac9ed6 tempest-GroupSnapshotsTest-1131436737 tempest-GroupSnapshotsTest-1131436737-project] Task 'cinder.volume.flows.api.create_volume.QuotaCommitTask;volume:create' (843e9561-a3fa-4690-8e74-618138a251b6) transitioned into state 'RUNNING' from state 'PENDING' {{(pid=110181) _task_receiver /usr/local/lib/python3.8/dist-packages/taskflow/listeners/logging.py:190}}
Jan 11 15:11:18.805332 dv-cinder-824187-2-iscsi devstack@c-api.service[110182]: DEBUG cinder.volume.api [None req-2891dfd3-ece0-41f2-9956-a0996f8c4567 tempest-VolumesTestJSON-498221914 tempest-VolumesTestJSON-498221914-project] Task 'cinder.volume.flows.api.create_volume.VolumeCastTask;volume:create' (6c5d4dc6-6aa3-48d4-b68e-3886f431d7de) transitioned into state 'SUCCESS' from state 'RUNNING' with result 'None' {{(pid=110182) _task_receiver /usr/local/lib/python3.8/dist-packages/taskflow/listeners/logging.py:178}}
Jan 11 15:11:18.810548 dv-cinder-824187-2-iscsi devstack@c-api.service[110182]: DEBUG cinder.volume.api [None req-2891dfd3-ece0-41f2-9956-a0996f8c4567 tempest-VolumesTestJSON-498221914 tempest-VolumesTestJSON-498221914-project] Flow 'volume_create_api' (49ba6a95-d219-4a59-8727-708add153620) transitioned into state 'SUCCESS' from state 'RUNNING' {{(pid=110182) _flow_receiver /usr/local/lib/python3.8/dist-packages/taskflow/listeners/logging.py:141}}
Jan 11 15:11:18.816099 dv-cinder-824187-2-iscsi devstack@c-api.service[110182]: INFO cinder.volume.api [None req-2891dfd3-ece0-41f2-9956-a0996f8c4567 tempest-VolumesTestJSON-498221914 tempest-VolumesTestJSON-498221914-project] Create volume request issued successfully.
Jan 11 15:11:18.820263 dv-cinder-824187-2-iscsi devstack@c-api.service[110182]: INFO cinder.api.openstack.wsgi [None req-2891dfd3-ece0-41f2-9956-a0996f8c4567 tempest-VolumesTestJSON-498221914 tempest-VolumesTestJSON-498221914-project] http://10.222.0.52/volume/v3/7f27d4b392cd412497cadbf66f0622f9/volumes returned with HTTP 202
Jan 11 15:11:18.826350 dv-cinder-824187-2-iscsi devstack@c-api.service[110182]: [pid: 110182|app: 0|req: 31/60] 10.222.0.52 () {60 vars in 1235 bytes} [Tue Jan 11 15:11:17 2022] POST /volume/v3/7f27d4b392cd412497cadbf66f0622f9/volumes => generated 829 bytes in 1529 msecs (HTTP/1.1 202) 7 headers in 291 bytes (2 switches on core 0)
Jan 11 15:11:18.839445 dv-cinder-824187-2-iscsi devstack@c-api.service[110182]: INFO cinder.api.openstack.wsgi [None req-81891274-60af-485f-ad18-becd093d097f tempest-VolumesTestJSON-498221914 tempest-VolumesTestJSON-498221914-project] GET http://10.222.0.52/volume/v3/7f27d4b392cd412497cadbf66f0622f9/volumes/3f9660ca-ece0-42d1-b660-196eb95dbb4b
Jan 11 15:11:18.840311 dv-cinder-824187-2-iscsi devstack@c-api.service[110182]: DEBUG cinder.api.openstack.wsgi [None req-81891274-60af-485f-ad18-becd093d097f tempest-VolumesTestJSON-498221914 tempest-VolumesTestJSON-498221914-project] Empty body provided in request {{(pid=110182) get_body /opt/stack/cinder/cinder/api/openstack/wsgi.py:715}}
Jan 11 15:11:18.840977 dv-cinder-824187-2-iscsi devstack@c-api.service[110182]: DEBUG cinder.api.openstack.wsgi [None req-81891274-60af-485f-ad18-becd093d097f tempest-VolumesTestJSON-498221914 tempest-VolumesTestJSON-498221914-project] Calling method 'show' {{(pid=110182) _process_stack /opt/stack/cinder/cinder/api/openstack/wsgi.py:868}}
Jan 11 15:11:18.869617 dv-cinder-824187-2-iscsi devstack@c-api.service[110182]: /usr/local/lib/python3.8/dist-packages/oslo_context/context.py:105: DeprecationWarning: Policy enforcement is depending on the value of is_admin. This key is deprecated. Please update your policy file to use the standard policy values.
Jan 11 15:11:18.869617 dv-cinder-824187-2-iscsi devstack@c-api.service[110182]: warnings.warn('Policy enforcement is depending on the value of '
Jan 11 15:11:18.884014 dv-cinder-824187-2-iscsi devstack@c-api.service[110181]: DEBUG cinder.volume.api [None req-40ffc503-5056-4878-9e88-f0b361ac9ed6 tempest-GroupSnapshotsTest-1131436737 tempest-GroupSnapshotsTest-1131436737-project] Task 'cinder.volume.flows.api.create_volume.QuotaCommitTask;volume:create' (843e9561-a3fa-4690-8e74-618138a251b6) transitioned into state 'SUCCESS' from state 'RUNNING' with result '{'volume_properties': VolumeProperties(attach_status='detached',availability_zone='nova',cgsnapshot_id=None,consistencygroup_id=None,display_description=None,display_name=None,encryption_key_id=None,group_id=65237e81-5e90-477f-99ad-5b2c914ae3fe,group_type_id=,metadata={},multiattach=False,project_id='53497e43c72040cf9fc7ed049bb7141b',qos_specs=None,replication_status=,reservations=['209bf615-ec5a-49a0-9d70-5b5e5f0a3dfa','6a3f8ecb-9c4d-41ee-a59e-4587c6783f92'],size=1,snapshot_id=42f18b02-5e35-46a0-a6f5-f581a3995a54,source_replicaid=,source_volid=None,status='creating',user_id='d9ce22f036324f789b78c014192a881e',volume_type_id=1f7a6add-1dc7-4129-b512-ac7dbe5fdfa4)}' {{(pid=110181) _task_receiver /usr/local/lib/python3.8/dist-packages/taskflow/listeners/logging.py:178}}
Jan 11 15:11:18.889623 dv-cinder-824187-2-iscsi devstack@c-api.service[110181]: DEBUG cinder.volume.api [None req-40ffc503-5056-4878-9e88-f0b361ac9ed6 tempest-GroupSnapshotsTest-1131436737 tempest-GroupSnapshotsTest-1131436737-project] Flow 'volume_create_api' (aa38d98b-42c8-4bd0-8d6f-9ce03bbedc18) transitioned into state 'SUCCESS' from state 'RUNNING' {{(pid=110181) _flow_receiver /usr/local/lib/python3.8/dist-packages/taskflow/listeners/logging.py:141}}
Jan 11 15:11:18.889623 dv-cinder-824187-2-iscsi devstack@c-api.service[110181]: INFO cinder.volume.api [None req-40ffc503-5056-4878-9e88-f0b361ac9ed6 tempest-GroupSnapshotsTest-1131436737 tempest-GroupSnapshotsTest-1131436737-project] Create volume request issued successfully.
Jan 11 15:11:18.936634 dv-cinder-824187-2-iscsi devstack@c-api.service[110182]: INFO cinder.volume.api [None req-81891274-60af-485f-ad18-becd093d097f tempest-VolumesTestJSON-498221914 tempest-VolumesTestJSON-498221914-project] Volume info retrieved successfully.
Jan 11 15:11:18.978816 dv-cinder-824187-2-iscsi devstack@c-api.service[110182]: INFO cinder.api.openstack.wsgi [None req-81891274-60af-485f-ad18-becd093d097f tempest-VolumesTestJSON-498221914 tempest-VolumesTestJSON-498221914-project] http://10.222.0.52/volume/v3/7f27d4b392cd412497cadbf66f0622f9/volumes/3f9660ca-ece0-42d1-b660-196eb95dbb4b returned with HTTP 200
Jan 11 15:11:18.985217 dv-cinder-824187-2-iscsi devstack@c-api.service[110182]: [pid: 110182|app: 0|req: 32/61] 10.222.0.52 () {58 vars in 1324 bytes} [Tue Jan 11 15:11:18 2022] GET /volume/v3/7f27d4b392cd412497cadbf66f0622f9/volumes/3f9660ca-ece0-42d1-b660-196eb95dbb4b => generated 897 bytes in 153 msecs (HTTP/1.1 200) 7 headers in 285 bytes (1 switches on core 0)
Jan 11 15:11:19.152935 dv-cinder-824187-2-iscsi devstack@c-api.service[110181]: INFO cinder.api.openstack.wsgi [None req-40ffc503-5056-4878-9e88-f0b361ac9ed6 tempest-GroupSnapshotsTest-1131436737 tempest-GroupSnapshotsTest-1131436737-project] http://10.222.0.52/volume/v3/53497e43c72040cf9fc7ed049bb7141b/groups/action returned with HTTP 202
Jan 11 15:11:19.158211 dv-cinder-824187-2-iscsi devstack@c-api.service[110181]: [pid: 110181|app: 0|req: 30/62] 10.222.0.52 () {62 vars in 1294 bytes} [Tue Jan 11 15:11:17 2022] POST /volume/v3/53497e43c72040cf9fc7ed049bb7141b/groups/action => generated 102 bytes in 1545 msecs (HTTP/1.1 202) 7 headers in 292 bytes (2 switches on core 0)
Jan 11 15:11:19.165633 dv-cinder-824187-2-iscsi devstack@c-api.service[110182]: INFO cinder.api.openstack.wsgi [None req-f8a722b4-d3d8-47d6-aa94-fa340d765d42 tempest-GroupSnapshotsTest-1131436737 tempest-GroupSnapshotsTest-1131436737-project] GET http://10.222.0.52/volume/v3/53497e43c72040cf9fc7ed049bb7141b/volumes/detail
Jan 11 15:11:19.170609 dv-cinder-824187-2-iscsi devstack@c-api.service[110182]: DEBUG cinder.api.openstack.wsgi [None req-f8a722b4-d3d8-47d6-aa94-fa340d765d42 tempest-GroupSnapshotsTest-1131436737 tempest-GroupSnapshotsTest-1131436737-project] Empty body provided in request {{(pid=110182) get_body /opt/stack/cinder/cinder/api/openstack/wsgi.py:715}}
Jan 11 15:11:19.170609 dv-cinder-824187-2-iscsi devstack@c-api.service[110182]: DEBUG cinder.api.openstack.wsgi [None req-f8a722b4-d3d8-47d6-aa94-fa340d765d42 tempest-GroupSnapshotsTest-1131436737 tempest-GroupSnapshotsTest-1131436737-project] Calling method 'detail' {{(pid=110182) _process_stack /opt/stack/cinder/cinder/api/openstack/wsgi.py:868}}
Jan 11 15:11:19.170609 dv-cinder-824187-2-iscsi devstack@c-api.service[110182]: DEBUG cinder.api.api_utils [None req-f8a722b4-d3d8-47d6-aa94-fa340d765d42 tempest-GroupSnapshotsTest-1131436737 tempest-GroupSnapshotsTest-1131436737-project] Removing options '' from query. {{(pid=110182) remove_invalid_filter_options /opt/stack/cinder/cinder/api/api_utils.py:73}}
Jan 11 15:11:19.170609 dv-cinder-824187-2-iscsi devstack@c-api.service[110182]: DEBUG cinder.volume.api [None req-f8a722b4-d3d8-47d6-aa94-fa340d765d42 tempest-GroupSnapshotsTest-1131436737 tempest-GroupSnapshotsTest-1131436737-project] Searching by: MultiDict([('no_migration_targets', True)]). {{(pid=110182) get_all /opt/stack/cinder/cinder/volume/api.py:662}}
Jan 11 15:11:19.399005 dv-cinder-824187-2-iscsi devstack@c-api.service[110182]: INFO cinder.volume.api [None req-f8a722b4-d3d8-47d6-aa94-fa340d765d42 tempest-GroupSnapshotsTest-1131436737 tempest-GroupSnapshotsTest-1131436737-project] Get all volumes completed successfully.
Jan 11 15:11:19.402684 dv-cinder-824187-2-iscsi devstack@c-api.service[110182]: WARNING stevedore.named [None req-f8a722b4-d3d8-47d6-aa94-fa340d765d42 tempest-GroupSnapshotsTest-1131436737 tempest-GroupSnapshotsTest-1131436737-project] Could not load cinder.keymgr.conf_key_mgr.ConfKeyManager
Jan 11 15:11:19.404231 dv-cinder-824187-2-iscsi devstack@c-api.service[110182]: WARNING castellan.key_manager [None req-f8a722b4-d3d8-47d6-aa94-fa340d765d42 tempest-GroupSnapshotsTest-1131436737 tempest-GroupSnapshotsTest-1131436737-project] Deprecation Warning : cinder.keymgr.conf_key_mgr.ConfKeyManager is not a stevedore based driver, trying to load it as a class: stevedore.exception.NoMatches: No 'castellan.drivers' driver found, looking for 'cinder.keymgr.conf_key_mgr.ConfKeyManager'
Jan 11 15:11:19.431514 dv-cinder-824187-2-iscsi devstack@c-api.service[110182]: DEBUG oslo_db.sqlalchemy.engines [None req-f8a722b4-d3d8-47d6-aa94-fa340d765d42 tempest-GroupSnapshotsTest-1131436737 tempest-GroupSnapshotsTest-1131436737-project] MySQL server mode set to STRICT_TRANS_TABLES,STRICT_ALL_TABLES,NO_ZERO_IN_DATE,NO_ZERO_DATE,ERROR_FOR_DIVISION_BY_ZERO,TRADITIONAL,NO_ENGINE_SUBSTITUTION {{(pid=110182) _check_effective_sql_mode /usr/local/lib/python3.8/dist-packages/oslo_db/sqlalchemy/engines.py:314}}
Jan 11 15:11:19.441848 dv-cinder-824187-2-iscsi devstack@c-api.service[110182]: /usr/local/lib/python3.8/dist-packages/oslo_context/context.py:105: DeprecationWarning: Policy enforcement is depending on the value of is_admin. This key is deprecated. Please update your policy file to use the standard policy values.
Jan 11 15:11:19.441848 dv-cinder-824187-2-iscsi devstack@c-api.service[110182]: warnings.warn('Policy enforcement is depending on the value of '
Jan 11 15:11:19.456623 dv-cinder-824187-2-iscsi devstack@c-api.service[110182]: WARNING stevedore.named [None req-f8a722b4-d3d8-47d6-aa94-fa340d765d42 tempest-GroupSnapshotsTest-1131436737 tempest-GroupSnapshotsTest-1131436737-project] Could not load cinder.keymgr.conf_key_mgr.ConfKeyManager
Jan 11 15:11:19.457376 dv-cinder-824187-2-iscsi devstack@c-api.service[110182]: WARNING castellan.key_manager [None req-f8a722b4-d3d8-47d6-aa94-fa340d765d42 tempest-GroupSnapshotsTest-1131436737 tempest-GroupSnapshotsTest-1131436737-project] Deprecation Warning : cinder.keymgr.conf_key_mgr.ConfKeyManager is not a stevedore based driver, trying to load it as a class: stevedore.exception.NoMatches: No 'castellan.drivers' driver found, looking for 'cinder.keymgr.conf_key_mgr.ConfKeyManager'
Jan 11 15:11:19.478128 dv-cinder-824187-2-iscsi devstack@c-api.service[110182]: DEBUG oslo_db.sqlalchemy.engines [None req-f8a722b4-d3d8-47d6-aa94-fa340d765d42 tempest-GroupSnapshotsTest-1131436737 tempest-GroupSnapshotsTest-1131436737-project] MySQL server mode set to STRICT_TRANS_TABLES,STRICT_ALL_TABLES,NO_ZERO_IN_DATE,NO_ZERO_DATE,ERROR_FOR_DIVISION_BY_ZERO,TRADITIONAL,NO_ENGINE_SUBSTITUTION {{(pid=110182) _check_effective_sql_mode /usr/local/lib/python3.8/dist-packages/oslo_db/sqlalchemy/engines.py:314}}
Jan 11 15:11:19.488255 dv-cinder-824187-2-iscsi devstack@c-api.service[110182]: /usr/local/lib/python3.8/dist-packages/oslo_context/context.py:105: DeprecationWarning: Policy enforcement is depending on the value of is_admin. This key is deprecated. Please update your policy file to use the standard policy values.
Jan 11 15:11:19.488255 dv-cinder-824187-2-iscsi devstack@c-api.service[110182]: warnings.warn('Policy enforcement is depending on the value of '
Jan 11 15:11:19.522550 dv-cinder-824187-2-iscsi devstack@c-api.service[110182]: INFO cinder.api.openstack.wsgi [None req-f8a722b4-d3d8-47d6-aa94-fa340d765d42 tempest-GroupSnapshotsTest-1131436737 tempest-GroupSnapshotsTest-1131436737-project] http://10.222.0.52/volume/v3/53497e43c72040cf9fc7ed049bb7141b/volumes/detail returned with HTTP 200
Jan 11 15:11:19.528508 dv-cinder-824187-2-iscsi devstack@c-api.service[110182]: [pid: 110182|app: 0|req: 33/63] 10.222.0.52 () {60 vars in 1275 bytes} [Tue Jan 11 15:11:19 2022] GET /volume/v3/53497e43c72040cf9fc7ed049bb7141b/volumes/detail => generated 1983 bytes in 369 msecs (HTTP/1.1 200) 7 headers in 287 bytes (1 switches on core 0)
Jan 11 15:11:19.546860 dv-cinder-824187-2-iscsi devstack@c-api.service[110181]: INFO cinder.api.openstack.wsgi [None req-c519504b-7368-4eee-bb81-ad9f0a47e9d3 tempest-GroupSnapshotsTest-1131436737 tempest-GroupSnapshotsTest-1131436737-project] GET http://10.222.0.52/volume/v3/53497e43c72040cf9fc7ed049bb7141b/volumes/d3a003cd-d458-43fe-8542-fd4e01faacc7
Jan 11 15:11:19.547610 dv-cinder-824187-2-iscsi devstack@c-api.service[110181]: DEBUG cinder.api.openstack.wsgi [None req-c519504b-7368-4eee-bb81-ad9f0a47e9d3 tempest-GroupSnapshotsTest-1131436737 tempest-GroupSnapshotsTest-1131436737-project] Empty body provided in request {{(pid=110181) get_body /opt/stack/cinder/cinder/api/openstack/wsgi.py:715}}
Jan 11 15:11:19.548568 dv-cinder-824187-2-iscsi devstack@c-api.service[110181]: DEBUG cinder.api.openstack.wsgi [None req-c519504b-7368-4eee-bb81-ad9f0a47e9d3 tempest-GroupSnapshotsTest-1131436737 tempest-GroupSnapshotsTest-1131436737-project] Calling method 'show' {{(pid=110181) _process_stack /opt/stack/cinder/cinder/api/openstack/wsgi.py:868}}
Jan 11 15:11:19.569320 dv-cinder-824187-2-iscsi devstack@c-api.service[110181]: /usr/local/lib/python3.8/dist-packages/oslo_context/context.py:105: DeprecationWarning: Policy enforcement is depending on the value of is_admin. This key is deprecated. Please update your policy file to use the standard policy values.
Jan 11 15:11:19.569320 dv-cinder-824187-2-iscsi devstack@c-api.service[110181]: warnings.warn('Policy enforcement is depending on the value of '
Jan 11 15:11:19.580444 dv-cinder-824187-2-iscsi devstack@c-api.service[110181]: INFO cinder.volume.api [None req-c519504b-7368-4eee-bb81-ad9f0a47e9d3 tempest-GroupSnapshotsTest-1131436737 tempest-GroupSnapshotsTest-1131436737-project] Volume info retrieved successfully.
Jan 11 15:11:19.586457 dv-cinder-824187-2-iscsi devstack@c-api.service[110181]: WARNING stevedore.named [None req-c519504b-7368-4eee-bb81-ad9f0a47e9d3 tempest-GroupSnapshotsTest-1131436737 tempest-GroupSnapshotsTest-1131436737-project] Could not load cinder.keymgr.conf_key_mgr.ConfKeyManager
Jan 11 15:11:19.586457 dv-cinder-824187-2-iscsi devstack@c-api.service[110181]: WARNING castellan.key_manager [None req-c519504b-7368-4eee-bb81-ad9f0a47e9d3 tempest-GroupSnapshotsTest-1131436737 tempest-GroupSnapshotsTest-1131436737-project] Deprecation Warning : cinder.keymgr.conf_key_mgr.ConfKeyManager is not a stevedore based driver, trying to load it as a class: stevedore.exception.NoMatches: No 'castellan.drivers' driver found, looking for 'cinder.keymgr.conf_key_mgr.ConfKeyManager'
Jan 11 15:11:19.597800 dv-cinder-824187-2-iscsi devstack@c-api.service[110181]: DEBUG oslo_db.sqlalchemy.engines [None req-c519504b-7368-4eee-bb81-ad9f0a47e9d3 tempest-GroupSnapshotsTest-1131436737 tempest-GroupSnapshotsTest-1131436737-project] MySQL server mode set to STRICT_TRANS_TABLES,STRICT_ALL_TABLES,NO_ZERO_IN_DATE,NO_ZERO_DATE,ERROR_FOR_DIVISION_BY_ZERO,TRADITIONAL,NO_ENGINE_SUBSTITUTION {{(pid=110181) _check_effective_sql_mode /usr/local/lib/python3.8/dist-packages/oslo_db/sqlalchemy/engines.py:314}}
Jan 11 15:11:19.610964 dv-cinder-824187-2-iscsi devstack@c-api.service[110181]: /usr/local/lib/python3.8/dist-packages/oslo_context/context.py:105: DeprecationWarning: Policy enforcement is depending on the value of is_admin. This key is deprecated. Please update your policy file to use the standard policy values.
Jan 11 15:11:19.610964 dv-cinder-824187-2-iscsi devstack@c-api.service[110181]: warnings.warn('Policy enforcement is depending on the value of '
Jan 11 15:11:19.644461 dv-cinder-824187-2-iscsi devstack@c-api.service[110181]: INFO cinder.api.openstack.wsgi [None req-c519504b-7368-4eee-bb81-ad9f0a47e9d3 tempest-GroupSnapshotsTest-1131436737 tempest-GroupSnapshotsTest-1131436737-project] http://10.222.0.52/volume/v3/53497e43c72040cf9fc7ed049bb7141b/volumes/d3a003cd-d458-43fe-8542-fd4e01faacc7 returned with HTTP 200
Jan 11 15:11:19.654486 dv-cinder-824187-2-iscsi devstack@c-api.service[110181]: [pid: 110181|app: 0|req: 31/64] 10.222.0.52 () {60 vars in 1365 bytes} [Tue Jan 11 15:11:19 2022] GET /volume/v3/53497e43c72040cf9fc7ed049bb7141b/volumes/d3a003cd-d458-43fe-8542-fd4e01faacc7 => generated 991 bytes in 104 msecs (HTTP/1.1 200) 7 headers in 286 bytes (1 switches on core 0)
Jan 11 15:11:20.002089 dv-cinder-824187-2-iscsi devstack@c-api.service[110182]: INFO cinder.api.openstack.wsgi [None req-42a7e86c-4884-4023-ba4a-07f22cf9f85a tempest-VolumesTestJSON-498221914 tempest-VolumesTestJSON-498221914-project] GET http://10.222.0.52/volume/v3/7f27d4b392cd412497cadbf66f0622f9/volumes/3f9660ca-ece0-42d1-b660-196eb95dbb4b
Jan 11 15:11:20.002089 dv-cinder-824187-2-iscsi devstack@c-api.service[110182]: DEBUG cinder.api.openstack.wsgi [None req-42a7e86c-4884-4023-ba4a-07f22cf9f85a tempest-VolumesTestJSON-498221914 tempest-VolumesTestJSON-498221914-project] Empty body provided in request {{(pid=110182) get_body /opt/stack/cinder/cinder/api/openstack/wsgi.py:715}}
Jan 11 15:11:20.002706 dv-cinder-824187-2-iscsi devstack@c-api.service[110182]: DEBUG cinder.api.openstack.wsgi [None req-42a7e86c-4884-4023-ba4a-07f22cf9f85a tempest-VolumesTestJSON-498221914 tempest-VolumesTestJSON-498221914-project] Calling method 'show' {{(pid=110182) _process_stack /opt/stack/cinder/cinder/api/openstack/wsgi.py:868}}
Jan 11 15:11:20.030951 dv-cinder-824187-2-iscsi devstack@c-api.service[110182]: /usr/local/lib/python3.8/dist-packages/oslo_context/context.py:105: DeprecationWarning: Policy enforcement is depending on the value of is_admin. This key is deprecated. Please update your policy file to use the standard policy values.
Jan 11 15:11:20.030951 dv-cinder-824187-2-iscsi devstack@c-api.service[110182]: warnings.warn('Policy enforcement is depending on the value of '
Jan 11 15:11:20.044603 dv-cinder-824187-2-iscsi devstack@c-api.service[110182]: INFO cinder.volume.api [None req-42a7e86c-4884-4023-ba4a-07f22cf9f85a tempest-VolumesTestJSON-498221914 tempest-VolumesTestJSON-498221914-project] Volume info retrieved successfully.
Jan 11 15:11:20.058179 dv-cinder-824187-2-iscsi devstack@c-api.service[110182]: INFO cinder.api.openstack.wsgi [None req-42a7e86c-4884-4023-ba4a-07f22cf9f85a tempest-VolumesTestJSON-498221914 tempest-VolumesTestJSON-498221914-project] http://10.222.0.52/volume/v3/7f27d4b392cd412497cadbf66f0622f9/volumes/3f9660ca-ece0-42d1-b660-196eb95dbb4b returned with HTTP 200
Jan 11 15:11:20.064754 dv-cinder-824187-2-iscsi devstack@c-api.service[110182]: [pid: 110182|app: 0|req: 34/65] 10.222.0.52 () {58 vars in 1324 bytes} [Tue Jan 11 15:11:19 2022] GET /volume/v3/7f27d4b392cd412497cadbf66f0622f9/volumes/3f9660ca-ece0-42d1-b660-196eb95dbb4b => generated 921 bytes in 70 msecs (HTTP/1.1 200) 7 headers in 285 bytes (1 switches on core 0)
Jan 11 15:11:20.311241 dv-cinder-824187-2-iscsi devstack@c-api.service[110181]: INFO cinder.api.openstack.wsgi [None req-6ed00fe3-0d06-42b6-a024-dd626b8ea6e9 tempest-UserMessagesTest-132576036 tempest-UserMessagesTest-132576036-project-admin] POST http://10.222.0.52/volume/v3/4e66637aa08f483aab86210c7e745850/types
Jan 11 15:11:20.333579 dv-cinder-824187-2-iscsi devstack@c-api.service[110181]: DEBUG cinder.api.openstack.wsgi [None req-6ed00fe3-0d06-42b6-a024-dd626b8ea6e9 tempest-UserMessagesTest-132576036 tempest-UserMessagesTest-132576036-project-admin] Action: 'create', calling method: _create, body: {"volume_type": {"name": "tempest-UserMessagesTest-volume-type-100745358", "extra_specs": {"storage_protocol": "tempest-storage_protocol-1805762720", "vendor_name": "tempest-vendor_name-1153009959"}}} {{(pid=110181) _process_stack /opt/stack/cinder/cinder/api/openstack/wsgi.py:866}}
Jan 11 15:11:20.663177 dv-cinder-824187-2-iscsi devstack@c-api.service[110182]: INFO cinder.api.openstack.wsgi [None req-5197595e-5747-41da-a938-62a530c0c680 tempest-GroupSnapshotsTest-1131436737 tempest-GroupSnapshotsTest-1131436737-project] GET http://10.222.0.52/volume/v3/53497e43c72040cf9fc7ed049bb7141b/volumes/d3a003cd-d458-43fe-8542-fd4e01faacc7
Jan 11 15:11:20.669298 dv-cinder-824187-2-iscsi devstack@c-api.service[110182]: DEBUG cinder.api.openstack.wsgi [None req-5197595e-5747-41da-a938-62a530c0c680 tempest-GroupSnapshotsTest-1131436737 tempest-GroupSnapshotsTest-1131436737-project] Empty body provided in request {{(pid=110182) get_body /opt/stack/cinder/cinder/api/openstack/wsgi.py:715}}
Jan 11 15:11:20.670507 dv-cinder-824187-2-iscsi devstack@c-api.service[110182]: DEBUG cinder.api.openstack.wsgi [None req-5197595e-5747-41da-a938-62a530c0c680 tempest-GroupSnapshotsTest-1131436737 tempest-GroupSnapshotsTest-1131436737-project] Calling method 'show' {{(pid=110182) _process_stack /opt/stack/cinder/cinder/api/openstack/wsgi.py:868}}
Jan 11 15:11:20.704319 dv-cinder-824187-2-iscsi devstack@c-api.service[110182]: /usr/local/lib/python3.8/dist-packages/oslo_context/context.py:105: DeprecationWarning: Policy enforcement is depending on the value of is_admin. This key is deprecated. Please update your policy file to use the standard policy values.
Jan 11 15:11:20.704319 dv-cinder-824187-2-iscsi devstack@c-api.service[110182]: warnings.warn('Policy enforcement is depending on the value of '
Jan 11 15:11:20.722760 dv-cinder-824187-2-iscsi devstack@c-api.service[110182]: INFO cinder.volume.api [None req-5197595e-5747-41da-a938-62a530c0c680 tempest-GroupSnapshotsTest-1131436737 tempest-GroupSnapshotsTest-1131436737-project] Volume info retrieved successfully.
Jan 11 15:11:20.726181 dv-cinder-824187-2-iscsi devstack@c-api.service[110182]: WARNING stevedore.named [None req-5197595e-5747-41da-a938-62a530c0c680 tempest-GroupSnapshotsTest-1131436737 tempest-GroupSnapshotsTest-1131436737-project] Could not load cinder.keymgr.conf_key_mgr.ConfKeyManager
Jan 11 15:11:20.727052 dv-cinder-824187-2-iscsi devstack@c-api.service[110182]: WARNING castellan.key_manager [None req-5197595e-5747-41da-a938-62a530c0c680 tempest-GroupSnapshotsTest-1131436737 tempest-GroupSnapshotsTest-1131436737-project] Deprecation Warning : cinder.keymgr.conf_key_mgr.ConfKeyManager is not a stevedore based driver, trying to load it as a class: stevedore.exception.NoMatches: No 'castellan.drivers' driver found, looking for 'cinder.keymgr.conf_key_mgr.ConfKeyManager'
Jan 11 15:11:20.746914 dv-cinder-824187-2-iscsi devstack@c-api.service[110182]: DEBUG oslo_db.sqlalchemy.engines [None req-5197595e-5747-41da-a938-62a530c0c680 tempest-GroupSnapshotsTest-1131436737 tempest-GroupSnapshotsTest-1131436737-project] MySQL server mode set to STRICT_TRANS_TABLES,STRICT_ALL_TABLES,NO_ZERO_IN_DATE,NO_ZERO_DATE,ERROR_FOR_DIVISION_BY_ZERO,TRADITIONAL,NO_ENGINE_SUBSTITUTION {{(pid=110182) _check_effective_sql_mode /usr/local/lib/python3.8/dist-packages/oslo_db/sqlalchemy/engines.py:314}}
Jan 11 15:11:20.787630 dv-cinder-824187-2-iscsi devstack@c-api.service[110182]: /usr/local/lib/python3.8/dist-packages/oslo_context/context.py:105: DeprecationWarning: Policy enforcement is depending on the value of is_admin. This key is deprecated. Please update your policy file to use the standard policy values.
Jan 11 15:11:20.787630 dv-cinder-824187-2-iscsi devstack@c-api.service[110182]: warnings.warn('Policy enforcement is depending on the value of '
Jan 11 15:11:20.853140 dv-cinder-824187-2-iscsi devstack@c-api.service[110182]: INFO cinder.api.openstack.wsgi [None req-5197595e-5747-41da-a938-62a530c0c680 tempest-GroupSnapshotsTest-1131436737 tempest-GroupSnapshotsTest-1131436737-project] http://10.222.0.52/volume/v3/53497e43c72040cf9fc7ed049bb7141b/volumes/d3a003cd-d458-43fe-8542-fd4e01faacc7 returned with HTTP 200
Jan 11 15:11:20.853897 dv-cinder-824187-2-iscsi devstack@c-api.service[110182]: [pid: 110182|app: 0|req: 35/66] 10.222.0.52 () {60 vars in 1365 bytes} [Tue Jan 11 15:11:20 2022] GET /volume/v3/53497e43c72040cf9fc7ed049bb7141b/volumes/d3a003cd-d458-43fe-8542-fd4e01faacc7 => generated 992 bytes in 196 msecs (HTTP/1.1 200) 7 headers in 286 bytes (1 switches on core 0)
Jan 11 15:11:20.876959 dv-cinder-824187-2-iscsi devstack@c-api.service[110182]: INFO cinder.api.openstack.wsgi [None req-943db230-3e13-44b4-9506-8d30f87454ab tempest-GroupSnapshotsTest-1131436737 tempest-GroupSnapshotsTest-1131436737-project] GET http://10.222.0.52/volume/v3/53497e43c72040cf9fc7ed049bb7141b/groups/65237e81-5e90-477f-99ad-5b2c914ae3fe
Jan 11 15:11:20.877510 dv-cinder-824187-2-iscsi devstack@c-api.service[110182]: DEBUG cinder.api.openstack.wsgi [None req-943db230-3e13-44b4-9506-8d30f87454ab tempest-GroupSnapshotsTest-1131436737 tempest-GroupSnapshotsTest-1131436737-project] Empty body provided in request {{(pid=110182) get_body /opt/stack/cinder/cinder/api/openstack/wsgi.py:715}}
Jan 11 15:11:20.877967 dv-cinder-824187-2-iscsi devstack@c-api.service[110182]: DEBUG cinder.api.openstack.wsgi [None req-943db230-3e13-44b4-9506-8d30f87454ab tempest-GroupSnapshotsTest-1131436737 tempest-GroupSnapshotsTest-1131436737-project] Calling method 'version_select' {{(pid=110182) _process_stack /opt/stack/cinder/cinder/api/openstack/wsgi.py:868}}
Jan 11 15:11:20.878318 dv-cinder-824187-2-iscsi devstack@c-api.service[110182]: DEBUG cinder.api.v3.groups [None req-943db230-3e13-44b4-9506-8d30f87454ab tempest-GroupSnapshotsTest-1131436737 tempest-GroupSnapshotsTest-1131436737-project] show called for member 65237e81-5e90-477f-99ad-5b2c914ae3fe {{(pid=110182) show /opt/stack/cinder/cinder/api/v3/groups.py:58}}
Jan 11 15:11:20.882476 dv-cinder-824187-2-iscsi devstack@c-api.service[110181]: INFO cinder.api.openstack.wsgi [None req-6ed00fe3-0d06-42b6-a024-dd626b8ea6e9 tempest-UserMessagesTest-132576036 tempest-UserMessagesTest-132576036-project-admin] http://10.222.0.52/volume/v3/4e66637aa08f483aab86210c7e745850/types returned with HTTP 200
Jan 11 15:11:20.884473 dv-cinder-824187-2-iscsi devstack@c-api.service[110181]: [pid: 110181|app: 0|req: 32/67] 10.222.0.52 () {60 vars in 1229 bytes} [Tue Jan 11 15:11:20 2022] POST /volume/v3/4e66637aa08f483aab86210c7e745850/types => generated 327 bytes in 757 msecs (HTTP/1.1 200) 7 headers in 285 bytes (1 switches on core 0)
Jan 11 15:11:20.886449 dv-cinder-824187-2-iscsi devstack@c-api.service[110182]: /usr/local/lib/python3.8/dist-packages/oslo_context/context.py:105: DeprecationWarning: Policy enforcement is depending on the value of is_admin. This key is deprecated. Please update your policy file to use the standard policy values.
Jan 11 15:11:20.886449 dv-cinder-824187-2-iscsi devstack@c-api.service[110182]: warnings.warn('Policy enforcement is depending on the value of '
Jan 11 15:11:20.922596 dv-cinder-824187-2-iscsi devstack@c-api.service[110182]: INFO cinder.api.openstack.wsgi [None req-943db230-3e13-44b4-9506-8d30f87454ab tempest-GroupSnapshotsTest-1131436737 tempest-GroupSnapshotsTest-1131436737-project] http://10.222.0.52/volume/v3/53497e43c72040cf9fc7ed049bb7141b/groups/65237e81-5e90-477f-99ad-5b2c914ae3fe returned with HTTP 200
Jan 11 15:11:20.924824 dv-cinder-824187-2-iscsi devstack@c-api.service[110182]: [pid: 110182|app: 0|req: 36/68] 10.222.0.52 () {60 vars in 1362 bytes} [Tue Jan 11 15:11:20 2022] GET /volume/v3/53497e43c72040cf9fc7ed049bb7141b/groups/65237e81-5e90-477f-99ad-5b2c914ae3fe => generated 417 bytes in 54 msecs (HTTP/1.1 200) 7 headers in 286 bytes (2 switches on core 0)
Jan 11 15:11:20.941844 dv-cinder-824187-2-iscsi devstack@c-api.service[110182]: INFO cinder.api.openstack.wsgi [None req-99bc6d10-c6e0-491b-8174-9e96a84c35d9 tempest-GroupSnapshotsTest-1131436737 tempest-GroupSnapshotsTest-1131436737-project] GET http://10.222.0.52/volume/v3/53497e43c72040cf9fc7ed049bb7141b/volumes/detail
Jan 11 15:11:20.942367 dv-cinder-824187-2-iscsi devstack@c-api.service[110182]: DEBUG cinder.api.openstack.wsgi [None req-99bc6d10-c6e0-491b-8174-9e96a84c35d9 tempest-GroupSnapshotsTest-1131436737 tempest-GroupSnapshotsTest-1131436737-project] Empty body provided in request {{(pid=110182) get_body /opt/stack/cinder/cinder/api/openstack/wsgi.py:715}}
Jan 11 15:11:20.942981 dv-cinder-824187-2-iscsi devstack@c-api.service[110182]: DEBUG cinder.api.openstack.wsgi [None req-99bc6d10-c6e0-491b-8174-9e96a84c35d9 tempest-GroupSnapshotsTest-1131436737 tempest-GroupSnapshotsTest-1131436737-project] Calling method 'detail' {{(pid=110182) _process_stack /opt/stack/cinder/cinder/api/openstack/wsgi.py:868}}
Jan 11 15:11:20.943976 dv-cinder-824187-2-iscsi devstack@c-api.service[110182]: DEBUG cinder.api.api_utils [None req-99bc6d10-c6e0-491b-8174-9e96a84c35d9 tempest-GroupSnapshotsTest-1131436737 tempest-GroupSnapshotsTest-1131436737-project] Removing options '' from query. {{(pid=110182) remove_invalid_filter_options /opt/stack/cinder/cinder/api/api_utils.py:73}}
Jan 11 15:11:20.944821 dv-cinder-824187-2-iscsi devstack@c-api.service[110182]: /usr/local/lib/python3.8/dist-packages/oslo_context/context.py:105: DeprecationWarning: Policy enforcement is depending on the value of is_admin. This key is deprecated. Please update your policy file to use the standard policy values.
Jan 11 15:11:20.944821 dv-cinder-824187-2-iscsi devstack@c-api.service[110182]: warnings.warn('Policy enforcement is depending on the value of '
Jan 11 15:11:20.946163 dv-cinder-824187-2-iscsi devstack@c-api.service[110182]: DEBUG cinder.volume.api [None req-99bc6d10-c6e0-491b-8174-9e96a84c35d9 tempest-GroupSnapshotsTest-1131436737 tempest-GroupSnapshotsTest-1131436737-project] Searching by: MultiDict([('no_migration_targets', True)]). {{(pid=110182) get_all /opt/stack/cinder/cinder/volume/api.py:662}}
Jan 11 15:11:21.039028 dv-cinder-824187-2-iscsi devstack@c-api.service[110182]: INFO cinder.volume.api [None req-99bc6d10-c6e0-491b-8174-9e96a84c35d9 tempest-GroupSnapshotsTest-1131436737 tempest-GroupSnapshotsTest-1131436737-project] Get all volumes completed successfully.
Jan 11 15:11:21.040501 dv-cinder-824187-2-iscsi devstack@c-api.service[110182]: WARNING stevedore.named [None req-99bc6d10-c6e0-491b-8174-9e96a84c35d9 tempest-GroupSnapshotsTest-1131436737 tempest-GroupSnapshotsTest-1131436737-project] Could not load cinder.keymgr.conf_key_mgr.ConfKeyManager
Jan 11 15:11:21.041109 dv-cinder-824187-2-iscsi devstack@c-api.service[110182]: WARNING castellan.key_manager [None req-99bc6d10-c6e0-491b-8174-9e96a84c35d9 tempest-GroupSnapshotsTest-1131436737 tempest-GroupSnapshotsTest-1131436737-project] Deprecation Warning : cinder.keymgr.conf_key_mgr.ConfKeyManager is not a stevedore based driver, trying to load it as a class: stevedore.exception.NoMatches: No 'castellan.drivers' driver found, looking for 'cinder.keymgr.conf_key_mgr.ConfKeyManager'
Jan 11 15:11:21.057496 dv-cinder-824187-2-iscsi devstack@c-api.service[110182]: DEBUG oslo_db.sqlalchemy.engines [None req-99bc6d10-c6e0-491b-8174-9e96a84c35d9 tempest-GroupSnapshotsTest-1131436737 tempest-GroupSnapshotsTest-1131436737-project] MySQL server mode set to STRICT_TRANS_TABLES,STRICT_ALL_TABLES,NO_ZERO_IN_DATE,NO_ZERO_DATE,ERROR_FOR_DIVISION_BY_ZERO,TRADITIONAL,NO_ENGINE_SUBSTITUTION {{(pid=110182) _check_effective_sql_mode /usr/local/lib/python3.8/dist-packages/oslo_db/sqlalchemy/engines.py:314}}
Jan 11 15:11:21.065788 dv-cinder-824187-2-iscsi devstack@c-api.service[110182]: /usr/local/lib/python3.8/dist-packages/oslo_context/context.py:105: DeprecationWarning: Policy enforcement is depending on the value of is_admin. This key is deprecated. Please update your policy file to use the standard policy values.
Jan 11 15:11:21.065788 dv-cinder-824187-2-iscsi devstack@c-api.service[110182]: warnings.warn('Policy enforcement is depending on the value of '
Jan 11 15:11:21.085801 dv-cinder-824187-2-iscsi devstack@c-api.service[110182]: WARNING stevedore.named [None req-99bc6d10-c6e0-491b-8174-9e96a84c35d9 tempest-GroupSnapshotsTest-1131436737 tempest-GroupSnapshotsTest-1131436737-project] Could not load cinder.keymgr.conf_key_mgr.ConfKeyManager
Jan 11 15:11:21.086286 dv-cinder-824187-2-iscsi devstack@c-api.service[110182]: WARNING castellan.key_manager [None req-99bc6d10-c6e0-491b-8174-9e96a84c35d9 tempest-GroupSnapshotsTest-1131436737 tempest-GroupSnapshotsTest-1131436737-project] Deprecation Warning : cinder.keymgr.conf_key_mgr.ConfKeyManager is not a stevedore based driver, trying to load it as a class: stevedore.exception.NoMatches: No 'castellan.drivers' driver found, looking for 'cinder.keymgr.conf_key_mgr.ConfKeyManager'
Jan 11 15:11:21.102995 dv-cinder-824187-2-iscsi devstack@c-api.service[110182]: DEBUG oslo_db.sqlalchemy.engines [None req-99bc6d10-c6e0-491b-8174-9e96a84c35d9 tempest-GroupSnapshotsTest-1131436737 tempest-GroupSnapshotsTest-1131436737-project] MySQL server mode set to STRICT_TRANS_TABLES,STRICT_ALL_TABLES,NO_ZERO_IN_DATE,NO_ZERO_DATE,ERROR_FOR_DIVISION_BY_ZERO,TRADITIONAL,NO_ENGINE_SUBSTITUTION {{(pid=110182) _check_effective_sql_mode /usr/local/lib/python3.8/dist-packages/oslo_db/sqlalchemy/engines.py:314}}
Jan 11 15:11:21.119216 dv-cinder-824187-2-iscsi devstack@c-api.service[110181]: INFO cinder.api.openstack.wsgi [None req-eae027d5-6b3b-4429-8b4f-7f1866d83739 tempest-UserMessagesTest-532584489 tempest-UserMessagesTest-532584489-project] POST http://10.222.0.52/volume/v3/e874056b29444e10a3651d0417cad452/volumes
Jan 11 15:11:21.119531 dv-cinder-824187-2-iscsi devstack@c-api.service[110182]: /usr/local/lib/python3.8/dist-packages/oslo_context/context.py:105: DeprecationWarning: Policy enforcement is depending on the value of is_admin. This key is deprecated. Please update your policy file to use the standard policy values.
Jan 11 15:11:21.119531 dv-cinder-824187-2-iscsi devstack@c-api.service[110182]: warnings.warn('Policy enforcement is depending on the value of '
Jan 11 15:11:21.122395 dv-cinder-824187-2-iscsi devstack@c-api.service[110181]: DEBUG cinder.api.openstack.wsgi [None req-eae027d5-6b3b-4429-8b4f-7f1866d83739 tempest-UserMessagesTest-532584489 tempest-UserMessagesTest-532584489-project] Action: 'create', calling method: create, body: {"volume": {"volume_type": "5909a1f1-14bd-4aef-90b7-96eadba50c4a", "size": 1, "name": "tempest-UserMessagesTest-Volume-1290728915"}} {{(pid=110181) _process_stack /opt/stack/cinder/cinder/api/openstack/wsgi.py:866}}
Jan 11 15:11:21.124408 dv-cinder-824187-2-iscsi devstack@c-api.service[110181]: DEBUG cinder.api.v3.volumes [None req-eae027d5-6b3b-4429-8b4f-7f1866d83739 tempest-UserMessagesTest-532584489 tempest-UserMessagesTest-532584489-project] Create volume request body: {'volume': {'volume_type': '5909a1f1-14bd-4aef-90b7-96eadba50c4a', 'size': 1, 'name': 'tempest-UserMessagesTest-Volume-1290728915'}} {{(pid=110181) create /opt/stack/cinder/cinder/api/v3/volumes.py:298}}
Jan 11 15:11:21.135590 dv-cinder-824187-2-iscsi devstack@c-api.service[110182]: INFO cinder.api.openstack.wsgi [None req-99bc6d10-c6e0-491b-8174-9e96a84c35d9 tempest-GroupSnapshotsTest-1131436737 tempest-GroupSnapshotsTest-1131436737-project] http://10.222.0.52/volume/v3/53497e43c72040cf9fc7ed049bb7141b/volumes/detail returned with HTTP 200
Jan 11 15:11:21.136736 dv-cinder-824187-2-iscsi devstack@c-api.service[110182]: [pid: 110182|app: 0|req: 37/69] 10.222.0.52 () {60 vars in 1275 bytes} [Tue Jan 11 15:11:20 2022] GET /volume/v3/53497e43c72040cf9fc7ed049bb7141b/volumes/detail => generated 1984 bytes in 205 msecs (HTTP/1.1 200) 7 headers in 287 bytes (1 switches on core 0)
Jan 11 15:11:21.137589 dv-cinder-824187-2-iscsi devstack@c-api.service[110181]: INFO cinder.api.v3.volumes [None req-eae027d5-6b3b-4429-8b4f-7f1866d83739 tempest-UserMessagesTest-532584489 tempest-UserMessagesTest-532584489-project] Create volume of 1 GB
Jan 11 15:11:21.138391 dv-cinder-824187-2-iscsi devstack@c-api.service[110181]: /usr/local/lib/python3.8/dist-packages/oslo_context/context.py:105: DeprecationWarning: Policy enforcement is depending on the value of is_admin. This key is deprecated. Please update your policy file to use the standard policy values.
Jan 11 15:11:21.138391 dv-cinder-824187-2-iscsi devstack@c-api.service[110181]: warnings.warn('Policy enforcement is depending on the value of '
Jan 11 15:11:21.139809 dv-cinder-824187-2-iscsi devstack@c-api.service[110181]: INFO cinder.volume.api [None req-eae027d5-6b3b-4429-8b4f-7f1866d83739 tempest-UserMessagesTest-532584489 tempest-UserMessagesTest-532584489-project] Availability Zones retrieved successfully.
Jan 11 15:11:21.145780 dv-cinder-824187-2-iscsi devstack@c-api.service[110182]: INFO cinder.api.openstack.wsgi [None req-09833d30-b443-4168-a733-b69c9162b9cb tempest-VolumesTestJSON-498221914 tempest-VolumesTestJSON-498221914-project] GET http://10.222.0.52/volume/v3/7f27d4b392cd412497cadbf66f0622f9/volumes/3f9660ca-ece0-42d1-b660-196eb95dbb4b
Jan 11 15:11:21.146402 dv-cinder-824187-2-iscsi devstack@c-api.service[110182]: DEBUG cinder.api.openstack.wsgi [None req-09833d30-b443-4168-a733-b69c9162b9cb tempest-VolumesTestJSON-498221914 tempest-VolumesTestJSON-498221914-project] Empty body provided in request {{(pid=110182) get_body /opt/stack/cinder/cinder/api/openstack/wsgi.py:715}}
Jan 11 15:11:21.147055 dv-cinder-824187-2-iscsi devstack@c-api.service[110182]: DEBUG cinder.api.openstack.wsgi [None req-09833d30-b443-4168-a733-b69c9162b9cb tempest-VolumesTestJSON-498221914 tempest-VolumesTestJSON-498221914-project] Calling method 'show' {{(pid=110182) _process_stack /opt/stack/cinder/cinder/api/openstack/wsgi.py:868}}
Jan 11 15:11:21.165948 dv-cinder-824187-2-iscsi devstack@c-api.service[110181]: DEBUG cinder.volume.api [None req-eae027d5-6b3b-4429-8b4f-7f1866d83739 tempest-UserMessagesTest-532584489 tempest-UserMessagesTest-532584489-project] Flow 'volume_create_api' (24f3cad7-2d0e-4bd7-97af-2f681e26ce6f) transitioned into state 'RUNNING' from state 'PENDING' {{(pid=110181) _flow_receiver /usr/local/lib/python3.8/dist-packages/taskflow/listeners/logging.py:141}}
Jan 11 15:11:21.169491 dv-cinder-824187-2-iscsi devstack@c-api.service[110182]: /usr/local/lib/python3.8/dist-packages/oslo_context/context.py:105: DeprecationWarning: Policy enforcement is depending on the value of is_admin. This key is deprecated. Please update your policy file to use the standard policy values.
Jan 11 15:11:21.169491 dv-cinder-824187-2-iscsi devstack@c-api.service[110182]: warnings.warn('Policy enforcement is depending on the value of '
Jan 11 15:11:21.174966 dv-cinder-824187-2-iscsi devstack@c-api.service[110181]: DEBUG cinder.volume.api [None req-eae027d5-6b3b-4429-8b4f-7f1866d83739 tempest-UserMessagesTest-532584489 tempest-UserMessagesTest-532584489-project] Task 'cinder.volume.flows.api.create_volume.ExtractVolumeRequestTask;volume:create' (e190d488-0a18-407a-958f-594768073b9a) transitioned into state 'RUNNING' from state 'PENDING' {{(pid=110181) _task_receiver /usr/local/lib/python3.8/dist-packages/taskflow/listeners/logging.py:190}}
Jan 11 15:11:21.178767 dv-cinder-824187-2-iscsi devstack@c-api.service[110181]: DEBUG cinder.volume.flows.api.create_volume [None req-eae027d5-6b3b-4429-8b4f-7f1866d83739 tempest-UserMessagesTest-532584489 tempest-UserMessagesTest-532584489-project] Validating volume size '1' using validate_int {{(pid=110181) _extract_size /opt/stack/cinder/cinder/volume/flows/api/create_volume.py:225}}
Jan 11 15:11:21.196276 dv-cinder-824187-2-iscsi devstack@c-api.service[110182]: INFO cinder.volume.api [None req-09833d30-b443-4168-a733-b69c9162b9cb tempest-VolumesTestJSON-498221914 tempest-VolumesTestJSON-498221914-project] Volume info retrieved successfully.
Jan 11 15:11:21.215348 dv-cinder-824187-2-iscsi devstack@c-api.service[110182]: INFO cinder.api.openstack.wsgi [None req-09833d30-b443-4168-a733-b69c9162b9cb tempest-VolumesTestJSON-498221914 tempest-VolumesTestJSON-498221914-project] http://10.222.0.52/volume/v3/7f27d4b392cd412497cadbf66f0622f9/volumes/3f9660ca-ece0-42d1-b660-196eb95dbb4b returned with HTTP 200
Jan 11 15:11:21.222094 dv-cinder-824187-2-iscsi devstack@c-api.service[110182]: [pid: 110182|app: 0|req: 38/70] 10.222.0.52 () {58 vars in 1324 bytes} [Tue Jan 11 15:11:21 2022] GET /volume/v3/7f27d4b392cd412497cadbf66f0622f9/volumes/3f9660ca-ece0-42d1-b660-196eb95dbb4b => generated 922 bytes in 85 msecs (HTTP/1.1 200) 7 headers in 285 bytes (1 switches on core 0)
Jan 11 15:11:21.232095 dv-cinder-824187-2-iscsi devstack@c-api.service[110182]: INFO cinder.api.openstack.wsgi [None req-4bd192fe-1bcf-468b-b60a-3f3ffea9951c tempest-GroupSnapshotsTest-1131436737 tempest-GroupSnapshotsTest-1131436737-project] POST http://10.222.0.52/volume/v3/53497e43c72040cf9fc7ed049bb7141b/groups/65237e81-5e90-477f-99ad-5b2c914ae3fe/action
Jan 11 15:11:21.241535 dv-cinder-824187-2-iscsi devstack@c-api.service[110182]: DEBUG cinder.api.openstack.wsgi [None req-4bd192fe-1bcf-468b-b60a-3f3ffea9951c tempest-GroupSnapshotsTest-1131436737 tempest-GroupSnapshotsTest-1131436737-project] Action body: b'{"delete": {"delete-volumes": true}}' {{(pid=110182) get_method /opt/stack/cinder/cinder/api/openstack/wsgi.py:983}}
Jan 11 15:11:21.244711 dv-cinder-824187-2-iscsi devstack@c-api.service[110182]: DEBUG cinder.api.openstack.wsgi [None req-4bd192fe-1bcf-468b-b60a-3f3ffea9951c tempest-GroupSnapshotsTest-1131436737 tempest-GroupSnapshotsTest-1131436737-project] Action: 'action', calling method: version_select, body: {"delete": {"delete-volumes": true}} {{(pid=110182) _process_stack /opt/stack/cinder/cinder/api/openstack/wsgi.py:866}}
Jan 11 15:11:21.245529 dv-cinder-824187-2-iscsi devstack@c-api.service[110182]: DEBUG cinder.api.v3.groups [None req-4bd192fe-1bcf-468b-b60a-3f3ffea9951c tempest-GroupSnapshotsTest-1131436737 tempest-GroupSnapshotsTest-1131436737-project] delete called for group 65237e81-5e90-477f-99ad-5b2c914ae3fe {{(pid=110182) _delete /opt/stack/cinder/cinder/api/v3/groups.py:117}}
Jan 11 15:11:21.245839 dv-cinder-824187-2-iscsi devstack@c-api.service[110182]: INFO cinder.api.v3.groups [None req-4bd192fe-1bcf-468b-b60a-3f3ffea9951c tempest-GroupSnapshotsTest-1131436737 tempest-GroupSnapshotsTest-1131436737-project] Delete group with id: 65237e81-5e90-477f-99ad-5b2c914ae3fe
Jan 11 15:11:21.262552 dv-cinder-824187-2-iscsi devstack@c-api.service[110182]: /usr/local/lib/python3.8/dist-packages/oslo_context/context.py:105: DeprecationWarning: Policy enforcement is depending on the value of is_admin. This key is deprecated. Please update your policy file to use the standard policy values.
Jan 11 15:11:21.262552 dv-cinder-824187-2-iscsi devstack@c-api.service[110182]: warnings.warn('Policy enforcement is depending on the value of '
Jan 11 15:11:21.263603 dv-cinder-824187-2-iscsi devstack@c-api.service[110181]: DEBUG cinder.volume.api [None req-eae027d5-6b3b-4429-8b4f-7f1866d83739 tempest-UserMessagesTest-532584489 tempest-UserMessagesTest-532584489-project] Task 'cinder.volume.flows.api.create_volume.ExtractVolumeRequestTask;volume:create' (e190d488-0a18-407a-958f-594768073b9a) transitioned into state 'SUCCESS' from state 'RUNNING' with result '{'size': 1, 'snapshot_id': None, 'source_volid': None, 'volume_type': VolumeType(created_at=2022-01-11T15:11:20Z,deleted=False,deleted_at=None,description=None,extra_specs={storage_protocol='tempest-storage_protocol-1805762720',vendor_name='tempest-vendor_name-1153009959'},id=5909a1f1-14bd-4aef-90b7-96eadba50c4a,is_public=True,name='tempest-UserMessagesTest-volume-type-100745358',projects=[],qos_specs=,qos_specs_id=None,updated_at=None), 'volume_type_id': '5909a1f1-14bd-4aef-90b7-96eadba50c4a', 'encryption_key_id': None, 'qos_specs': None, 'consistencygroup_id': None, 'cgsnapshot_id': None, 'group_id': None, 'replication_status': 'disabled', 'refresh_az': False, 'backup_id': None, 'multiattach': False, 'availability_zones': ['nova']}' {{(pid=110181) _task_receiver /usr/local/lib/python3.8/dist-packages/taskflow/listeners/logging.py:178}}
Jan 11 15:11:21.269310 dv-cinder-824187-2-iscsi devstack@c-api.service[110181]: DEBUG cinder.volume.api [None req-eae027d5-6b3b-4429-8b4f-7f1866d83739 tempest-UserMessagesTest-532584489 tempest-UserMessagesTest-532584489-project] Task 'cinder.volume.flows.api.create_volume.QuotaReserveTask;volume:create' (25b8b875-a89e-4603-bb62-012c8244b0e4) transitioned into state 'RUNNING' from state 'PENDING' {{(pid=110181) _task_receiver /usr/local/lib/python3.8/dist-packages/taskflow/listeners/logging.py:190}}
Jan 11 15:11:21.344135 dv-cinder-824187-2-iscsi devstack@c-api.service[110181]: WARNING cinder.quota [None req-eae027d5-6b3b-4429-8b4f-7f1866d83739 tempest-UserMessagesTest-532584489 tempest-UserMessagesTest-532584489-project] Deprecated: Default quota for resource: volumes_tempest-UserMessagesTest-volume-type-100745358 is set by the default quota flag: quota_volumes_tempest-UserMessagesTest-volume-type-100745358, it is now deprecated. Please use the default quota class for default quota.
Jan 11 15:11:21.345257 dv-cinder-824187-2-iscsi devstack@c-api.service[110181]: WARNING cinder.quota [None req-eae027d5-6b3b-4429-8b4f-7f1866d83739 tempest-UserMessagesTest-532584489 tempest-UserMessagesTest-532584489-project] Deprecated: Default quota for resource: gigabytes_tempest-UserMessagesTest-volume-type-100745358 is set by the default quota flag: quota_gigabytes_tempest-UserMessagesTest-volume-type-100745358, it is now deprecated. Please use the default quota class for default quota.
Jan 11 15:11:21.891973 dv-cinder-824187-2-iscsi devstack@c-api.service[110182]: INFO cinder.api.openstack.wsgi [None req-4bd192fe-1bcf-468b-b60a-3f3ffea9951c tempest-GroupSnapshotsTest-1131436737 tempest-GroupSnapshotsTest-1131436737-project] http://10.222.0.52/volume/v3/53497e43c72040cf9fc7ed049bb7141b/groups/65237e81-5e90-477f-99ad-5b2c914ae3fe/action returned with HTTP 202
