Sep 15 10:42:08.951226 dv-cinder-824149-8-iscsi devstack@keystone.service[81388]: DEBUG keystone.common.rbac_enforcer.enforcer [None req-85478c2d-8577-4c63-b1cf-42bd036bd532 None admin] RBAC: Authorization granted {{(pid=81388) enforce_call /opt/stack/keystone/keystone/common/rbac_enforcer/enforcer.py:457}}
Sep 15 10:42:08.952893 dv-cinder-824149-8-iscsi devstack@keystone.service[81388]: [pid: 81388|app: 0|req: 38/80] 10.222.0.50 () {56 vars in 1186 bytes} [Thu Sep 15 10:42:08 2022] GET /identity/v3/projects/a9cd5f1606ad462482bd725a3a3537a3 => generated 298 bytes in 168 msecs (HTTP/1.1 200) 5 headers in 177 bytes (1 switches on core 0)
Sep 15 10:42:08.953923 dv-cinder-824149-8-iscsi devstack@keystone.service[81388]: DEBUG keystone.server.flask.request_processing.middleware.auth_context [None req-85478c2d-8577-4c63-b1cf-42bd036bd532 None admin] Authenticating user token {{(pid=81388) process_request /usr/local/lib/python3.8/dist-packages/keystonemiddleware/auth_token/__init__.py:407}}
Sep 15 10:42:08.964519 dv-cinder-824149-8-iscsi devstack@keystone.service[81387]: DEBUG keystone.common.rbac_enforcer.enforcer [None req-4f89dd68-aafa-46ba-ae33-0d9f6716615b None admin] Extracting inferred target data resulted in "NOT FOUND (404)". {{(pid=81387) enforce_call /opt/stack/keystone/keystone/common/rbac_enforcer/enforcer.py:409}}
Sep 15 10:42:08.969925 dv-cinder-824149-8-iscsi devstack@keystone.service[81387]: ERROR keystone.server.flask.application [None req-4f89dd68-aafa-46ba-ae33-0d9f6716615b None admin] Could not find role: member.: keystone.exception.RoleNotFound: Could not find role: member.
Sep 15 10:42:08.969925 dv-cinder-824149-8-iscsi devstack@keystone.service[81387]: ERROR keystone.server.flask.application
Traceback (most recent call last):
Sep 15 10:42:08.969925 dv-cinder-824149-8-iscsi devstack@keystone.service[81387]: ERROR keystone.server.flask.application
File "/usr/local/lib/python3.8/dist-packages/flask/app.py", line 1820, in full_dispatch_request
Sep 15 10:42:08.969925 dv-cinder-824149-8-iscsi devstack@keystone.service[81387]: ERROR keystone.server.flask.application rv = self.dispatch_request()
Sep 15 10:42:08.969925 dv-cinder-824149-8-iscsi devstack@keystone.service[81387]: ERROR keystone.server.flask.application
File "/usr/local/lib/python3.8/dist-packages/flask/app.py", line 1796, in dispatch_request
Sep 15 10:42:08.969925 dv-cinder-824149-8-iscsi devstack@keystone.service[81387]: ERROR keystone.server.flask.application return self.ensure_sync(self.view_functions[rule.endpoint])(**view_args)
Sep 15 10:42:08.969925 dv-cinder-824149-8-iscsi devstack@keystone.service[81387]: ERROR keystone.server.flask.application
File "/usr/local/lib/python3.8/dist-packages/flask_restful/__init__.py", line 467, in wrapper
Sep 15 10:42:08.969925 dv-cinder-824149-8-iscsi devstack@keystone.service[81387]: ERROR keystone.server.flask.application resp = resource(*args, **kwargs)
Sep 15 10:42:08.969925 dv-cinder-824149-8-iscsi devstack@keystone.service[81387]: ERROR keystone.server.flask.application
File "/usr/local/lib/python3.8/dist-packages/flask/views.py", line 107, in view
Sep 15 10:42:08.969925 dv-cinder-824149-8-iscsi devstack@keystone.service[81387]: ERROR keystone.server.flask.application return current_app.ensure_sync(self.dispatch_request)(**kwargs)
Sep 15 10:42:08.969925 dv-cinder-824149-8-iscsi devstack@keystone.service[81387]: ERROR keystone.server.flask.application
File "/usr/local/lib/python3.8/dist-packages/flask_restful/__init__.py", line 582, in dispatch_request
Sep 15 10:42:08.969925 dv-cinder-824149-8-iscsi devstack@keystone.service[81387]: ERROR keystone.server.flask.application resp = meth(*args, **kwargs)
Sep 15 10:42:08.969925 dv-cinder-824149-8-iscsi devstack@keystone.service[81387]: ERROR keystone.server.flask.application
File "/opt/stack/keystone/keystone/api/roles.py", line 50, in get
Sep 15 10:42:08.969925 dv-cinder-824149-8-iscsi devstack@keystone.service[81387]: ERROR keystone.server.flask.application return self._get_role(role_id)
Sep 15 10:42:08.969925 dv-cinder-824149-8-iscsi devstack@keystone.service[81387]: ERROR keystone.server.flask.application
File "/opt/stack/keystone/keystone/api/roles.py", line 70, in _get_role
Sep 15 10:42:08.969925 dv-cinder-824149-8-iscsi devstack@keystone.service[81387]: ERROR keystone.server.flask.application ENFORCER.enforce_call(action='identity:get_role')
Sep 15 10:42:08.970949 dv-cinder-824149-8-iscsi devstack@keystone.service[81387]: ERROR keystone.server.flask.application
File "/opt/stack/keystone/keystone/common/rbac_enforcer/enforcer.py", line 402, in enforce_call
Sep 15 10:42:08.970949 dv-cinder-824149-8-iscsi devstack@keystone.service[81387]: ERROR keystone.server.flask.application policy_dict.update(cls._extract_member_target_data(
Sep 15 10:42:08.970949 dv-cinder-824149-8-iscsi devstack@keystone.service[81387]: ERROR keystone.server.flask.application
File "/opt/stack/keystone/keystone/common/rbac_enforcer/enforcer.py", line 234, in _extract_member_target_data
Sep 15 10:42:08.970949 dv-cinder-824149-8-iscsi devstack@keystone.service[81387]: ERROR keystone.server.flask.application member_name: func(flask.request.view_args[key])
Sep 15 10:42:08.970949 dv-cinder-824149-8-iscsi devstack@keystone.service[81387]: ERROR keystone.server.flask.application
File "/opt/stack/keystone/keystone/common/manager.py", line 115, in wrapped
Sep 15 10:42:08.970949 dv-cinder-824149-8-iscsi devstack@keystone.service[81387]: ERROR keystone.server.flask.application __ret_val = __f(*args, **kwargs)
Sep 15 10:42:08.970949 dv-cinder-824149-8-iscsi devstack@keystone.service[81387]: ERROR keystone.server.flask.application
File "/usr/local/lib/python3.8/dist-packages/decorator.py", line 232, in fun
Sep 15 10:42:08.970949 dv-cinder-824149-8-iscsi devstack@keystone.service[81387]: ERROR keystone.server.flask.application return caller(func, *(extras + args), **kw)
Sep 15 10:42:08.970949 dv-cinder-824149-8-iscsi devstack@keystone.service[81387]: ERROR keystone.server.flask.application
File "/usr/local/lib/python3.8/dist-packages/dogpile/cache/region.py", line 1577, in get_or_create_for_user_func
Sep 15 10:42:08.970949 dv-cinder-824149-8-iscsi devstack@keystone.service[81387]: ERROR keystone.server.flask.application return self.get_or_create(
Sep 15 10:42:08.970949 dv-cinder-824149-8-iscsi devstack@keystone.service[81387]: ERROR keystone.server.flask.application
File "/usr/local/lib/python3.8/dist-packages/dogpile/cache/region.py", line 1042, in get_or_create
Sep 15 10:42:08.970949 dv-cinder-824149-8-iscsi devstack@keystone.service[81387]: ERROR keystone.server.flask.application with Lock(
Sep 15 10:42:08.970949 dv-cinder-824149-8-iscsi devstack@keystone.service[81387]: ERROR keystone.server.flask.application
File "/usr/local/lib/python3.8/dist-packages/dogpile/lock.py", line 185, in __enter__
Sep 15 10:42:08.970949 dv-cinder-824149-8-iscsi devstack@keystone.service[81387]: ERROR keystone.server.flask.application return self._enter()
Sep 15 10:42:08.970949 dv-cinder-824149-8-iscsi devstack@keystone.service[81387]: ERROR keystone.server.flask.application
File "/usr/local/lib/python3.8/dist-packages/dogpile/lock.py", line 94, in _enter
Sep 15 10:42:08.970949 dv-cinder-824149-8-iscsi devstack@keystone.service[81387]: ERROR keystone.server.flask.application generated = self._enter_create(value, createdtime)
Sep 15 10:42:08.972614 dv-cinder-824149-8-iscsi devstack@keystone.service[81387]: ERROR keystone.server.flask.application
File "/usr/local/lib/python3.8/dist-packages/dogpile/lock.py", line 178, in _enter_create
Sep 15 10:42:08.972614 dv-cinder-824149-8-iscsi devstack@keystone.service[81387]: ERROR keystone.server.flask.application return self.creator()
Sep 15 10:42:08.972614 dv-cinder-824149-8-iscsi devstack@keystone.service[81387]: ERROR keystone.server.flask.application
File "/usr/local/lib/python3.8/dist-packages/dogpile/cache/region.py", line 995, in gen_value
Sep 15 10:42:08.972614 dv-cinder-824149-8-iscsi devstack@keystone.service[81387]: ERROR keystone.server.flask.application created_value = creator(
Sep 15 10:42:08.972614 dv-cinder-824149-8-iscsi devstack@keystone.service[81387]: ERROR keystone.server.flask.application
File "/opt/stack/keystone/keystone/assignment/core.py", line 1276, in get_role
Sep 15 10:42:08.972614 dv-cinder-824149-8-iscsi devstack@keystone.service[81387]: ERROR keystone.server.flask.application return self.driver.get_role(role_id)
Sep 15 10:42:08.972614 dv-cinder-824149-8-iscsi devstack@keystone.service[81387]: ERROR keystone.server.flask.application
File "/opt/stack/keystone/keystone/assignment/role_backends/sql.py", line 70, in get_role
Sep 15 10:42:08.972614 dv-cinder-824149-8-iscsi devstack@keystone.service[81387]: ERROR keystone.server.flask.application return self._get_role(session, role_id).to_dict()
Sep 15 10:42:08.972614 dv-cinder-824149-8-iscsi devstack@keystone.service[81387]: ERROR keystone.server.flask.application
File "/opt/stack/keystone/keystone/assignment/role_backends/sql.py", line 65, in _get_role
Sep 15 10:42:08.972614 dv-cinder-824149-8-iscsi devstack@keystone.service[81387]: ERROR keystone.server.flask.application raise exception.RoleNotFound(role_id=role_id)
Sep 15 10:42:08.972614 dv-cinder-824149-8-iscsi devstack@keystone.service[81387]: ERROR keystone.server.flask.application keystone.exception.RoleNotFound: Could not find role: member.
Sep 15 10:42:08.972614 dv-cinder-824149-8-iscsi devstack@keystone.service[81387]: ERROR keystone.server.flask.application
Sep 15 10:42:08.972614 dv-cinder-824149-8-iscsi devstack@keystone.service[81387]: [pid: 81387|app: 0|req: 43/81] 10.222.0.50 () {56 vars in 1099 bytes} [Thu Sep 15 10:42:08 2022] GET /identity/v3/roles/member => generated 84 bytes in 164 msecs (HTTP/1.1 404) 5 headers in 183 bytes (1 switches on core 0)
Sep 15 10:42:08.977265 dv-cinder-824149-8-iscsi devstack@keystone.service[81387]: DEBUG keystone.server.flask.request_processing.middleware.auth_context [None req-4f89dd68-aafa-46ba-ae33-0d9f6716615b None admin] Authenticating user token {{(pid=81387) process_request /usr/local/lib/python3.8/dist-packages/keystonemiddleware/auth_token/__init__.py:407}}
Sep 15 10:42:08.998675 dv-cinder-824149-8-iscsi devstack@keystone.service[81388]: DEBUG dbcounter [-] [81388] Writing DB stats keystone:SELECT=100 {{(pid=81388) stat_writer /usr/local/lib/python3.8/dist-packages/dbcounter.py:114}}
Sep 15 10:42:09.017599 dv-cinder-824149-8-iscsi devstack@keystone.service[81387]: DEBUG dbcounter [-] [81387] Writing DB stats keystone:SELECT=100 {{(pid=81387) stat_writer /usr/local/lib/python3.8/dist-packages/dbcounter.py:114}}
Sep 15 10:42:09.056884 dv-cinder-824149-8-iscsi devstack@keystone.service[81388]: DEBUG keystone.server.flask.request_processing.middleware.auth_context [None req-85478c2d-8577-4c63-b1cf-42bd036bd532 None admin] Validating token access rules against request {{(pid=81388) validate_allowed_request /usr/local/lib/python3.8/dist-packages/keystonemiddleware/auth_token/__init__.py:545}}
Sep 15 10:42:09.077382 dv-cinder-824149-8-iscsi devstack@keystone.service[81387]: DEBUG keystone.server.flask.request_processing.middleware.auth_context [None req-4f89dd68-aafa-46ba-ae33-0d9f6716615b None admin] Validating token access rules against request {{(pid=81387) validate_allowed_request /usr/local/lib/python3.8/dist-packages/keystonemiddleware/auth_token/__init__.py:545}}
Sep 15 10:42:09.091967 dv-cinder-824149-8-iscsi devstack@keystone.service[81388]: DEBUG keystone.server.flask.request_processing.middleware.auth_context [None req-6e812d22-64f2-4626-b278-ca16681a3c43 None admin] RBAC: auth_context: {'token': , 'domain_id': None, 'trust_id': None, 'trustor_id': None, 'trustee_id': None, 'domain_name': None, 'group_ids': [], 'user_id': 'c62c262317454775845cb45d452c8ab2', 'user_domain_id': 'default', 'system_scope': 'all', 'project_id': None, 'project_domain_id': None, 'roles': ['admin', 'member', 'reader'], 'is_admin_project': True, 'service_user_id': None, 'service_user_domain_id': None, 'service_project_id': None, 'service_project_domain_id': None, 'service_roles': []} {{(pid=81388) fill_context /opt/stack/keystone/keystone/server/flask/request_processing/middleware/auth_context.py:478}}
Sep 15 10:42:09.092598 dv-cinder-824149-8-iscsi devstack@keystone.service[81388]: DEBUG keystone.server.flask.request_processing.req_logging [None req-6e812d22-64f2-4626-b278-ca16681a3c43 None admin] REQUEST_METHOD: `GET` {{(pid=81388) log_request_info /opt/stack/keystone/keystone/server/flask/request_processing/req_logging.py:27}}
Sep 15 10:42:09.092916 dv-cinder-824149-8-iscsi devstack@keystone.service[81388]: DEBUG keystone.server.flask.request_processing.req_logging [None req-6e812d22-64f2-4626-b278-ca16681a3c43 None admin] SCRIPT_NAME: `/identity` {{(pid=81388) log_request_info /opt/stack/keystone/keystone/server/flask/request_processing/req_logging.py:28}}
Sep 15 10:42:09.093194 dv-cinder-824149-8-iscsi devstack@keystone.service[81388]: DEBUG keystone.server.flask.request_processing.req_logging [None req-6e812d22-64f2-4626-b278-ca16681a3c43 None admin] PATH_INFO: `/v3/users/c62c262317454775845cb45d452c8ab2` {{(pid=81388) log_request_info /opt/stack/keystone/keystone/server/flask/request_processing/req_logging.py:29}}
Sep 15 10:42:09.094346 dv-cinder-824149-8-iscsi devstack@keystone.service[81388]: DEBUG keystone.common.rbac_enforcer.enforcer [None req-6e812d22-64f2-4626-b278-ca16681a3c43 None admin] RBAC: Authorizing `identity:get_user(user_id=c62c262317454775845cb45d452c8ab2)` {{(pid=81388) enforce_call /opt/stack/keystone/keystone/common/rbac_enforcer/enforcer.py:449}}
Sep 15 10:42:09.095797 dv-cinder-824149-8-iscsi devstack@keystone.service[81388]: DEBUG keystone.common.rbac_enforcer.enforcer [None req-6e812d22-64f2-4626-b278-ca16681a3c43 None admin] RBAC: Authorization granted {{(pid=81388) enforce_call /opt/stack/keystone/keystone/common/rbac_enforcer/enforcer.py:457}}
Sep 15 10:42:09.097519 dv-cinder-824149-8-iscsi devstack@keystone.service[81388]: [pid: 81388|app: 0|req: 39/82] 10.222.0.50 () {56 vars in 1177 bytes} [Thu Sep 15 10:42:08 2022] GET /identity/v3/users/c62c262317454775845cb45d452c8ab2 => generated 247 bytes in 144 msecs (HTTP/1.1 200) 5 headers in 177 bytes (1 switches on core 0)
Sep 15 10:42:09.099080 dv-cinder-824149-8-iscsi devstack@keystone.service[81388]: DEBUG keystone.server.flask.request_processing.middleware.auth_context [None req-6e812d22-64f2-4626-b278-ca16681a3c43 None admin] Authenticating user token {{(pid=81388) process_request /usr/local/lib/python3.8/dist-packages/keystonemiddleware/auth_token/__init__.py:407}}
Sep 15 10:42:09.116087 dv-cinder-824149-8-iscsi devstack@keystone.service[81387]: DEBUG keystone.server.flask.request_processing.middleware.auth_context [None req-be7c7ae5-72e5-4296-9a2a-99cd106dc8a0 None admin] RBAC: auth_context: {'token': , 'domain_id': None, 'trust_id': None, 'trustor_id': None, 'trustee_id': None, 'domain_name': None, 'group_ids': [], 'user_id': 'c62c262317454775845cb45d452c8ab2', 'user_domain_id': 'default', 'system_scope': 'all', 'project_id': None, 'project_domain_id': None, 'roles': ['admin', 'member', 'reader'], 'is_admin_project': True, 'service_user_id': None, 'service_user_domain_id': None, 'service_project_id': None, 'service_project_domain_id': None, 'service_roles': []} {{(pid=81387) fill_context /opt/stack/keystone/keystone/server/flask/request_processing/middleware/auth_context.py:478}}
Sep 15 10:42:09.116978 dv-cinder-824149-8-iscsi devstack@keystone.service[81387]: DEBUG keystone.server.flask.request_processing.req_logging [None req-be7c7ae5-72e5-4296-9a2a-99cd106dc8a0 None admin] REQUEST_METHOD: `GET` {{(pid=81387) log_request_info /opt/stack/keystone/keystone/server/flask/request_processing/req_logging.py:27}}
Sep 15 10:42:09.117258 dv-cinder-824149-8-iscsi devstack@keystone.service[81387]: DEBUG keystone.server.flask.request_processing.req_logging [None req-be7c7ae5-72e5-4296-9a2a-99cd106dc8a0 None admin] SCRIPT_NAME: `/identity` {{(pid=81387) log_request_info /opt/stack/keystone/keystone/server/flask/request_processing/req_logging.py:28}}
Sep 15 10:42:09.117532 dv-cinder-824149-8-iscsi devstack@keystone.service[81387]: DEBUG keystone.server.flask.request_processing.req_logging [None req-be7c7ae5-72e5-4296-9a2a-99cd106dc8a0 None admin] PATH_INFO: `/v3/users/c7a4ccc7e7914c20a0f1117adfd425c9` {{(pid=81387) log_request_info /opt/stack/keystone/keystone/server/flask/request_processing/req_logging.py:29}}
Sep 15 10:42:09.118656 dv-cinder-824149-8-iscsi devstack@keystone.service[81387]: DEBUG keystone.common.rbac_enforcer.enforcer [None req-be7c7ae5-72e5-4296-9a2a-99cd106dc8a0 None admin] RBAC: Authorizing `identity:get_user(user_id=c7a4ccc7e7914c20a0f1117adfd425c9)` {{(pid=81387) enforce_call /opt/stack/keystone/keystone/common/rbac_enforcer/enforcer.py:449}}
Sep 15 10:42:09.120100 dv-cinder-824149-8-iscsi devstack@keystone.service[81387]: DEBUG keystone.common.rbac_enforcer.enforcer [None req-be7c7ae5-72e5-4296-9a2a-99cd106dc8a0 None admin] RBAC: Authorization granted {{(pid=81387) enforce_call /opt/stack/keystone/keystone/common/rbac_enforcer/enforcer.py:457}}
Sep 15 10:42:09.121717 dv-cinder-824149-8-iscsi devstack@keystone.service[81387]: [pid: 81387|app: 0|req: 44/83] 10.222.0.50 () {56 vars in 1177 bytes} [Thu Sep 15 10:42:08 2022] GET /identity/v3/users/c7a4ccc7e7914c20a0f1117adfd425c9 => generated 275 bytes in 150 msecs (HTTP/1.1 200) 5 headers in 177 bytes (1 switches on core 0)
Sep 15 10:42:09.122467 dv-cinder-824149-8-iscsi devstack@keystone.service[81387]: DEBUG keystone.server.flask.request_processing.middleware.auth_context [None req-be7c7ae5-72e5-4296-9a2a-99cd106dc8a0 None admin] Authenticating user token {{(pid=81387) process_request /usr/local/lib/python3.8/dist-packages/keystonemiddleware/auth_token/__init__.py:407}}
Sep 15 10:42:09.200765 dv-cinder-824149-8-iscsi devstack@keystone.service[81388]: DEBUG keystone.server.flask.request_processing.middleware.auth_context [None req-6e812d22-64f2-4626-b278-ca16681a3c43 None admin] Validating token access rules against request {{(pid=81388) validate_allowed_request /usr/local/lib/python3.8/dist-packages/keystonemiddleware/auth_token/__init__.py:545}}
Sep 15 10:42:09.211595 dv-cinder-824149-8-iscsi devstack@keystone.service[81388]: DEBUG dbcounter [-] [81388] Writing DB stats keystone:SELECT=100 {{(pid=81388) stat_writer /usr/local/lib/python3.8/dist-packages/dbcounter.py:114}}
Sep 15 10:42:09.221820 dv-cinder-824149-8-iscsi devstack@keystone.service[81387]: DEBUG keystone.server.flask.request_processing.middleware.auth_context [None req-be7c7ae5-72e5-4296-9a2a-99cd106dc8a0 None admin] Validating token access rules against request {{(pid=81387) validate_allowed_request /usr/local/lib/python3.8/dist-packages/keystonemiddleware/auth_token/__init__.py:545}}
Sep 15 10:42:09.229939 dv-cinder-824149-8-iscsi devstack@keystone.service[81387]: DEBUG dbcounter [-] [81387] Writing DB stats keystone:SELECT=100 {{(pid=81387) stat_writer /usr/local/lib/python3.8/dist-packages/dbcounter.py:114}}
Sep 15 10:42:09.237360 dv-cinder-824149-8-iscsi devstack@keystone.service[81388]: DEBUG keystone.server.flask.request_processing.middleware.auth_context [None req-04113220-d7ce-482c-a367-9b59a79d15fa None admin] RBAC: auth_context: {'token': , 'domain_id': None, 'trust_id': None, 'trustor_id': None, 'trustee_id': None, 'domain_name': None, 'group_ids': [], 'user_id': 'c62c262317454775845cb45d452c8ab2', 'user_domain_id': 'default', 'system_scope': 'all', 'project_id': None, 'project_domain_id': None, 'roles': ['admin', 'member', 'reader'], 'is_admin_project': True, 'service_user_id': None, 'service_user_domain_id': None, 'service_project_id': None, 'service_project_domain_id': None, 'service_roles': []} {{(pid=81388) fill_context /opt/stack/keystone/keystone/server/flask/request_processing/middleware/auth_context.py:478}}
Sep 15 10:42:09.238662 dv-cinder-824149-8-iscsi devstack@keystone.service[81388]: DEBUG keystone.server.flask.request_processing.req_logging [None req-04113220-d7ce-482c-a367-9b59a79d15fa None admin] REQUEST_METHOD: `GET` {{(pid=81388) log_request_info /opt/stack/keystone/keystone/server/flask/request_processing/req_logging.py:27}}
Sep 15 10:42:09.238956 dv-cinder-824149-8-iscsi devstack@keystone.service[81388]: DEBUG keystone.server.flask.request_processing.req_logging [None req-04113220-d7ce-482c-a367-9b59a79d15fa None admin] SCRIPT_NAME: `/identity` {{(pid=81388) log_request_info /opt/stack/keystone/keystone/server/flask/request_processing/req_logging.py:28}}
Sep 15 10:42:09.239240 dv-cinder-824149-8-iscsi devstack@keystone.service[81388]: DEBUG keystone.server.flask.request_processing.req_logging [None req-04113220-d7ce-482c-a367-9b59a79d15fa None admin] PATH_INFO: `/v3/domains/default` {{(pid=81388) log_request_info /opt/stack/keystone/keystone/server/flask/request_processing/req_logging.py:29}}
Sep 15 10:42:09.240366 dv-cinder-824149-8-iscsi devstack@keystone.service[81388]: DEBUG keystone.common.rbac_enforcer.enforcer [None req-04113220-d7ce-482c-a367-9b59a79d15fa None admin] RBAC: Authorizing `identity:get_domain(domain_id=default)` {{(pid=81388) enforce_call /opt/stack/keystone/keystone/common/rbac_enforcer/enforcer.py:449}}
Sep 15 10:42:09.241854 dv-cinder-824149-8-iscsi devstack@keystone.service[81388]: DEBUG keystone.common.rbac_enforcer.enforcer [None req-04113220-d7ce-482c-a367-9b59a79d15fa None admin] RBAC: Authorization granted {{(pid=81388) enforce_call /opt/stack/keystone/keystone/common/rbac_enforcer/enforcer.py:457}}
Sep 15 10:42:09.243433 dv-cinder-824149-8-iscsi devstack@keystone.service[81388]: [pid: 81388|app: 0|req: 40/84] 10.222.0.50 () {56 vars in 1108 bytes} [Thu Sep 15 10:42:09 2022] GET /identity/v3/domains/default => generated 199 bytes in 145 msecs (HTTP/1.1 200) 5 headers in 177 bytes (1 switches on core 0)
Sep 15 10:42:09.244437 dv-cinder-824149-8-iscsi devstack@keystone.service[81388]: DEBUG keystone.server.flask.request_processing.middleware.auth_context [None req-04113220-d7ce-482c-a367-9b59a79d15fa None admin] Authenticating user token {{(pid=81388) process_request /usr/local/lib/python3.8/dist-packages/keystonemiddleware/auth_token/__init__.py:407}}
Sep 15 10:42:09.259602 dv-cinder-824149-8-iscsi devstack@keystone.service[81387]: DEBUG keystone.server.flask.request_processing.middleware.auth_context [None req-e92adae1-1bd7-44ae-86d3-04134525094d None admin] RBAC: auth_context: {'token': , 'domain_id': None, 'trust_id': None, 'trustor_id': None, 'trustee_id': None, 'domain_name': None, 'group_ids': [], 'user_id': 'c62c262317454775845cb45d452c8ab2', 'user_domain_id': 'default', 'system_scope': 'all', 'project_id': None, 'project_domain_id': None, 'roles': ['admin', 'member', 'reader'], 'is_admin_project': True, 'service_user_id': None, 'service_user_domain_id': None, 'service_project_id': None, 'service_project_domain_id': None, 'service_roles': []} {{(pid=81387) fill_context /opt/stack/keystone/keystone/server/flask/request_processing/middleware/auth_context.py:478}}
Sep 15 10:42:09.260211 dv-cinder-824149-8-iscsi devstack@keystone.service[81387]: DEBUG keystone.server.flask.request_processing.req_logging [None req-e92adae1-1bd7-44ae-86d3-04134525094d None admin] REQUEST_METHOD: `GET` {{(pid=81387) log_request_info /opt/stack/keystone/keystone/server/flask/request_processing/req_logging.py:27}}
Sep 15 10:42:09.260491 dv-cinder-824149-8-iscsi devstack@keystone.service[81387]: DEBUG keystone.server.flask.request_processing.req_logging [None req-e92adae1-1bd7-44ae-86d3-04134525094d None admin] SCRIPT_NAME: `/identity` {{(pid=81387) log_request_info /opt/stack/keystone/keystone/server/flask/request_processing/req_logging.py:28}}
Sep 15 10:42:09.260764 dv-cinder-824149-8-iscsi devstack@keystone.service[81387]: DEBUG keystone.server.flask.request_processing.req_logging [None req-e92adae1-1bd7-44ae-86d3-04134525094d None admin] PATH_INFO: `/v3/role_assignments` {{(pid=81387) log_request_info /opt/stack/keystone/keystone/server/flask/request_processing/req_logging.py:29}}
Sep 15 10:42:09.261514 dv-cinder-824149-8-iscsi devstack@keystone.service[81387]: DEBUG keystone.common.rbac_enforcer.enforcer [None req-e92adae1-1bd7-44ae-86d3-04134525094d None admin] RBAC: Adding query filter params (role.id=4cef964ca8d143eaadbb479db64250f1, scope.project.id=a9cd5f1606ad462482bd725a3a3537a3, user.id=c7a4ccc7e7914c20a0f1117adfd425c9) {{(pid=81387) _extract_filter_values /opt/stack/keystone/keystone/common/rbac_enforcer/enforcer.py:167}}
Sep 15 10:42:09.261820 dv-cinder-824149-8-iscsi devstack@keystone.service[81387]: DEBUG keystone.common.rbac_enforcer.enforcer [None req-e92adae1-1bd7-44ae-86d3-04134525094d None admin] RBAC: Authorizing `identity:list_role_assignments()` {{(pid=81387) enforce_call /opt/stack/keystone/keystone/common/rbac_enforcer/enforcer.py:449}}
Sep 15 10:42:09.263268 dv-cinder-824149-8-iscsi devstack@keystone.service[81387]: DEBUG keystone.common.rbac_enforcer.enforcer [None req-e92adae1-1bd7-44ae-86d3-04134525094d None admin] RBAC: Authorization granted {{(pid=81387) enforce_call /opt/stack/keystone/keystone/common/rbac_enforcer/enforcer.py:457}}
Sep 15 10:42:09.268643 dv-cinder-824149-8-iscsi devstack@keystone.service[81387]: [pid: 81387|app: 0|req: 45/85] 10.222.0.50 () {56 vars in 1374 bytes} [Thu Sep 15 10:42:09 2022] GET /identity/v3/role_assignments?user.id=c7a4ccc7e7914c20a0f1117adfd425c9&scope.project.id=a9cd5f1606ad462482bd725a3a3537a3&role.id=4cef964ca8d143eaadbb479db64250f1 => generated 259 bytes in 146 msecs (HTTP/1.1 200) 5 headers in 177 bytes (1 switches on core 0)
Sep 15 10:42:09.270070 dv-cinder-824149-8-iscsi devstack@keystone.service[81387]: DEBUG keystone.server.flask.request_processing.middleware.auth_context [None req-e92adae1-1bd7-44ae-86d3-04134525094d None admin] Authenticating user token {{(pid=81387) process_request /usr/local/lib/python3.8/dist-packages/keystonemiddleware/auth_token/__init__.py:407}}
Sep 15 10:42:09.377788 dv-cinder-824149-8-iscsi devstack@keystone.service[81388]: DEBUG keystone.server.flask.request_processing.middleware.auth_context [None req-04113220-d7ce-482c-a367-9b59a79d15fa None admin] Validating token access rules against request {{(pid=81388) validate_allowed_request /usr/local/lib/python3.8/dist-packages/keystonemiddleware/auth_token/__init__.py:545}}
Sep 15 10:42:09.384512 dv-cinder-824149-8-iscsi devstack@keystone.service[81387]: DEBUG keystone.server.flask.request_processing.middleware.auth_context [None req-e92adae1-1bd7-44ae-86d3-04134525094d None admin] Validating token access rules against request {{(pid=81387) validate_allowed_request /usr/local/lib/python3.8/dist-packages/keystonemiddleware/auth_token/__init__.py:545}}
Sep 15 10:42:09.417146 dv-cinder-824149-8-iscsi devstack@keystone.service[81388]: DEBUG keystone.server.flask.request_processing.middleware.auth_context [None req-f87224e9-d17b-4a08-8440-daa37a3d3045 None admin] RBAC: auth_context: {'token': , 'domain_id': None, 'trust_id': None, 'trustor_id': None, 'trustee_id': None, 'domain_name': None, 'group_ids': [], 'user_id': 'c62c262317454775845cb45d452c8ab2', 'user_domain_id': 'default', 'system_scope': 'all', 'project_id': None, 'project_domain_id': None, 'roles': ['admin', 'member', 'reader'], 'is_admin_project': True, 'service_user_id': None, 'service_user_domain_id': None, 'service_project_id': None, 'service_project_domain_id': None, 'service_roles': []} {{(pid=81388) fill_context /opt/stack/keystone/keystone/server/flask/request_processing/middleware/auth_context.py:478}}
Sep 15 10:42:09.417793 dv-cinder-824149-8-iscsi devstack@keystone.service[81388]: DEBUG keystone.server.flask.request_processing.req_logging [None req-f87224e9-d17b-4a08-8440-daa37a3d3045 None admin] REQUEST_METHOD: `GET` {{(pid=81388) log_request_info /opt/stack/keystone/keystone/server/flask/request_processing/req_logging.py:27}}
Sep 15 10:42:09.418076 dv-cinder-824149-8-iscsi devstack@keystone.service[81388]: DEBUG keystone.server.flask.request_processing.req_logging [None req-f87224e9-d17b-4a08-8440-daa37a3d3045 None admin] SCRIPT_NAME: `/identity` {{(pid=81388) log_request_info /opt/stack/keystone/keystone/server/flask/request_processing/req_logging.py:28}}
Sep 15 10:42:09.418354 dv-cinder-824149-8-iscsi devstack@keystone.service[81388]: DEBUG keystone.server.flask.request_processing.req_logging [None req-f87224e9-d17b-4a08-8440-daa37a3d3045 None admin] PATH_INFO: `/v3/roles` {{(pid=81388) log_request_info /opt/stack/keystone/keystone/server/flask/request_processing/req_logging.py:29}}
Sep 15 10:42:09.419039 dv-cinder-824149-8-iscsi devstack@keystone.service[81388]: DEBUG keystone.common.rbac_enforcer.enforcer [None req-f87224e9-d17b-4a08-8440-daa37a3d3045 None admin] RBAC: Adding query filter params (name=member) {{(pid=81388) _extract_filter_values /opt/stack/keystone/keystone/common/rbac_enforcer/enforcer.py:167}}
Sep 15 10:42:09.419348 dv-cinder-824149-8-iscsi devstack@keystone.service[81388]: DEBUG keystone.common.rbac_enforcer.enforcer [None req-f87224e9-d17b-4a08-8440-daa37a3d3045 None admin] RBAC: Authorizing `identity:list_roles()` {{(pid=81388) enforce_call /opt/stack/keystone/keystone/common/rbac_enforcer/enforcer.py:449}}
Sep 15 10:42:09.420761 dv-cinder-824149-8-iscsi devstack@keystone.service[81388]: DEBUG keystone.common.rbac_enforcer.enforcer [None req-f87224e9-d17b-4a08-8440-daa37a3d3045 None admin] RBAC: Authorization granted {{(pid=81388) enforce_call /opt/stack/keystone/keystone/common/rbac_enforcer/enforcer.py:457}}
Sep 15 10:42:09.422748 dv-cinder-824149-8-iscsi devstack@keystone.service[81387]: DEBUG keystone.server.flask.request_processing.middleware.auth_context [None req-d982987e-28ab-4322-8d03-e6dab47ba064 None admin] RBAC: auth_context: {'token': , 'domain_id': None, 'trust_id': None, 'trustor_id': None, 'trustee_id': None, 'domain_name': None, 'group_ids': [], 'user_id': 'c62c262317454775845cb45d452c8ab2', 'user_domain_id': 'default', 'system_scope': 'all', 'project_id': None, 'project_domain_id': None, 'roles': ['admin', 'member', 'reader'], 'is_admin_project': True, 'service_user_id': None, 'service_user_domain_id': None, 'service_project_id': None, 'service_project_domain_id': None, 'service_roles': []} {{(pid=81387) fill_context /opt/stack/keystone/keystone/server/flask/request_processing/middleware/auth_context.py:478}}
Sep 15 10:42:09.423408 dv-cinder-824149-8-iscsi devstack@keystone.service[81387]: DEBUG keystone.server.flask.request_processing.req_logging [None req-d982987e-28ab-4322-8d03-e6dab47ba064 None admin] REQUEST_METHOD: `GET` {{(pid=81387) log_request_info /opt/stack/keystone/keystone/server/flask/request_processing/req_logging.py:27}}
Sep 15 10:42:09.423668 dv-cinder-824149-8-iscsi devstack@keystone.service[81387]: DEBUG keystone.server.flask.request_processing.req_logging [None req-d982987e-28ab-4322-8d03-e6dab47ba064 None admin] SCRIPT_NAME: `/identity` {{(pid=81387) log_request_info /opt/stack/keystone/keystone/server/flask/request_processing/req_logging.py:28}}
Sep 15 10:42:09.423943 dv-cinder-824149-8-iscsi devstack@keystone.service[81387]: DEBUG keystone.server.flask.request_processing.req_logging [None req-d982987e-28ab-4322-8d03-e6dab47ba064 None admin] PATH_INFO: `/v3/auth/tokens` {{(pid=81387) log_request_info /opt/stack/keystone/keystone/server/flask/request_processing/req_logging.py:29}}
Sep 15 10:42:09.439832 dv-cinder-824149-8-iscsi devstack@keystone.service[81388]: [pid: 81388|app: 0|req: 41/86] 10.222.0.50 () {56 vars in 1101 bytes} [Thu Sep 15 10:42:09 2022] GET /identity/v3/roles?name=member => generated 341 bytes in 191 msecs (HTTP/1.1 200) 5 headers in 177 bytes (1 switches on core 0)
Sep 15 10:42:09.439832 dv-cinder-824149-8-iscsi devstack@keystone.service[81388]: DEBUG keystone.server.flask.request_processing.middleware.auth_context [None req-f87224e9-d17b-4a08-8440-daa37a3d3045 None admin] Authenticating user token {{(pid=81388) process_request /usr/local/lib/python3.8/dist-packages/keystonemiddleware/auth_token/__init__.py:407}}
Sep 15 10:42:09.472655 dv-cinder-824149-8-iscsi devstack@keystone.service[81387]: DEBUG dbcounter [-] [81387] Writing DB stats keystone:SELECT=100 {{(pid=81387) stat_writer /usr/local/lib/python3.8/dist-packages/dbcounter.py:114}}
Sep 15 10:42:09.481662 dv-cinder-824149-8-iscsi devstack@keystone.service[81388]: DEBUG dbcounter [-] [81388] Writing DB stats keystone:SELECT=100 {{(pid=81388) stat_writer /usr/local/lib/python3.8/dist-packages/dbcounter.py:114}}
Sep 15 10:42:09.510758 dv-cinder-824149-8-iscsi devstack@keystone.service[81387]: DEBUG keystone.common.rbac_enforcer.enforcer [None req-d982987e-28ab-4322-8d03-e6dab47ba064 None admin] RBAC: Authorizing `identity:validate_token()` {{(pid=81387) enforce_call /opt/stack/keystone/keystone/common/rbac_enforcer/enforcer.py:449}}
Sep 15 10:42:09.512258 dv-cinder-824149-8-iscsi devstack@keystone.service[81387]: DEBUG keystone.common.rbac_enforcer.enforcer [None req-d982987e-28ab-4322-8d03-e6dab47ba064 None admin] RBAC: Authorization granted {{(pid=81387) enforce_call /opt/stack/keystone/keystone/common/rbac_enforcer/enforcer.py:457}}
Sep 15 10:42:09.565041 dv-cinder-824149-8-iscsi devstack@keystone.service[81388]: DEBUG keystone.server.flask.request_processing.middleware.auth_context [None req-f87224e9-d17b-4a08-8440-daa37a3d3045 None admin] Validating token access rules against request {{(pid=81388) validate_allowed_request /usr/local/lib/python3.8/dist-packages/keystonemiddleware/auth_token/__init__.py:545}}
Sep 15 10:42:09.602635 dv-cinder-824149-8-iscsi devstack@keystone.service[81388]: DEBUG keystone.server.flask.request_processing.middleware.auth_context [None req-8812cf35-91ad-4758-b181-5ca874300832 None admin] RBAC: auth_context: {'token': , 'domain_id': None, 'trust_id': None, 'trustor_id': None, 'trustee_id': None, 'domain_name': None, 'group_ids': [], 'user_id': 'c62c262317454775845cb45d452c8ab2', 'user_domain_id': 'default', 'system_scope': 'all', 'project_id': None, 'project_domain_id': None, 'roles': ['admin', 'member', 'reader'], 'is_admin_project': True, 'service_user_id': None, 'service_user_domain_id': None, 'service_project_id': None, 'service_project_domain_id': None, 'service_roles': []} {{(pid=81388) fill_context /opt/stack/keystone/keystone/server/flask/request_processing/middleware/auth_context.py:478}}
Sep 15 10:42:09.603255 dv-cinder-824149-8-iscsi devstack@keystone.service[81388]: DEBUG keystone.server.flask.request_processing.req_logging [None req-8812cf35-91ad-4758-b181-5ca874300832 None admin] REQUEST_METHOD: `GET` {{(pid=81388) log_request_info /opt/stack/keystone/keystone/server/flask/request_processing/req_logging.py:27}}
Sep 15 10:42:09.603544 dv-cinder-824149-8-iscsi devstack@keystone.service[81388]: DEBUG keystone.server.flask.request_processing.req_logging [None req-8812cf35-91ad-4758-b181-5ca874300832 None admin] SCRIPT_NAME: `/identity` {{(pid=81388) log_request_info /opt/stack/keystone/keystone/server/flask/request_processing/req_logging.py:28}}
Sep 15 10:42:09.603824 dv-cinder-824149-8-iscsi devstack@keystone.service[81388]: DEBUG keystone.server.flask.request_processing.req_logging [None req-8812cf35-91ad-4758-b181-5ca874300832 None admin] PATH_INFO: `/v3/auth/tokens` {{(pid=81388) log_request_info /opt/stack/keystone/keystone/server/flask/request_processing/req_logging.py:29}}
Sep 15 10:42:09.621404 dv-cinder-824149-8-iscsi devstack@keystone.service[81387]: [pid: 81387|app: 0|req: 46/87] 10.222.0.50 () {58 vars in 1282 bytes} [Thu Sep 15 10:42:09 2022] GET /identity/v3/auth/tokens => generated 799 bytes in 348 msecs (HTTP/1.1 200) 6 headers in 358 bytes (1 switches on core 0)
Sep 15 10:42:09.621404 dv-cinder-824149-8-iscsi devstack@keystone.service[81387]: DEBUG keystone.server.flask.request_processing.middleware.auth_context [None req-d982987e-28ab-4322-8d03-e6dab47ba064 None admin] Authenticating user token {{(pid=81387) process_request /usr/local/lib/python3.8/dist-packages/keystonemiddleware/auth_token/__init__.py:407}}
Sep 15 10:42:09.682299 dv-cinder-824149-8-iscsi devstack@keystone.service[81388]: DEBUG keystone.common.rbac_enforcer.enforcer [None req-8812cf35-91ad-4758-b181-5ca874300832 None admin] RBAC: Authorizing `identity:validate_token()` {{(pid=81388) enforce_call /opt/stack/keystone/keystone/common/rbac_enforcer/enforcer.py:449}}
Sep 15 10:42:09.683823 dv-cinder-824149-8-iscsi devstack@keystone.service[81388]: DEBUG keystone.common.rbac_enforcer.enforcer [None req-8812cf35-91ad-4758-b181-5ca874300832 None admin] RBAC: Authorization granted {{(pid=81388) enforce_call /opt/stack/keystone/keystone/common/rbac_enforcer/enforcer.py:457}}
Sep 15 10:42:09.689843 dv-cinder-824149-8-iscsi devstack@keystone.service[81387]: DEBUG dbcounter [-] [81387] Writing DB stats keystone:SELECT=100 {{(pid=81387) stat_writer /usr/local/lib/python3.8/dist-packages/dbcounter.py:114}}
Sep 15 10:42:09.723924 dv-cinder-824149-8-iscsi devstack@keystone.service[81387]: DEBUG keystone.server.flask.request_processing.middleware.auth_context [None req-d982987e-28ab-4322-8d03-e6dab47ba064 None admin] Validating token access rules against request {{(pid=81387) validate_allowed_request /usr/local/lib/python3.8/dist-packages/keystonemiddleware/auth_token/__init__.py:545}}
Sep 15 10:42:09.730482 dv-cinder-824149-8-iscsi devstack@keystone.service[81388]: DEBUG dbcounter [-] [81388] Writing DB stats keystone:SELECT=100 {{(pid=81388) stat_writer /usr/local/lib/python3.8/dist-packages/dbcounter.py:114}}
Sep 15 10:42:09.762201 dv-cinder-824149-8-iscsi devstack@keystone.service[81387]: DEBUG keystone.server.flask.request_processing.middleware.auth_context [None req-620bd45f-f61f-4fa8-9bce-002da530d1c6 None admin] RBAC: auth_context: {'token': , 'domain_id': None, 'trust_id': None, 'trustor_id': None, 'trustee_id': None, 'domain_name': None, 'group_ids': [], 'user_id': 'c62c262317454775845cb45d452c8ab2', 'user_domain_id': 'default', 'system_scope': 'all', 'project_id': None, 'project_domain_id': None, 'roles': ['admin', 'member', 'reader'], 'is_admin_project': True, 'service_user_id': None, 'service_user_domain_id': None, 'service_project_id': None, 'service_project_domain_id': None, 'service_roles': []} {{(pid=81387) fill_context /opt/stack/keystone/keystone/server/flask/request_processing/middleware/auth_context.py:478}}
Sep 15 10:42:09.762960 dv-cinder-824149-8-iscsi devstack@keystone.service[81387]: DEBUG keystone.server.flask.request_processing.req_logging [None req-620bd45f-f61f-4fa8-9bce-002da530d1c6 None admin] REQUEST_METHOD: `POST` {{(pid=81387) log_request_info /opt/stack/keystone/keystone/server/flask/request_processing/req_logging.py:27}}
Sep 15 10:42:09.763252 dv-cinder-824149-8-iscsi devstack@keystone.service[81387]: DEBUG keystone.server.flask.request_processing.req_logging [None req-620bd45f-f61f-4fa8-9bce-002da530d1c6 None admin] SCRIPT_NAME: `/identity` {{(pid=81387) log_request_info /opt/stack/keystone/keystone/server/flask/request_processing/req_logging.py:28}}
Sep 15 10:42:09.763535 dv-cinder-824149-8-iscsi devstack@keystone.service[81387]: DEBUG keystone.server.flask.request_processing.req_logging [None req-620bd45f-f61f-4fa8-9bce-002da530d1c6 None admin] PATH_INFO: `/v3/users` {{(pid=81387) log_request_info /opt/stack/keystone/keystone/server/flask/request_processing/req_logging.py:29}}
Sep 15 10:42:09.764201 dv-cinder-824149-8-iscsi devstack@keystone.service[81387]: DEBUG keystone.common.rbac_enforcer.enforcer [None req-620bd45f-f61f-4fa8-9bce-002da530d1c6 None admin] RBAC: Authorizing `identity:create_user()` {{(pid=81387) enforce_call /opt/stack/keystone/keystone/common/rbac_enforcer/enforcer.py:449}}
Sep 15 10:42:09.765690 dv-cinder-824149-8-iscsi devstack@keystone.service[81387]: DEBUG keystone.common.rbac_enforcer.enforcer [None req-620bd45f-f61f-4fa8-9bce-002da530d1c6 None admin] RBAC: Authorization granted {{(pid=81387) enforce_call /opt/stack/keystone/keystone/common/rbac_enforcer/enforcer.py:457}}
Sep 15 10:42:09.796441 dv-cinder-824149-8-iscsi devstack@keystone.service[81388]: [pid: 81388|app: 0|req: 42/88] 10.222.0.50 () {58 vars in 1282 bytes} [Thu Sep 15 10:42:09 2022] GET /identity/v3/auth/tokens => generated 799 bytes in 361 msecs (HTTP/1.1 200) 6 headers in 358 bytes (1 switches on core 0)
Sep 15 10:42:09.797104 dv-cinder-824149-8-iscsi devstack@keystone.service[81387]: [pid: 81387|app: 0|req: 47/89] 10.222.0.50 () {60 vars in 1132 bytes} [Thu Sep 15 10:42:09 2022] POST /identity/v3/users => generated 289 bytes in 180 msecs (HTTP/1.1 201) 5 headers in 182 bytes (1 switches on core 0)
Sep 15 10:42:09.797810 dv-cinder-824149-8-iscsi devstack@keystone.service[81387]: DEBUG keystone.server.flask.request_processing.middleware.auth_context [None req-620bd45f-f61f-4fa8-9bce-002da530d1c6 None admin] Authenticating user token {{(pid=81387) process_request /usr/local/lib/python3.8/dist-packages/keystonemiddleware/auth_token/__init__.py:407}}
Sep 15 10:42:09.798317 dv-cinder-824149-8-iscsi devstack@keystone.service[81388]: DEBUG keystone.server.flask.request_processing.middleware.auth_context [None req-8812cf35-91ad-4758-b181-5ca874300832 None admin] Authenticating user token {{(pid=81388) process_request /usr/local/lib/python3.8/dist-packages/keystonemiddleware/auth_token/__init__.py:407}}
Sep 15 10:42:09.923860 dv-cinder-824149-8-iscsi devstack@keystone.service[81388]: DEBUG keystone.server.flask.request_processing.middleware.auth_context [None req-8812cf35-91ad-4758-b181-5ca874300832 None admin] Validating token access rules against request {{(pid=81388) validate_allowed_request /usr/local/lib/python3.8/dist-packages/keystonemiddleware/auth_token/__init__.py:545}}
Sep 15 10:42:09.934832 dv-cinder-824149-8-iscsi devstack@keystone.service[81387]: DEBUG keystone.server.flask.request_processing.middleware.auth_context [None req-620bd45f-f61f-4fa8-9bce-002da530d1c6 None admin] Validating token access rules against request {{(pid=81387) validate_allowed_request /usr/local/lib/python3.8/dist-packages/keystonemiddleware/auth_token/__init__.py:545}}
Sep 15 10:42:09.965946 dv-cinder-824149-8-iscsi devstack@keystone.service[81388]: DEBUG keystone.server.flask.request_processing.middleware.auth_context [None req-0fc5da40-b87d-4e2e-8eb2-82427c2ff6e6 None admin] RBAC: auth_context: {'token': , 'domain_id': None, 'trust_id': None, 'trustor_id': None, 'trustee_id': None, 'domain_name': None, 'group_ids': [], 'user_id': 'c62c262317454775845cb45d452c8ab2', 'user_domain_id': 'default', 'system_scope': 'all', 'project_id': None, 'project_domain_id': None, 'roles': ['admin', 'member', 'reader'], 'is_admin_project': True, 'service_user_id': None, 'service_user_domain_id': None, 'service_project_id': None, 'service_project_domain_id': None, 'service_roles': []} {{(pid=81388) fill_context /opt/stack/keystone/keystone/server/flask/request_processing/middleware/auth_context.py:478}}
Sep 15 10:42:09.966447 dv-cinder-824149-8-iscsi devstack@keystone.service[81387]: DEBUG dbcounter [-] [81387] Writing DB stats keystone:SELECT=97,keystone:INSERT=3 {{(pid=81387) stat_writer /usr/local/lib/python3.8/dist-packages/dbcounter.py:114}}
Sep 15 10:42:09.967038 dv-cinder-824149-8-iscsi devstack@keystone.service[81388]: DEBUG keystone.server.flask.request_processing.req_logging [None req-0fc5da40-b87d-4e2e-8eb2-82427c2ff6e6 None admin] REQUEST_METHOD: `GET` {{(pid=81388) log_request_info /opt/stack/keystone/keystone/server/flask/request_processing/req_logging.py:27}}
Sep 15 10:42:09.967038 dv-cinder-824149-8-iscsi devstack@keystone.service[81388]: DEBUG keystone.server.flask.request_processing.req_logging [None req-0fc5da40-b87d-4e2e-8eb2-82427c2ff6e6 None admin] SCRIPT_NAME: `/identity` {{(pid=81388) log_request_info /opt/stack/keystone/keystone/server/flask/request_processing/req_logging.py:28}}
Sep 15 10:42:09.967391 dv-cinder-824149-8-iscsi devstack@keystone.service[81388]: DEBUG keystone.server.flask.request_processing.req_logging [None req-0fc5da40-b87d-4e2e-8eb2-82427c2ff6e6 None admin] PATH_INFO: `/v3/users/c7a4ccc7e7914c20a0f1117adfd425c9` {{(pid=81388) log_request_info /opt/stack/keystone/keystone/server/flask/request_processing/req_logging.py:29}}
Sep 15 10:42:09.968680 dv-cinder-824149-8-iscsi devstack@keystone.service[81388]: DEBUG keystone.common.rbac_enforcer.enforcer [None req-0fc5da40-b87d-4e2e-8eb2-82427c2ff6e6 None admin] RBAC: Authorizing `identity:get_user(user_id=c7a4ccc7e7914c20a0f1117adfd425c9)` {{(pid=81388) enforce_call /opt/stack/keystone/keystone/common/rbac_enforcer/enforcer.py:449}}
Sep 15 10:42:09.970308 dv-cinder-824149-8-iscsi devstack@keystone.service[81388]: DEBUG keystone.common.rbac_enforcer.enforcer [None req-0fc5da40-b87d-4e2e-8eb2-82427c2ff6e6 None admin] RBAC: Authorization granted {{(pid=81388) enforce_call /opt/stack/keystone/keystone/common/rbac_enforcer/enforcer.py:457}}
Sep 15 10:42:09.972272 dv-cinder-824149-8-iscsi devstack@keystone.service[81388]: [pid: 81388|app: 0|req: 43/90] 10.222.0.50 () {56 vars in 1177 bytes} [Thu Sep 15 10:42:09 2022] GET /identity/v3/users/c7a4ccc7e7914c20a0f1117adfd425c9 => generated 275 bytes in 175 msecs (HTTP/1.1 200) 5 headers in 177 bytes (1 switches on core 0)
Sep 15 10:42:09.973475 dv-cinder-824149-8-iscsi devstack@keystone.service[81388]: DEBUG keystone.server.flask.request_processing.middleware.auth_context [None req-0fc5da40-b87d-4e2e-8eb2-82427c2ff6e6 None admin] Authenticating user token {{(pid=81388) process_request /usr/local/lib/python3.8/dist-packages/keystonemiddleware/auth_token/__init__.py:407}}
Sep 15 10:42:09.977284 dv-cinder-824149-8-iscsi devstack@keystone.service[81387]: DEBUG keystone.server.flask.request_processing.middleware.auth_context [None req-9074dcfe-d269-435d-91f2-d166890cfd55 None admin] RBAC: auth_context: {'token': , 'domain_id': None, 'trust_id': None, 'trustor_id': None, 'trustee_id': None, 'domain_name': None, 'group_ids': [], 'user_id': 'c62c262317454775845cb45d452c8ab2', 'user_domain_id': 'default', 'system_scope': 'all', 'project_id': None, 'project_domain_id': None, 'roles': ['admin', 'member', 'reader'], 'is_admin_project': True, 'service_user_id': None, 'service_user_domain_id': None, 'service_project_id': None, 'service_project_domain_id': None, 'service_roles': []} {{(pid=81387) fill_context /opt/stack/keystone/keystone/server/flask/request_processing/middleware/auth_context.py:478}}
Sep 15 10:42:09.978071 dv-cinder-824149-8-iscsi devstack@keystone.service[81387]: DEBUG keystone.server.flask.request_processing.req_logging [None req-9074dcfe-d269-435d-91f2-d166890cfd55 None admin] REQUEST_METHOD: `GET` {{(pid=81387) log_request_info /opt/stack/keystone/keystone/server/flask/request_processing/req_logging.py:27}}
Sep 15 10:42:09.978724 dv-cinder-824149-8-iscsi devstack@keystone.service[81387]: DEBUG keystone.server.flask.request_processing.req_logging [None req-9074dcfe-d269-435d-91f2-d166890cfd55 None admin] SCRIPT_NAME: `/identity` {{(pid=81387) log_request_info /opt/stack/keystone/keystone/server/flask/request_processing/req_logging.py:28}}
Sep 15 10:42:09.979261 dv-cinder-824149-8-iscsi devstack@keystone.service[81387]: DEBUG keystone.server.flask.request_processing.req_logging [None req-9074dcfe-d269-435d-91f2-d166890cfd55 None admin] PATH_INFO: `/v3/projects/a9cd5f1606ad462482bd725a3a3537a3` {{(pid=81387) log_request_info /opt/stack/keystone/keystone/server/flask/request_processing/req_logging.py:29}}
Sep 15 10:42:09.980773 dv-cinder-824149-8-iscsi devstack@keystone.service[81387]: DEBUG keystone.common.rbac_enforcer.enforcer [None req-9074dcfe-d269-435d-91f2-d166890cfd55 None admin] RBAC: Authorizing `identity:get_project(project_id=a9cd5f1606ad462482bd725a3a3537a3)` {{(pid=81387) enforce_call /opt/stack/keystone/keystone/common/rbac_enforcer/enforcer.py:449}}
Sep 15 10:42:09.982395 dv-cinder-824149-8-iscsi devstack@keystone.service[81387]: DEBUG keystone.common.rbac_enforcer.enforcer [None req-9074dcfe-d269-435d-91f2-d166890cfd55 None admin] RBAC: Authorization granted {{(pid=81387) enforce_call /opt/stack/keystone/keystone/common/rbac_enforcer/enforcer.py:457}}
Sep 15 10:42:09.984150 dv-cinder-824149-8-iscsi devstack@keystone.service[81387]: [pid: 81387|app: 0|req: 48/91] 10.222.0.50 () {56 vars in 1186 bytes} [Thu Sep 15 10:42:09 2022] GET /identity/v3/projects/a9cd5f1606ad462482bd725a3a3537a3 => generated 298 bytes in 187 msecs (HTTP/1.1 200) 5 headers in 177 bytes (1 switches on core 0)
Sep 15 10:42:09.985091 dv-cinder-824149-8-iscsi devstack@keystone.service[81387]: DEBUG keystone.server.flask.request_processing.middleware.auth_context [None req-9074dcfe-d269-435d-91f2-d166890cfd55 None admin] Authenticating user token {{(pid=81387) process_request /usr/local/lib/python3.8/dist-packages/keystonemiddleware/auth_token/__init__.py:407}}
Sep 15 10:42:09.994025 dv-cinder-824149-8-iscsi devstack@keystone.service[81388]: DEBUG dbcounter [-] [81388] Writing DB stats keystone:SELECT=100 {{(pid=81388) stat_writer /usr/local/lib/python3.8/dist-packages/dbcounter.py:114}}
Sep 15 10:42:10.124849 dv-cinder-824149-8-iscsi devstack@keystone.service[81388]: DEBUG keystone.server.flask.request_processing.middleware.auth_context [None req-0fc5da40-b87d-4e2e-8eb2-82427c2ff6e6 None admin] Validating token access rules against request {{(pid=81388) validate_allowed_request /usr/local/lib/python3.8/dist-packages/keystonemiddleware/auth_token/__init__.py:545}}
Sep 15 10:42:10.137909 dv-cinder-824149-8-iscsi devstack@keystone.service[81387]: DEBUG keystone.server.flask.request_processing.middleware.auth_context [None req-9074dcfe-d269-435d-91f2-d166890cfd55 None admin] Validating token access rules against request {{(pid=81387) validate_allowed_request /usr/local/lib/python3.8/dist-packages/keystonemiddleware/auth_token/__init__.py:545}}
