Mar 22 12:43:10.417848 dv-cinder-824149-5-smb neutron-server[109931]: DEBUG neutron_lib.callbacks.manager [None req-c4313515-a1c5-4cda-967a-8f10b1cccf98 None None] Publish callbacks ['neutron.services.segments.db._update_segment_host_mapping_for_agent-8757208820785', 'neutron.plugins.ml2.plugin.Ml2Plugin._retry_binding_revived_agents-886652'] for agent (eeccd465-ec02-4477-8b26-fc9b3eea863c), after_update {{(pid=109931) _notify_loop /usr/local/lib/python3.8/dist-packages/neutron_lib/callbacks/manager.py:176}}
Mar 22 12:43:10.433419 dv-cinder-824149-5-smb neutron-server[109929]: INFO neutron.wsgi [req-1a5c3525-f0f6-443a-ba2e-864ebbb7732d req-443b5783-7011-4c53-97f2-941c795d5e59 service neutron] 10.222.0.71 "GET /v2.0/networks/30762c64-3b24-4ee6-aa7c-5b38a0af36c5?fields=provider%3Aphysical_network&fields=provider%3Anetwork_type HTTP/1.1" status: 200 len: 281 time: 0.9776952
Mar 22 12:43:10.462007 dv-cinder-824149-5-smb neutron-server[109930]: DEBUG neutron_lib.callbacks.manager [None req-eef3e0fc-8c82-482a-8e4a-4be9849523ba admin admin] Publish callbacks ['neutron.plugins.ml2.ovo_rpc._ObjectChangeHandler.handle_event-1688878'] for security_group (64105ed2-94da-4758-8af6-da3b082371a5), after_delete {{(pid=109930) _notify_loop /usr/local/lib/python3.8/dist-packages/neutron_lib/callbacks/manager.py:176}}
Mar 22 12:43:10.464978 dv-cinder-824149-5-smb neutron-server[109930]: DEBUG neutron_lib.callbacks.manager [None req-eef3e0fc-8c82-482a-8e4a-4be9849523ba admin admin] Publish callbacks [] for security_group (None), before_response {{(pid=109930) _notify_loop /usr/local/lib/python3.8/dist-packages/neutron_lib/callbacks/manager.py:176}}
Mar 22 12:43:10.469632 dv-cinder-824149-5-smb neutron-server[109930]: INFO neutron.wsgi [None req-eef3e0fc-8c82-482a-8e4a-4be9849523ba admin admin] 10.222.0.71 "DELETE /v2.0/security-groups/64105ed2-94da-4758-8af6-da3b082371a5 HTTP/1.1" status: 204 len: 168 time: 0.3333738
Mar 22 12:43:10.485083 dv-cinder-824149-5-smb neutron-server[109930]: DEBUG neutron.api.rpc.handlers.resources_rpc [None req-eef3e0fc-8c82-482a-8e4a-4be9849523ba admin admin] Pushing event deleted for resources: {'SecurityGroup': ['ID=64105ed2-94da-4758-8af6-da3b082371a5,revision_number=None']} {{(pid=109930) push /opt/stack/neutron/neutron/api/rpc/handlers/resources_rpc.py:237}}
Mar 22 12:43:10.497066 dv-cinder-824149-5-smb neutron-server[109929]: INFO neutron.wsgi [req-7e13f819-eb0f-41c0-828c-bbda17aa5af9 req-4ff22ae5-3565-43a2-8c5e-ea1b3bcf79d6 service neutron] 10.222.0.71 "GET /v2.0/networks/585df35b-ae58-49d2-9c8d-0046a284e708?fields=segments HTTP/1.1" status: 200 len: 212 time: 0.4350283
Mar 22 12:43:10.660463 dv-cinder-824149-5-smb neutron-server[109929]: INFO neutron.wsgi [req-7e13f819-eb0f-41c0-828c-bbda17aa5af9 req-6f183504-b0cc-45b9-b7b0-e76208e66962 service neutron] 10.222.0.71 "GET /v2.0/networks/585df35b-ae58-49d2-9c8d-0046a284e708?fields=provider%3Aphysical_network&fields=provider%3Anetwork_type HTTP/1.1" status: 200 len: 281 time: 0.1575208
Mar 22 12:43:10.719604 dv-cinder-824149-5-smb neutron-server[109931]: DEBUG neutron.plugins.ml2.rpc [None req-494f09c6-fd0e-4ee0-8c40-47fad34d5aab None None] Device 9ae61095-a24e-484f-bbbe-01fc5e1cea9f up at agent ovs-agent-dv-cinder-824149-5-smb {{(pid=109931) update_device_up /opt/stack/neutron/neutron/plugins/ml2/rpc.py:296}}
Mar 22 12:43:10.803398 dv-cinder-824149-5-smb neutron-server[109931]: DEBUG neutron.api.rpc.handlers.resources_rpc [None req-27198559-2c13-4f9f-a7cd-3ddab0199ba5 None None] Pushing event updated for resources: {'Port': ['ID=80370026-306e-417d-ad10-3bb0dca3c8d2,revision_number=4']} {{(pid=109931) push /opt/stack/neutron/neutron/api/rpc/handlers/resources_rpc.py:237}}
Mar 22 12:43:10.853890 dv-cinder-824149-5-smb neutron-server[109931]: DEBUG neutron.plugins.ml2.db [None req-27198559-2c13-4f9f-a7cd-3ddab0199ba5 None None] get_ports_and_sgs() called for port_ids ['80370026-306e-417d-ad10-3bb0dca3c8d2'] {{(pid=109931) get_ports_and_sgs /opt/stack/neutron/neutron/plugins/ml2/db.py:156}}
Mar 22 12:43:10.915343 dv-cinder-824149-5-smb neutron-server[109929]: DEBUG neutron.pecan_wsgi.hooks.policy_enforcement [req-06a8a219-e2c1-4f03-b54e-87cb80dc897d req-5270665c-07ac-4994-b736-e1d40765ca2d tempest-DeleteServersTestJSON-578150293 tempest-DeleteServersTestJSON-578150293-project] Attributes excluded by policy engine: ['standard_attr_id', 'binding:profile', 'binding:host_id', 'binding:vif_type', 'binding:vif_details'] {{(pid=109929) _exclude_attributes_by_policy /opt/stack/neutron/neutron/pecan_wsgi/hooks/policy_enforcement.py:255}}
Mar 22 12:43:10.917856 dv-cinder-824149-5-smb neutron-server[109929]: INFO neutron.wsgi [req-06a8a219-e2c1-4f03-b54e-87cb80dc897d req-5270665c-07ac-4994-b736-e1d40765ca2d tempest-DeleteServersTestJSON-578150293 tempest-DeleteServersTestJSON-578150293-project] 10.222.0.71 "GET /v2.0/ports?device_id=a144ddc9-031b-45d5-8f77-d9463445e70a HTTP/1.1" status: 200 len: 944 time: 0.1785173
Mar 22 12:43:11.006787 dv-cinder-824149-5-smb neutron-server[109929]: INFO neutron.wsgi [req-06a8a219-e2c1-4f03-b54e-87cb80dc897d req-c68a4cfb-dde9-4e4d-bf0b-351ba89b5e61 tempest-DeleteServersTestJSON-578150293 tempest-DeleteServersTestJSON-578150293-project] 10.222.0.71 "GET /v2.0/security-groups?id=31c292ec-4d54-40b1-8b91-73f788e29899&fields=id&fields=name HTTP/1.1" status: 200 len: 286 time: 0.0799100
Mar 22 12:43:11.133592 dv-cinder-824149-5-smb neutron-server[109930]: DEBUG neutron.pecan_wsgi.hooks.policy_enforcement [req-60894ebe-c4e3-4c63-ac6a-3ebb61e71e26 req-ed50b457-60c6-43c5-bab8-5a99adb3a7c9 tempest-ServerRescueNegativeTestJSON-1840046943 tempest-ServerRescueNegativeTestJSON-1840046943-project] Attributes excluded by policy engine: ['standard_attr_id', 'vlan_transparent', 'provider:network_type', 'provider:physical_network', 'provider:segmentation_id'] {{(pid=109930) _exclude_attributes_by_policy /opt/stack/neutron/neutron/pecan_wsgi/hooks/policy_enforcement.py:255}}
Mar 22 12:43:11.135229 dv-cinder-824149-5-smb neutron-server[109931]: DEBUG neutron.plugins.ml2.db [None req-c30bdef4-a884-465c-9f22-0882d6a34a37 None None] For port fc33eb4c-655f-42e3-8914-1b91bf677e9a, host dv-cinder-824149-5-smb, got binding levels [PortBindingLevel(driver='openvswitch',host='dv-cinder-824149-5-smb',level=0,port_id=fc33eb4c-655f-42e3-8914-1b91bf677e9a,segment=NetworkSegment(8df6685b-732f-4768-9e8e-4c0ef2094efa),segment_id=8df6685b-732f-4768-9e8e-4c0ef2094efa)] {{(pid=109931) get_binding_level_objs /opt/stack/neutron/neutron/plugins/ml2/db.py:74}}
Mar 22 12:43:11.140604 dv-cinder-824149-5-smb neutron-server[109931]: DEBUG neutron.db.provisioning_blocks [None req-494f09c6-fd0e-4ee0-8c40-47fad34d5aab None None] Provisioning complete for port 9ae61095-a24e-484f-bbbe-01fc5e1cea9f triggered by entity L2. {{(pid=109931) provisioning_complete /opt/stack/neutron/neutron/db/provisioning_blocks.py:140}}
Mar 22 12:43:11.141354 dv-cinder-824149-5-smb neutron-server[109931]: DEBUG neutron_lib.callbacks.manager [None req-494f09c6-fd0e-4ee0-8c40-47fad34d5aab None None] Publish callbacks ['neutron.plugins.ml2.plugin.Ml2Plugin._port_provisioned-886566'] for port (9ae61095-a24e-484f-bbbe-01fc5e1cea9f), provisioning_complete {{(pid=109931) _notify_loop /usr/local/lib/python3.8/dist-packages/neutron_lib/callbacks/manager.py:176}}
Mar 22 12:43:11.151335 dv-cinder-824149-5-smb neutron-server[109930]: INFO neutron.wsgi [req-60894ebe-c4e3-4c63-ac6a-3ebb61e71e26 req-ed50b457-60c6-43c5-bab8-5a99adb3a7c9 tempest-ServerRescueNegativeTestJSON-1840046943 tempest-ServerRescueNegativeTestJSON-1840046943-project] 10.222.0.72 "GET /v2.0/networks?id=585df35b-ae58-49d2-9c8d-0046a284e708 HTTP/1.1" status: 200 len: 819 time: 0.2949979
Mar 22 12:43:11.173778 dv-cinder-824149-5-smb neutron-server[109930]: DEBUG neutron.api.v2.base [req-60894ebe-c4e3-4c63-ac6a-3ebb61e71e26 req-f22cae9c-3003-4af8-aff1-db2ad08e6986 tempest-ServerRescueNegativeTestJSON-1840046943 tempest-ServerRescueNegativeTestJSON-1840046943-project] Request body: {'port': {'device_id': 'fd903948-2965-4be7-8add-27cbaf6edcf6', 'network_id': '585df35b-ae58-49d2-9c8d-0046a284e708', 'admin_state_up': True, 'tenant_id': '20ec6fb6d13d41cb9eb489b6160373af'}} {{(pid=109930) prepare_request_body /opt/stack/neutron/neutron/api/v2/base.py:729}}
Mar 22 12:43:11.253350 dv-cinder-824149-5-smb neutron-server[109931]: DEBUG neutron_lib.callbacks.manager [None req-c30bdef4-a884-465c-9f22-0882d6a34a37 None None] Publish callbacks ['neutron.plugins.ml2.plugin.SecurityGroupServerNotifierRpcMixin._notify_sg_on_port_change-734583', 'neutron.plugins.ml2.ovo_rpc._ObjectChangeHandler.handle_event-55073', 'neutron.api.rpc.agentnotifiers.dhcp_rpc_agent_api.DhcpAgentNotifyAPI._native_event_send_dhcp_notification-1628742', 'neutron.db.l3_db.L3RpcNotifierMixin._notify_gateway_port_ip_changed-8757208997780', 'neutron.db.l3_dvrscheduler_db._notify_l3_agent_port_update-8757208475167', 'neutron.db.l3_hascheduler_db._notify_l3_agent_ha_port_update-8757208475185'] for port (fc33eb4c-655f-42e3-8914-1b91bf677e9a), after_update {{(pid=109931) _notify_loop /usr/local/lib/python3.8/dist-packages/neutron_lib/callbacks/manager.py:176}}
Mar 22 12:43:11.270540 dv-cinder-824149-5-smb neutron-server[109929]: INFO neutron.wsgi [req-95db8e9c-59a0-4bb2-ab97-244813310f22 req-f730275b-0b3a-454c-ab91-aaa0caaef8ae tempest-AttachVolumeTestJSON-1862974970 tempest-AttachVolumeTestJSON-1862974970-project] 10.222.0.71 "GET /v2.0/ports?device_id=3d40d33f-7084-41d3-8c79-e07c0e4f2cc6 HTTP/1.1" status: 200 len: 210 time: 0.1061244
Mar 22 12:43:11.454698 dv-cinder-824149-5-smb neutron-server[109929]: INFO neutron.wsgi [req-90243769-2037-4b45-8516-00922fc85069 req-a875ada0-1f90-4c37-afdb-6105576dc9db tempest-AttachVolumeShelveTestJSON-1023452102 tempest-AttachVolumeShelveTestJSON-1023452102-project] 10.222.0.71 "GET /v2.0/security-groups?name=tempest-securitygroup--1355241360&fields=id&tenant_id=c4e961551e3d465581d2b1ea4c097e92 HTTP/1.1" status: 200 len: 267 time: 0.2200303
Mar 22 12:43:11.524436 dv-cinder-824149-5-smb neutron-server[109931]: DEBUG neutron.api.rpc.handlers.resources_rpc [None req-c30bdef4-a884-465c-9f22-0882d6a34a37 None None] Pushing event updated for resources: {'Port': ['ID=fc33eb4c-655f-42e3-8914-1b91bf677e9a,revision_number=5']} {{(pid=109931) push /opt/stack/neutron/neutron/api/rpc/handlers/resources_rpc.py:237}}
Mar 22 12:43:11.546575 dv-cinder-824149-5-smb neutron-server[109929]: INFO neutron.wsgi [req-612eb02c-75b8-400a-8e43-22d28973c113 req-e63b7e89-38a8-4355-a16d-e71650a0708d tempest-ServerRescueNegativeTestJSON-1840046943 tempest-ServerRescueNegativeTestJSON-1840046943-project] 10.222.0.71 "GET /v2.0/ports?device_id=0c0fbe1b-1630-47f5-a597-7289dcbc083b HTTP/1.1" status: 200 len: 210 time: 0.0954962
Mar 22 12:43:11.583140 dv-cinder-824149-5-smb neutron-server[109931]: DEBUG neutron.db.provisioning_blocks [None req-35e1d14e-96e0-4677-8c09-86a8a19af40c None None] Provisioning complete for port fc33eb4c-655f-42e3-8914-1b91bf677e9a triggered by entity DHCP. {{(pid=109931) provisioning_complete /opt/stack/neutron/neutron/db/provisioning_blocks.py:140}}
Mar 22 12:43:11.583671 dv-cinder-824149-5-smb neutron-server[109931]: DEBUG neutron_lib.callbacks.manager [None req-35e1d14e-96e0-4677-8c09-86a8a19af40c None None] Publish callbacks ['neutron.plugins.ml2.plugin.Ml2Plugin._port_provisioned-886566'] for port (fc33eb4c-655f-42e3-8914-1b91bf677e9a), provisioning_complete {{(pid=109931) _notify_loop /usr/local/lib/python3.8/dist-packages/neutron_lib/callbacks/manager.py:176}}
Mar 22 12:43:11.630678 dv-cinder-824149-5-smb neutron-server[109930]: DEBUG neutron.pecan_wsgi.hooks.quota_enforcement [req-60894ebe-c4e3-4c63-ac6a-3ebb61e71e26 req-f22cae9c-3003-4af8-aff1-db2ad08e6986 tempest-ServerRescueNegativeTestJSON-1840046943 tempest-ServerRescueNegativeTestJSON-1840046943-project] Made reservation on behalf of 20ec6fb6d13d41cb9eb489b6160373af for: {'port': 1} {{(pid=109930) before /opt/stack/neutron/neutron/pecan_wsgi/hooks/quota_enforcement.py:53}}
Mar 22 12:43:11.634710 dv-cinder-824149-5-smb neutron-server[109930]: DEBUG neutron_lib.callbacks.manager [req-60894ebe-c4e3-4c63-ac6a-3ebb61e71e26 req-f22cae9c-3003-4af8-aff1-db2ad08e6986 tempest-ServerRescueNegativeTestJSON-1840046943 tempest-ServerRescueNegativeTestJSON-1840046943-project] Publish callbacks ['neutron.plugins.ml2.plugin.SecurityGroupDbMixin._ensure_default_security_group_handler-734516'] for port (None), before_create {{(pid=109930) _notify_loop /usr/local/lib/python3.8/dist-packages/neutron_lib/callbacks/manager.py:176}}
Mar 22 12:43:11.746371 dv-cinder-824149-5-smb neutron-server[109931]: DEBUG neutron.plugins.ml2.plugin [None req-494f09c6-fd0e-4ee0-8c40-47fad34d5aab None None] Current status of the port 9ae61095-a24e-484f-bbbe-01fc5e1cea9f is: ACTIVE; New status is: ACTIVE {{(pid=109931) _update_individual_port_db_status /opt/stack/neutron/neutron/plugins/ml2/plugin.py:2256}}
Mar 22 12:43:11.823072 dv-cinder-824149-5-smb neutron-server[109931]: DEBUG neutron_lib.callbacks.manager [None req-f6b9c579-bf55-4aaf-8912-e4401df8c1c6 None None] Publish callbacks ['neutron.services.segments.db._update_segment_host_mapping_for_agent-8757208820785', 'neutron.plugins.ml2.plugin.Ml2Plugin._retry_binding_revived_agents-886652'] for agent (eb1cc1d0-50df-4766-b9b7-4fa15a75fa1e), after_update {{(pid=109931) _notify_loop /usr/local/lib/python3.8/dist-packages/neutron_lib/callbacks/manager.py:176}}
Mar 22 12:43:11.847827 dv-cinder-824149-5-smb neutron-server[109929]: DEBUG neutron.pecan_wsgi.hooks.policy_enforcement [req-90243769-2037-4b45-8516-00922fc85069 req-4050f133-e620-402d-ae19-a9fa4057d209 tempest-AttachVolumeShelveTestJSON-1023452102 tempest-AttachVolumeShelveTestJSON-1023452102-project] Attributes excluded by policy engine: ['standard_attr_id', 'vlan_transparent', 'provider:network_type', 'provider:physical_network', 'provider:segmentation_id'] {{(pid=109929) _exclude_attributes_by_policy /opt/stack/neutron/neutron/pecan_wsgi/hooks/policy_enforcement.py:255}}
Mar 22 12:43:11.849192 dv-cinder-824149-5-smb neutron-server[109929]: INFO neutron.wsgi [req-90243769-2037-4b45-8516-00922fc85069 req-4050f133-e620-402d-ae19-a9fa4057d209 tempest-AttachVolumeShelveTestJSON-1023452102 tempest-AttachVolumeShelveTestJSON-1023452102-project] 10.222.0.71 "GET /v2.0/networks?id=d19b8e62-166e-43d8-9074-0da158271a5a HTTP/1.1" status: 200 len: 817 time: 0.3017576
Mar 22 12:43:11.885137 dv-cinder-824149-5-smb neutron-server[109929]: INFO neutron.wsgi [req-90243769-2037-4b45-8516-00922fc85069 req-5643416c-b427-409f-841b-6978ef6b76ed tempest-AttachVolumeShelveTestJSON-1023452102 tempest-AttachVolumeShelveTestJSON-1023452102-project] 10.222.0.71 "GET /v2.0/quotas/c4e961551e3d465581d2b1ea4c097e92 HTTP/1.1" status: 200 len: 375 time: 0.0293789
Mar 22 12:43:12.010377 dv-cinder-824149-5-smb neutron-server[109931]: DEBUG neutron.db.l3_hamode_db [None req-04fc3fd5-5769-453b-8ed6-db857bcecb95 None None] neutron.services.l3_router.l3_router_plugin.L3RouterPlugin method _process_sync_ha_data called with arguments (, [{'id': 'd27b7560-ff70-4f2d-9db4-f68d10478017', 'name': 'tempest-ServerRescueNegativeTestJSON-1877053324-router', 'tenant_id': '20ec6fb6d13d41cb9eb489b6160373af', 'admin_state_up': True, 'status': 'ACTIVE', 'external_gateway_info': {'network_id': 'a28bcd9c-7590-4b38-8920-7b5321dc0041', 'external_fixed_ips': [{'subnet_id': 'e9faa2c0-f0f1-4d0f-8d8f-99585559ebbb', 'ip_address': '172.28.2.130'}], 'enable_snat': True}, 'gw_port_id': '3286de88-31d7-4130-9625-f4f920cc2561', 'description': '', 'availability_zones': ['nova'], 'distributed': False, 'ha': False, 'ha_vr_id': 0, 'availability_zone_hints': [], 'routes': [], 'flavor_id': None, 'tags': [], 'created_at': '2022-03-22T12:42:43Z', 'updated_at': '2022-03-22T12:42:57Z', 'revision_number': 4, 'project_id': '20ec6fb6d13d41cb9eb489b6160373af', 'gw_port': {'id': '3286de88-31d7-4130-9625-f4f920cc2561', 'name': '', 'network_id': 'a28bcd9c-7590-4b38-8920-7b5321dc0041', 'tenant_id': '', 'mac_address': 'fa:16:3e:65:1e:e1', 'admin_state_up': True, 'status': 'ACTIVE', 'device_id': 'd27b7560-ff70-4f2d-9db4-f68d10478017', 'device_owner': 'network:router_gateway', 'standard_attr_id': 89, 'fixed_ips': [{'subnet_id': 'e9faa2c0-f0f1-4d0f-8d8f-99585559ebbb', 'ip_address': '172.28.2.130', 'prefixlen': 24}], 'allowed_address_pairs': [], 'extra_dhcp_opts': [], 'security_groups': [], 'description': '', 'binding:vnic_type': 'normal', 'binding:profile': {}, 'binding:host_id': 'dv-cinder-824149-5-smb', 'binding:vif_type': 'ovs', 'binding:vif_details': {'connectivity': 'l2', 'port_filter': True, 'ovs_hybrid_plug': False, 'datapath_type': 'system', 'bridge_name': 'br-int', 'bound_drivers': {'0': 'openvswitch'}}, 'port_security_enabled': False, 'tags': [], 'created_at': '2022-03-22T12:42:45Z', 'updated_at': '2022-03-22T12:42:59Z', 'revision_number': 4, 'project_id': '', 'subnets': [{'id': 'e9faa2c0-f0f1-4d0f-8d8f-99585559ebbb', 'cidr': '172.28.2.0/24', 'gateway_ip': '172.28.2.1', 'dns_nameservers': [], 'ipv6_ra_mode': None, 'subnetpool_id': None}], 'extra_subnets': [], 'address_scopes': {4: None, 6: None}, 'mtu': 1500}, 'enable_snat': True, 'gw_port_host': 'dv-cinder-824149-5-smb', '_interfaces': [{'id': 'fc33eb4c-655f-42e3-8914-1b91bf677e9a', 'name': '', 'network_id': '585df35b-ae58-49d2-9c8d-0046a284e708', 'tenant_id': '20ec6fb6d13d41cb9eb489b6160373af', 'mac_address': 'fa:16:3e:89:72:0a', 'admin_state_up': True, 'status': 'DOWN', 'device_id': 'd27b7560-ff70-4f2d-9db4-f68d10478017', 'device_owner': 'network:router_interface', 'standard_attr_id': 117, 'fixed_ips': [{'subnet_id': '70a8085a-6282-4934-a12d-a40646471de6', 'ip_address': '172.20.0.1', 'prefixlen': 28}], 'allowed_address_pairs': [], 'extra_dhcp_opts': [], 'security_groups': [], 'description': '', 'binding:vnic_type': 'normal', 'binding:profile': {}, 'binding:host_id': 'dv-cinder-824149-5-smb', 'binding:vif_type': 'ovs', 'binding:vif_details': {'connectivity': 'l2', 'port_filter': True, 'ovs_hybrid_plug': False, 'datapath_type': 'system', 'bridge_name': 'br-int', 'bound_drivers': {'0': 'openvswitch'}}, 'port_security_enabled': False, 'tags': [], 'created_at': '2022-03-22T12:42:53Z', 'updated_at': '2022-03-22T12:43:08Z', 'revision_number': 4, 'project_id': '20ec6fb6d13d41cb9eb489b6160373af', 'subnets': [{'id': '70a8085a-6282-4934-a12d-a40646471de6', 'cidr': '172.20.0.0/28', 'gateway_ip': '172.20.0.1', 'dns_nameservers': [], 'ipv6_ra_mode': None, 'subnetpool_id': None}], 'extra_subnets': [], 'address_scopes': {4: None, 6: None}, 'mtu': 1500}]}], 'dv-cinder-824149-5-smb', False) {} {{(pid=109931) wrapper /usr/local/lib/python3.8/dist-packages/oslo_log/helpers.py:65}}
Mar 22 12:43:12.020273 dv-cinder-824149-5-smb neutron-server[109929]: INFO neutron.wsgi [req-90243769-2037-4b45-8516-00922fc85069 req-fbbe73bd-e09e-41d9-8c1f-3f35da21d165 tempest-AttachVolumeShelveTestJSON-1023452102 tempest-AttachVolumeShelveTestJSON-1023452102-project] 10.222.0.71 "GET /v2.0/ports?tenant_id=c4e961551e3d465581d2b1ea4c097e92&fields=id HTTP/1.1" status: 200 len: 302 time: 0.1262155
Mar 22 12:43:12.042553 dv-cinder-824149-5-smb neutron-server[109930]: DEBUG neutron.db.db_base_plugin_common [req-60894ebe-c4e3-4c63-ac6a-3ebb61e71e26 req-f22cae9c-3003-4af8-aff1-db2ad08e6986 tempest-ServerRescueNegativeTestJSON-1840046943 tempest-ServerRescueNegativeTestJSON-1840046943-project] Allocated IP 172.20.0.14 (585df35b-ae58-49d2-9c8d-0046a284e708/70a8085a-6282-4934-a12d-a40646471de6/2a5ec730-5b86-4fed-b45a-0f5cb47d48e8) {{(pid=109930) _store_ip_allocation /opt/stack/neutron/neutron/db/db_base_plugin_common.py:131}}
Mar 22 12:43:12.176042 dv-cinder-824149-5-smb neutron-server[109931]: DEBUG neutron.api.rpc.handlers.l3_rpc [None req-04fc3fd5-5769-453b-8ed6-db857bcecb95 None None] The sync data for ids ['d27b7560-ff70-4f2d-9db4-f68d10478017'] in dv-cinder-824149-5-smb is: [{'id': 'd27b7560-ff70-4f2d-9db4-f68d10478017', 'name': 'tempest-ServerRescueNegativeTestJSON-1877053324-router', 'tenant_id': '20ec6fb6d13d41cb9eb489b6160373af', 'admin_state_up': True, 'status': 'ACTIVE', 'external_gateway_info': {'network_id': 'a28bcd9c-7590-4b38-8920-7b5321dc0041', 'external_fixed_ips': [{'subnet_id': 'e9faa2c0-f0f1-4d0f-8d8f-99585559ebbb', 'ip_address': '172.28.2.130'}], 'enable_snat': True}, 'gw_port_id': '3286de88-31d7-4130-9625-f4f920cc2561', 'description': '', 'availability_zones': ['nova'], 'distributed': False, 'ha': False, 'ha_vr_id': 0, 'availability_zone_hints': [], 'routes': [], 'flavor_id': None, 'tags': [], 'created_at': '2022-03-22T12:42:43Z', 'updated_at': '2022-03-22T12:42:57Z', 'revision_number': 4, 'project_id': '20ec6fb6d13d41cb9eb489b6160373af', 'gw_port': {'id': '3286de88-31d7-4130-9625-f4f920cc2561', 'name': '', 'network_id': 'a28bcd9c-7590-4b38-8920-7b5321dc0041', 'tenant_id': '', 'mac_address': 'fa:16:3e:65:1e:e1', 'admin_state_up': True, 'status': 'ACTIVE', 'device_id': 'd27b7560-ff70-4f2d-9db4-f68d10478017', 'device_owner': 'network:router_gateway', 'standard_attr_id': 89, 'fixed_ips': [{'subnet_id': 'e9faa2c0-f0f1-4d0f-8d8f-99585559ebbb', 'ip_address': '172.28.2.130', 'prefixlen': 24}], 'allowed_address_pairs': [], 'extra_dhcp_opts': [], 'security_groups': [], 'description': '', 'binding:vnic_type': 'normal', 'binding:profile': {}, 'binding:host_id': 'dv-cinder-824149-5-smb', 'binding:vif_type': 'ovs', 'binding:vif_details': {'connectivity': 'l2', 'port_filter': True, 'ovs_hybrid_plug': False, 'datapath_type': 'system', 'bridge_name': 'br-int', 'bound_drivers': {'0': 'openvswitch'}}, 'port_security_enabled': False, 'tags': [], 'created_at': '2022-03-22T12:42:45Z', 'updated_at': '2022-03-22T12:42:59Z', 'revision_number': 4, 'project_id': '', 'subnets': [{'id': 'e9faa2c0-f0f1-4d0f-8d8f-99585559ebbb', 'cidr': '172.28.2.0/24', 'gateway_ip': '172.28.2.1', 'dns_nameservers': [], 'ipv6_ra_mode': None, 'subnetpool_id': None}], 'extra_subnets': [], 'address_scopes': {4: None, 6: None}, 'mtu': 1500}, 'enable_snat': True, 'gw_port_host': 'dv-cinder-824149-5-smb', '_interfaces': [{'id': 'fc33eb4c-655f-42e3-8914-1b91bf677e9a', 'name': '', 'network_id': '585df35b-ae58-49d2-9c8d-0046a284e708', 'tenant_id': '20ec6fb6d13d41cb9eb489b6160373af', 'mac_address': 'fa:16:3e:89:72:0a', 'admin_state_up': True, 'status': 'DOWN', 'device_id': 'd27b7560-ff70-4f2d-9db4-f68d10478017', 'device_owner': 'network:router_interface', 'standard_attr_id': 117, 'fixed_ips': [{'subnet_id': '70a8085a-6282-4934-a12d-a40646471de6', 'ip_address': '172.20.0.1', 'prefixlen': 28}], 'allowed_address_pairs': [], 'extra_dhcp_opts': [], 'security_groups': [], 'description': '', 'binding:vnic_type': 'normal', 'binding:profile': {}, 'binding:host_id': 'dv-cinder-824149-5-smb', 'binding:vif_type': 'ovs', 'binding:vif_details': {'connectivity': 'l2', 'port_filter': True, 'ovs_hybrid_plug': False, 'datapath_type': 'system', 'bridge_name': 'br-int', 'bound_drivers': {'0': 'openvswitch'}}, 'port_security_enabled': False, 'tags': [], 'created_at': '2022-03-22T12:42:53Z', 'updated_at': '2022-03-22T12:43:08Z', 'revision_number': 4, 'project_id': '20ec6fb6d13d41cb9eb489b6160373af', 'subnets': [{'id': '70a8085a-6282-4934-a12d-a40646471de6', 'cidr': '172.20.0.0/28', 'gateway_ip': '172.20.0.1', 'dns_nameservers': [], 'ipv6_ra_mode': None, 'subnetpool_id': None}], 'extra_subnets': [], 'address_scopes': {4: None, 6: None}, 'mtu': 1500}]}] {{(pid=109931) sync_routers /opt/stack/neutron/neutron/api/rpc/handlers/l3_rpc.py:137}}
Mar 22 12:43:12.193864 dv-cinder-824149-5-smb neutron-server[109931]: DEBUG neutron.plugins.ml2.plugin [None req-35e1d14e-96e0-4677-8c09-86a8a19af40c None None] Current status of the port fc33eb4c-655f-42e3-8914-1b91bf677e9a is: ACTIVE; New status is: ACTIVE {{(pid=109931) _update_individual_port_db_status /opt/stack/neutron/neutron/plugins/ml2/plugin.py:2256}}
Mar 22 12:43:12.446355 dv-cinder-824149-5-smb neutron-server[109929]: DEBUG neutron.pecan_wsgi.hooks.policy_enforcement [req-69abc307-af03-4f6e-9106-96af2d6a2dd6 req-3609db45-c05a-4821-aa63-62d93941d50c tempest-DeleteServersTestJSON-578150293 tempest-DeleteServersTestJSON-578150293-project] Attributes excluded by policy engine: ['standard_attr_id', 'binding:profile', 'binding:host_id', 'binding:vif_type', 'binding:vif_details'] {{(pid=109929) _exclude_attributes_by_policy /opt/stack/neutron/neutron/pecan_wsgi/hooks/policy_enforcement.py:255}}
Mar 22 12:43:12.456204 dv-cinder-824149-5-smb neutron-server[109929]: INFO neutron.wsgi [req-69abc307-af03-4f6e-9106-96af2d6a2dd6 req-3609db45-c05a-4821-aa63-62d93941d50c tempest-DeleteServersTestJSON-578150293 tempest-DeleteServersTestJSON-578150293-project] 10.222.0.71 "GET /v2.0/ports?device_id=a144ddc9-031b-45d5-8f77-d9463445e70a HTTP/1.1" status: 200 len: 944 time: 0.2077792
Mar 22 12:43:12.521698 dv-cinder-824149-5-smb neutron-server[109929]: INFO neutron.wsgi [req-90243769-2037-4b45-8516-00922fc85069 req-cad69f11-721c-4842-9d9d-0edd681b93ce service neutron] 10.222.0.71 "GET /v2.0/networks/d19b8e62-166e-43d8-9074-0da158271a5a?fields=segments HTTP/1.1" status: 200 len: 212 time: 0.4710701
Mar 22 12:43:12.543315 dv-cinder-824149-5-smb neutron-server[109929]: INFO neutron.wsgi [req-69abc307-af03-4f6e-9106-96af2d6a2dd6 req-70cd30c4-e03b-41d7-a4aa-35e3befbb94f tempest-DeleteServersTestJSON-578150293 tempest-DeleteServersTestJSON-578150293-project] 10.222.0.71 "GET /v2.0/security-groups?id=31c292ec-4d54-40b1-8b91-73f788e29899&fields=id&fields=name HTTP/1.1" status: 200 len: 286 time: 0.0851252
Mar 22 12:43:12.595502 dv-cinder-824149-5-smb neutron-server[109930]: DEBUG neutron_lib.callbacks.manager [req-60894ebe-c4e3-4c63-ac6a-3ebb61e71e26 req-f22cae9c-3003-4af8-aff1-db2ad08e6986 tempest-ServerRescueNegativeTestJSON-1840046943 tempest-ServerRescueNegativeTestJSON-1840046943-project] Publish callbacks [] for port (2a5ec730-5b86-4fed-b45a-0f5cb47d48e8), precommit_create {{(pid=109930) _notify_loop /usr/local/lib/python3.8/dist-packages/neutron_lib/callbacks/manager.py:176}}
Mar 22 12:43:12.711911 dv-cinder-824149-5-smb neutron-server[109930]: DEBUG neutron_lib.callbacks.manager [req-60894ebe-c4e3-4c63-ac6a-3ebb61e71e26 req-f22cae9c-3003-4af8-aff1-db2ad08e6986 tempest-ServerRescueNegativeTestJSON-1840046943 tempest-ServerRescueNegativeTestJSON-1840046943-project] Publish callbacks ['neutron.plugins.ml2.plugin.SecurityGroupServerNotifierRpcMixin._notify_sg_on_port_change-734583', 'neutron.plugins.ml2.ovo_rpc._ObjectChangeHandler.handle_event-55073', 'neutron.api.rpc.agentnotifiers.dhcp_rpc_agent_api.DhcpAgentNotifyAPI._native_event_send_dhcp_notification-1628742', 'neutron.db.l3_dvrscheduler_db._notify_l3_agent_new_port-8757208475149', 'neutron.services.segments.plugin.NovaSegmentNotifier._notify_port_created_or_deleted-7584561'] for port (2a5ec730-5b86-4fed-b45a-0f5cb47d48e8), after_create {{(pid=109930) _notify_loop /usr/local/lib/python3.8/dist-packages/neutron_lib/callbacks/manager.py:176}}
Mar 22 12:43:12.801121 dv-cinder-824149-5-smb neutron-server[109929]: INFO neutron.wsgi [req-c9886ddf-9ba1-4510-aa9d-bbd11c84f1f4 req-c22f3bb9-150b-47cd-927b-a0bb0d73db9d tempest-AttachVolumeTestJSON-1862974970 tempest-AttachVolumeTestJSON-1862974970-project] 10.222.0.71 "GET /v2.0/ports?device_id=3d40d33f-7084-41d3-8c79-e07c0e4f2cc6 HTTP/1.1" status: 200 len: 210 time: 0.1045754
Mar 22 12:43:12.848682 dv-cinder-824149-5-smb neutron-server[109930]: DEBUG neutron.scheduler.dhcp_agent_scheduler [req-60894ebe-c4e3-4c63-ac6a-3ebb61e71e26 req-f22cae9c-3003-4af8-aff1-db2ad08e6986 tempest-ServerRescueNegativeTestJSON-1840046943 tempest-ServerRescueNegativeTestJSON-1840046943-project] Network 585df35b-ae58-49d2-9c8d-0046a284e708 is already hosted by enough agents. {{(pid=109930) _get_dhcp_agents_hosting_network /opt/stack/neutron/neutron/scheduler/dhcp_agent_scheduler.py:275}}
Mar 22 12:43:12.872627 dv-cinder-824149-5-smb neutron-server[109930]: DEBUG neutron.scheduler.base_scheduler [req-60894ebe-c4e3-4c63-ac6a-3ebb61e71e26 req-f22cae9c-3003-4af8-aff1-db2ad08e6986 tempest-ServerRescueNegativeTestJSON-1840046943 tempest-ServerRescueNegativeTestJSON-1840046943-project] Resources bound (agent type, host, resource id): {{(pid=109930) schedule /opt/stack/neutron/neutron/scheduler/base_scheduler.py:57}}
Mar 22 12:43:12.886278 dv-cinder-824149-5-smb neutron-server[109930]: DEBUG neutron.db.l3_dvrscheduler_db [req-60894ebe-c4e3-4c63-ac6a-3ebb61e71e26 req-f22cae9c-3003-4af8-aff1-db2ad08e6986 tempest-ServerRescueNegativeTestJSON-1840046943 tempest-ServerRescueNegativeTestJSON-1840046943-project] Received port after_create {{(pid=109930) _notify_l3_agent_new_port /opt/stack/neutron/neutron/db/l3_dvrscheduler_db.py:536}}
Mar 22 12:43:12.929980 dv-cinder-824149-5-smb neutron-server[109929]: INFO neutron.wsgi [req-90243769-2037-4b45-8516-00922fc85069 req-cba83d5c-2af3-4eae-9ada-da006eca0a4b service neutron] 10.222.0.71 "GET /v2.0/networks/d19b8e62-166e-43d8-9074-0da158271a5a?fields=provider%3Aphysical_network&fields=provider%3Anetwork_type HTTP/1.1" status: 200 len: 281 time: 0.3842680
Mar 22 12:43:13.020808 dv-cinder-824149-5-smb neutron-server[109929]: INFO neutron.wsgi [req-17359c69-0fbe-44e3-8d6a-c7111b99d0db req-2f592f13-5ec2-4fd6-82ed-8409a6518992 tempest-ServerRescueNegativeTestJSON-1840046943 tempest-ServerRescueNegativeTestJSON-1840046943-project] 10.222.0.71 "GET /v2.0/ports?device_id=0c0fbe1b-1630-47f5-a597-7289dcbc083b HTTP/1.1" status: 200 len: 210 time: 0.0595417
Mar 22 12:43:13.025277 dv-cinder-824149-5-smb neutron-server[109929]: DEBUG neutron.wsgi [-] (109929) accepted ('10.222.0.72', 57847) {{(pid=109929) server /usr/local/lib/python3.8/dist-packages/eventlet/wsgi.py:1004}}
Mar 22 12:43:13.037357 dv-cinder-824149-5-smb neutron-server[109930]: DEBUG neutron.api.rpc.handlers.resources_rpc [None req-f22cae9c-3003-4af8-aff1-db2ad08e6986 tempest-ServerRescueNegativeTestJSON-1840046943 tempest-ServerRescueNegativeTestJSON-1840046943-project] Pushing event updated for resources: {'Port': ['ID=2a5ec730-5b86-4fed-b45a-0f5cb47d48e8,revision_number=1']} {{(pid=109930) push /opt/stack/neutron/neutron/api/rpc/handlers/resources_rpc.py:237}}
Mar 22 12:43:13.140063 dv-cinder-824149-5-smb neutron-server[109930]: DEBUG neutron.pecan_wsgi.hooks.policy_enforcement [req-60894ebe-c4e3-4c63-ac6a-3ebb61e71e26 req-f22cae9c-3003-4af8-aff1-db2ad08e6986 tempest-ServerRescueNegativeTestJSON-1840046943 tempest-ServerRescueNegativeTestJSON-1840046943-project] Attributes excluded by policy engine: ['standard_attr_id', 'binding:profile', 'binding:host_id', 'binding:vif_type', 'binding:vif_details', 'network'] {{(pid=109930) _exclude_attributes_by_policy /opt/stack/neutron/neutron/pecan_wsgi/hooks/policy_enforcement.py:255}}
Mar 22 12:43:13.144014 dv-cinder-824149-5-smb neutron-server[109931]: DEBUG neutron_lib.callbacks.manager [None req-494f09c6-fd0e-4ee0-8c40-47fad34d5aab None None] Publish callbacks ['neutron.services.segments.db._update_segment_host_mapping_for_agent-8757208820785', 'neutron.plugins.ml2.plugin.Ml2Plugin._retry_binding_revived_agents-886652'] for agent (17049179-b99f-40aa-9518-711019dff34d), after_update {{(pid=109931) _notify_loop /usr/local/lib/python3.8/dist-packages/neutron_lib/callbacks/manager.py:176}}
Mar 22 12:43:13.148005 dv-cinder-824149-5-smb neutron-server[109930]: DEBUG neutron_lib.callbacks.manager [req-60894ebe-c4e3-4c63-ac6a-3ebb61e71e26 req-f22cae9c-3003-4af8-aff1-db2ad08e6986 tempest-ServerRescueNegativeTestJSON-1840046943 tempest-ServerRescueNegativeTestJSON-1840046943-project] Publish callbacks ['neutron.notifiers.nova.Notifier._send_nova_notification-473317', 'neutron.api.rpc.agentnotifiers.dhcp_rpc_agent_api.DhcpAgentNotifyAPI._send_dhcp_notification-1628788'] for port (None), before_response {{(pid=109930) _notify_loop /usr/local/lib/python3.8/dist-packages/neutron_lib/callbacks/manager.py:176}}
Mar 22 12:43:13.211272 dv-cinder-824149-5-smb neutron-server[109930]: INFO neutron.wsgi [req-60894ebe-c4e3-4c63-ac6a-3ebb61e71e26 req-f22cae9c-3003-4af8-aff1-db2ad08e6986 tempest-ServerRescueNegativeTestJSON-1840046943 tempest-ServerRescueNegativeTestJSON-1840046943-project] 10.222.0.72 "POST /v2.0/ports HTTP/1.1" status: 201 len: 934 time: 2.0425663
Mar 22 12:43:13.232650 dv-cinder-824149-5-smb neutron-server[109930]: DEBUG neutron.api.v2.base [req-60894ebe-c4e3-4c63-ac6a-3ebb61e71e26 req-78d817be-f5dd-47ef-9589-b630e4e00808 service neutron] Request body: {'port': {'device_id': 'fd903948-2965-4be7-8add-27cbaf6edcf6', 'device_owner': 'compute:nova', 'binding:host_id': 'hv-cinder-82414'}} {{(pid=109930) prepare_request_body /opt/stack/neutron/neutron/api/v2/base.py:729}}
Mar 22 12:43:13.441249 dv-cinder-824149-5-smb neutron-server[109930]: DEBUG neutron_lib.callbacks.manager [req-60894ebe-c4e3-4c63-ac6a-3ebb61e71e26 req-78d817be-f5dd-47ef-9589-b630e4e00808 service neutron] Publish callbacks ['neutron.plugins.ml2.plugin.SecurityGroupDbMixin._ensure_default_security_group_handler-734516'] for port (2a5ec730-5b86-4fed-b45a-0f5cb47d48e8), before_update {{(pid=109930) _notify_loop /usr/local/lib/python3.8/dist-packages/neutron_lib/callbacks/manager.py:176}}
Mar 22 12:43:13.458950 dv-cinder-824149-5-smb neutron-server[109931]: DEBUG neutron.db.provisioning_blocks [None req-2ad91bcd-0c2b-4c40-854f-41ae7b353be5 None None] Provisioning complete for port 2a5ec730-5b86-4fed-b45a-0f5cb47d48e8 triggered by entity DHCP. {{(pid=109931) provisioning_complete /opt/stack/neutron/neutron/db/provisioning_blocks.py:140}}
Mar 22 12:43:13.462053 dv-cinder-824149-5-smb neutron-server[109931]: DEBUG neutron_lib.callbacks.manager [None req-2ad91bcd-0c2b-4c40-854f-41ae7b353be5 None None] Publish callbacks ['neutron.plugins.ml2.plugin.Ml2Plugin._port_provisioned-886566'] for port (2a5ec730-5b86-4fed-b45a-0f5cb47d48e8), provisioning_complete {{(pid=109931) _notify_loop /usr/local/lib/python3.8/dist-packages/neutron_lib/callbacks/manager.py:176}}
Mar 22 12:43:13.478417 dv-cinder-824149-5-smb neutron-server[109929]: INFO neutron.wsgi [req-2f15dade-8a0a-4cfa-86e3-2c859136bfaa req-f33609bb-176a-4fbc-a230-0b735054718f tempest-AttachVolumeShelveTestJSON-1023452102 tempest-AttachVolumeShelveTestJSON-1023452102-project] 10.222.0.71 "GET /v2.0/ports?device_id=887a8e1a-b152-4e0c-8c17-a201c2bc01ad HTTP/1.1" status: 200 len: 210 time: 0.0936341
Mar 22 12:43:13.493047 dv-cinder-824149-5-smb neutron-server[109930]: DEBUG neutron.wsgi [-] (109930) accepted ('10.222.0.72', 57849) {{(pid=109930) server /usr/local/lib/python3.8/dist-packages/eventlet/wsgi.py:1004}}
Mar 22 12:43:13.540917 dv-cinder-824149-5-smb neutron-server[109929]: DEBUG neutron.pecan_wsgi.hooks.policy_enforcement [req-1a5c3525-f0f6-443a-ba2e-864ebbb7732d req-58e348f8-6d93-4058-b79b-3f06bd680ea2 tempest-AttachVolumeTestJSON-1862974970 tempest-AttachVolumeTestJSON-1862974970-project] Attributes excluded by policy engine: ['standard_attr_id', 'vlan_transparent', 'provider:network_type', 'provider:physical_network', 'provider:segmentation_id'] {{(pid=109929) _exclude_attributes_by_policy /opt/stack/neutron/neutron/pecan_wsgi/hooks/policy_enforcement.py:255}}
Mar 22 12:43:13.542715 dv-cinder-824149-5-smb neutron-server[109929]: INFO neutron.wsgi [req-1a5c3525-f0f6-443a-ba2e-864ebbb7732d req-58e348f8-6d93-4058-b79b-3f06bd680ea2 tempest-AttachVolumeTestJSON-1862974970 tempest-AttachVolumeTestJSON-1862974970-project] 10.222.0.72 "GET /v2.0/networks?id=30762c64-3b24-4ee6-aa7c-5b38a0af36c5 HTTP/1.1" status: 200 len: 811 time: 0.5160513
Mar 22 12:43:13.589940 dv-cinder-824149-5-smb neutron-server[109931]: DEBUG neutron.plugins.ml2.plugin [None req-2ad91bcd-0c2b-4c40-854f-41ae7b353be5 None None] Port 2a5ec730-5b86-4fed-b45a-0f5cb47d48e8 cannot update to ACTIVE because it is not bound. {{(pid=109931) _port_provisioned /opt/stack/neutron/neutron/plugins/ml2/plugin.py:343}}
Mar 22 12:43:13.701190 dv-cinder-824149-5-smb neutron-server[109929]: INFO neutron.wsgi [req-1a5c3525-f0f6-443a-ba2e-864ebbb7732d req-1bd206c4-faf2-41a4-92ce-f2cd7f8955ea tempest-AttachVolumeTestJSON-1862974970 tempest-AttachVolumeTestJSON-1862974970-project] 10.222.0.72 "GET /v2.0/security-groups?fields=id&fields=name&tenant_id=aefc99e3295847e99a401c83fa8d3885 HTTP/1.1" status: 200 len: 379 time: 0.1287479
Mar 22 12:43:13.725051 dv-cinder-824149-5-smb neutron-server[109929]: DEBUG neutron.api.v2.base [req-1a5c3525-f0f6-443a-ba2e-864ebbb7732d req-dcb872a3-ac5a-4802-a2e7-d25f1466edd7 tempest-AttachVolumeTestJSON-1862974970 tempest-AttachVolumeTestJSON-1862974970-project] Request body: {'port': {'device_id': '3d40d33f-7084-41d3-8c79-e07c0e4f2cc6', 'network_id': '30762c64-3b24-4ee6-aa7c-5b38a0af36c5', 'admin_state_up': True, 'tenant_id': 'aefc99e3295847e99a401c83fa8d3885', 'security_groups': ['dd789300-40b6-4a4d-a035-cc17b1da2dda']}} {{(pid=109929) prepare_request_body /opt/stack/neutron/neutron/api/v2/base.py:729}}
Mar 22 12:43:13.904091 dv-cinder-824149-5-smb neutron-server[109931]: DEBUG neutron_lib.callbacks.manager [None req-27198559-2c13-4f9f-a7cd-3ddab0199ba5 None None] Publish callbacks ['neutron.services.segments.db._update_segment_host_mapping_for_agent-8757208820785', 'neutron.plugins.ml2.plugin.Ml2Plugin._retry_binding_revived_agents-886652'] for agent (57fa28af-5575-4023-9224-726d9156a4c2), after_update {{(pid=109931) _notify_loop /usr/local/lib/python3.8/dist-packages/neutron_lib/callbacks/manager.py:176}}
Mar 22 12:43:14.016891 dv-cinder-824149-5-smb neutron-server[109930]: DEBUG neutron.pecan_wsgi.hooks.policy_enforcement [req-7e13f819-eb0f-41c0-828c-bbda17aa5af9 req-c3b5d700-773c-4576-95cb-bab823d5d203 tempest-ServerRescueNegativeTestJSON-1840046943 tempest-ServerRescueNegativeTestJSON-1840046943-project] Attributes excluded by policy engine: ['standard_attr_id', 'vlan_transparent', 'provider:network_type', 'provider:physical_network', 'provider:segmentation_id'] {{(pid=109930) _exclude_attributes_by_policy /opt/stack/neutron/neutron/pecan_wsgi/hooks/policy_enforcement.py:255}}
Mar 22 12:43:14.019423 dv-cinder-824149-5-smb neutron-server[109930]: INFO neutron.wsgi [req-7e13f819-eb0f-41c0-828c-bbda17aa5af9 req-c3b5d700-773c-4576-95cb-bab823d5d203 tempest-ServerRescueNegativeTestJSON-1840046943 tempest-ServerRescueNegativeTestJSON-1840046943-project] 10.222.0.72 "GET /v2.0/networks?id=585df35b-ae58-49d2-9c8d-0046a284e708 HTTP/1.1" status: 200 len: 819 time: 0.5237801
Mar 22 12:43:14.041315 dv-cinder-824149-5-smb neutron-server[109929]: DEBUG neutron.pecan_wsgi.hooks.policy_enforcement [req-c078801f-14b7-4bc6-884c-e56e1c9275ce req-73eb36b9-8094-4706-8b72-211dc7f7bf8f tempest-DeleteServersTestJSON-578150293 tempest-DeleteServersTestJSON-578150293-project] Attributes excluded by policy engine: ['standard_attr_id', 'binding:profile', 'binding:host_id', 'binding:vif_type', 'binding:vif_details'] {{(pid=109929) _exclude_attributes_by_policy /opt/stack/neutron/neutron/pecan_wsgi/hooks/policy_enforcement.py:255}}
Mar 22 12:43:14.043273 dv-cinder-824149-5-smb neutron-server[109929]: INFO neutron.wsgi [req-c078801f-14b7-4bc6-884c-e56e1c9275ce req-73eb36b9-8094-4706-8b72-211dc7f7bf8f tempest-DeleteServersTestJSON-578150293 tempest-DeleteServersTestJSON-578150293-project] 10.222.0.71 "GET /v2.0/ports?device_id=a144ddc9-031b-45d5-8f77-d9463445e70a HTTP/1.1" status: 200 len: 944 time: 0.2920823
Mar 22 12:43:14.054366 dv-cinder-824149-5-smb neutron-server[109930]: DEBUG neutron.api.v2.base [req-7e13f819-eb0f-41c0-828c-bbda17aa5af9 req-0a57c9ab-e6d5-4a7d-9a35-f5352a95b246 tempest-ServerRescueNegativeTestJSON-1840046943 tempest-ServerRescueNegativeTestJSON-1840046943-project] Request body: {'port': {'device_id': '0c0fbe1b-1630-47f5-a597-7289dcbc083b', 'network_id': '585df35b-ae58-49d2-9c8d-0046a284e708', 'admin_state_up': True, 'tenant_id': '20ec6fb6d13d41cb9eb489b6160373af'}} {{(pid=109930) prepare_request_body /opt/stack/neutron/neutron/api/v2/base.py:729}}
Mar 22 12:43:14.135252 dv-cinder-824149-5-smb neutron-server[109929]: INFO neutron.wsgi [req-4adfec1f-30c8-4fbb-981f-5725d5f72b8d req-2c2da0e0-e133-430d-a9a1-031ac1f0fd51 tempest-AttachVolumeTestJSON-1862974970 tempest-AttachVolumeTestJSON-1862974970-project] 10.222.0.71 "GET /v2.0/ports?device_id=3d40d33f-7084-41d3-8c79-e07c0e4f2cc6 HTTP/1.1" status: 200 len: 210 time: 0.1754756
Mar 22 12:43:14.260322 dv-cinder-824149-5-smb neutron-server[109929]: INFO neutron.wsgi [req-c078801f-14b7-4bc6-884c-e56e1c9275ce req-3e6fff9d-c29c-404d-83c7-70bd4a670638 tempest-DeleteServersTestJSON-578150293 tempest-DeleteServersTestJSON-578150293-project] 10.222.0.71 "GET /v2.0/security-groups?id=31c292ec-4d54-40b1-8b91-73f788e29899&fields=id&fields=name HTTP/1.1" status: 200 len: 286 time: 0.1311009
Mar 22 12:43:14.283709 dv-cinder-824149-5-smb neutron-server[109929]: DEBUG neutron.pecan_wsgi.hooks.quota_enforcement [req-1a5c3525-f0f6-443a-ba2e-864ebbb7732d req-dcb872a3-ac5a-4802-a2e7-d25f1466edd7 tempest-AttachVolumeTestJSON-1862974970 tempest-AttachVolumeTestJSON-1862974970-project] Made reservation on behalf of aefc99e3295847e99a401c83fa8d3885 for: {'port': 1} {{(pid=109929) before /opt/stack/neutron/neutron/pecan_wsgi/hooks/quota_enforcement.py:53}}
Mar 22 12:43:14.295987 dv-cinder-824149-5-smb neutron-server[109929]: DEBUG neutron_lib.callbacks.manager [req-1a5c3525-f0f6-443a-ba2e-864ebbb7732d req-dcb872a3-ac5a-4802-a2e7-d25f1466edd7 tempest-AttachVolumeTestJSON-1862974970 tempest-AttachVolumeTestJSON-1862974970-project] Publish callbacks ['neutron.plugins.ml2.plugin.SecurityGroupDbMixin._ensure_default_security_group_handler-734516'] for port (None), before_create {{(pid=109929) _notify_loop /usr/local/lib/python3.8/dist-packages/neutron_lib/callbacks/manager.py:176}}
Mar 22 12:43:14.351342 dv-cinder-824149-5-smb neutron-server[109931]: DEBUG neutron.plugins.ml2.rpc [None req-27198559-2c13-4f9f-a7cd-3ddab0199ba5 None None] Device 80370026-306e-417d-ad10-3bb0dca3c8d2 up at agent hyperv_hv-cinder-82414 {{(pid=109931) update_device_up /opt/stack/neutron/neutron/plugins/ml2/rpc.py:296}}
Mar 22 12:43:14.399432 dv-cinder-824149-5-smb neutron-server[109929]: INFO neutron.wsgi [req-34abb745-9366-4e24-a46b-6f0a4f053e9d req-71bd8c41-e40f-4e3b-9232-e4d7c4259d02 tempest-ServerRescueNegativeTestJSON-1840046943 tempest-ServerRescueNegativeTestJSON-1840046943-project] 10.222.0.71 "GET /v2.0/ports?device_id=0c0fbe1b-1630-47f5-a597-7289dcbc083b HTTP/1.1" status: 200 len: 210 time: 0.0608621
Mar 22 12:43:14.488856 dv-cinder-824149-5-smb neutron-server[109931]: DEBUG neutron.plugins.ml2.rpc [None req-494f09c6-fd0e-4ee0-8c40-47fad34d5aab None None] Device fc33eb4c-655f-42e3-8914-1b91bf677e9a up at agent ovs-agent-dv-cinder-824149-5-smb {{(pid=109931) update_device_up /opt/stack/neutron/neutron/plugins/ml2/rpc.py:296}}
Mar 22 12:43:14.642441 dv-cinder-824149-5-smb neutron-server[109930]: DEBUG neutron.pecan_wsgi.hooks.quota_enforcement [req-7e13f819-eb0f-41c0-828c-bbda17aa5af9 req-0a57c9ab-e6d5-4a7d-9a35-f5352a95b246 tempest-ServerRescueNegativeTestJSON-1840046943 tempest-ServerRescueNegativeTestJSON-1840046943-project] Made reservation on behalf of 20ec6fb6d13d41cb9eb489b6160373af for: {'port': 1} {{(pid=109930) before /opt/stack/neutron/neutron/pecan_wsgi/hooks/quota_enforcement.py:53}}
Mar 22 12:43:14.646556 dv-cinder-824149-5-smb neutron-server[109930]: DEBUG neutron_lib.callbacks.manager [req-7e13f819-eb0f-41c0-828c-bbda17aa5af9 req-0a57c9ab-e6d5-4a7d-9a35-f5352a95b246 tempest-ServerRescueNegativeTestJSON-1840046943 tempest-ServerRescueNegativeTestJSON-1840046943-project] Publish callbacks ['neutron.plugins.ml2.plugin.SecurityGroupDbMixin._ensure_default_security_group_handler-734516'] for port (None), before_create {{(pid=109930) _notify_loop /usr/local/lib/python3.8/dist-packages/neutron_lib/callbacks/manager.py:176}}
Mar 22 12:43:14.680396 dv-cinder-824149-5-smb neutron-server[109929]: INFO neutron.wsgi [req-2bac5b4d-0f7c-4304-8b6d-bfbc4cb18444 req-65003198-4992-4d78-b61e-44ae1e8c5fc8 tempest-AttachVolumeShelveTestJSON-1023452102 tempest-AttachVolumeShelveTestJSON-1023452102-project] 10.222.0.71 "GET /v2.0/ports?device_id=887a8e1a-b152-4e0c-8c17-a201c2bc01ad HTTP/1.1" status: 200 len: 210 time: 0.0724978
Mar 22 12:43:14.686957 dv-cinder-824149-5-smb neutron-server[109931]: DEBUG neutron.db.provisioning_blocks [None req-494f09c6-fd0e-4ee0-8c40-47fad34d5aab None None] Provisioning complete for port fc33eb4c-655f-42e3-8914-1b91bf677e9a triggered by entity L2. {{(pid=109931) provisioning_complete /opt/stack/neutron/neutron/db/provisioning_blocks.py:140}}
Mar 22 12:43:14.688788 dv-cinder-824149-5-smb neutron-server[109931]: DEBUG neutron_lib.callbacks.manager [None req-494f09c6-fd0e-4ee0-8c40-47fad34d5aab None None] Publish callbacks ['neutron.plugins.ml2.plugin.Ml2Plugin._port_provisioned-886566'] for port (fc33eb4c-655f-42e3-8914-1b91bf677e9a), provisioning_complete {{(pid=109931) _notify_loop /usr/local/lib/python3.8/dist-packages/neutron_lib/callbacks/manager.py:176}}
Mar 22 12:43:14.697800 dv-cinder-824149-5-smb neutron-server[109931]: DEBUG neutron.db.provisioning_blocks [None req-27198559-2c13-4f9f-a7cd-3ddab0199ba5 None None] Provisioning for port 80370026-306e-417d-ad10-3bb0dca3c8d2 completed by entity L2. {{(pid=109931) provisioning_complete /opt/stack/neutron/neutron/db/provisioning_blocks.py:134}}
Mar 22 12:43:14.747404 dv-cinder-824149-5-smb neutron-server[109930]: DEBUG neutron.notifiers.nova [req-60894ebe-c4e3-4c63-ac6a-3ebb61e71e26 req-78d817be-f5dd-47ef-9589-b630e4e00808 service neutron] Ignoring state change previous_port_status: DOWN current_port_status: DOWN port_id 2a5ec730-5b86-4fed-b45a-0f5cb47d48e8 {{(pid=109930) record_port_status_changed /opt/stack/neutron/neutron/notifiers/nova.py:233}}
Mar 22 12:43:14.765875 dv-cinder-824149-5-smb neutron-server[109931]: DEBUG neutron.db.provisioning_blocks [None req-27198559-2c13-4f9f-a7cd-3ddab0199ba5 None None] Provisioning complete for port 80370026-306e-417d-ad10-3bb0dca3c8d2 triggered by entity L2. {{(pid=109931) provisioning_complete /opt/stack/neutron/neutron/db/provisioning_blocks.py:140}}
Mar 22 12:43:14.766096 dv-cinder-824149-5-smb neutron-server[109930]: DEBUG neutron.wsgi [-] (109930) accepted ('10.222.0.71', 52490) {{(pid=109930) server /usr/local/lib/python3.8/dist-packages/eventlet/wsgi.py:1004}}
Mar 22 12:43:14.766188 dv-cinder-824149-5-smb neutron-server[109931]: DEBUG neutron_lib.callbacks.manager [None req-27198559-2c13-4f9f-a7cd-3ddab0199ba5 None None] Publish callbacks ['neutron.plugins.ml2.plugin.Ml2Plugin._port_provisioned-886566'] for port (80370026-306e-417d-ad10-3bb0dca3c8d2), provisioning_complete {{(pid=109931) _notify_loop /usr/local/lib/python3.8/dist-packages/neutron_lib/callbacks/manager.py:176}}
Mar 22 12:43:14.856734 dv-cinder-824149-5-smb neutron-server[109930]: DEBUG neutron_lib.callbacks.manager [req-60894ebe-c4e3-4c63-ac6a-3ebb61e71e26 req-78d817be-f5dd-47ef-9589-b630e4e00808 service neutron] Publish callbacks [] for port (2a5ec730-5b86-4fed-b45a-0f5cb47d48e8), precommit_update {{(pid=109930) _notify_loop /usr/local/lib/python3.8/dist-packages/neutron_lib/callbacks/manager.py:176}}
Mar 22 12:43:14.904375 dv-cinder-824149-5-smb neutron-server[109930]: DEBUG neutron.db.provisioning_blocks [req-60894ebe-c4e3-4c63-ac6a-3ebb61e71e26 req-78d817be-f5dd-47ef-9589-b630e4e00808 service neutron] Transition to ACTIVE for port object 2a5ec730-5b86-4fed-b45a-0f5cb47d48e8 will not be triggered until provisioned by entity L2. {{(pid=109930) add_provisioning_component /opt/stack/neutron/neutron/db/provisioning_blocks.py:74}}
Mar 22 12:43:14.915371 dv-cinder-824149-5-smb neutron-server[109931]: DEBUG neutron.plugins.ml2.plugin [None req-494f09c6-fd0e-4ee0-8c40-47fad34d5aab None None] Current status of the port fc33eb4c-655f-42e3-8914-1b91bf677e9a is: ACTIVE; New status is: ACTIVE {{(pid=109931) _update_individual_port_db_status /opt/stack/neutron/neutron/plugins/ml2/plugin.py:2256}}
Mar 22 12:43:14.919343 dv-cinder-824149-5-smb neutron-server[109930]: DEBUG neutron_lib.callbacks.manager [req-60894ebe-c4e3-4c63-ac6a-3ebb61e71e26 req-78d817be-f5dd-47ef-9589-b630e4e00808 service neutron] Publish callbacks ['neutron.plugins.ml2.plugin.SecurityGroupServerNotifierRpcMixin._notify_sg_on_port_change-734583', 'neutron.plugins.ml2.ovo_rpc._ObjectChangeHandler.handle_event-55073', 'neutron.api.rpc.agentnotifiers.dhcp_rpc_agent_api.DhcpAgentNotifyAPI._native_event_send_dhcp_notification-1628742', 'neutron.db.l3_db.L3RpcNotifierMixin._notify_gateway_port_ip_changed-8757208997780', 'neutron.db.l3_dvrscheduler_db._notify_l3_agent_port_update-8757208475167', 'neutron.db.l3_hascheduler_db._notify_l3_agent_ha_port_update-8757208475185', 'neutron.services.segments.plugin.NovaSegmentNotifier._notify_port_updated-7584518'] for port (2a5ec730-5b86-4fed-b45a-0f5cb47d48e8), after_update {{(pid=109930) _notify_loop /usr/local/lib/python3.8/dist-packages/neutron_lib/callbacks/manager.py:176}}
Mar 22 12:43:14.933229 dv-cinder-824149-5-smb neutron-server[109931]: DEBUG neutron.plugins.ml2.plugin [None req-27198559-2c13-4f9f-a7cd-3ddab0199ba5 None None] Current status of the port 80370026-306e-417d-ad10-3bb0dca3c8d2 is: BUILD; New status is: ACTIVE {{(pid=109931) _update_individual_port_db_status /opt/stack/neutron/neutron/plugins/ml2/plugin.py:2256}}
Mar 22 12:43:14.933593 dv-cinder-824149-5-smb neutron-server[109931]: DEBUG neutron_lib.callbacks.manager [None req-27198559-2c13-4f9f-a7cd-3ddab0199ba5 None None] Publish callbacks ['neutron.plugins.ml2.plugin.SecurityGroupDbMixin._ensure_default_security_group_handler-734516'] for port (80370026-306e-417d-ad10-3bb0dca3c8d2), before_update {{(pid=109931) _notify_loop /usr/local/lib/python3.8/dist-packages/neutron_lib/callbacks/manager.py:176}}
