Jan 11 14:05:09.902330 dv-cinder-824131-3-smb devstack@placement-api.service[103220]: DEBUG placement.wsgi [-] profiler.socket_timeout = 0.1 {{(pid=103220) log_opt_values /usr/local/lib/python3.8/dist-packages/oslo_config/cfg.py:2609}}
Jan 11 14:05:09.902569 dv-cinder-824131-3-smb devstack@placement-api.service[103220]: DEBUG placement.wsgi [-] profiler.trace_sqlalchemy = False {{(pid=103220) log_opt_values /usr/local/lib/python3.8/dist-packages/oslo_config/cfg.py:2609}}
Jan 11 14:05:09.902741 dv-cinder-824131-3-smb devstack@placement-api.service[103220]: DEBUG placement.wsgi [-] ******************************************************************************** {{(pid=103220) log_opt_values /usr/local/lib/python3.8/dist-packages/oslo_config/cfg.py:2613}}
Jan 11 14:05:09.905126 dv-cinder-824131-3-smb devstack@placement-api.service[103221]: WARNING keystonemiddleware.auth_token [-] AuthToken middleware is set with keystone_authtoken.service_token_roles_required set to False. This is backwards compatible but deprecated behaviour. Please set this to True.
Jan 11 14:05:09.912515 dv-cinder-824131-3-smb devstack@placement-api.service[103220]: WARNING keystonemiddleware.auth_token [-] AuthToken middleware is set with keystone_authtoken.service_token_roles_required set to False. This is backwards compatible but deprecated behaviour. Please set this to True.
Jan 11 14:05:10.029930 dv-cinder-824131-3-smb devstack@placement-api.service[103221]: WARNING py.warnings [-] /usr/local/lib/python3.8/dist-packages/pkg_resources/__init__.py:116: PkgResourcesDeprecationWarning: 0.23ubuntu1 is an invalid version and will not be supported in a future release
Jan 11 14:05:10.029930 dv-cinder-824131-3-smb devstack@placement-api.service[103221]: warnings.warn(
Jan 11 14:05:10.029930 dv-cinder-824131-3-smb devstack@placement-api.service[103221]: : pkg_resources.extern.packaging.version.InvalidVersion: Invalid version: '0.23ubuntu1'
Jan 11 14:05:10.030590 dv-cinder-824131-3-smb devstack@placement-api.service[103221]: WARNING py.warnings [-] /usr/local/lib/python3.8/dist-packages/pkg_resources/__init__.py:116: PkgResourcesDeprecationWarning: 0.1.36ubuntu1 is an invalid version and will not be supported in a future release
Jan 11 14:05:10.030590 dv-cinder-824131-3-smb devstack@placement-api.service[103221]: warnings.warn(
Jan 11 14:05:10.030590 dv-cinder-824131-3-smb devstack@placement-api.service[103221]: : pkg_resources.extern.packaging.version.InvalidVersion: Invalid version: '0.1.36ubuntu1'
Jan 11 14:05:10.032812 dv-cinder-824131-3-smb devstack@placement-api.service[103221]: WARNING keystonemiddleware.auth_token [-] Configuring www_authenticate_uri to point to the public identity endpoint is required; clients may not be able to authenticate against an admin endpoint
Jan 11 14:05:10.040259 dv-cinder-824131-3-smb devstack@placement-api.service[103221]: DEBUG oslo_concurrency.lockutils [-] Acquired lock "trait_sync" {{(pid=103221) lock /usr/local/lib/python3.8/dist-packages/oslo_concurrency/lockutils.py:294}}
Jan 11 14:05:10.043575 dv-cinder-824131-3-smb devstack@placement-api.service[103220]: WARNING py.warnings [-] /usr/local/lib/python3.8/dist-packages/pkg_resources/__init__.py:116: PkgResourcesDeprecationWarning: 0.23ubuntu1 is an invalid version and will not be supported in a future release
Jan 11 14:05:10.043575 dv-cinder-824131-3-smb devstack@placement-api.service[103220]: warnings.warn(
Jan 11 14:05:10.043575 dv-cinder-824131-3-smb devstack@placement-api.service[103220]: : pkg_resources.extern.packaging.version.InvalidVersion: Invalid version: '0.23ubuntu1'
Jan 11 14:05:10.044541 dv-cinder-824131-3-smb devstack@placement-api.service[103220]: WARNING py.warnings [-] /usr/local/lib/python3.8/dist-packages/pkg_resources/__init__.py:116: PkgResourcesDeprecationWarning: 0.1.36ubuntu1 is an invalid version and will not be supported in a future release
Jan 11 14:05:10.044541 dv-cinder-824131-3-smb devstack@placement-api.service[103220]: warnings.warn(
Jan 11 14:05:10.044541 dv-cinder-824131-3-smb devstack@placement-api.service[103220]: : pkg_resources.extern.packaging.version.InvalidVersion: Invalid version: '0.1.36ubuntu1'
Jan 11 14:05:10.047826 dv-cinder-824131-3-smb devstack@placement-api.service[103220]: WARNING keystonemiddleware.auth_token [-] Configuring www_authenticate_uri to point to the public identity endpoint is required; clients may not be able to authenticate against an admin endpoint
Jan 11 14:05:10.059544 dv-cinder-824131-3-smb devstack@placement-api.service[103220]: DEBUG oslo_concurrency.lockutils [-] Acquired lock "trait_sync" {{(pid=103220) lock /usr/local/lib/python3.8/dist-packages/oslo_concurrency/lockutils.py:294}}
Jan 11 14:05:10.061901 dv-cinder-824131-3-smb devstack@placement-api.service[103221]: DEBUG oslo_db.sqlalchemy.engines [-] MySQL server mode set to STRICT_TRANS_TABLES,STRICT_ALL_TABLES,NO_ZERO_IN_DATE,NO_ZERO_DATE,ERROR_FOR_DIVISION_BY_ZERO,TRADITIONAL,NO_ENGINE_SUBSTITUTION {{(pid=103221) _check_effective_sql_mode /usr/local/lib/python3.8/dist-packages/oslo_db/sqlalchemy/engines.py:314}}
Jan 11 14:05:10.088561 dv-cinder-824131-3-smb devstack@placement-api.service[103220]: DEBUG oslo_db.sqlalchemy.engines [-] MySQL server mode set to STRICT_TRANS_TABLES,STRICT_ALL_TABLES,NO_ZERO_IN_DATE,NO_ZERO_DATE,ERROR_FOR_DIVISION_BY_ZERO,TRADITIONAL,NO_ENGINE_SUBSTITUTION {{(pid=103220) _check_effective_sql_mode /usr/local/lib/python3.8/dist-packages/oslo_db/sqlalchemy/engines.py:314}}
Jan 11 14:05:10.104234 dv-cinder-824131-3-smb devstack@placement-api.service[103221]: DEBUG placement.objects.trait [-] Synced traits from os_traits into API DB: {'HW_CPU_X86_AVX512CD', 'HW_CPU_AARCH64_SHA2', 'HW_GPU_CUDA_COMPUTE_CAPABILITY_V3_5', 'HW_GPU_RESOLUTION_W3840H2160', 'HW_GPU_RESOLUTION_W1360H768', 'HW_CPU_X86_AVX512IFMA', 'HW_GPU_API_OPENCL_V2_0', 'HW_CPU_X86_SSE41', 'HW_GPU_MAX_DISPLAY_HEADS_8', 'COMPUTE_IMAGE_TYPE_AKI', 'HW_CPU_X86_AVX512PF', 'MISC_SHARES_VIA_AGGREGATE', 'HW_CPU_X86_AVX512DQ', 'COMPUTE_MIGRATE_AUTO_CONVERGE', 'COMPUTE_GRAPHICS_MODEL_VMVGA', 'HW_CPU_X86_SHA', 'HW_GPU_CUDA_COMPUTE_CAPABILITY_V3_0', 'COMPUTE_GRAPHICS_MODEL_NONE', 'HW_GPU_API_DIRECT3D_V9_0', 'COMPUTE_IMAGE_TYPE_VHD', 'COMPUTE_NET_VIF_MODEL_NE2K_PCI', 'COMPUTE_DEVICE_TAGGING', 'COMPUTE_NET_VIF_MODEL_RTL8139', 'HW_GPU_CUDA_COMPUTE_CAPABILITY_V5_2', 'HW_CPU_AARCH64_SHA512', 'HW_CPU_X86_AMD_SSBD', 'COMPUTE_IMAGE_TYPE_QCOW2', 'COMPUTE_VOLUME_ATTACH', 'HW_GPU_RESOLUTION_W1600H1200', 'HW_CPU_X86_ABM', 'COMPUTE_SOCKET_PCI_NUMA_AFFINITY', 'HW_GPU_RESOLUTION_W2560H1440', 'HW_CPU_X86_AMD_VIRT_SSBD', 'HW_GPU_API_OPENGL_V4_0', 'HW_CPU_X86_BMI', 'HW_GPU_RESOLUTION_W1280H800', 'HW_NIC_OFFLOAD_GRE', 'HW_GPU_RESOLUTION_W1600H900', 'COMPUTE_NET_VIF_MODEL_E1000E', 'HW_CPU_X86_ASF', 'HW_GPU_API_OPENCL_V2_1', 'COMPUTE_NODE', 'HW_GPU_API_VULKAN', 'HW_GPU_API_DIRECT3D_V8_1', 'HW_GPU_API_DIRECT2D', 'HW_GPU_CUDA_SDK_V9_1', 'COMPUTE_GRAPHICS_MODEL_QXL', 'HW_CPU_X86_FMA3', 'HW_GPU_RESOLUTION_W1920H1200', 'HW_CPU_X86_SSE4A', 'HW_CPU_HYPERTHREADING', 'COMPUTE_EPHEMERAL_ENCRYPTION_PLAIN', 'HW_NIC_ACCEL_DIFFIEH', 'STORAGE_DISK_SSD', 'HW_NIC_SRIOV', 'HW_CPU_X86_AESNI', 'HW_NIC_OFFLOAD_TXVLAN', 'HW_CPU_X86_AVX512VPOPCNTDQ', 'HW_GPU_CUDA_COMPUTE_CAPABILITY_V6_1', 'COMPUTE_IMAGE_TYPE_ISO', 'HW_GPU_API_DIRECT3D_V8_0', 'HW_NIC_ACCEL_SSL', 'HW_GPU_API_DIRECT3D_V12_0', 'HW_GPU_API_OPENGL_V4_1', 'HW_GPU_RESOLUTION_W1024H768', 'HW_NIC_OFFLOAD_UCS', 'HW_CPU_X86_CLMUL', 'HW_CPU_AARCH64_FCMA', 'COMPUTE_VOLUME_MULTI_ATTACH', 'HW_GPU_API_DIRECT3D_V9_0L', 'HW_CPU_AARCH64_ASIMDHP', 'HW_GPU_RESOLUTION_W1366H768', 'COMPUTE_GRAPHICS_MODEL_VGA', 'HW_GPU_RESOLUTION_W1280H1024', 'HW_GPU_CUDA_COMPUTE_CAPABILITY_V7_2', 'HW_CPU_PPC64LE_POWER8', 'HW_NIC_ACCEL_RSA', 'HW_GPU_API_OPENGL_V2_0', 'HW_GPU_CUDA_COMPUTE_CAPABILITY_V1_0', 'HW_GPU_API_OPENGL_V1_2', 'HW_CPU_AARCH64_AES', 'HW_CPU_X86_AVX2', 'HW_CPU_X86_AVX512BW', 'HW_GPU_API_OPENCL_V1_0', 'HW_GPU_API_DIRECTX_V11', 'HW_CPU_AARCH64_FPHP', 'HW_GPU_API_OPENGL_V4_4', 'COMPUTE_GRAPHICS_MODEL_GOP', 'HW_NIC_ACCEL_DEFLATE', 'HW_CPU_X86_SSE', 'HW_CPU_AARCH64_ASIMD', 'HW_CPU_AARCH64_SVE', 'HW_GPU_API_DXVA', 'COMPUTE_SECURITY_TPM_2_0', 'COMPUTE_GRAPHICS_MODEL_VIRTIO', 'HW_GPU_API_OPENGL_V1_1', 'HW_CPU_X86_SSE3', 'COMPUTE_STORAGE_BUS_IDE', 'COMPUTE_SECURITY_UEFI_SECURE_BOOT', 'COMPUTE_STATUS_DISABLED', 'HW_GPU_CUDA_COMPUTE_CAPABILITY_V5_0', 'HW_GPU_API_OPENGL_V3_0', 'HW_CPU_X86_INTEL_SSBD', 'HW_CPU_X86_AVX512VAES', 'HW_NIC_OFFLOAD_GENEVE', 'HW_NIC_OFFLOAD_RXHASH', 'HW_CPU_X86_TBM', 'COMPUTE_NET_VIF_MODEL_LAN9118', 'COMPUTE_FIRMWARE_BIOS', 'HW_CPU_X86_SVM', 'HW_GPU_API_DIRECT3D_V11_0', 'HW_NIC_MULTIQUEUE', 'HW_CPU_AARCH64_JSCVT', 'HW_CPU_X86_AVX512F', 'HW_CPU_X86_BMI2', 'HW_GPU_API_OPENGL_V3_3', 'HW_GPU_CUDA_COMPUTE_CAPABILITY_V1_1', 'HW_GPU_CUDA_COMPUTE_CAPABILITY_V2_1', 'HW_CPU_AARCH64_CPUID', 'HW_NIC_DCB_QCN', 'HW_CPU_AARCH64_PMULL', 'HW_NIC_OFFLOAD_TSO', 'HW_GPU_API_OPENGL_V3_2', 'HW_NIC_OFFLOAD_L2CRC', 'HW_GPU_RESOLUTION_W640H480', 'COMPUTE_NET_VIF_MODEL_VMXNET', 'COMPUTE_SECURITY_TPM_1_2', 'HW_GPU_API_DIRECT3D_V11_3', 'HW_GPU_CUDA_COMPUTE_CAPABILITY_V1_3', 'HW_GPU_CUDA_COMPUTE_CAPABILITY_V5_3', 'HW_GPU_RESOLUTION_W1920H1080', 'HW_GPU_RESOLUTION_W1152H864', 'HW_NIC_DCB_PFC', 'HW_GPU_API_OPENCL_V1_2', 'HW_CPU_AARCH64_SM3', 'HW_CPU_X86_F16C', 'COMPUTE_NET_VIF_MODEL_E1000', 'HW_NIC_ACCEL_LZS', 'HW_NIC_OFFLOAD_TX', 'HW_CPU_X86_VMX', 'COMPUTE_NET_VIF_MODEL_VMXNET3', 'HW_NIC_OFFLOAD_SG', 'COMPUTE_GRAPHICS_MODEL_XEN', 'HW_CPU_AARCH64_ASIMDRDM', 'HW_CPU_AARCH64_ASIMDDP', 'HW_NIC_OFFLOAD_TXUDP', 'HW_CPU_X86_AVX512VPCLMULQDQ', 'COMPUTE_NET_VIF_MODEL_SRIOV', 'HW_GPU_API_OPENGL_V1_3', 'HW_GPU_API_DIRECT3D_V9_0B', 'HW_NIC_SRIOV_MULTIQUEUE', 'COMPUTE_IMAGE_TYPE_PLOOP', 'COMPUTE_NET_VIF_MODEL_SPAPR_VLAN', 'COMPUTE_TRUSTED_CERTS', 'HW_NIC_ACCEL_TLS', 'COMPUTE_EPHEMERAL_ENCRYPTION', 'HW_GPU_CUDA_COMPUTE_CAPABILITY_V2_0', 'HW_CPU_X86_SSSE3', 'HW_NIC_OFFLOAD_RXVLAN', 'HW_CPU_X86_INTEL_VMX', 'HW_NIC_OFFLOAD_RDMA', 'HW_NIC_VMDQ', 'HW_NIC_SRIOV_TRUSTED', 'HW_CPU_X86_AMD_SVM', 'COMPUTE_MIGRATE_POST_COPY', 'HW_GPU_RESOLUTION_W1024H600', 'HW_GPU_API_OPENGL_V4_3', 'COMPUTE_RESCUE_BFV', 'HW_CPU_X86_INTEL_SPEC_CTRL', 'HW_GPU_API_OPENGL_V2_1', 'HW_NIC_PROGRAMMABLE_PIPELINE', 'HW_GPU_RESOLUTION_W1280H768', 'HW_CPU_X86_INTEL_PCID', 'HW_CPU_X86_SSE42', 'COMPUTE_STORAGE_BUS_XEN', 'HW_CPU_X86_AVX512ER', 'COMPUTE_EPHEMERAL_ENCRYPTION_LUKS', 'HW_GPU_API_DIRECT3D_V6_0', 'HW_CPU_X86_AMD_IBPB', 'HW_NIC_OFFLOAD_LRO', 'HW_GPU_API_DIRECT3D_V9_0C', 'HW_NIC_ACCEL_IPSEC', 'HW_GPU_CUDA_SDK_V6_5', 'COMPUTE_VOLUME_ATTACH_WITH_TAG', 'COMPUTE_STORAGE_BUS_LXC', 'HW_GPU_API_OPENGL_V1_5', 'HW_GPU_CUDA_COMPUTE_CAPABILITY_V3_2', 'COMPUTE_IMAGE_TYPE_VMDK', 'HW_NIC_OFFLOAD_SWITCHDEV', 'HW_CPU_X86_AVX512VNNI', 'COMPUTE_ACCELERATORS', 'HW_GPU_CUDA_COMPUTE_CAPABILITY_V1_2', 'HW_GPU_CUDA_SDK_V7_5', 'COMPUTE_IMAGE_TYPE_ARI', 'HW_GPU_API_DIRECT3D_V11_1', 'HW_GPU_API_DIRECT3D_V11_2', 'COMPUTE_SAME_HOST_COLD_MIGRATE', 'COMPUTE_EPHEMERAL_ENCRYPTION_LUKSV2', 'HW_CPU_X86_INTEL_MD_CLEAR', 'HW_CPU_AARCH64_ATOMICS', 'HW_CPU_X86_MPX', 'HW_GPU_CUDA_COMPUTE_CAPABILITY_V6_2', 'HW_GPU_RESOLUTION_W1440H900', 'HW_NIC_OFFLOAD_GRO', 'HW_CPU_AMD_SEV', 'HW_NIC_OFFLOAD_GSO', 'COMPUTE_NET_ATTACH_INTERFACE', 'HW_NIC_ACCEL_ECC', 'HW_GPU_API_OPENCL_V2_2', 'COMPUTE_IMAGE_TYPE_RAW', 'COMPUTE_NET_VIF_MODEL_PCNET', 'COMPUTE_STORAGE_BUS_SATA', 'HW_CPU_X86_AMD_SEV', 'HW_NIC_OFFLOAD_UFO', 'HW_NIC_DCB_ETS', 'HW_GPU_RESOLUTION_W2560H1600', 'COMPUTE_STORAGE_BUS_FDC', 'HW_CPU_AARCH64_LRCPC', 'COMPUTE_STORAGE_BUS_UML', 'HW_GPU_MAX_DISPLAY_HEADS_6', 'HW_CPU_X86_PDPE1GB', 'HW_CPU_X86_AVX512VL', 'HW_CPU_AARCH64_SM4', 'HW_CPU_PPC64LE_POWER9', 'HW_GPU_MAX_DISPLAY_HEADS_2', 'HW_GPU_CUDA_COMPUTE_CAPABILITY_V7_1', 'HW_GPU_API_DIRECT3D_V7_0', 'COMPUTE_GRAPHICS_MODEL_CIRRUS', 'COMPUTE_NET_VIF_MODEL_VIRTIO', 'HW_CPU_X86_SSE2', 'HW_GPU_API_OPENGL_V1_4', 'HW_GPU_API_OPENGL_V3_1', 'COMPUTE_NET_ATTACH_INTERFACE_WITH_TAG', 'HW_CPU_X86_XOP', 'HW_GPU_API_DIRECTX_V12', 'COMPUTE_FIRMWARE_UEFI', 'HW_CPU_X86_MMX', 'HW_CPU_X86_AMD_NO_SSB', 'HW_GPU_API_DIRECT3D_V10_1', 'HW_CPU_AARCH64_SHA1', 'HW_GPU_MAX_DISPLAY_HEADS_4', 'HW_GPU_API_DIRECTX_V10', 'HW_NIC_OFFLOAD_SCS', 'HW_NIC_OFFLOAD_TCS', 'HW_CPU_AARCH64_CRC32', 'HW_CPU_AARCH64_EVTSTRM', 'HW_CPU_X86_TSX', 'HW_GPU_MAX_DISPLAY_HEADS_1', 'HW_CPU_AARCH64_FP', 'HW_NIC_OFFLOAD_FDF', 'COMPUTE_STORAGE_BUS_VIRTIO', 'HW_GPU_API_DIRECT3D_V10_0', 'HW_GPU_API_OPENGL_V4_5', 'COMPUTE_IMAGE_TYPE_VDI', 'HW_NIC_OFFLOAD_QINQ', 'COMPUTE_STORAGE_BUS_SCSI', 'HW_GPU_RESOLUTION_W7680H4320', 'HW_NIC_OFFLOAD_RX', 'HW_GPU_CUDA_COMPUTE_CAPABILITY_V7_0', 'HW_CPU_X86_AVX', 'COMPUTE_GRAPHICS_MODEL_BOCHS', 'COMPUTE_NET_VIF_MODEL_NETFRONT', 'COMPUTE_VOLUME_EXTEND', 'HW_GPU_RESOLUTION_W800H600', 'HW_NUMA_ROOT', 'HW_CPU_X86_STIBP', 'COMPUTE_IMAGE_TYPE_AMI', 'HW_GPU_RESOLUTION_W1680H1050', 'HW_CPU_X86_AVX512GFNI', 'COMPUTE_STORAGE_BUS_USB', 'STORAGE_DISK_HDD', 'COMPUTE_IMAGE_TYPE_VHDX', 'HW_GPU_CUDA_SDK_V9_2', 'HW_NIC_OFFLOAD_LSO', 'HW_GPU_CUDA_SDK_V10_0', 'HW_NIC_SRIOV_QOS_TX', 'HW_GPU_API_OPENCL_V1_1', 'HW_NIC_OFFLOAD_VXLAN', 'HW_CPU_X86_AVX512BITALG', 'HW_GPU_CUDA_SDK_V9_0', 'HW_GPU_RESOLUTION_W1280H720', 'HW_GPU_CUDA_SDK_V8_0', 'HW_NIC_SRIOV_QOS_RX', 'HW_CPU_AARCH64_DCPOP', 'HW_CPU_X86_3DNOW', 'HW_GPU_RESOLUTION_W320H240', 'HW_CPU_X86_SGX', 'HW_GPU_API_OPENGL_V4_2', 'HW_CPU_X86_AVX512VBMI', 'HW_CPU_AARCH64_SHA3', 'HW_CPU_X86_FMA4', 'HW_GPU_CUDA_COMPUTE_CAPABILITY_V6_0', 'HW_CPU_X86_AVX512VBMI2', 'HW_GPU_CUDA_COMPUTE_CAPABILITY_V3_7'} {{(pid=103221) _trait_sync /opt/stack/placement/placement/objects/trait.py:286}}
Jan 11 14:05:10.107518 dv-cinder-824131-3-smb devstack@placement-api.service[103221]: DEBUG oslo_concurrency.lockutils [-] Releasing lock "trait_sync" {{(pid=103221) lock /usr/local/lib/python3.8/dist-packages/oslo_concurrency/lockutils.py:312}}
Jan 11 14:05:10.107826 dv-cinder-824131-3-smb devstack@placement-api.service[103221]: DEBUG oslo_concurrency.lockutils [-] Acquired lock "resource_classes_sync" {{(pid=103221) lock /usr/local/lib/python3.8/dist-packages/oslo_concurrency/lockutils.py:294}}
Jan 11 14:05:10.122337 dv-cinder-824131-3-smb devstack@placement-api.service[103220]: DEBUG oslo_concurrency.lockutils [-] Releasing lock "trait_sync" {{(pid=103220) lock /usr/local/lib/python3.8/dist-packages/oslo_concurrency/lockutils.py:312}}
Jan 11 14:05:10.122622 dv-cinder-824131-3-smb devstack@placement-api.service[103220]: DEBUG oslo_concurrency.lockutils [-] Acquired lock "resource_classes_sync" {{(pid=103220) lock /usr/local/lib/python3.8/dist-packages/oslo_concurrency/lockutils.py:294}}
Jan 11 14:05:10.188524 dv-cinder-824131-3-smb devstack@placement-api.service[103220]: DEBUG placement.objects.resource_class [-] Found existing resource classes in db: [] {{(pid=103220) _resource_classes_sync /opt/stack/placement/placement/objects/resource_class.py:228}}
Jan 11 14:05:10.189501 dv-cinder-824131-3-smb devstack@placement-api.service[103221]: DEBUG placement.objects.resource_class [-] Found existing resource classes in db: [] {{(pid=103221) _resource_classes_sync /opt/stack/placement/placement/objects/resource_class.py:228}}
Jan 11 14:05:10.192892 dv-cinder-824131-3-smb devstack@placement-api.service[103220]: DEBUG placement.objects.resource_class [-] Synced resource_classes from os_resource_classes: [{'name': 'VCPU', 'id': 0}, {'name': 'MEMORY_MB', 'id': 1}, {'name': 'DISK_GB', 'id': 2}, {'name': 'PCI_DEVICE', 'id': 3}, {'name': 'SRIOV_NET_VF', 'id': 4}, {'name': 'NUMA_SOCKET', 'id': 5}, {'name': 'NUMA_CORE', 'id': 6}, {'name': 'NUMA_THREAD', 'id': 7}, {'name': 'NUMA_MEMORY_MB', 'id': 8}, {'name': 'IPV4_ADDRESS', 'id': 9}, {'name': 'VGPU', 'id': 10}, {'name': 'VGPU_DISPLAY_HEAD', 'id': 11}, {'name': 'NET_BW_EGR_KILOBIT_PER_SEC', 'id': 12}, {'name': 'NET_BW_IGR_KILOBIT_PER_SEC', 'id': 13}, {'name': 'PCPU', 'id': 14}, {'name': 'MEM_ENCRYPTION_CONTEXT', 'id': 15}, {'name': 'FPGA', 'id': 16}, {'name': 'PGPU', 'id': 17}, {'name': 'NET_PACKET_RATE_KILOPACKET_PER_SEC', 'id': 18}, {'name': 'NET_PACKET_RATE_EGR_KILOPACKET_PER_SEC', 'id': 19}, {'name': 'NET_PACKET_RATE_IGR_KILOPACKET_PER_SEC', 'id': 20}] {{(pid=103220) _resource_classes_sync /opt/stack/placement/placement/objects/resource_class.py:245}}
Jan 11 14:05:10.202029 dv-cinder-824131-3-smb devstack@placement-api.service[103220]: DEBUG oslo_concurrency.lockutils [-] Releasing lock "resource_classes_sync" {{(pid=103220) lock /usr/local/lib/python3.8/dist-packages/oslo_concurrency/lockutils.py:312}}
Jan 11 14:05:10.202029 dv-cinder-824131-3-smb devstack@placement-api.service[103220]: WSGI app 0 (mountpoint='') ready in 3 seconds on interpreter 0x558f223119c0 pid: 103220 (default app)
Jan 11 14:05:10.202263 dv-cinder-824131-3-smb devstack@placement-api.service[103221]: DEBUG oslo_concurrency.lockutils [-] Releasing lock "resource_classes_sync" {{(pid=103221) lock /usr/local/lib/python3.8/dist-packages/oslo_concurrency/lockutils.py:312}}
Jan 11 14:05:10.202263 dv-cinder-824131-3-smb devstack@placement-api.service[103221]: WSGI app 0 (mountpoint='') ready in 3 seconds on interpreter 0x558f223119c0 pid: 103221 (default app)
Jan 11 14:05:10.202426 dv-cinder-824131-3-smb devstack@placement-api.service[103220]: DEBUG placement.requestlog [None req-ae1e730c-47ec-4b34-b93b-74fea36159b9 None None] Starting request: 10.222.0.30 "GET /placement/" {{(pid=103220) __call__ /opt/stack/placement/placement/requestlog.py:55}}
Jan 11 14:05:10.270193 dv-cinder-824131-3-smb devstack@placement-api.service[103220]: INFO placement.requestlog [None req-ae1e730c-47ec-4b34-b93b-74fea36159b9 None None] 10.222.0.30 "GET /placement/" status: 200 len: 136 microversion: 1.0
Jan 11 14:05:10.270534 dv-cinder-824131-3-smb devstack@placement-api.service[103220]: [pid: 103220|app: 0|req: 1/1] 10.222.0.30 () {50 vars in 776 bytes} [Tue Jan 11 14:05:10 2022] GET /placement => generated 136 bytes in 74 msecs (HTTP/1.1 200) 6 headers in 224 bytes (1 switches on core 0)
Jan 11 14:06:17.187665 dv-cinder-824131-3-smb devstack@placement-api.service[103221]: DEBUG placement.requestlog [None req-ec6deaed-1e97-408a-8733-e608d36994bc None None] Starting request: 10.222.0.30 "GET /placement/" {{(pid=103221) __call__ /opt/stack/placement/placement/requestlog.py:55}}
Jan 11 14:06:17.286634 dv-cinder-824131-3-smb devstack@placement-api.service[103221]: INFO placement.requestlog [None req-ec6deaed-1e97-408a-8733-e608d36994bc None None] 10.222.0.30 "GET /placement/" status: 200 len: 136 microversion: 1.0
Jan 11 14:06:17.298698 dv-cinder-824131-3-smb devstack@placement-api.service[103221]: [pid: 103221|app: 0|req: 1/2] 10.222.0.30 () {54 vars in 916 bytes} [Tue Jan 11 14:06:17 2022] GET /placement => generated 136 bytes in 112 msecs (HTTP/1.1 200) 6 headers in 224 bytes (1 switches on core 0)
Jan 11 14:06:21.451395 dv-cinder-824131-3-smb devstack@placement-api.service[103220]: DEBUG placement.requestlog [None req-c5266d02-3d40-48bb-8f36-01bb7de74ad5 None None] Starting request: 10.222.0.30 "GET /placement/" {{(pid=103220) __call__ /opt/stack/placement/placement/requestlog.py:55}}
Jan 11 14:06:21.452538 dv-cinder-824131-3-smb devstack@placement-api.service[103220]: INFO placement.requestlog [None req-c5266d02-3d40-48bb-8f36-01bb7de74ad5 None None] 10.222.0.30 "GET /placement/" status: 200 len: 136 microversion: 1.0
Jan 11 14:06:21.453146 dv-cinder-824131-3-smb devstack@placement-api.service[103220]: [pid: 103220|app: 0|req: 2/3] 10.222.0.30 () {54 vars in 916 bytes} [Tue Jan 11 14:06:21 2022] GET /placement => generated 136 bytes in 2 msecs (HTTP/1.1 200) 6 headers in 224 bytes (1 switches on core 0)
Jan 11 14:06:23.063874 dv-cinder-824131-3-smb devstack@placement-api.service[103221]: DEBUG placement.requestlog [None req-1c89f21d-b06d-4b3a-8b67-21a366c22a3b None None] Starting request: 10.222.0.30 "GET /placement/" {{(pid=103221) __call__ /opt/stack/placement/placement/requestlog.py:55}}
Jan 11 14:06:23.064820 dv-cinder-824131-3-smb devstack@placement-api.service[103221]: INFO placement.requestlog [None req-1c89f21d-b06d-4b3a-8b67-21a366c22a3b None None] 10.222.0.30 "GET /placement/" status: 200 len: 136 microversion: 1.0
Jan 11 14:06:23.065131 dv-cinder-824131-3-smb devstack@placement-api.service[103221]: [pid: 103221|app: 0|req: 2/4] 10.222.0.30 () {54 vars in 916 bytes} [Tue Jan 11 14:06:23 2022] GET /placement => generated 136 bytes in 2 msecs (HTTP/1.1 200) 6 headers in 224 bytes (1 switches on core 0)
Jan 11 14:07:15.384176 dv-cinder-824131-3-smb devstack@placement-api.service[103220]: DEBUG placement.requestlog [None req-dab423fd-8b92-442a-b947-950f91fe5fce None None] Starting request: 10.222.0.30 "GET /placement//" {{(pid=103220) __call__ /opt/stack/placement/placement/requestlog.py:55}}
Jan 11 14:07:15.385138 dv-cinder-824131-3-smb devstack@placement-api.service[103220]: INFO placement.requestlog [None req-dab423fd-8b92-442a-b947-950f91fe5fce None None] 10.222.0.30 "GET /placement//" status: 200 len: 136 microversion: 1.0
Jan 11 14:07:15.385450 dv-cinder-824131-3-smb devstack@placement-api.service[103220]: [pid: 103220|app: 0|req: 3/5] 10.222.0.30 () {56 vars in 1106 bytes} [Tue Jan 11 14:07:15 2022] GET /placement/ => generated 136 bytes in 2 msecs (HTTP/1.1 200) 6 headers in 224 bytes (1 switches on core 0)
Jan 11 14:11:19.928841 dv-cinder-824131-3-smb devstack@placement-api.service[103221]: DEBUG placement.requestlog [None req-12389882-f47b-40a1-8da2-dd03b1a955c7 None None] Starting request: 10.222.0.54 "GET /placement/" {{(pid=103221) __call__ /opt/stack/placement/placement/requestlog.py:55}}
Jan 11 14:11:19.930463 dv-cinder-824131-3-smb devstack@placement-api.service[103221]: INFO placement.requestlog [None req-12389882-f47b-40a1-8da2-dd03b1a955c7 None None] 10.222.0.54 "GET /placement/" status: 200 len: 136 microversion: 1.0
Jan 11 14:11:19.930979 dv-cinder-824131-3-smb devstack@placement-api.service[103221]: [pid: 103221|app: 0|req: 3/6] 10.222.0.54 () {54 vars in 913 bytes} [Tue Jan 11 14:11:19 2022] GET /placement => generated 136 bytes in 2 msecs (HTTP/1.1 200) 6 headers in 224 bytes (1 switches on core 0)
Jan 11 14:11:23.412723 dv-cinder-824131-3-smb devstack@placement-api.service[103220]: DEBUG placement.requestlog [req-ec39d349-9f9e-40fb-851d-9be3936d1f79 req-e7ebe6db-13df-4af3-9411-90f93d6c8eb8 None None] Starting request: 10.222.0.54 "GET /placement/resource_providers?in_tree=50f68298-ea10-4eb8-bfac-0894e04dd2ac" {{(pid=103220) __call__ /opt/stack/placement/placement/requestlog.py:55}}
Jan 11 14:11:23.536248 dv-cinder-824131-3-smb devstack@placement-api.service[103220]: INFO placement.requestlog [req-ec39d349-9f9e-40fb-851d-9be3936d1f79 req-e7ebe6db-13df-4af3-9411-90f93d6c8eb8 service placement] 10.222.0.54 "GET /placement/resource_providers?in_tree=50f68298-ea10-4eb8-bfac-0894e04dd2ac" status: 200 len: 26 microversion: 1.14
Jan 11 14:11:23.536577 dv-cinder-824131-3-smb devstack@placement-api.service[103220]: [pid: 103220|app: 0|req: 4/7] 10.222.0.54 () {60 vars in 1376 bytes} [Tue Jan 11 14:11:23 2022] GET /placement/resource_providers?in_tree=50f68298-ea10-4eb8-bfac-0894e04dd2ac => generated 26 bytes in 124 msecs (HTTP/1.1 200) 6 headers in 224 bytes (1 switches on core 0)
Jan 11 14:11:23.543917 dv-cinder-824131-3-smb devstack@placement-api.service[103221]: DEBUG placement.requestlog [req-ec39d349-9f9e-40fb-851d-9be3936d1f79 req-60625070-2f0f-4ed1-bf27-2be3bf01fce7 None None] Starting request: 10.222.0.54 "POST /placement/resource_providers" {{(pid=103221) __call__ /opt/stack/placement/placement/requestlog.py:55}}
Jan 11 14:11:23.581872 dv-cinder-824131-3-smb devstack@placement-api.service[103221]: INFO placement.requestlog [req-ec39d349-9f9e-40fb-851d-9be3936d1f79 req-60625070-2f0f-4ed1-bf27-2be3bf01fce7 service placement] 10.222.0.54 "POST /placement/resource_providers" status: 200 len: 838 microversion: 1.20
Jan 11 14:11:23.582338 dv-cinder-824131-3-smb devstack@placement-api.service[103221]: [pid: 103221|app: 0|req: 4/8] 10.222.0.54 () {64 vars in 1340 bytes} [Tue Jan 11 14:11:23 2022] POST /placement/resource_providers => generated 838 bytes in 39 msecs (HTTP/1.1 200) 9 headers in 392 bytes (2 switches on core 0)
Jan 11 14:11:23.811293 dv-cinder-824131-3-smb devstack@placement-api.service[103220]: DEBUG placement.requestlog [req-ec39d349-9f9e-40fb-851d-9be3936d1f79 req-f9d642f9-0d39-4dc8-b4aa-ae54226bed8d None None] Starting request: 10.222.0.54 "PUT /placement/resource_providers/50f68298-ea10-4eb8-bfac-0894e04dd2ac/inventories" {{(pid=103220) __call__ /opt/stack/placement/placement/requestlog.py:55}}
Jan 11 14:11:23.843763 dv-cinder-824131-3-smb devstack@placement-api.service[103220]: INFO placement.requestlog [req-ec39d349-9f9e-40fb-851d-9be3936d1f79 req-f9d642f9-0d39-4dc8-b4aa-ae54226bed8d service placement] 10.222.0.54 "PUT /placement/resource_providers/50f68298-ea10-4eb8-bfac-0894e04dd2ac/inventories" status: 200 len: 397 microversion: 1.26
Jan 11 14:11:23.844286 dv-cinder-824131-3-smb devstack@placement-api.service[103220]: [pid: 103220|app: 0|req: 5/9] 10.222.0.54 () {64 vars in 1487 bytes} [Tue Jan 11 14:11:23 2022] PUT /placement/resource_providers/50f68298-ea10-4eb8-bfac-0894e04dd2ac/inventories => generated 397 bytes in 33 msecs (HTTP/1.1 200) 8 headers in 296 bytes (1 switches on core 0)
Jan 11 14:11:23.854366 dv-cinder-824131-3-smb devstack@placement-api.service[103221]: DEBUG placement.requestlog [req-ec39d349-9f9e-40fb-851d-9be3936d1f79 req-151a7372-70e9-49a0-9175-fea4ea7ca0f8 None None] Starting request: 10.222.0.54 "GET /placement/traits?name=in:COMPUTE_NET_ATTACH_INTERFACE,COMPUTE_VOLUME_ATTACH_WITH_TAG,COMPUTE_TRUSTED_CERTS,COMPUTE_IMAGE_TYPE_VHD,COMPUTE_VOLUME_EXTEND,COMPUTE_IMAGE_TYPE_VHDX,COMPUTE_NET_ATTACH_INTERFACE_WITH_TAG,COMPUTE_NODE,COMPUTE_DEVICE_TAGGING" {{(pid=103221) __call__ /opt/stack/placement/placement/requestlog.py:55}}
Jan 11 14:11:23.868516 dv-cinder-824131-3-smb devstack@placement-api.service[103221]: INFO placement.requestlog [req-ec39d349-9f9e-40fb-851d-9be3936d1f79 req-151a7372-70e9-49a0-9175-fea4ea7ca0f8 service placement] 10.222.0.54 "GET /placement/traits?name=in:COMPUTE_NET_ATTACH_INTERFACE,COMPUTE_VOLUME_ATTACH_WITH_TAG,COMPUTE_TRUSTED_CERTS,COMPUTE_IMAGE_TYPE_VHD,COMPUTE_VOLUME_EXTEND,COMPUTE_IMAGE_TYPE_VHDX,COMPUTE_NET_ATTACH_INTERFACE_WITH_TAG,COMPUTE_NODE,COMPUTE_DEVICE_TAGGING" status: 200 len: 264 microversion: 1.6
Jan 11 14:11:23.869118 dv-cinder-824131-3-smb devstack@placement-api.service[103221]: [pid: 103221|app: 0|req: 5/10] 10.222.0.54 () {60 vars in 1715 bytes} [Tue Jan 11 14:11:23 2022] GET /placement/traits?name=in:COMPUTE_NET_ATTACH_INTERFACE,COMPUTE_VOLUME_ATTACH_WITH_TAG,COMPUTE_TRUSTED_CERTS,COMPUTE_IMAGE_TYPE_VHD,COMPUTE_VOLUME_EXTEND,COMPUTE_IMAGE_TYPE_VHDX,COMPUTE_NET_ATTACH_INTERFACE_WITH_TAG,COMPUTE_NODE,COMPUTE_DEVICE_TAGGING => generated 264 bytes in 15 msecs (HTTP/1.1 200) 6 headers in 224 bytes (2 switches on core 0)
Jan 11 14:11:23.875494 dv-cinder-824131-3-smb devstack@placement-api.service[103220]: DEBUG placement.requestlog [req-ec39d349-9f9e-40fb-851d-9be3936d1f79 req-755b5960-8400-4800-ac40-49d2eabc7175 None None] Starting request: 10.222.0.54 "PUT /placement/resource_providers/50f68298-ea10-4eb8-bfac-0894e04dd2ac/traits" {{(pid=103220) __call__ /opt/stack/placement/placement/requestlog.py:55}}
Jan 11 14:11:23.927913 dv-cinder-824131-3-smb devstack@placement-api.service[103220]: INFO placement.requestlog [req-ec39d349-9f9e-40fb-851d-9be3936d1f79 req-755b5960-8400-4800-ac40-49d2eabc7175 service placement] 10.222.0.54 "PUT /placement/resource_providers/50f68298-ea10-4eb8-bfac-0894e04dd2ac/traits" status: 200 len: 299 microversion: 1.6
Jan 11 14:11:23.928317 dv-cinder-824131-3-smb devstack@placement-api.service[103220]: [pid: 103220|app: 0|req: 6/11] 10.222.0.54 () {64 vars in 1471 bytes} [Tue Jan 11 14:11:23 2022] PUT /placement/resource_providers/50f68298-ea10-4eb8-bfac-0894e04dd2ac/traits => generated 299 bytes in 53 msecs (HTTP/1.1 200) 6 headers in 224 bytes (2 switches on core 0)
Jan 11 14:12:20.139066 dv-cinder-824131-3-smb devstack@placement-api.service[103221]: DEBUG placement.requestlog [req-e6f4adab-3e8f-4841-baae-fc0435980407 req-2b3c6215-ba18-497a-8738-6b23b62c8166 None None] Starting request: 10.222.0.54 "GET /placement/resource_providers/50f68298-ea10-4eb8-bfac-0894e04dd2ac/allocations" {{(pid=103221) __call__ /opt/stack/placement/placement/requestlog.py:55}}
Jan 11 14:12:20.162589 dv-cinder-824131-3-smb devstack@placement-api.service[103221]: INFO placement.requestlog [req-e6f4adab-3e8f-4841-baae-fc0435980407 req-2b3c6215-ba18-497a-8738-6b23b62c8166 service placement] 10.222.0.54 "GET /placement/resource_providers/50f68298-ea10-4eb8-bfac-0894e04dd2ac/allocations" status: 200 len: 54 microversion: 1.0
Jan 11 14:12:20.162933 dv-cinder-824131-3-smb devstack@placement-api.service[103221]: [pid: 103221|app: 0|req: 6/12] 10.222.0.54 () {58 vars in 1390 bytes} [Tue Jan 11 14:12:20 2022] GET /placement/resource_providers/50f68298-ea10-4eb8-bfac-0894e04dd2ac/allocations => generated 54 bytes in 24 msecs (HTTP/1.1 200) 6 headers in 223 bytes (1 switches on core 0)
Jan 11 14:13:20.770653 dv-cinder-824131-3-smb devstack@placement-api.service[103220]: DEBUG placement.requestlog [req-72d2c94e-d6e8-4e98-9529-2e78aeb59e2b req-cebc20cd-8c11-431d-8bbb-5f425711ee64 None None] Starting request: 10.222.0.54 "GET /placement/resource_providers/50f68298-ea10-4eb8-bfac-0894e04dd2ac/allocations" {{(pid=103220) __call__ /opt/stack/placement/placement/requestlog.py:55}}
Jan 11 14:13:20.837603 dv-cinder-824131-3-smb devstack@placement-api.service[103220]: INFO placement.requestlog [req-72d2c94e-d6e8-4e98-9529-2e78aeb59e2b req-cebc20cd-8c11-431d-8bbb-5f425711ee64 service placement] 10.222.0.54 "GET /placement/resource_providers/50f68298-ea10-4eb8-bfac-0894e04dd2ac/allocations" status: 200 len: 54 microversion: 1.0
Jan 11 14:13:20.838018 dv-cinder-824131-3-smb devstack@placement-api.service[103220]: [pid: 103220|app: 0|req: 7/13] 10.222.0.54 () {58 vars in 1390 bytes} [Tue Jan 11 14:13:20 2022] GET /placement/resource_providers/50f68298-ea10-4eb8-bfac-0894e04dd2ac/allocations => generated 54 bytes in 68 msecs (HTTP/1.1 200) 6 headers in 223 bytes (1 switches on core 0)
Jan 11 14:13:24.334932 dv-cinder-824131-3-smb devstack@placement-api.service[103221]: DEBUG placement.requestlog [req-71da0f50-aaa3-43f5-a168-45212706d764 req-8af1bb56-2bca-4870-92b7-7760eaa0fc2b None None] Starting request: 10.222.0.30 "GET /placement/allocation_candidates?limit=1000&resources=DISK_GB%3A1%2CMEMORY_MB%3A1024%2CVCPU%3A1&root_required=%21COMPUTE_STATUS_DISABLED" {{(pid=103221) __call__ /opt/stack/placement/placement/requestlog.py:55}}
Jan 11 14:13:24.713244 dv-cinder-824131-3-smb devstack@placement-api.service[103221]: DEBUG placement.objects.research_context [req-71da0f50-aaa3-43f5-a168-45212706d764 req-8af1bb56-2bca-4870-92b7-7760eaa0fc2b service placement] getting providers with 1 DISK_GB {{(pid=103221) __init__ /opt/stack/placement/placement/objects/research_context.py:126}}
Jan 11 14:13:24.728189 dv-cinder-824131-3-smb devstack@placement-api.service[103221]: DEBUG placement.objects.research_context [req-71da0f50-aaa3-43f5-a168-45212706d764 req-8af1bb56-2bca-4870-92b7-7760eaa0fc2b service placement] getting providers with 1024 MEMORY_MB {{(pid=103221) __init__ /opt/stack/placement/placement/objects/research_context.py:126}}
Jan 11 14:13:24.737908 dv-cinder-824131-3-smb devstack@placement-api.service[103221]: DEBUG placement.objects.research_context [req-71da0f50-aaa3-43f5-a168-45212706d764 req-8af1bb56-2bca-4870-92b7-7760eaa0fc2b service placement] getting providers with 1 VCPU {{(pid=103221) __init__ /opt/stack/placement/placement/objects/research_context.py:126}}
Jan 11 14:13:24.747190 dv-cinder-824131-3-smb devstack@placement-api.service[103221]: DEBUG placement.objects.research_context [req-71da0f50-aaa3-43f5-a168-45212706d764 req-8af1bb56-2bca-4870-92b7-7760eaa0fc2b service placement] found 1 providers with available 1 DISK_GB {{(pid=103221) get_provider_ids_matching /opt/stack/placement/placement/objects/research_context.py:549}}
Jan 11 14:13:24.747677 dv-cinder-824131-3-smb devstack@placement-api.service[103221]: DEBUG placement.objects.research_context [req-71da0f50-aaa3-43f5-a168-45212706d764 req-8af1bb56-2bca-4870-92b7-7760eaa0fc2b service placement] found 1 providers with available 1024 MEMORY_MB {{(pid=103221) get_provider_ids_matching /opt/stack/placement/placement/objects/research_context.py:549}}
Jan 11 14:13:24.748544 dv-cinder-824131-3-smb devstack@placement-api.service[103221]: DEBUG placement.objects.research_context [req-71da0f50-aaa3-43f5-a168-45212706d764 req-8af1bb56-2bca-4870-92b7-7760eaa0fc2b service placement] found 1 providers after filtering by previous result {{(pid=103221) get_provider_ids_matching /opt/stack/placement/placement/objects/research_context.py:580}}
Jan 11 14:13:24.749062 dv-cinder-824131-3-smb devstack@placement-api.service[103221]: DEBUG placement.objects.research_context [req-71da0f50-aaa3-43f5-a168-45212706d764 req-8af1bb56-2bca-4870-92b7-7760eaa0fc2b service placement] found 1 providers with available 1 VCPU {{(pid=103221) get_provider_ids_matching /opt/stack/placement/placement/objects/research_context.py:549}}
Jan 11 14:13:24.749610 dv-cinder-824131-3-smb devstack@placement-api.service[103221]: DEBUG placement.objects.research_context [req-71da0f50-aaa3-43f5-a168-45212706d764 req-8af1bb56-2bca-4870-92b7-7760eaa0fc2b service placement] found 1 providers after filtering by previous result {{(pid=103221) get_provider_ids_matching /opt/stack/placement/placement/objects/research_context.py:580}}
Jan 11 14:13:24.780559 dv-cinder-824131-3-smb devstack@placement-api.service[103221]: DEBUG placement.objects.allocation_candidate [req-71da0f50-aaa3-43f5-a168-45212706d764 req-8af1bb56-2bca-4870-92b7-7760eaa0fc2b service placement] RequestGroup(use_same_provider=False, resources={DISK_GB:1, MEMORY_MB:1024, VCPU:1}, traits=[], aggregates=[]) (suffix '') returned 1 matches {{(pid=103221) _get_by_requests /opt/stack/placement/placement/objects/allocation_candidate.py:145}}
Jan 11 14:13:24.781638 dv-cinder-824131-3-smb devstack@placement-api.service[103221]: DEBUG placement.objects.allocation_candidate [req-71da0f50-aaa3-43f5-a168-45212706d764 req-8af1bb56-2bca-4870-92b7-7760eaa0fc2b service placement] Merging candidates yields 1 allocation requests and 1 provider summaries {{(pid=103221) _merge_candidates /opt/stack/placement/placement/objects/allocation_candidate.py:783}}
Jan 11 14:13:24.783932 dv-cinder-824131-3-smb devstack@placement-api.service[103221]: INFO placement.requestlog [req-71da0f50-aaa3-43f5-a168-45212706d764 req-8af1bb56-2bca-4870-92b7-7760eaa0fc2b service placement] 10.222.0.30 "GET /placement/allocation_candidates?limit=1000&resources=DISK_GB%3A1%2CMEMORY_MB%3A1024%2CVCPU%3A1&root_required=%21COMPUTE_STATUS_DISABLED" status: 200 len: 764 microversion: 1.36
Jan 11 14:13:24.795638 dv-cinder-824131-3-smb devstack@placement-api.service[103221]: [pid: 103221|app: 0|req: 7/14] 10.222.0.30 () {60 vars in 1506 bytes} [Tue Jan 11 14:13:24 2022] GET /placement/allocation_candidates?limit=1000&resources=DISK_GB%3A1%2CMEMORY_MB%3A1024%2CVCPU%3A1&root_required=%21COMPUTE_STATUS_DISABLED => generated 764 bytes in 461 msecs (HTTP/1.1 200) 8 headers in 296 bytes (1 switches on core 0)
Jan 11 14:13:25.007873 dv-cinder-824131-3-smb devstack@placement-api.service[103220]: DEBUG placement.requestlog [req-71da0f50-aaa3-43f5-a168-45212706d764 req-96e8f6b4-61eb-45c4-9f60-1b34d4beca12 None None] Starting request: 10.222.0.30 "GET /placement/allocations/27152a62-963d-4170-9dd6-3bb2dce63750" {{(pid=103220) __call__ /opt/stack/placement/placement/requestlog.py:55}}
Jan 11 14:13:25.048651 dv-cinder-824131-3-smb devstack@placement-api.service[103220]: INFO placement.requestlog [req-71da0f50-aaa3-43f5-a168-45212706d764 req-96e8f6b4-61eb-45c4-9f60-1b34d4beca12 service placement] 10.222.0.30 "GET /placement/allocations/27152a62-963d-4170-9dd6-3bb2dce63750" status: 200 len: 19 microversion: 1.28
Jan 11 14:13:25.049058 dv-cinder-824131-3-smb devstack@placement-api.service[103220]: [pid: 103220|app: 0|req: 8/15] 10.222.0.30 () {60 vars in 1380 bytes} [Tue Jan 11 14:13:25 2022] GET /placement/allocations/27152a62-963d-4170-9dd6-3bb2dce63750 => generated 19 bytes in 42 msecs (HTTP/1.1 200) 8 headers in 295 bytes (1 switches on core 0)
Jan 11 14:13:25.060663 dv-cinder-824131-3-smb devstack@placement-api.service[103221]: DEBUG placement.requestlog [req-71da0f50-aaa3-43f5-a168-45212706d764 req-8d9ffda2-3784-4b73-b51b-5aee0c3563e9 None None] Starting request: 10.222.0.30 "PUT /placement/allocations/27152a62-963d-4170-9dd6-3bb2dce63750" {{(pid=103221) __call__ /opt/stack/placement/placement/requestlog.py:55}}
Jan 11 14:13:25.270865 dv-cinder-824131-3-smb devstack@placement-api.service[103221]: DEBUG placement.handlers.allocation [req-71da0f50-aaa3-43f5-a168-45212706d764 req-8d9ffda2-3784-4b73-b51b-5aee0c3563e9 service placement] Successfully wrote allocations [, , ] {{(pid=103221) _update_consumers_and_create_allocations /opt/stack/placement/placement/handlers/allocation.py:462}}
Jan 11 14:13:25.281336 dv-cinder-824131-3-smb devstack@placement-api.service[103221]: INFO placement.requestlog [req-71da0f50-aaa3-43f5-a168-45212706d764 req-8d9ffda2-3784-4b73-b51b-5aee0c3563e9 service placement] 10.222.0.30 "PUT /placement/allocations/27152a62-963d-4170-9dd6-3bb2dce63750" status: 204 len: 0 microversion: 1.36
Jan 11 14:13:25.288577 dv-cinder-824131-3-smb devstack@placement-api.service[103221]: [pid: 103221|app: 0|req: 8/16] 10.222.0.30 () {64 vars in 1433 bytes} [Tue Jan 11 14:13:25 2022] PUT /placement/allocations/27152a62-963d-4170-9dd6-3bb2dce63750 => generated 0 bytes in 228 msecs (HTTP/1.1 204) 5 headers in 199 bytes (1 switches on core 0)
Jan 11 14:13:26.592069 dv-cinder-824131-3-smb devstack@placement-api.service[103220]: DEBUG placement.requestlog [req-71da0f50-aaa3-43f5-a168-45212706d764 req-f7af0c13-ac35-4f32-9598-55882a7cc255 None None] Starting request: 10.222.0.54 "GET /placement/allocations/27152a62-963d-4170-9dd6-3bb2dce63750" {{(pid=103220) __call__ /opt/stack/placement/placement/requestlog.py:55}}
Jan 11 14:13:26.615956 dv-cinder-824131-3-smb devstack@placement-api.service[103220]: INFO placement.requestlog [req-71da0f50-aaa3-43f5-a168-45212706d764 req-f7af0c13-ac35-4f32-9598-55882a7cc255 service placement] 10.222.0.54 "GET /placement/allocations/27152a62-963d-4170-9dd6-3bb2dce63750" status: 200 len: 258 microversion: 1.28
Jan 11 14:13:26.616344 dv-cinder-824131-3-smb devstack@placement-api.service[103220]: [pid: 103220|app: 0|req: 9/17] 10.222.0.54 () {60 vars in 1377 bytes} [Tue Jan 11 14:13:26 2022] GET /placement/allocations/27152a62-963d-4170-9dd6-3bb2dce63750 => generated 258 bytes in 25 msecs (HTTP/1.1 200) 8 headers in 296 bytes (1 switches on core 0)
Jan 11 14:13:45.598571 dv-cinder-824131-3-smb devstack@placement-api.service[103221]: DEBUG placement.requestlog [req-744aae85-9201-4e43-a136-b644aba49e6f req-ae80017c-3aa4-4968-b668-601780bca299 None None] Starting request: 10.222.0.30 "GET /placement/allocation_candidates?limit=1000&resources=DISK_GB%3A1%2CMEMORY_MB%3A1024%2CVCPU%3A1&root_required=%21COMPUTE_STATUS_DISABLED" {{(pid=103221) __call__ /opt/stack/placement/placement/requestlog.py:55}}
Jan 11 14:13:45.662802 dv-cinder-824131-3-smb devstack@placement-api.service[103221]: DEBUG placement.objects.research_context [req-744aae85-9201-4e43-a136-b644aba49e6f req-ae80017c-3aa4-4968-b668-601780bca299 service placement] getting providers with 1 DISK_GB {{(pid=103221) __init__ /opt/stack/placement/placement/objects/research_context.py:126}}
Jan 11 14:13:45.677806 dv-cinder-824131-3-smb devstack@placement-api.service[103221]: DEBUG placement.objects.research_context [req-744aae85-9201-4e43-a136-b644aba49e6f req-ae80017c-3aa4-4968-b668-601780bca299 service placement] getting providers with 1024 MEMORY_MB {{(pid=103221) __init__ /opt/stack/placement/placement/objects/research_context.py:126}}
Jan 11 14:13:45.693668 dv-cinder-824131-3-smb devstack@placement-api.service[103221]: DEBUG placement.objects.research_context [req-744aae85-9201-4e43-a136-b644aba49e6f req-ae80017c-3aa4-4968-b668-601780bca299 service placement] getting providers with 1 VCPU {{(pid=103221) __init__ /opt/stack/placement/placement/objects/research_context.py:126}}
Jan 11 14:13:45.700326 dv-cinder-824131-3-smb devstack@placement-api.service[103221]: DEBUG placement.objects.research_context [req-744aae85-9201-4e43-a136-b644aba49e6f req-ae80017c-3aa4-4968-b668-601780bca299 service placement] found 1 providers with available 1 DISK_GB {{(pid=103221) get_provider_ids_matching /opt/stack/placement/placement/objects/research_context.py:549}}
Jan 11 14:13:45.700697 dv-cinder-824131-3-smb devstack@placement-api.service[103221]: DEBUG placement.objects.research_context [req-744aae85-9201-4e43-a136-b644aba49e6f req-ae80017c-3aa4-4968-b668-601780bca299 service placement] found 1 providers with available 1024 MEMORY_MB {{(pid=103221) get_provider_ids_matching /opt/stack/placement/placement/objects/research_context.py:549}}
Jan 11 14:13:45.701590 dv-cinder-824131-3-smb devstack@placement-api.service[103221]: DEBUG placement.objects.research_context [req-744aae85-9201-4e43-a136-b644aba49e6f req-ae80017c-3aa4-4968-b668-601780bca299 service placement] found 1 providers after filtering by previous result {{(pid=103221) get_provider_ids_matching /opt/stack/placement/placement/objects/research_context.py:580}}
Jan 11 14:13:45.702079 dv-cinder-824131-3-smb devstack@placement-api.service[103221]: DEBUG placement.objects.research_context [req-744aae85-9201-4e43-a136-b644aba49e6f req-ae80017c-3aa4-4968-b668-601780bca299 service placement] found 1 providers with available 1 VCPU {{(pid=103221) get_provider_ids_matching /opt/stack/placement/placement/objects/research_context.py:549}}
Jan 11 14:13:45.702609 dv-cinder-824131-3-smb devstack@placement-api.service[103221]: DEBUG placement.objects.research_context [req-744aae85-9201-4e43-a136-b644aba49e6f req-ae80017c-3aa4-4968-b668-601780bca299 service placement] found 1 providers after filtering by previous result {{(pid=103221) get_provider_ids_matching /opt/stack/placement/placement/objects/research_context.py:580}}
Jan 11 14:13:45.718991 dv-cinder-824131-3-smb devstack@placement-api.service[103221]: DEBUG placement.objects.allocation_candidate [req-744aae85-9201-4e43-a136-b644aba49e6f req-ae80017c-3aa4-4968-b668-601780bca299 service placement] RequestGroup(use_same_provider=False, resources={DISK_GB:1, MEMORY_MB:1024, VCPU:1}, traits=[], aggregates=[]) (suffix '') returned 1 matches {{(pid=103221) _get_by_requests /opt/stack/placement/placement/objects/allocation_candidate.py:145}}
Jan 11 14:13:45.719671 dv-cinder-824131-3-smb devstack@placement-api.service[103221]: DEBUG placement.objects.allocation_candidate [req-744aae85-9201-4e43-a136-b644aba49e6f req-ae80017c-3aa4-4968-b668-601780bca299 service placement] Merging candidates yields 1 allocation requests and 1 provider summaries {{(pid=103221) _merge_candidates /opt/stack/placement/placement/objects/allocation_candidate.py:783}}
Jan 11 14:13:45.721407 dv-cinder-824131-3-smb devstack@placement-api.service[103221]: INFO placement.requestlog [req-744aae85-9201-4e43-a136-b644aba49e6f req-ae80017c-3aa4-4968-b668-601780bca299 service placement] 10.222.0.30 "GET /placement/allocation_candidates?limit=1000&resources=DISK_GB%3A1%2CMEMORY_MB%3A1024%2CVCPU%3A1&root_required=%21COMPUTE_STATUS_DISABLED" status: 200 len: 767 microversion: 1.36
Jan 11 14:13:45.722342 dv-cinder-824131-3-smb devstack@placement-api.service[103221]: [pid: 103221|app: 0|req: 9/18] 10.222.0.30 () {60 vars in 1506 bytes} [Tue Jan 11 14:13:45 2022] GET /placement/allocation_candidates?limit=1000&resources=DISK_GB%3A1%2CMEMORY_MB%3A1024%2CVCPU%3A1&root_required=%21COMPUTE_STATUS_DISABLED => generated 767 bytes in 124 msecs (HTTP/1.1 200) 8 headers in 296 bytes (1 switches on core 0)
Jan 11 14:13:45.974907 dv-cinder-824131-3-smb devstack@placement-api.service[103220]: DEBUG placement.requestlog [req-744aae85-9201-4e43-a136-b644aba49e6f req-5557ec42-354b-4d17-8edf-170ea48cc162 None None] Starting request: 10.222.0.30 "GET /placement/allocations/f07dbb8c-a274-4b88-af3d-da126797ec53" {{(pid=103220) __call__ /opt/stack/placement/placement/requestlog.py:55}}
Jan 11 14:13:45.997979 dv-cinder-824131-3-smb devstack@placement-api.service[103220]: INFO placement.requestlog [req-744aae85-9201-4e43-a136-b644aba49e6f req-5557ec42-354b-4d17-8edf-170ea48cc162 service placement] 10.222.0.30 "GET /placement/allocations/f07dbb8c-a274-4b88-af3d-da126797ec53" status: 200 len: 19 microversion: 1.28
Jan 11 14:13:46.003929 dv-cinder-824131-3-smb devstack@placement-api.service[103220]: [pid: 103220|app: 0|req: 10/19] 10.222.0.30 () {60 vars in 1380 bytes} [Tue Jan 11 14:13:45 2022] GET /placement/allocations/f07dbb8c-a274-4b88-af3d-da126797ec53 => generated 19 bytes in 30 msecs (HTTP/1.1 200) 8 headers in 295 bytes (1 switches on core 0)
Jan 11 14:13:46.005571 dv-cinder-824131-3-smb devstack@placement-api.service[103221]: DEBUG placement.requestlog [req-744aae85-9201-4e43-a136-b644aba49e6f req-9277c440-a369-47dd-b232-c391346d130b None None] Starting request: 10.222.0.30 "PUT /placement/allocations/f07dbb8c-a274-4b88-af3d-da126797ec53" {{(pid=103221) __call__ /opt/stack/placement/placement/requestlog.py:55}}
Jan 11 14:13:46.138940 dv-cinder-824131-3-smb devstack@placement-api.service[103221]: DEBUG placement.handlers.allocation [req-744aae85-9201-4e43-a136-b644aba49e6f req-9277c440-a369-47dd-b232-c391346d130b service placement] Successfully wrote allocations [, , ] {{(pid=103221) _update_consumers_and_create_allocations /opt/stack/placement/placement/handlers/allocation.py:462}}
Jan 11 14:13:46.147813 dv-cinder-824131-3-smb devstack@placement-api.service[103221]: INFO placement.requestlog [req-744aae85-9201-4e43-a136-b644aba49e6f req-9277c440-a369-47dd-b232-c391346d130b service placement] 10.222.0.30 "PUT /placement/allocations/f07dbb8c-a274-4b88-af3d-da126797ec53" status: 204 len: 0 microversion: 1.36
Jan 11 14:13:46.157417 dv-cinder-824131-3-smb devstack@placement-api.service[103221]: [pid: 103221|app: 0|req: 10/20] 10.222.0.30 () {64 vars in 1433 bytes} [Tue Jan 11 14:13:46 2022] PUT /placement/allocations/f07dbb8c-a274-4b88-af3d-da126797ec53 => generated 0 bytes in 144 msecs (HTTP/1.1 204) 5 headers in 199 bytes (2 switches on core 0)
Jan 11 14:13:47.527805 dv-cinder-824131-3-smb devstack@placement-api.service[103220]: DEBUG placement.requestlog [req-744aae85-9201-4e43-a136-b644aba49e6f req-39e66e54-2ebf-4007-9cdc-43340dd31636 None None] Starting request: 10.222.0.54 "GET /placement/allocations/f07dbb8c-a274-4b88-af3d-da126797ec53" {{(pid=103220) __call__ /opt/stack/placement/placement/requestlog.py:55}}
Jan 11 14:13:47.581677 dv-cinder-824131-3-smb devstack@placement-api.service[103220]: INFO placement.requestlog [req-744aae85-9201-4e43-a136-b644aba49e6f req-39e66e54-2ebf-4007-9cdc-43340dd31636 service placement] 10.222.0.54 "GET /placement/allocations/f07dbb8c-a274-4b88-af3d-da126797ec53" status: 200 len: 258 microversion: 1.28
Jan 11 14:13:47.582423 dv-cinder-824131-3-smb devstack@placement-api.service[103220]: [pid: 103220|app: 0|req: 11/21] 10.222.0.54 () {60 vars in 1377 bytes} [Tue Jan 11 14:13:47 2022] GET /placement/allocations/f07dbb8c-a274-4b88-af3d-da126797ec53 => generated 258 bytes in 55 msecs (HTTP/1.1 200) 8 headers in 296 bytes (2 switches on core 0)
Jan 11 14:13:48.444419 dv-cinder-824131-3-smb devstack@placement-api.service[103221]: DEBUG placement.requestlog [req-61ce7f6c-f446-464e-aea1-e396e99a78aa req-d219f150-a745-4973-85c9-4d6dfb410e12 None None] Starting request: 10.222.0.30 "GET /placement/allocation_candidates?limit=1000&resources=DISK_GB%3A1%2CMEMORY_MB%3A1024%2CVCPU%3A1&root_required=%21COMPUTE_STATUS_DISABLED" {{(pid=103221) __call__ /opt/stack/placement/placement/requestlog.py:55}}
Jan 11 14:13:48.473384 dv-cinder-824131-3-smb devstack@placement-api.service[103220]: DEBUG placement.requestlog [req-61ae83eb-8f46-460b-b6dd-b6f10eaf514c req-ba9fc512-4414-43f5-b886-4fc11f2a10a5 None None] Starting request: 10.222.0.30 "GET /placement/allocation_candidates?limit=1000&resources=DISK_GB%3A1%2CMEMORY_MB%3A1024%2CVCPU%3A1&root_required=%21COMPUTE_STATUS_DISABLED" {{(pid=103220) __call__ /opt/stack/placement/placement/requestlog.py:55}}
Jan 11 14:13:48.549063 dv-cinder-824131-3-smb devstack@placement-api.service[103221]: DEBUG placement.objects.research_context [req-61ce7f6c-f446-464e-aea1-e396e99a78aa req-d219f150-a745-4973-85c9-4d6dfb410e12 service placement] getting providers with 1 DISK_GB {{(pid=103221) __init__ /opt/stack/placement/placement/objects/research_context.py:126}}
Jan 11 14:13:48.559658 dv-cinder-824131-3-smb devstack@placement-api.service[103221]: DEBUG placement.objects.research_context [req-61ce7f6c-f446-464e-aea1-e396e99a78aa req-d219f150-a745-4973-85c9-4d6dfb410e12 service placement] getting providers with 1024 MEMORY_MB {{(pid=103221) __init__ /opt/stack/placement/placement/objects/research_context.py:126}}
Jan 11 14:13:48.570024 dv-cinder-824131-3-smb devstack@placement-api.service[103221]: DEBUG placement.objects.research_context [req-61ce7f6c-f446-464e-aea1-e396e99a78aa req-d219f150-a745-4973-85c9-4d6dfb410e12 service placement] getting providers with 1 VCPU {{(pid=103221) __init__ /opt/stack/placement/placement/objects/research_context.py:126}}
Jan 11 14:13:48.573131 dv-cinder-824131-3-smb devstack@placement-api.service[103220]: DEBUG placement.objects.research_context [req-61ae83eb-8f46-460b-b6dd-b6f10eaf514c req-ba9fc512-4414-43f5-b886-4fc11f2a10a5 service placement] getting providers with 1 DISK_GB {{(pid=103220) __init__ /opt/stack/placement/placement/objects/research_context.py:126}}
