Jan 11 14:13:45.046406 dv-cinder-824131-3-iscsi devstack@c-api.service[109759]: [pid: 109759|app: 0|req: 156/309] 10.222.0.49 () {58 vars in 1330 bytes} [Tue Jan 11 14:13:45 2022] GET /volume/v3/dc36b316b7694ebab3892e02a9e736a1/snapshots/a2a0ffe2-cd26-4f1e-a7f9-2b4ceb7b7542 => generated 468 bytes in 18 msecs (HTTP/1.1 200) 7 headers in 285 bytes (1 switches on core 0)
Jan 11 14:13:45.050359 dv-cinder-824131-3-iscsi devstack@c-api.service[109758]: /usr/local/lib/python3.8/dist-packages/oslo_context/context.py:105: DeprecationWarning: Policy enforcement is depending on the value of is_admin. This key is deprecated. Please update your policy file to use the standard policy values.
Jan 11 14:13:45.050359 dv-cinder-824131-3-iscsi devstack@c-api.service[109758]: warnings.warn('Policy enforcement is depending on the value of '
Jan 11 14:13:45.051245 dv-cinder-824131-3-iscsi devstack@c-api.service[109758]: INFO cinder.volume.api [None req-d9aad2ab-80a1-4560-bda3-96d32a2040a0 tempest-SnapshotsActionsTest-1427604808 tempest-SnapshotsActionsTest-1427604808-project] Snapshot retrieved successfully.
Jan 11 14:13:45.052988 dv-cinder-824131-3-iscsi devstack@c-api.service[109758]: INFO cinder.api.openstack.wsgi [None req-d9aad2ab-80a1-4560-bda3-96d32a2040a0 tempest-SnapshotsActionsTest-1427604808 tempest-SnapshotsActionsTest-1427604808-project] http://10.222.0.49/volume/v3/d5748656e0e34859ac2d9c7c17c8f245/snapshots/62dba181-127f-4f80-89d5-5126dc5d968b returned with HTTP 200
Jan 11 14:13:45.053660 dv-cinder-824131-3-iscsi devstack@c-api.service[109758]: [pid: 109758|app: 0|req: 154/310] 10.222.0.49 () {58 vars in 1330 bytes} [Tue Jan 11 14:13:45 2022] GET /volume/v3/d5748656e0e34859ac2d9c7c17c8f245/snapshots/62dba181-127f-4f80-89d5-5126dc5d968b => generated 438 bytes in 17 msecs (HTTP/1.1 200) 7 headers in 285 bytes (2 switches on core 0)
Jan 11 14:13:45.254858 dv-cinder-824131-3-iscsi devstack@c-api.service[109759]: INFO cinder.api.openstack.wsgi [None req-9a03fed9-02fd-4705-8af1-1e81f5737ef8 tempest-VolumesListAdminTestJSON-330314079 tempest-VolumesListAdminTestJSON-330314079-project] GET http://10.222.0.49/volume/v3/2cfea76298974da6bb79466db74560b1/volumes/40776655-550b-4ee4-a92d-d3038df196b1
Jan 11 14:13:45.255304 dv-cinder-824131-3-iscsi devstack@c-api.service[109759]: DEBUG cinder.api.openstack.wsgi [None req-9a03fed9-02fd-4705-8af1-1e81f5737ef8 tempest-VolumesListAdminTestJSON-330314079 tempest-VolumesListAdminTestJSON-330314079-project] Empty body provided in request {{(pid=109759) get_body /opt/stack/cinder/cinder/api/openstack/wsgi.py:715}}
Jan 11 14:13:45.255805 dv-cinder-824131-3-iscsi devstack@c-api.service[109759]: DEBUG cinder.api.openstack.wsgi [None req-9a03fed9-02fd-4705-8af1-1e81f5737ef8 tempest-VolumesListAdminTestJSON-330314079 tempest-VolumesListAdminTestJSON-330314079-project] Calling method 'show' {{(pid=109759) _process_stack /opt/stack/cinder/cinder/api/openstack/wsgi.py:868}}
Jan 11 14:13:45.269367 dv-cinder-824131-3-iscsi devstack@c-api.service[109759]: /usr/local/lib/python3.8/dist-packages/oslo_context/context.py:105: DeprecationWarning: Policy enforcement is depending on the value of is_admin. This key is deprecated. Please update your policy file to use the standard policy values.
Jan 11 14:13:45.269367 dv-cinder-824131-3-iscsi devstack@c-api.service[109759]: warnings.warn('Policy enforcement is depending on the value of '
Jan 11 14:13:45.275844 dv-cinder-824131-3-iscsi devstack@c-api.service[109759]: INFO cinder.volume.api [None req-9a03fed9-02fd-4705-8af1-1e81f5737ef8 tempest-VolumesListAdminTestJSON-330314079 tempest-VolumesListAdminTestJSON-330314079-project] Volume info retrieved successfully.
Jan 11 14:13:45.283865 dv-cinder-824131-3-iscsi devstack@c-api.service[109759]: INFO cinder.api.openstack.wsgi [None req-9a03fed9-02fd-4705-8af1-1e81f5737ef8 tempest-VolumesListAdminTestJSON-330314079 tempest-VolumesListAdminTestJSON-330314079-project] http://10.222.0.49/volume/v3/2cfea76298974da6bb79466db74560b1/volumes/40776655-550b-4ee4-a92d-d3038df196b1 returned with HTTP 200
Jan 11 14:13:45.284545 dv-cinder-824131-3-iscsi devstack@c-api.service[109759]: [pid: 109759|app: 0|req: 157/311] 10.222.0.49 () {58 vars in 1324 bytes} [Tue Jan 11 14:13:45 2022] GET /volume/v3/2cfea76298974da6bb79466db74560b1/volumes/40776655-550b-4ee4-a92d-d3038df196b1 => generated 915 bytes in 33 msecs (HTTP/1.1 200) 7 headers in 285 bytes (1 switches on core 0)
Jan 11 14:13:45.586590 dv-cinder-824131-3-iscsi devstack@c-api.service[109758]: INFO cinder.api.openstack.wsgi [None req-432f90be-601a-4371-9784-1e907d061035 tempest-VolumesMetadataTest-263932151 tempest-VolumesMetadataTest-263932151-project] GET http://10.222.0.49/volume/v3/6983c0660d3747759d0256ff5f8ffd91/volumes/292f8555-5fd7-4e1e-baca-a4d574844b2d
Jan 11 14:13:45.587101 dv-cinder-824131-3-iscsi devstack@c-api.service[109758]: DEBUG cinder.api.openstack.wsgi [None req-432f90be-601a-4371-9784-1e907d061035 tempest-VolumesMetadataTest-263932151 tempest-VolumesMetadataTest-263932151-project] Empty body provided in request {{(pid=109758) get_body /opt/stack/cinder/cinder/api/openstack/wsgi.py:715}}
Jan 11 14:13:45.587464 dv-cinder-824131-3-iscsi devstack@c-api.service[109758]: DEBUG cinder.api.openstack.wsgi [None req-432f90be-601a-4371-9784-1e907d061035 tempest-VolumesMetadataTest-263932151 tempest-VolumesMetadataTest-263932151-project] Calling method 'show' {{(pid=109758) _process_stack /opt/stack/cinder/cinder/api/openstack/wsgi.py:868}}
Jan 11 14:13:45.601433 dv-cinder-824131-3-iscsi devstack@c-api.service[109758]: /usr/local/lib/python3.8/dist-packages/oslo_context/context.py:105: DeprecationWarning: Policy enforcement is depending on the value of is_admin. This key is deprecated. Please update your policy file to use the standard policy values.
Jan 11 14:13:45.601433 dv-cinder-824131-3-iscsi devstack@c-api.service[109758]: warnings.warn('Policy enforcement is depending on the value of '
Jan 11 14:13:45.609169 dv-cinder-824131-3-iscsi devstack@c-api.service[109758]: INFO cinder.volume.api [None req-432f90be-601a-4371-9784-1e907d061035 tempest-VolumesMetadataTest-263932151 tempest-VolumesMetadataTest-263932151-project] Volume info retrieved successfully.
Jan 11 14:13:45.617292 dv-cinder-824131-3-iscsi devstack@c-api.service[109758]: INFO cinder.api.openstack.wsgi [None req-432f90be-601a-4371-9784-1e907d061035 tempest-VolumesMetadataTest-263932151 tempest-VolumesMetadataTest-263932151-project] http://10.222.0.49/volume/v3/6983c0660d3747759d0256ff5f8ffd91/volumes/292f8555-5fd7-4e1e-baca-a4d574844b2d returned with HTTP 200
Jan 11 14:13:45.617999 dv-cinder-824131-3-iscsi devstack@c-api.service[109758]: [pid: 109758|app: 0|req: 155/312] 10.222.0.49 () {58 vars in 1324 bytes} [Tue Jan 11 14:13:45 2022] GET /volume/v3/6983c0660d3747759d0256ff5f8ffd91/volumes/292f8555-5fd7-4e1e-baca-a4d574844b2d => generated 910 bytes in 35 msecs (HTTP/1.1 200) 7 headers in 285 bytes (2 switches on core 0)
Jan 11 14:13:46.057169 dv-cinder-824131-3-iscsi devstack@c-api.service[109759]: INFO cinder.api.openstack.wsgi [None req-51453868-6ae9-4dc1-87ca-f095a9638cba tempest-GroupSnapshotsTest-2040786435 tempest-GroupSnapshotsTest-2040786435-project] GET http://10.222.0.49/volume/v3/dc36b316b7694ebab3892e02a9e736a1/snapshots/a2a0ffe2-cd26-4f1e-a7f9-2b4ceb7b7542
Jan 11 14:13:46.057701 dv-cinder-824131-3-iscsi devstack@c-api.service[109759]: DEBUG cinder.api.openstack.wsgi [None req-51453868-6ae9-4dc1-87ca-f095a9638cba tempest-GroupSnapshotsTest-2040786435 tempest-GroupSnapshotsTest-2040786435-project] Empty body provided in request {{(pid=109759) get_body /opt/stack/cinder/cinder/api/openstack/wsgi.py:715}}
Jan 11 14:13:46.058045 dv-cinder-824131-3-iscsi devstack@c-api.service[109759]: DEBUG cinder.api.openstack.wsgi [None req-51453868-6ae9-4dc1-87ca-f095a9638cba tempest-GroupSnapshotsTest-2040786435 tempest-GroupSnapshotsTest-2040786435-project] Calling method 'show' {{(pid=109759) _process_stack /opt/stack/cinder/cinder/api/openstack/wsgi.py:868}}
Jan 11 14:13:46.064038 dv-cinder-824131-3-iscsi devstack@c-api.service[109758]: INFO cinder.api.openstack.wsgi [None req-ab24ab53-7dad-4867-bc5a-2530d36726f4 tempest-SnapshotsActionsTest-1427604808 tempest-SnapshotsActionsTest-1427604808-project] GET http://10.222.0.49/volume/v3/d5748656e0e34859ac2d9c7c17c8f245/snapshots/62dba181-127f-4f80-89d5-5126dc5d968b
Jan 11 14:13:46.064515 dv-cinder-824131-3-iscsi devstack@c-api.service[109758]: DEBUG cinder.api.openstack.wsgi [None req-ab24ab53-7dad-4867-bc5a-2530d36726f4 tempest-SnapshotsActionsTest-1427604808 tempest-SnapshotsActionsTest-1427604808-project] Empty body provided in request {{(pid=109758) get_body /opt/stack/cinder/cinder/api/openstack/wsgi.py:715}}
Jan 11 14:13:46.064960 dv-cinder-824131-3-iscsi devstack@c-api.service[109758]: DEBUG cinder.api.openstack.wsgi [None req-ab24ab53-7dad-4867-bc5a-2530d36726f4 tempest-SnapshotsActionsTest-1427604808 tempest-SnapshotsActionsTest-1427604808-project] Calling method 'show' {{(pid=109758) _process_stack /opt/stack/cinder/cinder/api/openstack/wsgi.py:868}}
Jan 11 14:13:46.067478 dv-cinder-824131-3-iscsi devstack@c-api.service[109759]: /usr/local/lib/python3.8/dist-packages/oslo_context/context.py:105: DeprecationWarning: Policy enforcement is depending on the value of is_admin. This key is deprecated. Please update your policy file to use the standard policy values.
Jan 11 14:13:46.067478 dv-cinder-824131-3-iscsi devstack@c-api.service[109759]: warnings.warn('Policy enforcement is depending on the value of '
Jan 11 14:13:46.068453 dv-cinder-824131-3-iscsi devstack@c-api.service[109759]: INFO cinder.volume.api [None req-51453868-6ae9-4dc1-87ca-f095a9638cba tempest-GroupSnapshotsTest-2040786435 tempest-GroupSnapshotsTest-2040786435-project] Snapshot retrieved successfully.
Jan 11 14:13:46.070219 dv-cinder-824131-3-iscsi devstack@c-api.service[109759]: INFO cinder.api.openstack.wsgi [None req-51453868-6ae9-4dc1-87ca-f095a9638cba tempest-GroupSnapshotsTest-2040786435 tempest-GroupSnapshotsTest-2040786435-project] http://10.222.0.49/volume/v3/dc36b316b7694ebab3892e02a9e736a1/snapshots/a2a0ffe2-cd26-4f1e-a7f9-2b4ceb7b7542 returned with HTTP 200
Jan 11 14:13:46.070925 dv-cinder-824131-3-iscsi devstack@c-api.service[109759]: [pid: 109759|app: 0|req: 158/313] 10.222.0.49 () {58 vars in 1330 bytes} [Tue Jan 11 14:13:46 2022] GET /volume/v3/dc36b316b7694ebab3892e02a9e736a1/snapshots/a2a0ffe2-cd26-4f1e-a7f9-2b4ceb7b7542 => generated 468 bytes in 18 msecs (HTTP/1.1 200) 7 headers in 285 bytes (1 switches on core 0)
Jan 11 14:13:46.078739 dv-cinder-824131-3-iscsi devstack@c-api.service[109758]: /usr/local/lib/python3.8/dist-packages/oslo_context/context.py:105: DeprecationWarning: Policy enforcement is depending on the value of is_admin. This key is deprecated. Please update your policy file to use the standard policy values.
Jan 11 14:13:46.078739 dv-cinder-824131-3-iscsi devstack@c-api.service[109758]: warnings.warn('Policy enforcement is depending on the value of '
Jan 11 14:13:46.079758 dv-cinder-824131-3-iscsi devstack@c-api.service[109758]: INFO cinder.volume.api [None req-ab24ab53-7dad-4867-bc5a-2530d36726f4 tempest-SnapshotsActionsTest-1427604808 tempest-SnapshotsActionsTest-1427604808-project] Snapshot retrieved successfully.
Jan 11 14:13:46.081510 dv-cinder-824131-3-iscsi devstack@c-api.service[109758]: INFO cinder.api.openstack.wsgi [None req-ab24ab53-7dad-4867-bc5a-2530d36726f4 tempest-SnapshotsActionsTest-1427604808 tempest-SnapshotsActionsTest-1427604808-project] http://10.222.0.49/volume/v3/d5748656e0e34859ac2d9c7c17c8f245/snapshots/62dba181-127f-4f80-89d5-5126dc5d968b returned with HTTP 200
Jan 11 14:13:46.082212 dv-cinder-824131-3-iscsi devstack@c-api.service[109758]: [pid: 109758|app: 0|req: 156/314] 10.222.0.49 () {58 vars in 1330 bytes} [Tue Jan 11 14:13:46 2022] GET /volume/v3/d5748656e0e34859ac2d9c7c17c8f245/snapshots/62dba181-127f-4f80-89d5-5126dc5d968b => generated 438 bytes in 23 msecs (HTTP/1.1 200) 7 headers in 285 bytes (2 switches on core 0)
Jan 11 14:13:46.299039 dv-cinder-824131-3-iscsi devstack@c-api.service[109759]: INFO cinder.api.openstack.wsgi [None req-d36fa631-969e-497e-b40e-51a04b0ad37e tempest-VolumesListAdminTestJSON-330314079 tempest-VolumesListAdminTestJSON-330314079-project] GET http://10.222.0.49/volume/v3/2cfea76298974da6bb79466db74560b1/volumes/40776655-550b-4ee4-a92d-d3038df196b1
Jan 11 14:13:46.299484 dv-cinder-824131-3-iscsi devstack@c-api.service[109759]: DEBUG cinder.api.openstack.wsgi [None req-d36fa631-969e-497e-b40e-51a04b0ad37e tempest-VolumesListAdminTestJSON-330314079 tempest-VolumesListAdminTestJSON-330314079-project] Empty body provided in request {{(pid=109759) get_body /opt/stack/cinder/cinder/api/openstack/wsgi.py:715}}
Jan 11 14:13:46.299974 dv-cinder-824131-3-iscsi devstack@c-api.service[109759]: DEBUG cinder.api.openstack.wsgi [None req-d36fa631-969e-497e-b40e-51a04b0ad37e tempest-VolumesListAdminTestJSON-330314079 tempest-VolumesListAdminTestJSON-330314079-project] Calling method 'show' {{(pid=109759) _process_stack /opt/stack/cinder/cinder/api/openstack/wsgi.py:868}}
Jan 11 14:13:46.313494 dv-cinder-824131-3-iscsi devstack@c-api.service[109759]: /usr/local/lib/python3.8/dist-packages/oslo_context/context.py:105: DeprecationWarning: Policy enforcement is depending on the value of is_admin. This key is deprecated. Please update your policy file to use the standard policy values.
Jan 11 14:13:46.313494 dv-cinder-824131-3-iscsi devstack@c-api.service[109759]: warnings.warn('Policy enforcement is depending on the value of '
Jan 11 14:13:46.320062 dv-cinder-824131-3-iscsi devstack@c-api.service[109759]: INFO cinder.volume.api [None req-d36fa631-969e-497e-b40e-51a04b0ad37e tempest-VolumesListAdminTestJSON-330314079 tempest-VolumesListAdminTestJSON-330314079-project] Volume info retrieved successfully.
Jan 11 14:13:46.328351 dv-cinder-824131-3-iscsi devstack@c-api.service[109759]: INFO cinder.api.openstack.wsgi [None req-d36fa631-969e-497e-b40e-51a04b0ad37e tempest-VolumesListAdminTestJSON-330314079 tempest-VolumesListAdminTestJSON-330314079-project] http://10.222.0.49/volume/v3/2cfea76298974da6bb79466db74560b1/volumes/40776655-550b-4ee4-a92d-d3038df196b1 returned with HTTP 200
Jan 11 14:13:46.329028 dv-cinder-824131-3-iscsi devstack@c-api.service[109759]: [pid: 109759|app: 0|req: 159/315] 10.222.0.49 () {58 vars in 1324 bytes} [Tue Jan 11 14:13:46 2022] GET /volume/v3/2cfea76298974da6bb79466db74560b1/volumes/40776655-550b-4ee4-a92d-d3038df196b1 => generated 915 bytes in 33 msecs (HTTP/1.1 200) 7 headers in 285 bytes (1 switches on core 0)
Jan 11 14:13:46.632824 dv-cinder-824131-3-iscsi devstack@c-api.service[109758]: INFO cinder.api.openstack.wsgi [None req-31677180-0630-4671-a2c4-e38a0073e4e0 tempest-VolumesMetadataTest-263932151 tempest-VolumesMetadataTest-263932151-project] GET http://10.222.0.49/volume/v3/6983c0660d3747759d0256ff5f8ffd91/volumes/292f8555-5fd7-4e1e-baca-a4d574844b2d
Jan 11 14:13:46.633326 dv-cinder-824131-3-iscsi devstack@c-api.service[109758]: DEBUG cinder.api.openstack.wsgi [None req-31677180-0630-4671-a2c4-e38a0073e4e0 tempest-VolumesMetadataTest-263932151 tempest-VolumesMetadataTest-263932151-project] Empty body provided in request {{(pid=109758) get_body /opt/stack/cinder/cinder/api/openstack/wsgi.py:715}}
Jan 11 14:13:46.633758 dv-cinder-824131-3-iscsi devstack@c-api.service[109758]: DEBUG cinder.api.openstack.wsgi [None req-31677180-0630-4671-a2c4-e38a0073e4e0 tempest-VolumesMetadataTest-263932151 tempest-VolumesMetadataTest-263932151-project] Calling method 'show' {{(pid=109758) _process_stack /opt/stack/cinder/cinder/api/openstack/wsgi.py:868}}
Jan 11 14:13:46.647940 dv-cinder-824131-3-iscsi devstack@c-api.service[109758]: /usr/local/lib/python3.8/dist-packages/oslo_context/context.py:105: DeprecationWarning: Policy enforcement is depending on the value of is_admin. This key is deprecated. Please update your policy file to use the standard policy values.
Jan 11 14:13:46.647940 dv-cinder-824131-3-iscsi devstack@c-api.service[109758]: warnings.warn('Policy enforcement is depending on the value of '
Jan 11 14:13:46.655252 dv-cinder-824131-3-iscsi devstack@c-api.service[109758]: INFO cinder.volume.api [None req-31677180-0630-4671-a2c4-e38a0073e4e0 tempest-VolumesMetadataTest-263932151 tempest-VolumesMetadataTest-263932151-project] Volume info retrieved successfully.
Jan 11 14:13:46.663540 dv-cinder-824131-3-iscsi devstack@c-api.service[109758]: INFO cinder.api.openstack.wsgi [None req-31677180-0630-4671-a2c4-e38a0073e4e0 tempest-VolumesMetadataTest-263932151 tempest-VolumesMetadataTest-263932151-project] http://10.222.0.49/volume/v3/6983c0660d3747759d0256ff5f8ffd91/volumes/292f8555-5fd7-4e1e-baca-a4d574844b2d returned with HTTP 200
Jan 11 14:13:46.664278 dv-cinder-824131-3-iscsi devstack@c-api.service[109758]: [pid: 109758|app: 0|req: 157/316] 10.222.0.49 () {58 vars in 1324 bytes} [Tue Jan 11 14:13:46 2022] GET /volume/v3/6983c0660d3747759d0256ff5f8ffd91/volumes/292f8555-5fd7-4e1e-baca-a4d574844b2d => generated 910 bytes in 35 msecs (HTTP/1.1 200) 7 headers in 285 bytes (1 switches on core 0)
Jan 11 14:13:47.081819 dv-cinder-824131-3-iscsi devstack@c-api.service[109759]: INFO cinder.api.openstack.wsgi [None req-c7e1f476-78e6-42bd-a7fd-0cc7af1a71f9 tempest-GroupSnapshotsTest-2040786435 tempest-GroupSnapshotsTest-2040786435-project] GET http://10.222.0.49/volume/v3/dc36b316b7694ebab3892e02a9e736a1/snapshots/a2a0ffe2-cd26-4f1e-a7f9-2b4ceb7b7542
Jan 11 14:13:47.082309 dv-cinder-824131-3-iscsi devstack@c-api.service[109759]: DEBUG cinder.api.openstack.wsgi [None req-c7e1f476-78e6-42bd-a7fd-0cc7af1a71f9 tempest-GroupSnapshotsTest-2040786435 tempest-GroupSnapshotsTest-2040786435-project] Empty body provided in request {{(pid=109759) get_body /opt/stack/cinder/cinder/api/openstack/wsgi.py:715}}
Jan 11 14:13:47.082761 dv-cinder-824131-3-iscsi devstack@c-api.service[109759]: DEBUG cinder.api.openstack.wsgi [None req-c7e1f476-78e6-42bd-a7fd-0cc7af1a71f9 tempest-GroupSnapshotsTest-2040786435 tempest-GroupSnapshotsTest-2040786435-project] Calling method 'show' {{(pid=109759) _process_stack /opt/stack/cinder/cinder/api/openstack/wsgi.py:868}}
Jan 11 14:13:47.092367 dv-cinder-824131-3-iscsi devstack@c-api.service[109759]: /usr/local/lib/python3.8/dist-packages/oslo_context/context.py:105: DeprecationWarning: Policy enforcement is depending on the value of is_admin. This key is deprecated. Please update your policy file to use the standard policy values.
Jan 11 14:13:47.092367 dv-cinder-824131-3-iscsi devstack@c-api.service[109759]: warnings.warn('Policy enforcement is depending on the value of '
Jan 11 14:13:47.093408 dv-cinder-824131-3-iscsi devstack@c-api.service[109759]: INFO cinder.volume.api [None req-c7e1f476-78e6-42bd-a7fd-0cc7af1a71f9 tempest-GroupSnapshotsTest-2040786435 tempest-GroupSnapshotsTest-2040786435-project] Snapshot retrieved successfully.
Jan 11 14:13:47.093508 dv-cinder-824131-3-iscsi devstack@c-api.service[109758]: INFO cinder.api.openstack.wsgi [None req-618b97a0-f98c-49d0-8eb9-1c31cb4ff9e2 tempest-SnapshotsActionsTest-1427604808 tempest-SnapshotsActionsTest-1427604808-project] GET http://10.222.0.49/volume/v3/d5748656e0e34859ac2d9c7c17c8f245/snapshots/62dba181-127f-4f80-89d5-5126dc5d968b
Jan 11 14:13:47.093938 dv-cinder-824131-3-iscsi devstack@c-api.service[109758]: DEBUG cinder.api.openstack.wsgi [None req-618b97a0-f98c-49d0-8eb9-1c31cb4ff9e2 tempest-SnapshotsActionsTest-1427604808 tempest-SnapshotsActionsTest-1427604808-project] Empty body provided in request {{(pid=109758) get_body /opt/stack/cinder/cinder/api/openstack/wsgi.py:715}}
Jan 11 14:13:47.094476 dv-cinder-824131-3-iscsi devstack@c-api.service[109758]: DEBUG cinder.api.openstack.wsgi [None req-618b97a0-f98c-49d0-8eb9-1c31cb4ff9e2 tempest-SnapshotsActionsTest-1427604808 tempest-SnapshotsActionsTest-1427604808-project] Calling method 'show' {{(pid=109758) _process_stack /opt/stack/cinder/cinder/api/openstack/wsgi.py:868}}
Jan 11 14:13:47.095193 dv-cinder-824131-3-iscsi devstack@c-api.service[109759]: INFO cinder.api.openstack.wsgi [None req-c7e1f476-78e6-42bd-a7fd-0cc7af1a71f9 tempest-GroupSnapshotsTest-2040786435 tempest-GroupSnapshotsTest-2040786435-project] http://10.222.0.49/volume/v3/dc36b316b7694ebab3892e02a9e736a1/snapshots/a2a0ffe2-cd26-4f1e-a7f9-2b4ceb7b7542 returned with HTTP 200
Jan 11 14:13:47.095918 dv-cinder-824131-3-iscsi devstack@c-api.service[109759]: [pid: 109759|app: 0|req: 160/317] 10.222.0.49 () {58 vars in 1330 bytes} [Tue Jan 11 14:13:47 2022] GET /volume/v3/dc36b316b7694ebab3892e02a9e736a1/snapshots/a2a0ffe2-cd26-4f1e-a7f9-2b4ceb7b7542 => generated 468 bytes in 18 msecs (HTTP/1.1 200) 7 headers in 285 bytes (1 switches on core 0)
Jan 11 14:13:47.103603 dv-cinder-824131-3-iscsi devstack@c-api.service[109758]: /usr/local/lib/python3.8/dist-packages/oslo_context/context.py:105: DeprecationWarning: Policy enforcement is depending on the value of is_admin. This key is deprecated. Please update your policy file to use the standard policy values.
Jan 11 14:13:47.103603 dv-cinder-824131-3-iscsi devstack@c-api.service[109758]: warnings.warn('Policy enforcement is depending on the value of '
Jan 11 14:13:47.104510 dv-cinder-824131-3-iscsi devstack@c-api.service[109758]: INFO cinder.volume.api [None req-618b97a0-f98c-49d0-8eb9-1c31cb4ff9e2 tempest-SnapshotsActionsTest-1427604808 tempest-SnapshotsActionsTest-1427604808-project] Snapshot retrieved successfully.
Jan 11 14:13:47.106221 dv-cinder-824131-3-iscsi devstack@c-api.service[109758]: INFO cinder.api.openstack.wsgi [None req-618b97a0-f98c-49d0-8eb9-1c31cb4ff9e2 tempest-SnapshotsActionsTest-1427604808 tempest-SnapshotsActionsTest-1427604808-project] http://10.222.0.49/volume/v3/d5748656e0e34859ac2d9c7c17c8f245/snapshots/62dba181-127f-4f80-89d5-5126dc5d968b returned with HTTP 200
Jan 11 14:13:47.106896 dv-cinder-824131-3-iscsi devstack@c-api.service[109758]: [pid: 109758|app: 0|req: 158/318] 10.222.0.49 () {58 vars in 1330 bytes} [Tue Jan 11 14:13:47 2022] GET /volume/v3/d5748656e0e34859ac2d9c7c17c8f245/snapshots/62dba181-127f-4f80-89d5-5126dc5d968b => generated 438 bytes in 18 msecs (HTTP/1.1 200) 7 headers in 285 bytes (2 switches on core 0)
Jan 11 14:13:47.343427 dv-cinder-824131-3-iscsi devstack@c-api.service[109759]: INFO cinder.api.openstack.wsgi [None req-b5103f55-7273-48da-b801-938f1708695f tempest-VolumesListAdminTestJSON-330314079 tempest-VolumesListAdminTestJSON-330314079-project] GET http://10.222.0.49/volume/v3/2cfea76298974da6bb79466db74560b1/volumes/40776655-550b-4ee4-a92d-d3038df196b1
Jan 11 14:13:47.343890 dv-cinder-824131-3-iscsi devstack@c-api.service[109759]: DEBUG cinder.api.openstack.wsgi [None req-b5103f55-7273-48da-b801-938f1708695f tempest-VolumesListAdminTestJSON-330314079 tempest-VolumesListAdminTestJSON-330314079-project] Empty body provided in request {{(pid=109759) get_body /opt/stack/cinder/cinder/api/openstack/wsgi.py:715}}
Jan 11 14:13:47.344334 dv-cinder-824131-3-iscsi devstack@c-api.service[109759]: DEBUG cinder.api.openstack.wsgi [None req-b5103f55-7273-48da-b801-938f1708695f tempest-VolumesListAdminTestJSON-330314079 tempest-VolumesListAdminTestJSON-330314079-project] Calling method 'show' {{(pid=109759) _process_stack /opt/stack/cinder/cinder/api/openstack/wsgi.py:868}}
Jan 11 14:13:47.357916 dv-cinder-824131-3-iscsi devstack@c-api.service[109759]: /usr/local/lib/python3.8/dist-packages/oslo_context/context.py:105: DeprecationWarning: Policy enforcement is depending on the value of is_admin. This key is deprecated. Please update your policy file to use the standard policy values.
Jan 11 14:13:47.357916 dv-cinder-824131-3-iscsi devstack@c-api.service[109759]: warnings.warn('Policy enforcement is depending on the value of '
Jan 11 14:13:47.364715 dv-cinder-824131-3-iscsi devstack@c-api.service[109759]: INFO cinder.volume.api [None req-b5103f55-7273-48da-b801-938f1708695f tempest-VolumesListAdminTestJSON-330314079 tempest-VolumesListAdminTestJSON-330314079-project] Volume info retrieved successfully.
Jan 11 14:13:47.373345 dv-cinder-824131-3-iscsi devstack@c-api.service[109759]: INFO cinder.api.openstack.wsgi [None req-b5103f55-7273-48da-b801-938f1708695f tempest-VolumesListAdminTestJSON-330314079 tempest-VolumesListAdminTestJSON-330314079-project] http://10.222.0.49/volume/v3/2cfea76298974da6bb79466db74560b1/volumes/40776655-550b-4ee4-a92d-d3038df196b1 returned with HTTP 200
Jan 11 14:13:47.374380 dv-cinder-824131-3-iscsi devstack@c-api.service[109759]: [pid: 109759|app: 0|req: 161/319] 10.222.0.49 () {58 vars in 1324 bytes} [Tue Jan 11 14:13:47 2022] GET /volume/v3/2cfea76298974da6bb79466db74560b1/volumes/40776655-550b-4ee4-a92d-d3038df196b1 => generated 915 bytes in 34 msecs (HTTP/1.1 200) 7 headers in 285 bytes (1 switches on core 0)
Jan 11 14:13:47.677747 dv-cinder-824131-3-iscsi devstack@c-api.service[109758]: INFO cinder.api.openstack.wsgi [None req-8863c06b-a4c4-404d-81a9-52adddca9b6e tempest-VolumesMetadataTest-263932151 tempest-VolumesMetadataTest-263932151-project] GET http://10.222.0.49/volume/v3/6983c0660d3747759d0256ff5f8ffd91/volumes/292f8555-5fd7-4e1e-baca-a4d574844b2d
Jan 11 14:13:47.678284 dv-cinder-824131-3-iscsi devstack@c-api.service[109758]: DEBUG cinder.api.openstack.wsgi [None req-8863c06b-a4c4-404d-81a9-52adddca9b6e tempest-VolumesMetadataTest-263932151 tempest-VolumesMetadataTest-263932151-project] Empty body provided in request {{(pid=109758) get_body /opt/stack/cinder/cinder/api/openstack/wsgi.py:715}}
Jan 11 14:13:47.678613 dv-cinder-824131-3-iscsi devstack@c-api.service[109758]: DEBUG cinder.api.openstack.wsgi [None req-8863c06b-a4c4-404d-81a9-52adddca9b6e tempest-VolumesMetadataTest-263932151 tempest-VolumesMetadataTest-263932151-project] Calling method 'show' {{(pid=109758) _process_stack /opt/stack/cinder/cinder/api/openstack/wsgi.py:868}}
Jan 11 14:13:47.692585 dv-cinder-824131-3-iscsi devstack@c-api.service[109758]: /usr/local/lib/python3.8/dist-packages/oslo_context/context.py:105: DeprecationWarning: Policy enforcement is depending on the value of is_admin. This key is deprecated. Please update your policy file to use the standard policy values.
Jan 11 14:13:47.692585 dv-cinder-824131-3-iscsi devstack@c-api.service[109758]: warnings.warn('Policy enforcement is depending on the value of '
Jan 11 14:13:47.699658 dv-cinder-824131-3-iscsi devstack@c-api.service[109758]: INFO cinder.volume.api [None req-8863c06b-a4c4-404d-81a9-52adddca9b6e tempest-VolumesMetadataTest-263932151 tempest-VolumesMetadataTest-263932151-project] Volume info retrieved successfully.
Jan 11 14:13:47.708228 dv-cinder-824131-3-iscsi devstack@c-api.service[109758]: INFO cinder.api.openstack.wsgi [None req-8863c06b-a4c4-404d-81a9-52adddca9b6e tempest-VolumesMetadataTest-263932151 tempest-VolumesMetadataTest-263932151-project] http://10.222.0.49/volume/v3/6983c0660d3747759d0256ff5f8ffd91/volumes/292f8555-5fd7-4e1e-baca-a4d574844b2d returned with HTTP 200
Jan 11 14:13:47.708917 dv-cinder-824131-3-iscsi devstack@c-api.service[109758]: [pid: 109758|app: 0|req: 159/320] 10.222.0.49 () {58 vars in 1324 bytes} [Tue Jan 11 14:13:47 2022] GET /volume/v3/6983c0660d3747759d0256ff5f8ffd91/volumes/292f8555-5fd7-4e1e-baca-a4d574844b2d => generated 910 bytes in 35 msecs (HTTP/1.1 200) 7 headers in 285 bytes (1 switches on core 0)
Jan 11 14:13:48.107372 dv-cinder-824131-3-iscsi devstack@c-api.service[109759]: INFO cinder.api.openstack.wsgi [None req-3ff5b27f-a6e0-4780-aae9-984034bd937e tempest-GroupSnapshotsTest-2040786435 tempest-GroupSnapshotsTest-2040786435-project] GET http://10.222.0.49/volume/v3/dc36b316b7694ebab3892e02a9e736a1/snapshots/a2a0ffe2-cd26-4f1e-a7f9-2b4ceb7b7542
Jan 11 14:13:48.107900 dv-cinder-824131-3-iscsi devstack@c-api.service[109759]: DEBUG cinder.api.openstack.wsgi [None req-3ff5b27f-a6e0-4780-aae9-984034bd937e tempest-GroupSnapshotsTest-2040786435 tempest-GroupSnapshotsTest-2040786435-project] Empty body provided in request {{(pid=109759) get_body /opt/stack/cinder/cinder/api/openstack/wsgi.py:715}}
Jan 11 14:13:48.108401 dv-cinder-824131-3-iscsi devstack@c-api.service[109759]: DEBUG cinder.api.openstack.wsgi [None req-3ff5b27f-a6e0-4780-aae9-984034bd937e tempest-GroupSnapshotsTest-2040786435 tempest-GroupSnapshotsTest-2040786435-project] Calling method 'show' {{(pid=109759) _process_stack /opt/stack/cinder/cinder/api/openstack/wsgi.py:868}}
Jan 11 14:13:48.118592 dv-cinder-824131-3-iscsi devstack@c-api.service[109758]: INFO cinder.api.openstack.wsgi [None req-e36b35b7-e728-481c-a61c-71a8452be481 tempest-SnapshotsActionsTest-1427604808 tempest-SnapshotsActionsTest-1427604808-project] GET http://10.222.0.49/volume/v3/d5748656e0e34859ac2d9c7c17c8f245/snapshots/62dba181-127f-4f80-89d5-5126dc5d968b
Jan 11 14:13:48.119043 dv-cinder-824131-3-iscsi devstack@c-api.service[109758]: DEBUG cinder.api.openstack.wsgi [None req-e36b35b7-e728-481c-a61c-71a8452be481 tempest-SnapshotsActionsTest-1427604808 tempest-SnapshotsActionsTest-1427604808-project] Empty body provided in request {{(pid=109758) get_body /opt/stack/cinder/cinder/api/openstack/wsgi.py:715}}
Jan 11 14:13:48.119520 dv-cinder-824131-3-iscsi devstack@c-api.service[109758]: DEBUG cinder.api.openstack.wsgi [None req-e36b35b7-e728-481c-a61c-71a8452be481 tempest-SnapshotsActionsTest-1427604808 tempest-SnapshotsActionsTest-1427604808-project] Calling method 'show' {{(pid=109758) _process_stack /opt/stack/cinder/cinder/api/openstack/wsgi.py:868}}
Jan 11 14:13:48.120283 dv-cinder-824131-3-iscsi devstack@c-api.service[109759]: /usr/local/lib/python3.8/dist-packages/oslo_context/context.py:105: DeprecationWarning: Policy enforcement is depending on the value of is_admin. This key is deprecated. Please update your policy file to use the standard policy values.
Jan 11 14:13:48.120283 dv-cinder-824131-3-iscsi devstack@c-api.service[109759]: warnings.warn('Policy enforcement is depending on the value of '
Jan 11 14:13:48.121684 dv-cinder-824131-3-iscsi devstack@c-api.service[109759]: INFO cinder.volume.api [None req-3ff5b27f-a6e0-4780-aae9-984034bd937e tempest-GroupSnapshotsTest-2040786435 tempest-GroupSnapshotsTest-2040786435-project] Snapshot retrieved successfully.
Jan 11 14:13:48.124564 dv-cinder-824131-3-iscsi devstack@c-api.service[109759]: INFO cinder.api.openstack.wsgi [None req-3ff5b27f-a6e0-4780-aae9-984034bd937e tempest-GroupSnapshotsTest-2040786435 tempest-GroupSnapshotsTest-2040786435-project] http://10.222.0.49/volume/v3/dc36b316b7694ebab3892e02a9e736a1/snapshots/a2a0ffe2-cd26-4f1e-a7f9-2b4ceb7b7542 returned with HTTP 200
Jan 11 14:13:48.125761 dv-cinder-824131-3-iscsi devstack@c-api.service[109759]: [pid: 109759|app: 0|req: 162/321] 10.222.0.49 () {58 vars in 1330 bytes} [Tue Jan 11 14:13:48 2022] GET /volume/v3/dc36b316b7694ebab3892e02a9e736a1/snapshots/a2a0ffe2-cd26-4f1e-a7f9-2b4ceb7b7542 => generated 468 bytes in 23 msecs (HTTP/1.1 200) 7 headers in 285 bytes (1 switches on core 0)
Jan 11 14:13:48.130070 dv-cinder-824131-3-iscsi devstack@c-api.service[109758]: /usr/local/lib/python3.8/dist-packages/oslo_context/context.py:105: DeprecationWarning: Policy enforcement is depending on the value of is_admin. This key is deprecated. Please update your policy file to use the standard policy values.
Jan 11 14:13:48.130070 dv-cinder-824131-3-iscsi devstack@c-api.service[109758]: warnings.warn('Policy enforcement is depending on the value of '
Jan 11 14:13:48.131031 dv-cinder-824131-3-iscsi devstack@c-api.service[109758]: INFO cinder.volume.api [None req-e36b35b7-e728-481c-a61c-71a8452be481 tempest-SnapshotsActionsTest-1427604808 tempest-SnapshotsActionsTest-1427604808-project] Snapshot retrieved successfully.
Jan 11 14:13:48.132847 dv-cinder-824131-3-iscsi devstack@c-api.service[109758]: INFO cinder.api.openstack.wsgi [None req-e36b35b7-e728-481c-a61c-71a8452be481 tempest-SnapshotsActionsTest-1427604808 tempest-SnapshotsActionsTest-1427604808-project] http://10.222.0.49/volume/v3/d5748656e0e34859ac2d9c7c17c8f245/snapshots/62dba181-127f-4f80-89d5-5126dc5d968b returned with HTTP 200
Jan 11 14:13:48.133578 dv-cinder-824131-3-iscsi devstack@c-api.service[109758]: [pid: 109758|app: 0|req: 160/322] 10.222.0.49 () {58 vars in 1330 bytes} [Tue Jan 11 14:13:48 2022] GET /volume/v3/d5748656e0e34859ac2d9c7c17c8f245/snapshots/62dba181-127f-4f80-89d5-5126dc5d968b => generated 465 bytes in 20 msecs (HTTP/1.1 200) 7 headers in 285 bytes (2 switches on core 0)
Jan 11 14:13:48.187935 dv-cinder-824131-3-iscsi devstack@c-api.service[109759]: INFO cinder.api.openstack.wsgi [None req-1d5d3f6a-11f0-4a47-9fe2-9b1739b3b9f9 tempest-SnapshotsActionsTest-160762540 tempest-SnapshotsActionsTest-160762540-project-admin] POST http://10.222.0.49/volume/v3/0bf7f627915a415380927d49911c57f0/snapshots/62dba181-127f-4f80-89d5-5126dc5d968b/action
Jan 11 14:13:48.188686 dv-cinder-824131-3-iscsi devstack@c-api.service[109759]: DEBUG cinder.api.openstack.wsgi [None req-1d5d3f6a-11f0-4a47-9fe2-9b1739b3b9f9 tempest-SnapshotsActionsTest-160762540 tempest-SnapshotsActionsTest-160762540-project-admin] Action body: b'{"os-reset_status": {"status": "creating"}}' {{(pid=109759) get_method /opt/stack/cinder/cinder/api/openstack/wsgi.py:983}}
Jan 11 14:13:48.188999 dv-cinder-824131-3-iscsi devstack@c-api.service[109759]: DEBUG cinder.api.openstack.wsgi [None req-1d5d3f6a-11f0-4a47-9fe2-9b1739b3b9f9 tempest-SnapshotsActionsTest-160762540 tempest-SnapshotsActionsTest-160762540-project-admin] Action: 'action', calling method: _reset_status, body: {"os-reset_status": {"status": "creating"}} {{(pid=109759) _process_stack /opt/stack/cinder/cinder/api/openstack/wsgi.py:866}}
Jan 11 14:13:48.189813 dv-cinder-824131-3-iscsi devstack@c-api.service[109759]: DEBUG cinder.api.contrib.admin_actions [None req-1d5d3f6a-11f0-4a47-9fe2-9b1739b3b9f9 tempest-SnapshotsActionsTest-160762540 tempest-SnapshotsActionsTest-160762540-project-admin] Updating snapshot '62dba181-127f-4f80-89d5-5126dc5d968b' with '{'status': 'creating'}' {{(pid=109759) _reset_status /opt/stack/cinder/cinder/api/contrib/admin_actions.py:100}}
Jan 11 14:13:48.220680 dv-cinder-824131-3-iscsi devstack@c-api.service[109759]: /usr/local/lib/python3.8/dist-packages/oslo_context/context.py:105: DeprecationWarning: Policy enforcement is depending on the value of is_admin. This key is deprecated. Please update your policy file to use the standard policy values.
Jan 11 14:13:48.220680 dv-cinder-824131-3-iscsi devstack@c-api.service[109759]: warnings.warn('Policy enforcement is depending on the value of '
Jan 11 14:13:48.242323 dv-cinder-824131-3-iscsi devstack@c-api.service[109759]: INFO cinder.api.openstack.wsgi [None req-1d5d3f6a-11f0-4a47-9fe2-9b1739b3b9f9 tempest-SnapshotsActionsTest-160762540 tempest-SnapshotsActionsTest-160762540-project-admin] http://10.222.0.49/volume/v3/0bf7f627915a415380927d49911c57f0/snapshots/62dba181-127f-4f80-89d5-5126dc5d968b/action returned with HTTP 202
Jan 11 14:13:48.243642 dv-cinder-824131-3-iscsi devstack@c-api.service[109759]: [pid: 109759|app: 0|req: 163/323] 10.222.0.49 () {60 vars in 1372 bytes} [Tue Jan 11 14:13:48 2022] POST /volume/v3/0bf7f627915a415380927d49911c57f0/snapshots/62dba181-127f-4f80-89d5-5126dc5d968b/action => generated 0 bytes in 103 msecs (HTTP/1.1 202) 7 headers in 289 bytes (1 switches on core 0)
Jan 11 14:13:48.251952 dv-cinder-824131-3-iscsi devstack@c-api.service[109758]: INFO cinder.api.openstack.wsgi [None req-a4f032e9-c443-4c57-b60f-eeeae1b9d543 tempest-SnapshotsActionsTest-1427604808 tempest-SnapshotsActionsTest-1427604808-project] GET http://10.222.0.49/volume/v3/d5748656e0e34859ac2d9c7c17c8f245/snapshots/62dba181-127f-4f80-89d5-5126dc5d968b
Jan 11 14:13:48.252570 dv-cinder-824131-3-iscsi devstack@c-api.service[109758]: DEBUG cinder.api.openstack.wsgi [None req-a4f032e9-c443-4c57-b60f-eeeae1b9d543 tempest-SnapshotsActionsTest-1427604808 tempest-SnapshotsActionsTest-1427604808-project] Empty body provided in request {{(pid=109758) get_body /opt/stack/cinder/cinder/api/openstack/wsgi.py:715}}
Jan 11 14:13:48.253024 dv-cinder-824131-3-iscsi devstack@c-api.service[109758]: DEBUG cinder.api.openstack.wsgi [None req-a4f032e9-c443-4c57-b60f-eeeae1b9d543 tempest-SnapshotsActionsTest-1427604808 tempest-SnapshotsActionsTest-1427604808-project] Calling method 'show' {{(pid=109758) _process_stack /opt/stack/cinder/cinder/api/openstack/wsgi.py:868}}
Jan 11 14:13:48.262338 dv-cinder-824131-3-iscsi devstack@c-api.service[109758]: /usr/local/lib/python3.8/dist-packages/oslo_context/context.py:105: DeprecationWarning: Policy enforcement is depending on the value of is_admin. This key is deprecated. Please update your policy file to use the standard policy values.
Jan 11 14:13:48.262338 dv-cinder-824131-3-iscsi devstack@c-api.service[109758]: warnings.warn('Policy enforcement is depending on the value of '
Jan 11 14:13:48.263521 dv-cinder-824131-3-iscsi devstack@c-api.service[109758]: INFO cinder.volume.api [None req-a4f032e9-c443-4c57-b60f-eeeae1b9d543 tempest-SnapshotsActionsTest-1427604808 tempest-SnapshotsActionsTest-1427604808-project] Snapshot retrieved successfully.
Jan 11 14:13:48.265843 dv-cinder-824131-3-iscsi devstack@c-api.service[109758]: INFO cinder.api.openstack.wsgi [None req-a4f032e9-c443-4c57-b60f-eeeae1b9d543 tempest-SnapshotsActionsTest-1427604808 tempest-SnapshotsActionsTest-1427604808-project] http://10.222.0.49/volume/v3/d5748656e0e34859ac2d9c7c17c8f245/snapshots/62dba181-127f-4f80-89d5-5126dc5d968b returned with HTTP 200
Jan 11 14:13:48.266588 dv-cinder-824131-3-iscsi devstack@c-api.service[109758]: [pid: 109758|app: 0|req: 161/324] 10.222.0.49 () {58 vars in 1330 bytes} [Tue Jan 11 14:13:48 2022] GET /volume/v3/d5748656e0e34859ac2d9c7c17c8f245/snapshots/62dba181-127f-4f80-89d5-5126dc5d968b => generated 464 bytes in 20 msecs (HTTP/1.1 200) 7 headers in 285 bytes (2 switches on core 0)
Jan 11 14:13:48.276631 dv-cinder-824131-3-iscsi devstack@c-api.service[109759]: INFO cinder.api.openstack.wsgi [None req-22a30b03-c20b-4bdc-bd63-56461875e1cc tempest-SnapshotsActionsTest-160762540 tempest-SnapshotsActionsTest-160762540-project-admin] POST http://10.222.0.49/volume/v3/0bf7f627915a415380927d49911c57f0/snapshots/62dba181-127f-4f80-89d5-5126dc5d968b/action
Jan 11 14:13:48.277843 dv-cinder-824131-3-iscsi devstack@c-api.service[109759]: DEBUG cinder.api.openstack.wsgi [None req-22a30b03-c20b-4bdc-bd63-56461875e1cc tempest-SnapshotsActionsTest-160762540 tempest-SnapshotsActionsTest-160762540-project-admin] Action body: b'{"os-reset_status": {"status": "available"}}' {{(pid=109759) get_method /opt/stack/cinder/cinder/api/openstack/wsgi.py:983}}
Jan 11 14:13:48.278175 dv-cinder-824131-3-iscsi devstack@c-api.service[109759]: DEBUG cinder.api.openstack.wsgi [None req-22a30b03-c20b-4bdc-bd63-56461875e1cc tempest-SnapshotsActionsTest-160762540 tempest-SnapshotsActionsTest-160762540-project-admin] Action: 'action', calling method: _reset_status, body: {"os-reset_status": {"status": "available"}} {{(pid=109759) _process_stack /opt/stack/cinder/cinder/api/openstack/wsgi.py:866}}
Jan 11 14:13:48.279077 dv-cinder-824131-3-iscsi devstack@c-api.service[109759]: DEBUG cinder.api.contrib.admin_actions [None req-22a30b03-c20b-4bdc-bd63-56461875e1cc tempest-SnapshotsActionsTest-160762540 tempest-SnapshotsActionsTest-160762540-project-admin] Updating snapshot '62dba181-127f-4f80-89d5-5126dc5d968b' with '{'status': 'available'}' {{(pid=109759) _reset_status /opt/stack/cinder/cinder/api/contrib/admin_actions.py:100}}
Jan 11 14:13:48.296729 dv-cinder-824131-3-iscsi devstack@c-api.service[109759]: /usr/local/lib/python3.8/dist-packages/oslo_context/context.py:105: DeprecationWarning: Policy enforcement is depending on the value of is_admin. This key is deprecated. Please update your policy file to use the standard policy values.
Jan 11 14:13:48.296729 dv-cinder-824131-3-iscsi devstack@c-api.service[109759]: warnings.warn('Policy enforcement is depending on the value of '
Jan 11 14:13:48.320040 dv-cinder-824131-3-iscsi devstack@c-api.service[109759]: INFO cinder.api.openstack.wsgi [None req-22a30b03-c20b-4bdc-bd63-56461875e1cc tempest-SnapshotsActionsTest-160762540 tempest-SnapshotsActionsTest-160762540-project-admin] http://10.222.0.49/volume/v3/0bf7f627915a415380927d49911c57f0/snapshots/62dba181-127f-4f80-89d5-5126dc5d968b/action returned with HTTP 202
Jan 11 14:13:48.320914 dv-cinder-824131-3-iscsi devstack@c-api.service[109759]: [pid: 109759|app: 0|req: 164/325] 10.222.0.49 () {60 vars in 1372 bytes} [Tue Jan 11 14:13:48 2022] POST /volume/v3/0bf7f627915a415380927d49911c57f0/snapshots/62dba181-127f-4f80-89d5-5126dc5d968b/action => generated 0 bytes in 48 msecs (HTTP/1.1 202) 7 headers in 289 bytes (2 switches on core 0)
Jan 11 14:13:48.329123 dv-cinder-824131-3-iscsi devstack@c-api.service[109758]: INFO cinder.api.openstack.wsgi [None req-ff737489-d3b6-4fc0-bba9-ae22ac70e644 tempest-SnapshotsActionsTest-1427604808 tempest-SnapshotsActionsTest-1427604808-project] GET http://10.222.0.49/volume/v3/d5748656e0e34859ac2d9c7c17c8f245/snapshots/62dba181-127f-4f80-89d5-5126dc5d968b
Jan 11 14:13:48.329533 dv-cinder-824131-3-iscsi devstack@c-api.service[109758]: DEBUG cinder.api.openstack.wsgi [None req-ff737489-d3b6-4fc0-bba9-ae22ac70e644 tempest-SnapshotsActionsTest-1427604808 tempest-SnapshotsActionsTest-1427604808-project] Empty body provided in request {{(pid=109758) get_body /opt/stack/cinder/cinder/api/openstack/wsgi.py:715}}
Jan 11 14:13:48.329964 dv-cinder-824131-3-iscsi devstack@c-api.service[109758]: DEBUG cinder.api.openstack.wsgi [None req-ff737489-d3b6-4fc0-bba9-ae22ac70e644 tempest-SnapshotsActionsTest-1427604808 tempest-SnapshotsActionsTest-1427604808-project] Calling method 'show' {{(pid=109758) _process_stack /opt/stack/cinder/cinder/api/openstack/wsgi.py:868}}
Jan 11 14:13:48.338935 dv-cinder-824131-3-iscsi devstack@c-api.service[109758]: /usr/local/lib/python3.8/dist-packages/oslo_context/context.py:105: DeprecationWarning: Policy enforcement is depending on the value of is_admin. This key is deprecated. Please update your policy file to use the standard policy values.
Jan 11 14:13:48.338935 dv-cinder-824131-3-iscsi devstack@c-api.service[109758]: warnings.warn('Policy enforcement is depending on the value of '
Jan 11 14:13:48.339873 dv-cinder-824131-3-iscsi devstack@c-api.service[109758]: INFO cinder.volume.api [None req-ff737489-d3b6-4fc0-bba9-ae22ac70e644 tempest-SnapshotsActionsTest-1427604808 tempest-SnapshotsActionsTest-1427604808-project] Snapshot retrieved successfully.
Jan 11 14:13:48.341657 dv-cinder-824131-3-iscsi devstack@c-api.service[109758]: INFO cinder.api.openstack.wsgi [None req-ff737489-d3b6-4fc0-bba9-ae22ac70e644 tempest-SnapshotsActionsTest-1427604808 tempest-SnapshotsActionsTest-1427604808-project] http://10.222.0.49/volume/v3/d5748656e0e34859ac2d9c7c17c8f245/snapshots/62dba181-127f-4f80-89d5-5126dc5d968b returned with HTTP 200
Jan 11 14:13:48.342324 dv-cinder-824131-3-iscsi devstack@c-api.service[109758]: [pid: 109758|app: 0|req: 162/326] 10.222.0.49 () {58 vars in 1330 bytes} [Tue Jan 11 14:13:48 2022] GET /volume/v3/d5748656e0e34859ac2d9c7c17c8f245/snapshots/62dba181-127f-4f80-89d5-5126dc5d968b => generated 465 bytes in 18 msecs (HTTP/1.1 200) 7 headers in 285 bytes (1 switches on core 0)
Jan 11 14:13:48.354599 dv-cinder-824131-3-iscsi devstack@c-api.service[109759]: INFO cinder.api.openstack.wsgi [None req-cfcc424d-d4d4-4106-bf67-ab0293edc669 tempest-SnapshotsActionsTest-1427604808 tempest-SnapshotsActionsTest-1427604808-project] POST http://10.222.0.49/volume/v3/d5748656e0e34859ac2d9c7c17c8f245/snapshots
Jan 11 14:13:48.355298 dv-cinder-824131-3-iscsi devstack@c-api.service[109759]: DEBUG cinder.api.openstack.wsgi [None req-cfcc424d-d4d4-4106-bf67-ab0293edc669 tempest-SnapshotsActionsTest-1427604808 tempest-SnapshotsActionsTest-1427604808-project] Action: 'create', calling method: create, body: {"snapshot": {"volume_id": "315eae62-5e71-46a1-87ac-10ca62e5f3f0", "name": "tempest-SnapshotsActionsTest-Snapshot-1679911998"}} {{(pid=109759) _process_stack /opt/stack/cinder/cinder/api/openstack/wsgi.py:866}}
Jan 11 14:13:48.369004 dv-cinder-824131-3-iscsi devstack@c-api.service[109759]: /usr/local/lib/python3.8/dist-packages/oslo_context/context.py:105: DeprecationWarning: Policy enforcement is depending on the value of is_admin. This key is deprecated. Please update your policy file to use the standard policy values.
Jan 11 14:13:48.369004 dv-cinder-824131-3-iscsi devstack@c-api.service[109759]: warnings.warn('Policy enforcement is depending on the value of '
Jan 11 14:13:48.369973 dv-cinder-824131-3-iscsi devstack@c-api.service[109759]: INFO cinder.volume.api [None req-cfcc424d-d4d4-4106-bf67-ab0293edc669 tempest-SnapshotsActionsTest-1427604808 tempest-SnapshotsActionsTest-1427604808-project] Volume info retrieved successfully.
Jan 11 14:13:48.370270 dv-cinder-824131-3-iscsi devstack@c-api.service[109759]: INFO cinder.api.v3.snapshots [None req-cfcc424d-d4d4-4106-bf67-ab0293edc669 tempest-SnapshotsActionsTest-1427604808 tempest-SnapshotsActionsTest-1427604808-project] Create snapshot from volume 315eae62-5e71-46a1-87ac-10ca62e5f3f0
Jan 11 14:13:48.388925 dv-cinder-824131-3-iscsi devstack@c-api.service[109758]: INFO cinder.api.openstack.wsgi [None req-8276e860-11c7-48d3-b762-a8117123dcce tempest-VolumesListAdminTestJSON-330314079 tempest-VolumesListAdminTestJSON-330314079-project] GET http://10.222.0.49/volume/v3/2cfea76298974da6bb79466db74560b1/volumes/40776655-550b-4ee4-a92d-d3038df196b1
Jan 11 14:13:48.389480 dv-cinder-824131-3-iscsi devstack@c-api.service[109758]: DEBUG cinder.api.openstack.wsgi [None req-8276e860-11c7-48d3-b762-a8117123dcce tempest-VolumesListAdminTestJSON-330314079 tempest-VolumesListAdminTestJSON-330314079-project] Empty body provided in request {{(pid=109758) get_body /opt/stack/cinder/cinder/api/openstack/wsgi.py:715}}
Jan 11 14:13:48.389995 dv-cinder-824131-3-iscsi devstack@c-api.service[109758]: DEBUG cinder.api.openstack.wsgi [None req-8276e860-11c7-48d3-b762-a8117123dcce tempest-VolumesListAdminTestJSON-330314079 tempest-VolumesListAdminTestJSON-330314079-project] Calling method 'show' {{(pid=109758) _process_stack /opt/stack/cinder/cinder/api/openstack/wsgi.py:868}}
Jan 11 14:13:48.403334 dv-cinder-824131-3-iscsi devstack@c-api.service[109758]: /usr/local/lib/python3.8/dist-packages/oslo_context/context.py:105: DeprecationWarning: Policy enforcement is depending on the value of is_admin. This key is deprecated. Please update your policy file to use the standard policy values.
Jan 11 14:13:48.403334 dv-cinder-824131-3-iscsi devstack@c-api.service[109758]: warnings.warn('Policy enforcement is depending on the value of '
Jan 11 14:13:48.410710 dv-cinder-824131-3-iscsi devstack@c-api.service[109758]: INFO cinder.volume.api [None req-8276e860-11c7-48d3-b762-a8117123dcce tempest-VolumesListAdminTestJSON-330314079 tempest-VolumesListAdminTestJSON-330314079-project] Volume info retrieved successfully.
Jan 11 14:13:48.412206 dv-cinder-824131-3-iscsi devstack@c-api.service[109759]: DEBUG cinder.quota [None req-cfcc424d-d4d4-4106-bf67-ab0293edc669 tempest-SnapshotsActionsTest-1427604808 tempest-SnapshotsActionsTest-1427604808-project] Created reservations ['fd1275a1-269f-4ab6-960b-683e09ffe8f1', 'b0afdef5-cbc4-4594-a053-cd3be6477997', '459f1c93-f701-40e2-9c8b-2e59412fc026', '75182d3f-e18f-4dfd-9aa7-9d313b0a8a18'] {{(pid=109759) reserve /opt/stack/cinder/cinder/quota.py:755}}
Jan 11 14:13:48.419900 dv-cinder-824131-3-iscsi devstack@c-api.service[109758]: INFO cinder.api.openstack.wsgi [None req-8276e860-11c7-48d3-b762-a8117123dcce tempest-VolumesListAdminTestJSON-330314079 tempest-VolumesListAdminTestJSON-330314079-project] http://10.222.0.49/volume/v3/2cfea76298974da6bb79466db74560b1/volumes/40776655-550b-4ee4-a92d-d3038df196b1 returned with HTTP 200
Jan 11 14:13:48.421233 dv-cinder-824131-3-iscsi devstack@c-api.service[109758]: [pid: 109758|app: 0|req: 163/327] 10.222.0.49 () {58 vars in 1324 bytes} [Tue Jan 11 14:13:48 2022] GET /volume/v3/2cfea76298974da6bb79466db74560b1/volumes/40776655-550b-4ee4-a92d-d3038df196b1 => generated 916 bytes in 36 msecs (HTTP/1.1 200) 7 headers in 285 bytes (2 switches on core 0)
Jan 11 14:13:48.434352 dv-cinder-824131-3-iscsi devstack@c-api.service[109758]: INFO cinder.api.openstack.wsgi [None req-e26adda8-f3ff-42da-8338-4836a426ebac tempest-VolumesListAdminTestJSON-330314079 tempest-VolumesListAdminTestJSON-330314079-project] GET http://10.222.0.49/volume/v3/2cfea76298974da6bb79466db74560b1/volumes/40776655-550b-4ee4-a92d-d3038df196b1
Jan 11 14:13:48.435445 dv-cinder-824131-3-iscsi devstack@c-api.service[109758]: DEBUG cinder.api.openstack.wsgi [None req-e26adda8-f3ff-42da-8338-4836a426ebac tempest-VolumesListAdminTestJSON-330314079 tempest-VolumesListAdminTestJSON-330314079-project] Empty body provided in request {{(pid=109758) get_body /opt/stack/cinder/cinder/api/openstack/wsgi.py:715}}
Jan 11 14:13:48.435919 dv-cinder-824131-3-iscsi devstack@c-api.service[109758]: DEBUG cinder.api.openstack.wsgi [None req-e26adda8-f3ff-42da-8338-4836a426ebac tempest-VolumesListAdminTestJSON-330314079 tempest-VolumesListAdminTestJSON-330314079-project] Calling method 'show' {{(pid=109758) _process_stack /opt/stack/cinder/cinder/api/openstack/wsgi.py:868}}
Jan 11 14:13:48.451734 dv-cinder-824131-3-iscsi devstack@c-api.service[109758]: /usr/local/lib/python3.8/dist-packages/oslo_context/context.py:105: DeprecationWarning: Policy enforcement is depending on the value of is_admin. This key is deprecated. Please update your policy file to use the standard policy values.
Jan 11 14:13:48.451734 dv-cinder-824131-3-iscsi devstack@c-api.service[109758]: warnings.warn('Policy enforcement is depending on the value of '
