Jan 11 14:13:37.696662 dv-cinder-824131-3-iscsi devstack@c-api.service[109759]: DEBUG cinder.api.openstack.wsgi [None req-cca23178-e438-456d-a663-72ea9230ca3b tempest-VolumesListAdminTestJSON-330314079 tempest-VolumesListAdminTestJSON-330314079-project] Action: 'create', calling method: create, body: {"volume": {"size": 1, "name": "tempest-VolumesListAdminTestJSON-Volume-612616717"}} {{(pid=109759) _process_stack /opt/stack/cinder/cinder/api/openstack/wsgi.py:866}}
Jan 11 14:13:37.697578 dv-cinder-824131-3-iscsi devstack@c-api.service[109759]: DEBUG cinder.api.v3.volumes [None req-cca23178-e438-456d-a663-72ea9230ca3b tempest-VolumesListAdminTestJSON-330314079 tempest-VolumesListAdminTestJSON-330314079-project] Create volume request body: {'volume': {'size': 1, 'name': 'tempest-VolumesListAdminTestJSON-Volume-612616717'}} {{(pid=109759) create /opt/stack/cinder/cinder/api/v3/volumes.py:298}}
Jan 11 14:13:37.698147 dv-cinder-824131-3-iscsi devstack@c-api.service[109759]: INFO cinder.api.v3.volumes [None req-cca23178-e438-456d-a663-72ea9230ca3b tempest-VolumesListAdminTestJSON-330314079 tempest-VolumesListAdminTestJSON-330314079-project] Create volume of 1 GB
Jan 11 14:13:37.704200 dv-cinder-824131-3-iscsi devstack@c-api.service[109758]: INFO cinder.api.openstack.wsgi [None req-7b6e9724-1fea-4416-ae68-d1e96e13c125 tempest-SnapshotsActionsTest-1427604808 tempest-SnapshotsActionsTest-1427604808-project] http://10.222.0.49/volume/v3/d5748656e0e34859ac2d9c7c17c8f245/volumes/315eae62-5e71-46a1-87ac-10ca62e5f3f0 returned with HTTP 200
Jan 11 14:13:37.704939 dv-cinder-824131-3-iscsi devstack@c-api.service[109759]: INFO cinder.volume.api [None req-cca23178-e438-456d-a663-72ea9230ca3b tempest-VolumesListAdminTestJSON-330314079 tempest-VolumesListAdminTestJSON-330314079-project] Availability Zones retrieved successfully.
Jan 11 14:13:37.705547 dv-cinder-824131-3-iscsi devstack@c-api.service[109758]: [pid: 109758|app: 0|req: 128/259] 10.222.0.49 () {58 vars in 1324 bytes} [Tue Jan 11 14:13:37 2022] GET /volume/v3/d5748656e0e34859ac2d9c7c17c8f245/volumes/315eae62-5e71-46a1-87ac-10ca62e5f3f0 => generated 913 bytes in 44 msecs (HTTP/1.1 200) 7 headers in 285 bytes (1 switches on core 0)
Jan 11 14:13:37.719927 dv-cinder-824131-3-iscsi devstack@c-api.service[109758]: INFO cinder.api.openstack.wsgi [None req-d04f9598-6717-4434-bde9-de25a98ca906 tempest-SnapshotsActionsTest-1427604808 tempest-SnapshotsActionsTest-1427604808-project] POST http://10.222.0.49/volume/v3/d5748656e0e34859ac2d9c7c17c8f245/snapshots
Jan 11 14:13:37.720636 dv-cinder-824131-3-iscsi devstack@c-api.service[109758]: DEBUG cinder.api.openstack.wsgi [None req-d04f9598-6717-4434-bde9-de25a98ca906 tempest-SnapshotsActionsTest-1427604808 tempest-SnapshotsActionsTest-1427604808-project] Action: 'create', calling method: create, body: {"snapshot": {"volume_id": "315eae62-5e71-46a1-87ac-10ca62e5f3f0", "name": "tempest-SnapshotsActionsTest-Snapshot-710899447"}} {{(pid=109758) _process_stack /opt/stack/cinder/cinder/api/openstack/wsgi.py:866}}
Jan 11 14:13:37.731180 dv-cinder-824131-3-iscsi devstack@c-api.service[109759]: DEBUG cinder.volume.api [None req-cca23178-e438-456d-a663-72ea9230ca3b tempest-VolumesListAdminTestJSON-330314079 tempest-VolumesListAdminTestJSON-330314079-project] Flow 'volume_create_api' (f55d2968-764d-4fca-8692-728da6260ab7) transitioned into state 'RUNNING' from state 'PENDING' {{(pid=109759) _flow_receiver /usr/local/lib/python3.8/dist-packages/taskflow/listeners/logging.py:141}}
Jan 11 14:13:37.734044 dv-cinder-824131-3-iscsi devstack@c-api.service[109759]: DEBUG cinder.volume.api [None req-cca23178-e438-456d-a663-72ea9230ca3b tempest-VolumesListAdminTestJSON-330314079 tempest-VolumesListAdminTestJSON-330314079-project] Task 'cinder.volume.flows.api.create_volume.ExtractVolumeRequestTask;volume:create' (e24ed04c-5fca-48bb-8345-a717e76fc437) transitioned into state 'RUNNING' from state 'PENDING' {{(pid=109759) _task_receiver /usr/local/lib/python3.8/dist-packages/taskflow/listeners/logging.py:190}}
Jan 11 14:13:37.734603 dv-cinder-824131-3-iscsi devstack@c-api.service[109758]: /usr/local/lib/python3.8/dist-packages/oslo_context/context.py:105: DeprecationWarning: Policy enforcement is depending on the value of is_admin. This key is deprecated. Please update your policy file to use the standard policy values.
Jan 11 14:13:37.734603 dv-cinder-824131-3-iscsi devstack@c-api.service[109758]: warnings.warn('Policy enforcement is depending on the value of '
Jan 11 14:13:37.735785 dv-cinder-824131-3-iscsi devstack@c-api.service[109758]: INFO cinder.volume.api [None req-d04f9598-6717-4434-bde9-de25a98ca906 tempest-SnapshotsActionsTest-1427604808 tempest-SnapshotsActionsTest-1427604808-project] Volume info retrieved successfully.
Jan 11 14:13:37.736093 dv-cinder-824131-3-iscsi devstack@c-api.service[109758]: INFO cinder.api.v3.snapshots [None req-d04f9598-6717-4434-bde9-de25a98ca906 tempest-SnapshotsActionsTest-1427604808 tempest-SnapshotsActionsTest-1427604808-project] Create snapshot from volume 315eae62-5e71-46a1-87ac-10ca62e5f3f0
Jan 11 14:13:37.736637 dv-cinder-824131-3-iscsi devstack@c-api.service[109759]: DEBUG cinder.volume.flows.api.create_volume [None req-cca23178-e438-456d-a663-72ea9230ca3b tempest-VolumesListAdminTestJSON-330314079 tempest-VolumesListAdminTestJSON-330314079-project] Validating volume size '1' using validate_int {{(pid=109759) _extract_size /opt/stack/cinder/cinder/volume/flows/api/create_volume.py:225}}
Jan 11 14:13:37.768035 dv-cinder-824131-3-iscsi devstack@c-api.service[109759]: DEBUG cinder.volume.api [None req-cca23178-e438-456d-a663-72ea9230ca3b tempest-VolumesListAdminTestJSON-330314079 tempest-VolumesListAdminTestJSON-330314079-project] Task 'cinder.volume.flows.api.create_volume.ExtractVolumeRequestTask;volume:create' (e24ed04c-5fca-48bb-8345-a717e76fc437) transitioned into state 'SUCCESS' from state 'RUNNING' with result '{'size': 1, 'snapshot_id': None, 'source_volid': None, 'volume_type': VolumeType(created_at=2022-01-11T14:03:27Z,deleted=False,deleted_at=None,description='Default Volume Type',extra_specs={},id=bffb8156-e3b6-4bd4-94d1-8a9fde127186,is_public=True,name='__DEFAULT__',projects=[],qos_specs=,qos_specs_id=None,updated_at=2022-01-11T14:03:27Z), 'volume_type_id': 'bffb8156-e3b6-4bd4-94d1-8a9fde127186', 'encryption_key_id': None, 'qos_specs': None, 'consistencygroup_id': None, 'cgsnapshot_id': None, 'group_id': None, 'replication_status': 'disabled', 'refresh_az': False, 'backup_id': None, 'multiattach': False, 'availability_zones': ['nova']}' {{(pid=109759) _task_receiver /usr/local/lib/python3.8/dist-packages/taskflow/listeners/logging.py:178}}
Jan 11 14:13:37.769641 dv-cinder-824131-3-iscsi devstack@c-api.service[109759]: DEBUG cinder.volume.api [None req-cca23178-e438-456d-a663-72ea9230ca3b tempest-VolumesListAdminTestJSON-330314079 tempest-VolumesListAdminTestJSON-330314079-project] Task 'cinder.volume.flows.api.create_volume.QuotaReserveTask;volume:create' (7c9a4d9f-8415-4080-9475-403dd72451e4) transitioned into state 'RUNNING' from state 'PENDING' {{(pid=109759) _task_receiver /usr/local/lib/python3.8/dist-packages/taskflow/listeners/logging.py:190}}
Jan 11 14:13:37.795543 dv-cinder-824131-3-iscsi devstack@c-api.service[109758]: DEBUG cinder.quota [None req-d04f9598-6717-4434-bde9-de25a98ca906 tempest-SnapshotsActionsTest-1427604808 tempest-SnapshotsActionsTest-1427604808-project] Created reservations ['0d8d51b7-372b-47d3-af38-ca9b61e9fb08', 'b63af94b-4d00-4e08-a06b-99cd8c21fa60', '3bd51ffc-fe42-47ac-b309-1916953ce0ca', '0e895f40-f0bb-4907-ae19-548751f884b0'] {{(pid=109758) reserve /opt/stack/cinder/cinder/quota.py:755}}
Jan 11 14:13:37.826510 dv-cinder-824131-3-iscsi devstack@c-api.service[109759]: DEBUG cinder.quota [None req-cca23178-e438-456d-a663-72ea9230ca3b tempest-VolumesListAdminTestJSON-330314079 tempest-VolumesListAdminTestJSON-330314079-project] Created reservations ['79a4c210-13e7-4acf-9136-1ebdeef28431', '2477913c-a123-4c46-bd50-1ad4c6ea8388', '67ecda6b-5fcf-4bcb-90e2-deb4622c00f8', '4c2ecda3-4d78-43f8-b59c-6b073d178a6d'] {{(pid=109759) reserve /opt/stack/cinder/cinder/quota.py:755}}
Jan 11 14:13:37.828686 dv-cinder-824131-3-iscsi devstack@c-api.service[109759]: DEBUG cinder.volume.api [None req-cca23178-e438-456d-a663-72ea9230ca3b tempest-VolumesListAdminTestJSON-330314079 tempest-VolumesListAdminTestJSON-330314079-project] Task 'cinder.volume.flows.api.create_volume.QuotaReserveTask;volume:create' (7c9a4d9f-8415-4080-9475-403dd72451e4) transitioned into state 'SUCCESS' from state 'RUNNING' with result '{'reservations': ['79a4c210-13e7-4acf-9136-1ebdeef28431', '2477913c-a123-4c46-bd50-1ad4c6ea8388', '67ecda6b-5fcf-4bcb-90e2-deb4622c00f8', '4c2ecda3-4d78-43f8-b59c-6b073d178a6d']}' {{(pid=109759) _task_receiver /usr/local/lib/python3.8/dist-packages/taskflow/listeners/logging.py:178}}
Jan 11 14:13:37.830961 dv-cinder-824131-3-iscsi devstack@c-api.service[109759]: DEBUG cinder.volume.api [None req-cca23178-e438-456d-a663-72ea9230ca3b tempest-VolumesListAdminTestJSON-330314079 tempest-VolumesListAdminTestJSON-330314079-project] Task 'cinder.volume.flows.api.create_volume.EntryCreateTask;volume:create' (858dcc0a-1a9e-4c23-aea7-37bbc8b203dc) transitioned into state 'RUNNING' from state 'PENDING' {{(pid=109759) _task_receiver /usr/local/lib/python3.8/dist-packages/taskflow/listeners/logging.py:190}}
Jan 11 14:13:37.853124 dv-cinder-824131-3-iscsi devstack@c-api.service[109758]: INFO cinder.volume.api [None req-d04f9598-6717-4434-bde9-de25a98ca906 tempest-SnapshotsActionsTest-1427604808 tempest-SnapshotsActionsTest-1427604808-project] Snapshot create request issued successfully.
Jan 11 14:13:37.853937 dv-cinder-824131-3-iscsi devstack@c-api.service[109758]: INFO cinder.api.openstack.wsgi [None req-d04f9598-6717-4434-bde9-de25a98ca906 tempest-SnapshotsActionsTest-1427604808 tempest-SnapshotsActionsTest-1427604808-project] http://10.222.0.49/volume/v3/d5748656e0e34859ac2d9c7c17c8f245/snapshots returned with HTTP 202
Jan 11 14:13:37.858327 dv-cinder-824131-3-iscsi devstack@c-api.service[109759]: DEBUG cinder.volume.api [None req-cca23178-e438-456d-a663-72ea9230ca3b tempest-VolumesListAdminTestJSON-330314079 tempest-VolumesListAdminTestJSON-330314079-project] Task 'cinder.volume.flows.api.create_volume.EntryCreateTask;volume:create' (858dcc0a-1a9e-4c23-aea7-37bbc8b203dc) transitioned into state 'SUCCESS' from state 'RUNNING' with result '{'volume_id': '40776655-550b-4ee4-a92d-d3038df196b1', 'volume_properties': VolumeProperties(attach_status='detached',availability_zone='nova',cgsnapshot_id=None,consistencygroup_id=None,display_description=None,display_name='tempest-VolumesListAdminTestJSON-Volume-612616717',encryption_key_id=None,group_id=None,group_type_id=,metadata={},multiattach=False,project_id='2cfea76298974da6bb79466db74560b1',qos_specs=None,replication_status=,reservations=['79a4c210-13e7-4acf-9136-1ebdeef28431','2477913c-a123-4c46-bd50-1ad4c6ea8388','67ecda6b-5fcf-4bcb-90e2-deb4622c00f8','4c2ecda3-4d78-43f8-b59c-6b073d178a6d'],size=1,snapshot_id=None,source_replicaid=,source_volid=None,status='creating',user_id='7f34d88552b14ae38d71d3497025720c',volume_type_id=bffb8156-e3b6-4bd4-94d1-8a9fde127186), 'volume': Volume(_name_id=None,admin_metadata=,attach_status='detached',availability_zone='nova',bootable=False,cluster=,cluster_name=None,consistencygroup=,consistencygroup_id=None,created_at=2022-01-11T14:13:37Z,deleted=False,deleted_at=None,display_description=None,display_name='tempest-VolumesListAdminTestJSON-Volume-612616717',ec2_id=None,encryption_key_id=None,glance_metadata=,group=,group_id=None,host=None,id=40776655-550b-4ee4-a92d-d3038df196b1,launched_at=None,metadata={},migration_status=None,multiattach=False,previous_status=None,project_id='2cfea76298974da6bb79466db74560b1',provider_auth=None,provider_geometry=None,provider_id=None,provider_location=None,replication_driver_data=None,replication_extended_status=None,replication_status=None,scheduled_at=None,service_uuid=None,shared_targets=True,size=1,snapshot_id=None,snapshots=,source_volid=None,status='creating',terminated_at=None,updated_at=None,use_quota=True,user_id='7f34d88552b14ae38d71d3497025720c',volume_attachment=VolumeAttachmentList,volume_type=VolumeType(bffb8156-e3b6-4bd4-94d1-8a9fde127186),volume_type_id=bffb8156-e3b6-4bd4-94d1-8a9fde127186)}' {{(pid=109759) _task_receiver /usr/local/lib/python3.8/dist-packages/taskflow/listeners/logging.py:178}}
Jan 11 14:13:37.860199 dv-cinder-824131-3-iscsi devstack@c-api.service[109758]: [pid: 109758|app: 0|req: 129/260] 10.222.0.49 () {60 vars in 1241 bytes} [Tue Jan 11 14:13:37 2022] POST /volume/v3/d5748656e0e34859ac2d9c7c17c8f245/snapshots => generated 306 bytes in 144 msecs (HTTP/1.1 202) 7 headers in 291 bytes (2 switches on core 0)
Jan 11 14:13:37.861808 dv-cinder-824131-3-iscsi devstack@c-api.service[109759]: DEBUG cinder.volume.api [None req-cca23178-e438-456d-a663-72ea9230ca3b tempest-VolumesListAdminTestJSON-330314079 tempest-VolumesListAdminTestJSON-330314079-project] Task 'cinder.volume.flows.api.create_volume.QuotaCommitTask;volume:create' (90e7812f-329a-43d1-8d82-9fed91d38ed9) transitioned into state 'RUNNING' from state 'PENDING' {{(pid=109759) _task_receiver /usr/local/lib/python3.8/dist-packages/taskflow/listeners/logging.py:190}}
Jan 11 14:13:37.864893 dv-cinder-824131-3-iscsi devstack@c-api.service[109758]: INFO cinder.api.openstack.wsgi [None req-0f189f47-51f8-4866-aef5-e891c9130073 tempest-SnapshotsActionsTest-1427604808 tempest-SnapshotsActionsTest-1427604808-project] GET http://10.222.0.49/volume/v3/d5748656e0e34859ac2d9c7c17c8f245/snapshots/62dba181-127f-4f80-89d5-5126dc5d968b
Jan 11 14:13:37.865347 dv-cinder-824131-3-iscsi devstack@c-api.service[109758]: DEBUG cinder.api.openstack.wsgi [None req-0f189f47-51f8-4866-aef5-e891c9130073 tempest-SnapshotsActionsTest-1427604808 tempest-SnapshotsActionsTest-1427604808-project] Empty body provided in request {{(pid=109758) get_body /opt/stack/cinder/cinder/api/openstack/wsgi.py:715}}
Jan 11 14:13:37.865804 dv-cinder-824131-3-iscsi devstack@c-api.service[109758]: DEBUG cinder.api.openstack.wsgi [None req-0f189f47-51f8-4866-aef5-e891c9130073 tempest-SnapshotsActionsTest-1427604808 tempest-SnapshotsActionsTest-1427604808-project] Calling method 'show' {{(pid=109758) _process_stack /opt/stack/cinder/cinder/api/openstack/wsgi.py:868}}
Jan 11 14:13:37.876363 dv-cinder-824131-3-iscsi devstack@c-api.service[109758]: /usr/local/lib/python3.8/dist-packages/oslo_context/context.py:105: DeprecationWarning: Policy enforcement is depending on the value of is_admin. This key is deprecated. Please update your policy file to use the standard policy values.
Jan 11 14:13:37.876363 dv-cinder-824131-3-iscsi devstack@c-api.service[109758]: warnings.warn('Policy enforcement is depending on the value of '
Jan 11 14:13:37.877644 dv-cinder-824131-3-iscsi devstack@c-api.service[109758]: INFO cinder.volume.api [None req-0f189f47-51f8-4866-aef5-e891c9130073 tempest-SnapshotsActionsTest-1427604808 tempest-SnapshotsActionsTest-1427604808-project] Snapshot retrieved successfully.
Jan 11 14:13:37.879938 dv-cinder-824131-3-iscsi devstack@c-api.service[109758]: INFO cinder.api.openstack.wsgi [None req-0f189f47-51f8-4866-aef5-e891c9130073 tempest-SnapshotsActionsTest-1427604808 tempest-SnapshotsActionsTest-1427604808-project] http://10.222.0.49/volume/v3/d5748656e0e34859ac2d9c7c17c8f245/snapshots/62dba181-127f-4f80-89d5-5126dc5d968b returned with HTTP 200
Jan 11 14:13:37.883592 dv-cinder-824131-3-iscsi devstack@c-api.service[109758]: [pid: 109758|app: 0|req: 130/261] 10.222.0.49 () {58 vars in 1330 bytes} [Tue Jan 11 14:13:37 2022] GET /volume/v3/d5748656e0e34859ac2d9c7c17c8f245/snapshots/62dba181-127f-4f80-89d5-5126dc5d968b => generated 438 bytes in 20 msecs (HTTP/1.1 200) 7 headers in 285 bytes (1 switches on core 0)
Jan 11 14:13:37.892549 dv-cinder-824131-3-iscsi devstack@c-api.service[109759]: DEBUG cinder.volume.api [None req-cca23178-e438-456d-a663-72ea9230ca3b tempest-VolumesListAdminTestJSON-330314079 tempest-VolumesListAdminTestJSON-330314079-project] Task 'cinder.volume.flows.api.create_volume.QuotaCommitTask;volume:create' (90e7812f-329a-43d1-8d82-9fed91d38ed9) transitioned into state 'SUCCESS' from state 'RUNNING' with result '{'volume_properties': VolumeProperties(attach_status='detached',availability_zone='nova',cgsnapshot_id=None,consistencygroup_id=None,display_description=None,display_name='tempest-VolumesListAdminTestJSON-Volume-612616717',encryption_key_id=None,group_id=None,group_type_id=,metadata={},multiattach=False,project_id='2cfea76298974da6bb79466db74560b1',qos_specs=None,replication_status=,reservations=['79a4c210-13e7-4acf-9136-1ebdeef28431','2477913c-a123-4c46-bd50-1ad4c6ea8388','67ecda6b-5fcf-4bcb-90e2-deb4622c00f8','4c2ecda3-4d78-43f8-b59c-6b073d178a6d'],size=1,snapshot_id=None,source_replicaid=,source_volid=None,status='creating',user_id='7f34d88552b14ae38d71d3497025720c',volume_type_id=bffb8156-e3b6-4bd4-94d1-8a9fde127186)}' {{(pid=109759) _task_receiver /usr/local/lib/python3.8/dist-packages/taskflow/listeners/logging.py:178}}
Jan 11 14:13:37.894473 dv-cinder-824131-3-iscsi devstack@c-api.service[109759]: DEBUG cinder.volume.api [None req-cca23178-e438-456d-a663-72ea9230ca3b tempest-VolumesListAdminTestJSON-330314079 tempest-VolumesListAdminTestJSON-330314079-project] Task 'cinder.volume.flows.api.create_volume.VolumeCastTask;volume:create' (2d0874cb-992a-48f8-9c3a-c900e6a1c5fa) transitioned into state 'RUNNING' from state 'PENDING' {{(pid=109759) _task_receiver /usr/local/lib/python3.8/dist-packages/taskflow/listeners/logging.py:190}}
Jan 11 14:13:37.911308 dv-cinder-824131-3-iscsi devstack@c-api.service[109759]: DEBUG cinder.volume.api [None req-cca23178-e438-456d-a663-72ea9230ca3b tempest-VolumesListAdminTestJSON-330314079 tempest-VolumesListAdminTestJSON-330314079-project] Task 'cinder.volume.flows.api.create_volume.VolumeCastTask;volume:create' (2d0874cb-992a-48f8-9c3a-c900e6a1c5fa) transitioned into state 'SUCCESS' from state 'RUNNING' with result 'None' {{(pid=109759) _task_receiver /usr/local/lib/python3.8/dist-packages/taskflow/listeners/logging.py:178}}
Jan 11 14:13:37.913876 dv-cinder-824131-3-iscsi devstack@c-api.service[109759]: DEBUG cinder.volume.api [None req-cca23178-e438-456d-a663-72ea9230ca3b tempest-VolumesListAdminTestJSON-330314079 tempest-VolumesListAdminTestJSON-330314079-project] Flow 'volume_create_api' (f55d2968-764d-4fca-8692-728da6260ab7) transitioned into state 'SUCCESS' from state 'RUNNING' {{(pid=109759) _flow_receiver /usr/local/lib/python3.8/dist-packages/taskflow/listeners/logging.py:141}}
Jan 11 14:13:37.914703 dv-cinder-824131-3-iscsi devstack@c-api.service[109759]: INFO cinder.volume.api [None req-cca23178-e438-456d-a663-72ea9230ca3b tempest-VolumesListAdminTestJSON-330314079 tempest-VolumesListAdminTestJSON-330314079-project] Create volume request issued successfully.
Jan 11 14:13:37.915949 dv-cinder-824131-3-iscsi devstack@c-api.service[109759]: INFO cinder.api.openstack.wsgi [None req-cca23178-e438-456d-a663-72ea9230ca3b tempest-VolumesListAdminTestJSON-330314079 tempest-VolumesListAdminTestJSON-330314079-project] http://10.222.0.49/volume/v3/2cfea76298974da6bb79466db74560b1/volumes returned with HTTP 202
Jan 11 14:13:37.916772 dv-cinder-824131-3-iscsi devstack@c-api.service[109759]: [pid: 109759|app: 0|req: 132/262] 10.222.0.49 () {60 vars in 1234 bytes} [Tue Jan 11 14:13:37 2022] POST /volume/v3/2cfea76298974da6bb79466db74560b1/volumes => generated 823 bytes in 224 msecs (HTTP/1.1 202) 7 headers in 291 bytes (1 switches on core 0)
Jan 11 14:13:37.932773 dv-cinder-824131-3-iscsi devstack@c-api.service[109758]: INFO cinder.api.openstack.wsgi [None req-e50c9a8c-da83-40c9-b1da-166b5910e3c4 tempest-VolumesListAdminTestJSON-330314079 tempest-VolumesListAdminTestJSON-330314079-project] GET http://10.222.0.49/volume/v3/2cfea76298974da6bb79466db74560b1/volumes/40776655-550b-4ee4-a92d-d3038df196b1
Jan 11 14:13:37.933540 dv-cinder-824131-3-iscsi devstack@c-api.service[109758]: DEBUG cinder.api.openstack.wsgi [None req-e50c9a8c-da83-40c9-b1da-166b5910e3c4 tempest-VolumesListAdminTestJSON-330314079 tempest-VolumesListAdminTestJSON-330314079-project] Empty body provided in request {{(pid=109758) get_body /opt/stack/cinder/cinder/api/openstack/wsgi.py:715}}
Jan 11 14:13:37.934380 dv-cinder-824131-3-iscsi devstack@c-api.service[109758]: DEBUG cinder.api.openstack.wsgi [None req-e50c9a8c-da83-40c9-b1da-166b5910e3c4 tempest-VolumesListAdminTestJSON-330314079 tempest-VolumesListAdminTestJSON-330314079-project] Calling method 'show' {{(pid=109758) _process_stack /opt/stack/cinder/cinder/api/openstack/wsgi.py:868}}
Jan 11 14:13:37.952247 dv-cinder-824131-3-iscsi devstack@c-api.service[109758]: /usr/local/lib/python3.8/dist-packages/oslo_context/context.py:105: DeprecationWarning: Policy enforcement is depending on the value of is_admin. This key is deprecated. Please update your policy file to use the standard policy values.
Jan 11 14:13:37.952247 dv-cinder-824131-3-iscsi devstack@c-api.service[109758]: warnings.warn('Policy enforcement is depending on the value of '
Jan 11 14:13:37.959283 dv-cinder-824131-3-iscsi devstack@c-api.service[109758]: INFO cinder.volume.api [None req-e50c9a8c-da83-40c9-b1da-166b5910e3c4 tempest-VolumesListAdminTestJSON-330314079 tempest-VolumesListAdminTestJSON-330314079-project] Volume info retrieved successfully.
Jan 11 14:13:37.968263 dv-cinder-824131-3-iscsi devstack@c-api.service[109758]: INFO cinder.api.openstack.wsgi [None req-e50c9a8c-da83-40c9-b1da-166b5910e3c4 tempest-VolumesListAdminTestJSON-330314079 tempest-VolumesListAdminTestJSON-330314079-project] http://10.222.0.49/volume/v3/2cfea76298974da6bb79466db74560b1/volumes/40776655-550b-4ee4-a92d-d3038df196b1 returned with HTTP 200
Jan 11 14:13:37.968982 dv-cinder-824131-3-iscsi devstack@c-api.service[109758]: [pid: 109758|app: 0|req: 131/263] 10.222.0.49 () {58 vars in 1324 bytes} [Tue Jan 11 14:13:37 2022] GET /volume/v3/2cfea76298974da6bb79466db74560b1/volumes/40776655-550b-4ee4-a92d-d3038df196b1 => generated 891 bytes in 41 msecs (HTTP/1.1 200) 7 headers in 285 bytes (1 switches on core 0)
Jan 11 14:13:38.577331 dv-cinder-824131-3-iscsi devstack@c-api.service[109759]: INFO cinder.api.openstack.wsgi [None req-df650319-5e30-40bb-ab33-bd08181f55dd tempest-GroupSnapshotsTest-2040786435 tempest-GroupSnapshotsTest-2040786435-project] GET http://10.222.0.49/volume/v3/dc36b316b7694ebab3892e02a9e736a1/group_snapshots/35779f38-e4c2-421b-9334-36657618f56c
Jan 11 14:13:38.577819 dv-cinder-824131-3-iscsi devstack@c-api.service[109759]: DEBUG cinder.api.openstack.wsgi [None req-df650319-5e30-40bb-ab33-bd08181f55dd tempest-GroupSnapshotsTest-2040786435 tempest-GroupSnapshotsTest-2040786435-project] Empty body provided in request {{(pid=109759) get_body /opt/stack/cinder/cinder/api/openstack/wsgi.py:715}}
Jan 11 14:13:38.578268 dv-cinder-824131-3-iscsi devstack@c-api.service[109759]: DEBUG cinder.api.openstack.wsgi [None req-df650319-5e30-40bb-ab33-bd08181f55dd tempest-GroupSnapshotsTest-2040786435 tempest-GroupSnapshotsTest-2040786435-project] Calling method 'version_select' {{(pid=109759) _process_stack /opt/stack/cinder/cinder/api/openstack/wsgi.py:868}}
Jan 11 14:13:38.578698 dv-cinder-824131-3-iscsi devstack@c-api.service[109759]: DEBUG cinder.api.v3.group_snapshots [None req-df650319-5e30-40bb-ab33-bd08181f55dd tempest-GroupSnapshotsTest-2040786435 tempest-GroupSnapshotsTest-2040786435-project] show called for member 35779f38-e4c2-421b-9334-36657618f56c {{(pid=109759) show /opt/stack/cinder/cinder/api/v3/group_snapshots.py:58}}
Jan 11 14:13:38.583819 dv-cinder-824131-3-iscsi devstack@c-api.service[109759]: /usr/local/lib/python3.8/dist-packages/oslo_context/context.py:105: DeprecationWarning: Policy enforcement is depending on the value of is_admin. This key is deprecated. Please update your policy file to use the standard policy values.
Jan 11 14:13:38.583819 dv-cinder-824131-3-iscsi devstack@c-api.service[109759]: warnings.warn('Policy enforcement is depending on the value of '
Jan 11 14:13:38.589418 dv-cinder-824131-3-iscsi devstack@c-api.service[109759]: INFO cinder.api.openstack.wsgi [None req-df650319-5e30-40bb-ab33-bd08181f55dd tempest-GroupSnapshotsTest-2040786435 tempest-GroupSnapshotsTest-2040786435-project] http://10.222.0.49/volume/v3/dc36b316b7694ebab3892e02a9e736a1/group_snapshots/35779f38-e4c2-421b-9334-36657618f56c returned with HTTP 200
Jan 11 14:13:38.590211 dv-cinder-824131-3-iscsi devstack@c-api.service[109759]: [pid: 109759|app: 0|req: 133/264] 10.222.0.49 () {60 vars in 1389 bytes} [Tue Jan 11 14:13:38 2022] GET /volume/v3/dc36b316b7694ebab3892e02a9e736a1/group_snapshots/35779f38-e4c2-421b-9334-36657618f56c => generated 325 bytes in 18 msecs (HTTP/1.1 200) 7 headers in 286 bytes (1 switches on core 0)
Jan 11 14:13:38.706789 dv-cinder-824131-3-iscsi devstack@c-api.service[109758]: INFO cinder.api.openstack.wsgi [None req-e8e67abc-6afe-4d91-b769-0f62178ec409 tempest-VolumesMetadataTest-263932151 tempest-VolumesMetadataTest-263932151-project] GET http://10.222.0.49/volume/v3/6983c0660d3747759d0256ff5f8ffd91/volumes/292f8555-5fd7-4e1e-baca-a4d574844b2d
Jan 11 14:13:38.707228 dv-cinder-824131-3-iscsi devstack@c-api.service[109758]: DEBUG cinder.api.openstack.wsgi [None req-e8e67abc-6afe-4d91-b769-0f62178ec409 tempest-VolumesMetadataTest-263932151 tempest-VolumesMetadataTest-263932151-project] Empty body provided in request {{(pid=109758) get_body /opt/stack/cinder/cinder/api/openstack/wsgi.py:715}}
Jan 11 14:13:38.707701 dv-cinder-824131-3-iscsi devstack@c-api.service[109758]: DEBUG cinder.api.openstack.wsgi [None req-e8e67abc-6afe-4d91-b769-0f62178ec409 tempest-VolumesMetadataTest-263932151 tempest-VolumesMetadataTest-263932151-project] Calling method 'show' {{(pid=109758) _process_stack /opt/stack/cinder/cinder/api/openstack/wsgi.py:868}}
Jan 11 14:13:38.723434 dv-cinder-824131-3-iscsi devstack@c-api.service[109758]: /usr/local/lib/python3.8/dist-packages/oslo_context/context.py:105: DeprecationWarning: Policy enforcement is depending on the value of is_admin. This key is deprecated. Please update your policy file to use the standard policy values.
Jan 11 14:13:38.723434 dv-cinder-824131-3-iscsi devstack@c-api.service[109758]: warnings.warn('Policy enforcement is depending on the value of '
Jan 11 14:13:38.731076 dv-cinder-824131-3-iscsi devstack@c-api.service[109758]: INFO cinder.volume.api [None req-e8e67abc-6afe-4d91-b769-0f62178ec409 tempest-VolumesMetadataTest-263932151 tempest-VolumesMetadataTest-263932151-project] Volume info retrieved successfully.
Jan 11 14:13:38.741970 dv-cinder-824131-3-iscsi devstack@c-api.service[109758]: INFO cinder.api.openstack.wsgi [None req-e8e67abc-6afe-4d91-b769-0f62178ec409 tempest-VolumesMetadataTest-263932151 tempest-VolumesMetadataTest-263932151-project] http://10.222.0.49/volume/v3/6983c0660d3747759d0256ff5f8ffd91/volumes/292f8555-5fd7-4e1e-baca-a4d574844b2d returned with HTTP 200
Jan 11 14:13:38.743286 dv-cinder-824131-3-iscsi devstack@c-api.service[109758]: [pid: 109758|app: 0|req: 132/265] 10.222.0.49 () {58 vars in 1324 bytes} [Tue Jan 11 14:13:38 2022] GET /volume/v3/6983c0660d3747759d0256ff5f8ffd91/volumes/292f8555-5fd7-4e1e-baca-a4d574844b2d => generated 911 bytes in 40 msecs (HTTP/1.1 200) 7 headers in 285 bytes (1 switches on core 0)
Jan 11 14:13:38.758554 dv-cinder-824131-3-iscsi devstack@c-api.service[109759]: INFO cinder.api.openstack.wsgi [None req-a2b37c4c-a11a-41cf-a597-fd4d825f36dd tempest-VolumesMetadataTest-263932151 tempest-VolumesMetadataTest-263932151-project] POST http://10.222.0.49/volume/v3/6983c0660d3747759d0256ff5f8ffd91/volumes/292f8555-5fd7-4e1e-baca-a4d574844b2d/metadata
Jan 11 14:13:38.759415 dv-cinder-824131-3-iscsi devstack@c-api.service[109759]: DEBUG cinder.api.openstack.wsgi [None req-a2b37c4c-a11a-41cf-a597-fd4d825f36dd tempest-VolumesMetadataTest-263932151 tempest-VolumesMetadataTest-263932151-project] Action: 'create', calling method: create, body: {"metadata": {"key1": "value1", "key2": "value2", "key3": "value3", "key4": ""}} {{(pid=109759) _process_stack /opt/stack/cinder/cinder/api/openstack/wsgi.py:866}}
Jan 11 14:13:38.773959 dv-cinder-824131-3-iscsi devstack@c-api.service[109759]: /usr/local/lib/python3.8/dist-packages/oslo_context/context.py:105: DeprecationWarning: Policy enforcement is depending on the value of is_admin. This key is deprecated. Please update your policy file to use the standard policy values.
Jan 11 14:13:38.773959 dv-cinder-824131-3-iscsi devstack@c-api.service[109759]: warnings.warn('Policy enforcement is depending on the value of '
Jan 11 14:13:38.774913 dv-cinder-824131-3-iscsi devstack@c-api.service[109759]: INFO cinder.volume.api [None req-a2b37c4c-a11a-41cf-a597-fd4d825f36dd tempest-VolumesMetadataTest-263932151 tempest-VolumesMetadataTest-263932151-project] Volume info retrieved successfully.
Jan 11 14:13:38.792025 dv-cinder-824131-3-iscsi devstack@c-api.service[109759]: INFO cinder.volume.api [None req-a2b37c4c-a11a-41cf-a597-fd4d825f36dd tempest-VolumesMetadataTest-263932151 tempest-VolumesMetadataTest-263932151-project] Create volume metadata completed successfully.
Jan 11 14:13:38.792479 dv-cinder-824131-3-iscsi devstack@c-api.service[109759]: INFO cinder.api.openstack.wsgi [None req-a2b37c4c-a11a-41cf-a597-fd4d825f36dd tempest-VolumesMetadataTest-263932151 tempest-VolumesMetadataTest-263932151-project] http://10.222.0.49/volume/v3/6983c0660d3747759d0256ff5f8ffd91/volumes/292f8555-5fd7-4e1e-baca-a4d574844b2d/metadata returned with HTTP 200
Jan 11 14:13:38.793227 dv-cinder-824131-3-iscsi devstack@c-api.service[109759]: [pid: 109759|app: 0|req: 134/266] 10.222.0.49 () {60 vars in 1373 bytes} [Tue Jan 11 14:13:38 2022] POST /volume/v3/6983c0660d3747759d0256ff5f8ffd91/volumes/292f8555-5fd7-4e1e-baca-a4d574844b2d/metadata => generated 101 bytes in 39 msecs (HTTP/1.1 200) 7 headers in 285 bytes (2 switches on core 0)
Jan 11 14:13:38.802313 dv-cinder-824131-3-iscsi devstack@c-api.service[109758]: INFO cinder.api.openstack.wsgi [None req-0a6def2a-f3dc-40b1-b3f6-91e11941409f tempest-VolumesMetadataTest-263932151 tempest-VolumesMetadataTest-263932151-project] GET http://10.222.0.49/volume/v3/6983c0660d3747759d0256ff5f8ffd91/volumes/292f8555-5fd7-4e1e-baca-a4d574844b2d/metadata
Jan 11 14:13:38.802756 dv-cinder-824131-3-iscsi devstack@c-api.service[109758]: DEBUG cinder.api.openstack.wsgi [None req-0a6def2a-f3dc-40b1-b3f6-91e11941409f tempest-VolumesMetadataTest-263932151 tempest-VolumesMetadataTest-263932151-project] Empty body provided in request {{(pid=109758) get_body /opt/stack/cinder/cinder/api/openstack/wsgi.py:715}}
Jan 11 14:13:38.803203 dv-cinder-824131-3-iscsi devstack@c-api.service[109758]: DEBUG cinder.api.openstack.wsgi [None req-0a6def2a-f3dc-40b1-b3f6-91e11941409f tempest-VolumesMetadataTest-263932151 tempest-VolumesMetadataTest-263932151-project] Calling method 'index' {{(pid=109758) _process_stack /opt/stack/cinder/cinder/api/openstack/wsgi.py:868}}
Jan 11 14:13:38.818938 dv-cinder-824131-3-iscsi devstack@c-api.service[109758]: /usr/local/lib/python3.8/dist-packages/oslo_context/context.py:105: DeprecationWarning: Policy enforcement is depending on the value of is_admin. This key is deprecated. Please update your policy file to use the standard policy values.
Jan 11 14:13:38.818938 dv-cinder-824131-3-iscsi devstack@c-api.service[109758]: warnings.warn('Policy enforcement is depending on the value of '
Jan 11 14:13:38.819932 dv-cinder-824131-3-iscsi devstack@c-api.service[109758]: INFO cinder.volume.api [None req-0a6def2a-f3dc-40b1-b3f6-91e11941409f tempest-VolumesMetadataTest-263932151 tempest-VolumesMetadataTest-263932151-project] Volume info retrieved successfully.
Jan 11 14:13:38.831700 dv-cinder-824131-3-iscsi devstack@c-api.service[109758]: INFO cinder.volume.api [None req-0a6def2a-f3dc-40b1-b3f6-91e11941409f tempest-VolumesMetadataTest-263932151 tempest-VolumesMetadataTest-263932151-project] Get volume metadata completed successfully.
Jan 11 14:13:38.832242 dv-cinder-824131-3-iscsi devstack@c-api.service[109758]: INFO cinder.api.openstack.wsgi [None req-0a6def2a-f3dc-40b1-b3f6-91e11941409f tempest-VolumesMetadataTest-263932151 tempest-VolumesMetadataTest-263932151-project] http://10.222.0.49/volume/v3/6983c0660d3747759d0256ff5f8ffd91/volumes/292f8555-5fd7-4e1e-baca-a4d574844b2d/metadata returned with HTTP 200
Jan 11 14:13:38.832946 dv-cinder-824131-3-iscsi devstack@c-api.service[109758]: [pid: 109758|app: 0|req: 133/267] 10.222.0.49 () {58 vars in 1351 bytes} [Tue Jan 11 14:13:38 2022] GET /volume/v3/6983c0660d3747759d0256ff5f8ffd91/volumes/292f8555-5fd7-4e1e-baca-a4d574844b2d/metadata => generated 101 bytes in 35 msecs (HTTP/1.1 200) 7 headers in 285 bytes (1 switches on core 0)
Jan 11 14:13:38.841517 dv-cinder-824131-3-iscsi devstack@c-api.service[109759]: INFO cinder.api.openstack.wsgi [None req-e74b2a42-93c6-4711-9935-f3547b425bb8 tempest-VolumesMetadataTest-263932151 tempest-VolumesMetadataTest-263932151-project] PUT http://10.222.0.49/volume/v3/6983c0660d3747759d0256ff5f8ffd91/volumes/292f8555-5fd7-4e1e-baca-a4d574844b2d/metadata
Jan 11 14:13:38.842220 dv-cinder-824131-3-iscsi devstack@c-api.service[109759]: DEBUG cinder.api.openstack.wsgi [None req-e74b2a42-93c6-4711-9935-f3547b425bb8 tempest-VolumesMetadataTest-263932151 tempest-VolumesMetadataTest-263932151-project] Action: 'update_all', calling method: update_all, body: {"metadata": {"key4": "value4", "key1": "value1_update"}} {{(pid=109759) _process_stack /opt/stack/cinder/cinder/api/openstack/wsgi.py:866}}
Jan 11 14:13:38.857952 dv-cinder-824131-3-iscsi devstack@c-api.service[109759]: /usr/local/lib/python3.8/dist-packages/oslo_context/context.py:105: DeprecationWarning: Policy enforcement is depending on the value of is_admin. This key is deprecated. Please update your policy file to use the standard policy values.
Jan 11 14:13:38.857952 dv-cinder-824131-3-iscsi devstack@c-api.service[109759]: warnings.warn('Policy enforcement is depending on the value of '
Jan 11 14:13:38.858913 dv-cinder-824131-3-iscsi devstack@c-api.service[109759]: INFO cinder.volume.api [None req-e74b2a42-93c6-4711-9935-f3547b425bb8 tempest-VolumesMetadataTest-263932151 tempest-VolumesMetadataTest-263932151-project] Volume info retrieved successfully.
Jan 11 14:13:38.882043 dv-cinder-824131-3-iscsi devstack@c-api.service[109759]: INFO cinder.volume.api [None req-e74b2a42-93c6-4711-9935-f3547b425bb8 tempest-VolumesMetadataTest-263932151 tempest-VolumesMetadataTest-263932151-project] Update volume metadata completed successfully.
Jan 11 14:13:38.882589 dv-cinder-824131-3-iscsi devstack@c-api.service[109759]: INFO cinder.api.openstack.wsgi [None req-e74b2a42-93c6-4711-9935-f3547b425bb8 tempest-VolumesMetadataTest-263932151 tempest-VolumesMetadataTest-263932151-project] http://10.222.0.49/volume/v3/6983c0660d3747759d0256ff5f8ffd91/volumes/292f8555-5fd7-4e1e-baca-a4d574844b2d/metadata returned with HTTP 200
Jan 11 14:13:38.883354 dv-cinder-824131-3-iscsi devstack@c-api.service[109759]: [pid: 109759|app: 0|req: 135/268] 10.222.0.49 () {60 vars in 1371 bytes} [Tue Jan 11 14:13:38 2022] PUT /volume/v3/6983c0660d3747759d0256ff5f8ffd91/volumes/292f8555-5fd7-4e1e-baca-a4d574844b2d/metadata => generated 57 bytes in 46 msecs (HTTP/1.1 200) 7 headers in 284 bytes (1 switches on core 0)
Jan 11 14:13:38.892016 dv-cinder-824131-3-iscsi devstack@c-api.service[109759]: INFO cinder.api.openstack.wsgi [None req-7d7ae9ca-3549-4638-bc28-286a2007d16b tempest-SnapshotsActionsTest-1427604808 tempest-SnapshotsActionsTest-1427604808-project] GET http://10.222.0.49/volume/v3/d5748656e0e34859ac2d9c7c17c8f245/snapshots/62dba181-127f-4f80-89d5-5126dc5d968b
Jan 11 14:13:38.892229 dv-cinder-824131-3-iscsi devstack@c-api.service[109758]: INFO cinder.api.openstack.wsgi [None req-ea2e289b-faaf-4ba3-b783-2d10bf97b735 tempest-VolumesMetadataTest-263932151 tempest-VolumesMetadataTest-263932151-project] GET http://10.222.0.49/volume/v3/6983c0660d3747759d0256ff5f8ffd91/volumes/292f8555-5fd7-4e1e-baca-a4d574844b2d/metadata
Jan 11 14:13:38.892459 dv-cinder-824131-3-iscsi devstack@c-api.service[109759]: DEBUG cinder.api.openstack.wsgi [None req-7d7ae9ca-3549-4638-bc28-286a2007d16b tempest-SnapshotsActionsTest-1427604808 tempest-SnapshotsActionsTest-1427604808-project] Empty body provided in request {{(pid=109759) get_body /opt/stack/cinder/cinder/api/openstack/wsgi.py:715}}
Jan 11 14:13:38.892672 dv-cinder-824131-3-iscsi devstack@c-api.service[109758]: DEBUG cinder.api.openstack.wsgi [None req-ea2e289b-faaf-4ba3-b783-2d10bf97b735 tempest-VolumesMetadataTest-263932151 tempest-VolumesMetadataTest-263932151-project] Empty body provided in request {{(pid=109758) get_body /opt/stack/cinder/cinder/api/openstack/wsgi.py:715}}
Jan 11 14:13:38.892906 dv-cinder-824131-3-iscsi devstack@c-api.service[109759]: DEBUG cinder.api.openstack.wsgi [None req-7d7ae9ca-3549-4638-bc28-286a2007d16b tempest-SnapshotsActionsTest-1427604808 tempest-SnapshotsActionsTest-1427604808-project] Calling method 'show' {{(pid=109759) _process_stack /opt/stack/cinder/cinder/api/openstack/wsgi.py:868}}
Jan 11 14:13:38.893116 dv-cinder-824131-3-iscsi devstack@c-api.service[109758]: DEBUG cinder.api.openstack.wsgi [None req-ea2e289b-faaf-4ba3-b783-2d10bf97b735 tempest-VolumesMetadataTest-263932151 tempest-VolumesMetadataTest-263932151-project] Calling method 'index' {{(pid=109758) _process_stack /opt/stack/cinder/cinder/api/openstack/wsgi.py:868}}
Jan 11 14:13:38.901658 dv-cinder-824131-3-iscsi devstack@c-api.service[109759]: /usr/local/lib/python3.8/dist-packages/oslo_context/context.py:105: DeprecationWarning: Policy enforcement is depending on the value of is_admin. This key is deprecated. Please update your policy file to use the standard policy values.
Jan 11 14:13:38.901658 dv-cinder-824131-3-iscsi devstack@c-api.service[109759]: warnings.warn('Policy enforcement is depending on the value of '
Jan 11 14:13:38.902581 dv-cinder-824131-3-iscsi devstack@c-api.service[109759]: INFO cinder.volume.api [None req-7d7ae9ca-3549-4638-bc28-286a2007d16b tempest-SnapshotsActionsTest-1427604808 tempest-SnapshotsActionsTest-1427604808-project] Snapshot retrieved successfully.
Jan 11 14:13:38.904367 dv-cinder-824131-3-iscsi devstack@c-api.service[109759]: INFO cinder.api.openstack.wsgi [None req-7d7ae9ca-3549-4638-bc28-286a2007d16b tempest-SnapshotsActionsTest-1427604808 tempest-SnapshotsActionsTest-1427604808-project] http://10.222.0.49/volume/v3/d5748656e0e34859ac2d9c7c17c8f245/snapshots/62dba181-127f-4f80-89d5-5126dc5d968b returned with HTTP 200
Jan 11 14:13:38.905094 dv-cinder-824131-3-iscsi devstack@c-api.service[109759]: [pid: 109759|app: 0|req: 136/269] 10.222.0.49 () {58 vars in 1330 bytes} [Tue Jan 11 14:13:38 2022] GET /volume/v3/d5748656e0e34859ac2d9c7c17c8f245/snapshots/62dba181-127f-4f80-89d5-5126dc5d968b => generated 438 bytes in 17 msecs (HTTP/1.1 200) 7 headers in 285 bytes (2 switches on core 0)
Jan 11 14:13:38.906973 dv-cinder-824131-3-iscsi devstack@c-api.service[109758]: /usr/local/lib/python3.8/dist-packages/oslo_context/context.py:105: DeprecationWarning: Policy enforcement is depending on the value of is_admin. This key is deprecated. Please update your policy file to use the standard policy values.
Jan 11 14:13:38.906973 dv-cinder-824131-3-iscsi devstack@c-api.service[109758]: warnings.warn('Policy enforcement is depending on the value of '
Jan 11 14:13:38.908044 dv-cinder-824131-3-iscsi devstack@c-api.service[109758]: INFO cinder.volume.api [None req-ea2e289b-faaf-4ba3-b783-2d10bf97b735 tempest-VolumesMetadataTest-263932151 tempest-VolumesMetadataTest-263932151-project] Volume info retrieved successfully.
Jan 11 14:13:38.916397 dv-cinder-824131-3-iscsi devstack@c-api.service[109758]: INFO cinder.volume.api [None req-ea2e289b-faaf-4ba3-b783-2d10bf97b735 tempest-VolumesMetadataTest-263932151 tempest-VolumesMetadataTest-263932151-project] Get volume metadata completed successfully.
Jan 11 14:13:38.916942 dv-cinder-824131-3-iscsi devstack@c-api.service[109758]: INFO cinder.api.openstack.wsgi [None req-ea2e289b-faaf-4ba3-b783-2d10bf97b735 tempest-VolumesMetadataTest-263932151 tempest-VolumesMetadataTest-263932151-project] http://10.222.0.49/volume/v3/6983c0660d3747759d0256ff5f8ffd91/volumes/292f8555-5fd7-4e1e-baca-a4d574844b2d/metadata returned with HTTP 200
Jan 11 14:13:38.917650 dv-cinder-824131-3-iscsi devstack@c-api.service[109758]: [pid: 109758|app: 0|req: 134/270] 10.222.0.49 () {58 vars in 1351 bytes} [Tue Jan 11 14:13:38 2022] GET /volume/v3/6983c0660d3747759d0256ff5f8ffd91/volumes/292f8555-5fd7-4e1e-baca-a4d574844b2d/metadata => generated 57 bytes in 30 msecs (HTTP/1.1 200) 7 headers in 284 bytes (2 switches on core 0)
Jan 11 14:13:38.926817 dv-cinder-824131-3-iscsi devstack@c-api.service[109759]: INFO cinder.api.openstack.wsgi [None req-c04d131b-8899-46c9-8e83-d80370cef2e8 tempest-VolumesMetadataTest-263932151 tempest-VolumesMetadataTest-263932151-project] DELETE http://10.222.0.49/volume/v3/6983c0660d3747759d0256ff5f8ffd91/volumes/292f8555-5fd7-4e1e-baca-a4d574844b2d/metadata/key1
Jan 11 14:13:38.927266 dv-cinder-824131-3-iscsi devstack@c-api.service[109759]: DEBUG cinder.api.openstack.wsgi [None req-c04d131b-8899-46c9-8e83-d80370cef2e8 tempest-VolumesMetadataTest-263932151 tempest-VolumesMetadataTest-263932151-project] Empty body provided in request {{(pid=109759) get_body /opt/stack/cinder/cinder/api/openstack/wsgi.py:715}}
Jan 11 14:13:38.927753 dv-cinder-824131-3-iscsi devstack@c-api.service[109759]: DEBUG cinder.api.openstack.wsgi [None req-c04d131b-8899-46c9-8e83-d80370cef2e8 tempest-VolumesMetadataTest-263932151 tempest-VolumesMetadataTest-263932151-project] Calling method 'delete' {{(pid=109759) _process_stack /opt/stack/cinder/cinder/api/openstack/wsgi.py:868}}
Jan 11 14:13:38.942589 dv-cinder-824131-3-iscsi devstack@c-api.service[109759]: /usr/local/lib/python3.8/dist-packages/oslo_context/context.py:105: DeprecationWarning: Policy enforcement is depending on the value of is_admin. This key is deprecated. Please update your policy file to use the standard policy values.
Jan 11 14:13:38.942589 dv-cinder-824131-3-iscsi devstack@c-api.service[109759]: warnings.warn('Policy enforcement is depending on the value of '
Jan 11 14:13:38.943547 dv-cinder-824131-3-iscsi devstack@c-api.service[109759]: INFO cinder.volume.api [None req-c04d131b-8899-46c9-8e83-d80370cef2e8 tempest-VolumesMetadataTest-263932151 tempest-VolumesMetadataTest-263932151-project] Volume info retrieved successfully.
Jan 11 14:13:38.951982 dv-cinder-824131-3-iscsi devstack@c-api.service[109759]: INFO cinder.volume.api [None req-c04d131b-8899-46c9-8e83-d80370cef2e8 tempest-VolumesMetadataTest-263932151 tempest-VolumesMetadataTest-263932151-project] Get volume metadata completed successfully.
Jan 11 14:13:38.965278 dv-cinder-824131-3-iscsi devstack@c-api.service[109759]: INFO cinder.volume.api [None req-c04d131b-8899-46c9-8e83-d80370cef2e8 tempest-VolumesMetadataTest-263932151 tempest-VolumesMetadataTest-263932151-project] Delete volume metadata completed successfully.
Jan 11 14:13:38.965846 dv-cinder-824131-3-iscsi devstack@c-api.service[109759]: INFO cinder.api.openstack.wsgi [None req-c04d131b-8899-46c9-8e83-d80370cef2e8 tempest-VolumesMetadataTest-263932151 tempest-VolumesMetadataTest-263932151-project] http://10.222.0.49/volume/v3/6983c0660d3747759d0256ff5f8ffd91/volumes/292f8555-5fd7-4e1e-baca-a4d574844b2d/metadata/key1 returned with HTTP 200
Jan 11 14:13:38.966632 dv-cinder-824131-3-iscsi devstack@c-api.service[109759]: [pid: 109759|app: 0|req: 137/271] 10.222.0.49 () {58 vars in 1369 bytes} [Tue Jan 11 14:13:38 2022] DELETE /volume/v3/6983c0660d3747759d0256ff5f8ffd91/volumes/292f8555-5fd7-4e1e-baca-a4d574844b2d/metadata/key1 => generated 0 bytes in 44 msecs (HTTP/1.1 200) 6 headers in 227 bytes (1 switches on core 0)
Jan 11 14:13:38.974462 dv-cinder-824131-3-iscsi devstack@c-api.service[109758]: INFO cinder.api.openstack.wsgi [None req-67f65082-3cc8-46e4-b29e-ef42e88eabce tempest-VolumesMetadataTest-263932151 tempest-VolumesMetadataTest-263932151-project] GET http://10.222.0.49/volume/v3/6983c0660d3747759d0256ff5f8ffd91/volumes/292f8555-5fd7-4e1e-baca-a4d574844b2d/metadata
Jan 11 14:13:38.974903 dv-cinder-824131-3-iscsi devstack@c-api.service[109758]: DEBUG cinder.api.openstack.wsgi [None req-67f65082-3cc8-46e4-b29e-ef42e88eabce tempest-VolumesMetadataTest-263932151 tempest-VolumesMetadataTest-263932151-project] Empty body provided in request {{(pid=109758) get_body /opt/stack/cinder/cinder/api/openstack/wsgi.py:715}}
Jan 11 14:13:38.975348 dv-cinder-824131-3-iscsi devstack@c-api.service[109758]: DEBUG cinder.api.openstack.wsgi [None req-67f65082-3cc8-46e4-b29e-ef42e88eabce tempest-VolumesMetadataTest-263932151 tempest-VolumesMetadataTest-263932151-project] Calling method 'index' {{(pid=109758) _process_stack /opt/stack/cinder/cinder/api/openstack/wsgi.py:868}}
Jan 11 14:13:38.983264 dv-cinder-824131-3-iscsi devstack@c-api.service[109759]: INFO cinder.api.openstack.wsgi [None req-2470177f-bccf-4120-a7c8-5a76b9688adf tempest-VolumesListAdminTestJSON-330314079 tempest-VolumesListAdminTestJSON-330314079-project] GET http://10.222.0.49/volume/v3/2cfea76298974da6bb79466db74560b1/volumes/40776655-550b-4ee4-a92d-d3038df196b1
Jan 11 14:13:38.983747 dv-cinder-824131-3-iscsi devstack@c-api.service[109759]: DEBUG cinder.api.openstack.wsgi [None req-2470177f-bccf-4120-a7c8-5a76b9688adf tempest-VolumesListAdminTestJSON-330314079 tempest-VolumesListAdminTestJSON-330314079-project] Empty body provided in request {{(pid=109759) get_body /opt/stack/cinder/cinder/api/openstack/wsgi.py:715}}
Jan 11 14:13:38.984198 dv-cinder-824131-3-iscsi devstack@c-api.service[109759]: DEBUG cinder.api.openstack.wsgi [None req-2470177f-bccf-4120-a7c8-5a76b9688adf tempest-VolumesListAdminTestJSON-330314079 tempest-VolumesListAdminTestJSON-330314079-project] Calling method 'show' {{(pid=109759) _process_stack /opt/stack/cinder/cinder/api/openstack/wsgi.py:868}}
Jan 11 14:13:38.989512 dv-cinder-824131-3-iscsi devstack@c-api.service[109758]: /usr/local/lib/python3.8/dist-packages/oslo_context/context.py:105: DeprecationWarning: Policy enforcement is depending on the value of is_admin. This key is deprecated. Please update your policy file to use the standard policy values.
Jan 11 14:13:38.989512 dv-cinder-824131-3-iscsi devstack@c-api.service[109758]: warnings.warn('Policy enforcement is depending on the value of '
Jan 11 14:13:38.990549 dv-cinder-824131-3-iscsi devstack@c-api.service[109758]: INFO cinder.volume.api [None req-67f65082-3cc8-46e4-b29e-ef42e88eabce tempest-VolumesMetadataTest-263932151 tempest-VolumesMetadataTest-263932151-project] Volume info retrieved successfully.
Jan 11 14:13:38.997225 dv-cinder-824131-3-iscsi devstack@c-api.service[109759]: /usr/local/lib/python3.8/dist-packages/oslo_context/context.py:105: DeprecationWarning: Policy enforcement is depending on the value of is_admin. This key is deprecated. Please update your policy file to use the standard policy values.
Jan 11 14:13:38.997225 dv-cinder-824131-3-iscsi devstack@c-api.service[109759]: warnings.warn('Policy enforcement is depending on the value of '
Jan 11 14:13:38.999708 dv-cinder-824131-3-iscsi devstack@c-api.service[109758]: INFO cinder.volume.api [None req-67f65082-3cc8-46e4-b29e-ef42e88eabce tempest-VolumesMetadataTest-263932151 tempest-VolumesMetadataTest-263932151-project] Get volume metadata completed successfully.
Jan 11 14:13:39.000251 dv-cinder-824131-3-iscsi devstack@c-api.service[109758]: INFO cinder.api.openstack.wsgi [None req-67f65082-3cc8-46e4-b29e-ef42e88eabce tempest-VolumesMetadataTest-263932151 tempest-VolumesMetadataTest-263932151-project] http://10.222.0.49/volume/v3/6983c0660d3747759d0256ff5f8ffd91/volumes/292f8555-5fd7-4e1e-baca-a4d574844b2d/metadata returned with HTTP 200
Jan 11 14:13:39.000962 dv-cinder-824131-3-iscsi devstack@c-api.service[109758]: [pid: 109758|app: 0|req: 135/272] 10.222.0.49 () {58 vars in 1351 bytes} [Tue Jan 11 14:13:38 2022] GET /volume/v3/6983c0660d3747759d0256ff5f8ffd91/volumes/292f8555-5fd7-4e1e-baca-a4d574844b2d/metadata => generated 32 bytes in 31 msecs (HTTP/1.1 200) 7 headers in 284 bytes (1 switches on core 0)
Jan 11 14:13:39.004894 dv-cinder-824131-3-iscsi devstack@c-api.service[109759]: INFO cinder.volume.api [None req-2470177f-bccf-4120-a7c8-5a76b9688adf tempest-VolumesListAdminTestJSON-330314079 tempest-VolumesListAdminTestJSON-330314079-project] Volume info retrieved successfully.
Jan 11 14:13:39.009164 dv-cinder-824131-3-iscsi devstack@c-api.service[109758]: INFO cinder.api.openstack.wsgi [None req-db1b51c8-5bb3-41f4-bd50-c8c398e545c1 tempest-VolumesMetadataTest-263932151 tempest-VolumesMetadataTest-263932151-project] PUT http://10.222.0.49/volume/v3/6983c0660d3747759d0256ff5f8ffd91/volumes/292f8555-5fd7-4e1e-baca-a4d574844b2d/metadata
Jan 11 14:13:39.009890 dv-cinder-824131-3-iscsi devstack@c-api.service[109758]: DEBUG cinder.api.openstack.wsgi [None req-db1b51c8-5bb3-41f4-bd50-c8c398e545c1 tempest-VolumesMetadataTest-263932151 tempest-VolumesMetadataTest-263932151-project] Action: 'update_all', calling method: update_all, body: {"metadata": {}} {{(pid=109758) _process_stack /opt/stack/cinder/cinder/api/openstack/wsgi.py:866}}
Jan 11 14:13:39.012808 dv-cinder-824131-3-iscsi devstack@c-api.service[109759]: INFO cinder.api.openstack.wsgi [None req-2470177f-bccf-4120-a7c8-5a76b9688adf tempest-VolumesListAdminTestJSON-330314079 tempest-VolumesListAdminTestJSON-330314079-project] http://10.222.0.49/volume/v3/2cfea76298974da6bb79466db74560b1/volumes/40776655-550b-4ee4-a92d-d3038df196b1 returned with HTTP 200
