Jan 27 12:46:46.443947 dv-cinder-824031-3-iscsi devstack@c-api.service[116468]: INFO cinder.api.openstack.wsgi [None req-a84032f9-b61a-4f6f-8f52-e552759b1448 tempest-GroupSnapshotsTest-1576578785 tempest-GroupSnapshotsTest-1576578785-project] http://10.222.0.39/volume/v3/4a001deb13074c34a5549f1f9f898eca/volumes returned with HTTP 202
Jan 27 12:46:46.444929 dv-cinder-824031-3-iscsi devstack@c-api.service[116468]: [pid: 116468|app: 0|req: 194/389] 10.222.0.39 () {62 vars in 1276 bytes} [Thu Jan 27 12:46:45 2022] POST /volume/v3/4a001deb13074c34a5549f1f9f898eca/volumes => generated 906 bytes in 633 msecs (HTTP/1.1 202) 7 headers in 292 bytes (1 switches on core 0)
Jan 27 12:46:46.452509 dv-cinder-824031-3-iscsi devstack@c-api.service[116467]: INFO cinder.api.openstack.wsgi [None req-57b3fd83-5700-4394-b306-07bdb752e81f tempest-DeleteServersTestJSON-1733564023 tempest-DeleteServersTestJSON-1733564023-project] GET http://10.222.0.39/volume/v3/7c91276cab5a4ab89aeb4ed27af897eb/volumes/f0c304a3-18e4-4dbe-8df3-de2204abba51
Jan 27 12:46:46.452954 dv-cinder-824031-3-iscsi devstack@c-api.service[116467]: DEBUG cinder.api.openstack.wsgi [None req-57b3fd83-5700-4394-b306-07bdb752e81f tempest-DeleteServersTestJSON-1733564023 tempest-DeleteServersTestJSON-1733564023-project] Empty body provided in request {{(pid=116467) get_body /opt/stack/cinder/cinder/api/openstack/wsgi.py:715}}
Jan 27 12:46:46.453403 dv-cinder-824031-3-iscsi devstack@c-api.service[116467]: DEBUG cinder.api.openstack.wsgi [None req-57b3fd83-5700-4394-b306-07bdb752e81f tempest-DeleteServersTestJSON-1733564023 tempest-DeleteServersTestJSON-1733564023-project] Calling method 'show' {{(pid=116467) _process_stack /opt/stack/cinder/cinder/api/openstack/wsgi.py:868}}
Jan 27 12:46:46.459604 dv-cinder-824031-3-iscsi devstack@c-api.service[116468]: INFO cinder.api.openstack.wsgi [None req-8604a0a6-a30a-4f9e-9c68-97362b654c90 tempest-GroupSnapshotsTest-1576578785 tempest-GroupSnapshotsTest-1576578785-project] GET http://10.222.0.39/volume/v3/4a001deb13074c34a5549f1f9f898eca/volumes/d6437948-2065-4bfc-9602-b5ed4b0aa9f0
Jan 27 12:46:46.460098 dv-cinder-824031-3-iscsi devstack@c-api.service[116468]: DEBUG cinder.api.openstack.wsgi [None req-8604a0a6-a30a-4f9e-9c68-97362b654c90 tempest-GroupSnapshotsTest-1576578785 tempest-GroupSnapshotsTest-1576578785-project] Empty body provided in request {{(pid=116468) get_body /opt/stack/cinder/cinder/api/openstack/wsgi.py:715}}
Jan 27 12:46:46.460574 dv-cinder-824031-3-iscsi devstack@c-api.service[116468]: DEBUG cinder.api.openstack.wsgi [None req-8604a0a6-a30a-4f9e-9c68-97362b654c90 tempest-GroupSnapshotsTest-1576578785 tempest-GroupSnapshotsTest-1576578785-project] Calling method 'show' {{(pid=116468) _process_stack /opt/stack/cinder/cinder/api/openstack/wsgi.py:868}}
Jan 27 12:46:46.474731 dv-cinder-824031-3-iscsi devstack@c-api.service[116468]: /usr/local/lib/python3.8/dist-packages/oslo_context/context.py:105: DeprecationWarning: Policy enforcement is depending on the value of is_admin. This key is deprecated. Please update your policy file to use the standard policy values.
Jan 27 12:46:46.474731 dv-cinder-824031-3-iscsi devstack@c-api.service[116468]: warnings.warn('Policy enforcement is depending on the value of '
Jan 27 12:46:46.476608 dv-cinder-824031-3-iscsi devstack@c-api.service[116467]: /usr/local/lib/python3.8/dist-packages/oslo_context/context.py:105: DeprecationWarning: Policy enforcement is depending on the value of is_admin. This key is deprecated. Please update your policy file to use the standard policy values.
Jan 27 12:46:46.476608 dv-cinder-824031-3-iscsi devstack@c-api.service[116467]: warnings.warn('Policy enforcement is depending on the value of '
Jan 27 12:46:46.485190 dv-cinder-824031-3-iscsi devstack@c-api.service[116468]: INFO cinder.volume.api [None req-8604a0a6-a30a-4f9e-9c68-97362b654c90 tempest-GroupSnapshotsTest-1576578785 tempest-GroupSnapshotsTest-1576578785-project] Volume info retrieved successfully.
Jan 27 12:46:46.485190 dv-cinder-824031-3-iscsi devstack@c-api.service[116468]: WARNING stevedore.named [None req-8604a0a6-a30a-4f9e-9c68-97362b654c90 tempest-GroupSnapshotsTest-1576578785 tempest-GroupSnapshotsTest-1576578785-project] Could not load cinder.keymgr.conf_key_mgr.ConfKeyManager
Jan 27 12:46:46.485190 dv-cinder-824031-3-iscsi devstack@c-api.service[116468]: WARNING castellan.key_manager [None req-8604a0a6-a30a-4f9e-9c68-97362b654c90 tempest-GroupSnapshotsTest-1576578785 tempest-GroupSnapshotsTest-1576578785-project] Deprecation Warning : cinder.keymgr.conf_key_mgr.ConfKeyManager is not a stevedore based driver, trying to load it as a class: stevedore.exception.NoMatches: No 'castellan.drivers' driver found, looking for 'cinder.keymgr.conf_key_mgr.ConfKeyManager'
Jan 27 12:46:46.488527 dv-cinder-824031-3-iscsi devstack@c-api.service[116467]: INFO cinder.volume.api [None req-57b3fd83-5700-4394-b306-07bdb752e81f tempest-DeleteServersTestJSON-1733564023 tempest-DeleteServersTestJSON-1733564023-project] Volume info retrieved successfully.
Jan 27 12:46:46.492686 dv-cinder-824031-3-iscsi devstack@c-api.service[116468]: DEBUG oslo_db.sqlalchemy.engines [None req-8604a0a6-a30a-4f9e-9c68-97362b654c90 tempest-GroupSnapshotsTest-1576578785 tempest-GroupSnapshotsTest-1576578785-project] MySQL server mode set to STRICT_TRANS_TABLES,STRICT_ALL_TABLES,NO_ZERO_IN_DATE,NO_ZERO_DATE,ERROR_FOR_DIVISION_BY_ZERO,TRADITIONAL,NO_ENGINE_SUBSTITUTION {{(pid=116468) _check_effective_sql_mode /usr/local/lib/python3.8/dist-packages/oslo_db/sqlalchemy/engines.py:314}}
Jan 27 12:46:46.498200 dv-cinder-824031-3-iscsi devstack@c-api.service[116468]: /usr/local/lib/python3.8/dist-packages/oslo_context/context.py:105: DeprecationWarning: Policy enforcement is depending on the value of is_admin. This key is deprecated. Please update your policy file to use the standard policy values.
Jan 27 12:46:46.498200 dv-cinder-824031-3-iscsi devstack@c-api.service[116468]: warnings.warn('Policy enforcement is depending on the value of '
Jan 27 12:46:46.500610 dv-cinder-824031-3-iscsi devstack@c-api.service[116467]: INFO cinder.api.openstack.wsgi [None req-57b3fd83-5700-4394-b306-07bdb752e81f tempest-DeleteServersTestJSON-1733564023 tempest-DeleteServersTestJSON-1733564023-project] http://10.222.0.39/volume/v3/7c91276cab5a4ab89aeb4ed27af897eb/volumes/f0c304a3-18e4-4dbe-8df3-de2204abba51 returned with HTTP 200
Jan 27 12:46:46.501698 dv-cinder-824031-3-iscsi devstack@c-api.service[116467]: [pid: 116467|app: 0|req: 196/390] 10.222.0.39 () {58 vars in 1324 bytes} [Thu Jan 27 12:46:46 2022] GET /volume/v3/7c91276cab5a4ab89aeb4ed27af897eb/volumes/f0c304a3-18e4-4dbe-8df3-de2204abba51 => generated 912 bytes in 53 msecs (HTTP/1.1 200) 7 headers in 285 bytes (1 switches on core 0)
Jan 27 12:46:46.517544 dv-cinder-824031-3-iscsi devstack@c-api.service[116468]: INFO cinder.api.openstack.wsgi [None req-8604a0a6-a30a-4f9e-9c68-97362b654c90 tempest-GroupSnapshotsTest-1576578785 tempest-GroupSnapshotsTest-1576578785-project] http://10.222.0.39/volume/v3/4a001deb13074c34a5549f1f9f898eca/volumes/d6437948-2065-4bfc-9602-b5ed4b0aa9f0 returned with HTTP 200
Jan 27 12:46:46.518321 dv-cinder-824031-3-iscsi devstack@c-api.service[116468]: [pid: 116468|app: 0|req: 195/391] 10.222.0.39 () {60 vars in 1365 bytes} [Thu Jan 27 12:46:46 2022] GET /volume/v3/4a001deb13074c34a5549f1f9f898eca/volumes/d6437948-2065-4bfc-9602-b5ed4b0aa9f0 => generated 974 bytes in 63 msecs (HTTP/1.1 200) 7 headers in 286 bytes (2 switches on core 0)
Jan 27 12:46:47.202691 dv-cinder-824031-3-iscsi devstack@c-api.service[116467]: INFO cinder.api.openstack.wsgi [None req-c1259924-b88d-4399-9eeb-61ea1baba47a tempest-SnapshotsActionsTest-1330251680 tempest-SnapshotsActionsTest-1330251680-project] GET http://10.222.0.39/volume/v3/f745e1a6895e4955a74f733284c6565a/snapshots/6f4e98aa-7c47-4418-8c44-c4d1ce033100
Jan 27 12:46:47.204068 dv-cinder-824031-3-iscsi devstack@c-api.service[116467]: DEBUG cinder.api.openstack.wsgi [None req-c1259924-b88d-4399-9eeb-61ea1baba47a tempest-SnapshotsActionsTest-1330251680 tempest-SnapshotsActionsTest-1330251680-project] Empty body provided in request {{(pid=116467) get_body /opt/stack/cinder/cinder/api/openstack/wsgi.py:715}}
Jan 27 12:46:47.204068 dv-cinder-824031-3-iscsi devstack@c-api.service[116467]: DEBUG cinder.api.openstack.wsgi [None req-c1259924-b88d-4399-9eeb-61ea1baba47a tempest-SnapshotsActionsTest-1330251680 tempest-SnapshotsActionsTest-1330251680-project] Calling method 'show' {{(pid=116467) _process_stack /opt/stack/cinder/cinder/api/openstack/wsgi.py:868}}
Jan 27 12:46:47.212598 dv-cinder-824031-3-iscsi devstack@c-api.service[116467]: /usr/local/lib/python3.8/dist-packages/oslo_context/context.py:105: DeprecationWarning: Policy enforcement is depending on the value of is_admin. This key is deprecated. Please update your policy file to use the standard policy values.
Jan 27 12:46:47.212598 dv-cinder-824031-3-iscsi devstack@c-api.service[116467]: warnings.warn('Policy enforcement is depending on the value of '
Jan 27 12:46:47.213680 dv-cinder-824031-3-iscsi devstack@c-api.service[116467]: INFO cinder.volume.api [None req-c1259924-b88d-4399-9eeb-61ea1baba47a tempest-SnapshotsActionsTest-1330251680 tempest-SnapshotsActionsTest-1330251680-project] Snapshot retrieved successfully.
Jan 27 12:46:47.215544 dv-cinder-824031-3-iscsi devstack@c-api.service[116467]: INFO cinder.api.openstack.wsgi [None req-c1259924-b88d-4399-9eeb-61ea1baba47a tempest-SnapshotsActionsTest-1330251680 tempest-SnapshotsActionsTest-1330251680-project] http://10.222.0.39/volume/v3/f745e1a6895e4955a74f733284c6565a/snapshots/6f4e98aa-7c47-4418-8c44-c4d1ce033100 returned with HTTP 200
Jan 27 12:46:47.216235 dv-cinder-824031-3-iscsi devstack@c-api.service[116467]: [pid: 116467|app: 0|req: 197/392] 10.222.0.39 () {58 vars in 1330 bytes} [Thu Jan 27 12:46:47 2022] GET /volume/v3/f745e1a6895e4955a74f733284c6565a/snapshots/6f4e98aa-7c47-4418-8c44-c4d1ce033100 => generated 438 bytes in 18 msecs (HTTP/1.1 200) 7 headers in 285 bytes (1 switches on core 0)
Jan 27 12:46:47.333937 dv-cinder-824031-3-iscsi devstack@c-api.service[116468]: INFO cinder.api.openstack.wsgi [None req-7fa940cf-f90c-49dc-91bb-08e0197683b5 tempest-AttachVolumeNegativeTest-1661560336 tempest-AttachVolumeNegativeTest-1661560336-project] GET http://10.222.0.39/volume/v3/2bdd17e9465442c6b527b37e80925d48/volumes/73743f61-c4b2-447f-bebd-6405a5bc2149
Jan 27 12:46:47.334519 dv-cinder-824031-3-iscsi devstack@c-api.service[116468]: DEBUG cinder.api.openstack.wsgi [None req-7fa940cf-f90c-49dc-91bb-08e0197683b5 tempest-AttachVolumeNegativeTest-1661560336 tempest-AttachVolumeNegativeTest-1661560336-project] Empty body provided in request {{(pid=116468) get_body /opt/stack/cinder/cinder/api/openstack/wsgi.py:715}}
Jan 27 12:46:47.334989 dv-cinder-824031-3-iscsi devstack@c-api.service[116468]: DEBUG cinder.api.openstack.wsgi [None req-7fa940cf-f90c-49dc-91bb-08e0197683b5 tempest-AttachVolumeNegativeTest-1661560336 tempest-AttachVolumeNegativeTest-1661560336-project] Calling method 'show' {{(pid=116468) _process_stack /opt/stack/cinder/cinder/api/openstack/wsgi.py:868}}
Jan 27 12:46:47.352362 dv-cinder-824031-3-iscsi devstack@c-api.service[116468]: /usr/local/lib/python3.8/dist-packages/oslo_context/context.py:105: DeprecationWarning: Policy enforcement is depending on the value of is_admin. This key is deprecated. Please update your policy file to use the standard policy values.
Jan 27 12:46:47.352362 dv-cinder-824031-3-iscsi devstack@c-api.service[116468]: warnings.warn('Policy enforcement is depending on the value of '
Jan 27 12:46:47.359626 dv-cinder-824031-3-iscsi devstack@c-api.service[116468]: INFO cinder.volume.api [None req-7fa940cf-f90c-49dc-91bb-08e0197683b5 tempest-AttachVolumeNegativeTest-1661560336 tempest-AttachVolumeNegativeTest-1661560336-project] Volume info retrieved successfully.
Jan 27 12:46:47.368314 dv-cinder-824031-3-iscsi devstack@c-api.service[116468]: INFO cinder.api.openstack.wsgi [None req-7fa940cf-f90c-49dc-91bb-08e0197683b5 tempest-AttachVolumeNegativeTest-1661560336 tempest-AttachVolumeNegativeTest-1661560336-project] http://10.222.0.39/volume/v3/2bdd17e9465442c6b527b37e80925d48/volumes/73743f61-c4b2-447f-bebd-6405a5bc2149 returned with HTTP 200
Jan 27 12:46:47.369015 dv-cinder-824031-3-iscsi devstack@c-api.service[116468]: [pid: 116468|app: 0|req: 196/393] 10.222.0.39 () {58 vars in 1324 bytes} [Thu Jan 27 12:46:47 2022] GET /volume/v3/2bdd17e9465442c6b527b37e80925d48/volumes/73743f61-c4b2-447f-bebd-6405a5bc2149 => generated 916 bytes in 39 msecs (HTTP/1.1 200) 7 headers in 285 bytes (1 switches on core 0)
Jan 27 12:46:47.517198 dv-cinder-824031-3-iscsi devstack@c-api.service[116467]: INFO cinder.api.openstack.wsgi [None req-5b044e06-d08c-4045-a55b-a53308f578f9 tempest-DeleteServersTestJSON-1733564023 tempest-DeleteServersTestJSON-1733564023-project] GET http://10.222.0.39/volume/v3/7c91276cab5a4ab89aeb4ed27af897eb/volumes/f0c304a3-18e4-4dbe-8df3-de2204abba51
Jan 27 12:46:47.518185 dv-cinder-824031-3-iscsi devstack@c-api.service[116467]: DEBUG cinder.api.openstack.wsgi [None req-5b044e06-d08c-4045-a55b-a53308f578f9 tempest-DeleteServersTestJSON-1733564023 tempest-DeleteServersTestJSON-1733564023-project] Empty body provided in request {{(pid=116467) get_body /opt/stack/cinder/cinder/api/openstack/wsgi.py:715}}
Jan 27 12:46:47.519292 dv-cinder-824031-3-iscsi devstack@c-api.service[116467]: DEBUG cinder.api.openstack.wsgi [None req-5b044e06-d08c-4045-a55b-a53308f578f9 tempest-DeleteServersTestJSON-1733564023 tempest-DeleteServersTestJSON-1733564023-project] Calling method 'show' {{(pid=116467) _process_stack /opt/stack/cinder/cinder/api/openstack/wsgi.py:868}}
Jan 27 12:46:47.533309 dv-cinder-824031-3-iscsi devstack@c-api.service[116468]: INFO cinder.api.openstack.wsgi [None req-af5a7f63-67ff-4306-ac9b-b37167f05c56 tempest-GroupSnapshotsTest-1576578785 tempest-GroupSnapshotsTest-1576578785-project] GET http://10.222.0.39/volume/v3/4a001deb13074c34a5549f1f9f898eca/volumes/d6437948-2065-4bfc-9602-b5ed4b0aa9f0
Jan 27 12:46:47.534263 dv-cinder-824031-3-iscsi devstack@c-api.service[116468]: DEBUG cinder.api.openstack.wsgi [None req-af5a7f63-67ff-4306-ac9b-b37167f05c56 tempest-GroupSnapshotsTest-1576578785 tempest-GroupSnapshotsTest-1576578785-project] Empty body provided in request {{(pid=116468) get_body /opt/stack/cinder/cinder/api/openstack/wsgi.py:715}}
Jan 27 12:46:47.534882 dv-cinder-824031-3-iscsi devstack@c-api.service[116468]: DEBUG cinder.api.openstack.wsgi [None req-af5a7f63-67ff-4306-ac9b-b37167f05c56 tempest-GroupSnapshotsTest-1576578785 tempest-GroupSnapshotsTest-1576578785-project] Calling method 'show' {{(pid=116468) _process_stack /opt/stack/cinder/cinder/api/openstack/wsgi.py:868}}
Jan 27 12:46:47.548309 dv-cinder-824031-3-iscsi devstack@c-api.service[116468]: /usr/local/lib/python3.8/dist-packages/oslo_context/context.py:105: DeprecationWarning: Policy enforcement is depending on the value of is_admin. This key is deprecated. Please update your policy file to use the standard policy values.
Jan 27 12:46:47.548309 dv-cinder-824031-3-iscsi devstack@c-api.service[116468]: warnings.warn('Policy enforcement is depending on the value of '
Jan 27 12:46:47.548721 dv-cinder-824031-3-iscsi devstack@c-api.service[116467]: /usr/local/lib/python3.8/dist-packages/oslo_context/context.py:105: DeprecationWarning: Policy enforcement is depending on the value of is_admin. This key is deprecated. Please update your policy file to use the standard policy values.
Jan 27 12:46:47.548721 dv-cinder-824031-3-iscsi devstack@c-api.service[116467]: warnings.warn('Policy enforcement is depending on the value of '
Jan 27 12:46:47.555968 dv-cinder-824031-3-iscsi devstack@c-api.service[116468]: INFO cinder.volume.api [None req-af5a7f63-67ff-4306-ac9b-b37167f05c56 tempest-GroupSnapshotsTest-1576578785 tempest-GroupSnapshotsTest-1576578785-project] Volume info retrieved successfully.
Jan 27 12:46:47.556865 dv-cinder-824031-3-iscsi devstack@c-api.service[116467]: INFO cinder.volume.api [None req-5b044e06-d08c-4045-a55b-a53308f578f9 tempest-DeleteServersTestJSON-1733564023 tempest-DeleteServersTestJSON-1733564023-project] Volume info retrieved successfully.
Jan 27 12:46:47.557244 dv-cinder-824031-3-iscsi devstack@c-api.service[116468]: WARNING stevedore.named [None req-af5a7f63-67ff-4306-ac9b-b37167f05c56 tempest-GroupSnapshotsTest-1576578785 tempest-GroupSnapshotsTest-1576578785-project] Could not load cinder.keymgr.conf_key_mgr.ConfKeyManager
Jan 27 12:46:47.557621 dv-cinder-824031-3-iscsi devstack@c-api.service[116468]: WARNING castellan.key_manager [None req-af5a7f63-67ff-4306-ac9b-b37167f05c56 tempest-GroupSnapshotsTest-1576578785 tempest-GroupSnapshotsTest-1576578785-project] Deprecation Warning : cinder.keymgr.conf_key_mgr.ConfKeyManager is not a stevedore based driver, trying to load it as a class: stevedore.exception.NoMatches: No 'castellan.drivers' driver found, looking for 'cinder.keymgr.conf_key_mgr.ConfKeyManager'
Jan 27 12:46:47.564772 dv-cinder-824031-3-iscsi devstack@c-api.service[116468]: DEBUG oslo_db.sqlalchemy.engines [None req-af5a7f63-67ff-4306-ac9b-b37167f05c56 tempest-GroupSnapshotsTest-1576578785 tempest-GroupSnapshotsTest-1576578785-project] MySQL server mode set to STRICT_TRANS_TABLES,STRICT_ALL_TABLES,NO_ZERO_IN_DATE,NO_ZERO_DATE,ERROR_FOR_DIVISION_BY_ZERO,TRADITIONAL,NO_ENGINE_SUBSTITUTION {{(pid=116468) _check_effective_sql_mode /usr/local/lib/python3.8/dist-packages/oslo_db/sqlalchemy/engines.py:314}}
Jan 27 12:46:47.565415 dv-cinder-824031-3-iscsi devstack@c-api.service[116467]: INFO cinder.api.openstack.wsgi [None req-5b044e06-d08c-4045-a55b-a53308f578f9 tempest-DeleteServersTestJSON-1733564023 tempest-DeleteServersTestJSON-1733564023-project] http://10.222.0.39/volume/v3/7c91276cab5a4ab89aeb4ed27af897eb/volumes/f0c304a3-18e4-4dbe-8df3-de2204abba51 returned with HTTP 200
Jan 27 12:46:47.566173 dv-cinder-824031-3-iscsi devstack@c-api.service[116467]: [pid: 116467|app: 0|req: 198/394] 10.222.0.39 () {58 vars in 1324 bytes} [Thu Jan 27 12:46:47 2022] GET /volume/v3/7c91276cab5a4ab89aeb4ed27af897eb/volumes/f0c304a3-18e4-4dbe-8df3-de2204abba51 => generated 912 bytes in 53 msecs (HTTP/1.1 200) 7 headers in 285 bytes (1 switches on core 0)
Jan 27 12:46:47.571110 dv-cinder-824031-3-iscsi devstack@c-api.service[116468]: /usr/local/lib/python3.8/dist-packages/oslo_context/context.py:105: DeprecationWarning: Policy enforcement is depending on the value of is_admin. This key is deprecated. Please update your policy file to use the standard policy values.
Jan 27 12:46:47.571110 dv-cinder-824031-3-iscsi devstack@c-api.service[116468]: warnings.warn('Policy enforcement is depending on the value of '
Jan 27 12:46:47.584390 dv-cinder-824031-3-iscsi devstack@c-api.service[116468]: INFO cinder.api.openstack.wsgi [None req-af5a7f63-67ff-4306-ac9b-b37167f05c56 tempest-GroupSnapshotsTest-1576578785 tempest-GroupSnapshotsTest-1576578785-project] http://10.222.0.39/volume/v3/4a001deb13074c34a5549f1f9f898eca/volumes/d6437948-2065-4bfc-9602-b5ed4b0aa9f0 returned with HTTP 200
Jan 27 12:46:47.594042 dv-cinder-824031-3-iscsi devstack@c-api.service[116468]: [pid: 116468|app: 0|req: 197/395] 10.222.0.39 () {60 vars in 1365 bytes} [Thu Jan 27 12:46:47 2022] GET /volume/v3/4a001deb13074c34a5549f1f9f898eca/volumes/d6437948-2065-4bfc-9602-b5ed4b0aa9f0 => generated 998 bytes in 56 msecs (HTTP/1.1 200) 7 headers in 286 bytes (2 switches on core 0)
Jan 27 12:46:48.134533 dv-cinder-824031-3-iscsi devstack@c-api.service[116467]: INFO cinder.api.openstack.wsgi [None req-5d112b86-9d68-499b-ab69-d1ad21c76a3e tempest-VolumeTypesNegativeTest-862792726 tempest-VolumeTypesNegativeTest-862792726-project-admin] POST http://10.222.0.39/volume/v3/7ce6dce419aa4fd2b4ab45121f6f06bb/types/209753b0-1adb-49c2-b87d-ba22c8be865a/encryption
Jan 27 12:46:48.135292 dv-cinder-824031-3-iscsi devstack@c-api.service[116467]: DEBUG cinder.api.openstack.wsgi [None req-5d112b86-9d68-499b-ab69-d1ad21c76a3e tempest-VolumeTypesNegativeTest-862792726 tempest-VolumeTypesNegativeTest-862792726-project-admin] Action: 'create', calling method: create, body: {"encryption": {"provider": "LuksEncryptor", "key_size": 256, "cipher": "aes-xts-plain64", "control_location": "front-end"}} {{(pid=116467) _process_stack /opt/stack/cinder/cinder/api/openstack/wsgi.py:866}}
Jan 27 12:46:48.166488 dv-cinder-824031-3-iscsi devstack@c-api.service[116467]: INFO cinder.api.openstack.wsgi [None req-5d112b86-9d68-499b-ab69-d1ad21c76a3e tempest-VolumeTypesNegativeTest-862792726 tempest-VolumeTypesNegativeTest-862792726-project-admin] http://10.222.0.39/volume/v3/7ce6dce419aa4fd2b4ab45121f6f06bb/types/209753b0-1adb-49c2-b87d-ba22c8be865a/encryption returned with HTTP 404
Jan 27 12:46:48.167428 dv-cinder-824031-3-iscsi devstack@c-api.service[116467]: [pid: 116467|app: 0|req: 199/396] 10.222.0.39 () {60 vars in 1373 bytes} [Thu Jan 27 12:46:48 2022] POST /volume/v3/7ce6dce419aa4fd2b4ab45121f6f06bb/types/209753b0-1adb-49c2-b87d-ba22c8be865a/encryption => generated 114 bytes in 133 msecs (HTTP/1.1 404) 7 headers in 292 bytes (1 switches on core 0)
Jan 27 12:46:48.177882 dv-cinder-824031-3-iscsi devstack@c-api.service[116468]: INFO cinder.api.openstack.wsgi [None req-72df852d-75de-4ac1-a56e-37b152e0009a tempest-VolumeTypesNegativeTest-862792726 tempest-VolumeTypesNegativeTest-862792726-project-admin] POST http://10.222.0.39/volume/v3/7ce6dce419aa4fd2b4ab45121f6f06bb/types
Jan 27 12:46:48.178371 dv-cinder-824031-3-iscsi devstack@c-api.service[116468]: DEBUG cinder.api.openstack.wsgi [None req-72df852d-75de-4ac1-a56e-37b152e0009a tempest-VolumeTypesNegativeTest-862792726 tempest-VolumeTypesNegativeTest-862792726-project-admin] Action: 'create', calling method: _create, body: {"volume_type": {"name": "tempest-VolumeTypesNegativeTest-volume-type-1913548033", "os-volume-type-access:is_public": false}} {{(pid=116468) _process_stack /opt/stack/cinder/cinder/api/openstack/wsgi.py:866}}
Jan 27 12:46:48.227163 dv-cinder-824031-3-iscsi devstack@c-api.service[116467]: INFO cinder.api.openstack.wsgi [None req-768677ed-87e8-450b-9ebf-0d5b2be02536 tempest-SnapshotsActionsTest-1330251680 tempest-SnapshotsActionsTest-1330251680-project] GET http://10.222.0.39/volume/v3/f745e1a6895e4955a74f733284c6565a/snapshots/6f4e98aa-7c47-4418-8c44-c4d1ce033100
Jan 27 12:46:48.227743 dv-cinder-824031-3-iscsi devstack@c-api.service[116467]: DEBUG cinder.api.openstack.wsgi [None req-768677ed-87e8-450b-9ebf-0d5b2be02536 tempest-SnapshotsActionsTest-1330251680 tempest-SnapshotsActionsTest-1330251680-project] Empty body provided in request {{(pid=116467) get_body /opt/stack/cinder/cinder/api/openstack/wsgi.py:715}}
Jan 27 12:46:48.228036 dv-cinder-824031-3-iscsi devstack@c-api.service[116467]: DEBUG cinder.api.openstack.wsgi [None req-768677ed-87e8-450b-9ebf-0d5b2be02536 tempest-SnapshotsActionsTest-1330251680 tempest-SnapshotsActionsTest-1330251680-project] Calling method 'show' {{(pid=116467) _process_stack /opt/stack/cinder/cinder/api/openstack/wsgi.py:868}}
Jan 27 12:46:48.236952 dv-cinder-824031-3-iscsi devstack@c-api.service[116467]: /usr/local/lib/python3.8/dist-packages/oslo_context/context.py:105: DeprecationWarning: Policy enforcement is depending on the value of is_admin. This key is deprecated. Please update your policy file to use the standard policy values.
Jan 27 12:46:48.236952 dv-cinder-824031-3-iscsi devstack@c-api.service[116467]: warnings.warn('Policy enforcement is depending on the value of '
Jan 27 12:46:48.237901 dv-cinder-824031-3-iscsi devstack@c-api.service[116467]: INFO cinder.volume.api [None req-768677ed-87e8-450b-9ebf-0d5b2be02536 tempest-SnapshotsActionsTest-1330251680 tempest-SnapshotsActionsTest-1330251680-project] Snapshot retrieved successfully.
Jan 27 12:46:48.239728 dv-cinder-824031-3-iscsi devstack@c-api.service[116467]: INFO cinder.api.openstack.wsgi [None req-768677ed-87e8-450b-9ebf-0d5b2be02536 tempest-SnapshotsActionsTest-1330251680 tempest-SnapshotsActionsTest-1330251680-project] http://10.222.0.39/volume/v3/f745e1a6895e4955a74f733284c6565a/snapshots/6f4e98aa-7c47-4418-8c44-c4d1ce033100 returned with HTTP 200
Jan 27 12:46:48.240419 dv-cinder-824031-3-iscsi devstack@c-api.service[116467]: [pid: 116467|app: 0|req: 200/397] 10.222.0.39 () {58 vars in 1330 bytes} [Thu Jan 27 12:46:48 2022] GET /volume/v3/f745e1a6895e4955a74f733284c6565a/snapshots/6f4e98aa-7c47-4418-8c44-c4d1ce033100 => generated 438 bytes in 17 msecs (HTTP/1.1 200) 7 headers in 285 bytes (2 switches on core 0)
Jan 27 12:46:48.292003 dv-cinder-824031-3-iscsi devstack@c-api.service[116468]: INFO cinder.api.openstack.wsgi [None req-72df852d-75de-4ac1-a56e-37b152e0009a tempest-VolumeTypesNegativeTest-862792726 tempest-VolumeTypesNegativeTest-862792726-project-admin] http://10.222.0.39/volume/v3/7ce6dce419aa4fd2b4ab45121f6f06bb/types returned with HTTP 200
Jan 27 12:46:48.292698 dv-cinder-824031-3-iscsi devstack@c-api.service[116468]: [pid: 116468|app: 0|req: 198/398] 10.222.0.39 () {60 vars in 1229 bytes} [Thu Jan 27 12:46:48 2022] POST /volume/v3/7ce6dce419aa4fd2b4ab45121f6f06bb/types => generated 231 bytes in 120 msecs (HTTP/1.1 200) 7 headers in 285 bytes (2 switches on core 0)
Jan 27 12:46:48.383715 dv-cinder-824031-3-iscsi devstack@c-api.service[116468]: INFO cinder.api.openstack.wsgi [None req-2bd9d757-7e57-4b8b-a802-ae201ba0a7fb tempest-AttachVolumeNegativeTest-1661560336 tempest-AttachVolumeNegativeTest-1661560336-project] GET http://10.222.0.39/volume/v3/2bdd17e9465442c6b527b37e80925d48/volumes/73743f61-c4b2-447f-bebd-6405a5bc2149
Jan 27 12:46:48.384281 dv-cinder-824031-3-iscsi devstack@c-api.service[116468]: DEBUG cinder.api.openstack.wsgi [None req-2bd9d757-7e57-4b8b-a802-ae201ba0a7fb tempest-AttachVolumeNegativeTest-1661560336 tempest-AttachVolumeNegativeTest-1661560336-project] Empty body provided in request {{(pid=116468) get_body /opt/stack/cinder/cinder/api/openstack/wsgi.py:715}}
Jan 27 12:46:48.384582 dv-cinder-824031-3-iscsi devstack@c-api.service[116468]: DEBUG cinder.api.openstack.wsgi [None req-2bd9d757-7e57-4b8b-a802-ae201ba0a7fb tempest-AttachVolumeNegativeTest-1661560336 tempest-AttachVolumeNegativeTest-1661560336-project] Calling method 'show' {{(pid=116468) _process_stack /opt/stack/cinder/cinder/api/openstack/wsgi.py:868}}
Jan 27 12:46:48.395909 dv-cinder-824031-3-iscsi devstack@c-api.service[116467]: INFO cinder.api.openstack.wsgi [None req-c8001968-ca9c-49c6-ad44-24e0c6982a8a tempest-VolumeTypesNegativeTest-1689281110 tempest-VolumeTypesNegativeTest-1689281110-project] POST http://10.222.0.39/volume/v3/07950a10ebdf40d6afa3b3831ff087f8/volumes
Jan 27 12:46:48.396637 dv-cinder-824031-3-iscsi devstack@c-api.service[116467]: DEBUG cinder.api.openstack.wsgi [None req-c8001968-ca9c-49c6-ad44-24e0c6982a8a tempest-VolumeTypesNegativeTest-1689281110 tempest-VolumeTypesNegativeTest-1689281110-project] Action: 'create', calling method: create, body: {"volume": {"volume_type": "91b212ec-4807-4412-a358-eb17682fe8bf", "size": 1, "name": "tempest-VolumeTypesNegativeTest-Volume-369114075"}} {{(pid=116467) _process_stack /opt/stack/cinder/cinder/api/openstack/wsgi.py:866}}
Jan 27 12:46:48.397608 dv-cinder-824031-3-iscsi devstack@c-api.service[116467]: DEBUG cinder.api.v3.volumes [None req-c8001968-ca9c-49c6-ad44-24e0c6982a8a tempest-VolumeTypesNegativeTest-1689281110 tempest-VolumeTypesNegativeTest-1689281110-project] Create volume request body: {'volume': {'volume_type': '91b212ec-4807-4412-a358-eb17682fe8bf', 'size': 1, 'name': 'tempest-VolumeTypesNegativeTest-Volume-369114075'}} {{(pid=116467) create /opt/stack/cinder/cinder/api/v3/volumes.py:298}}
Jan 27 12:46:48.403126 dv-cinder-824031-3-iscsi devstack@c-api.service[116468]: /usr/local/lib/python3.8/dist-packages/oslo_context/context.py:105: DeprecationWarning: Policy enforcement is depending on the value of is_admin. This key is deprecated. Please update your policy file to use the standard policy values.
Jan 27 12:46:48.403126 dv-cinder-824031-3-iscsi devstack@c-api.service[116468]: warnings.warn('Policy enforcement is depending on the value of '
Jan 27 12:46:48.408011 dv-cinder-824031-3-iscsi devstack@c-api.service[116467]: INFO cinder.api.openstack.wsgi [None req-c8001968-ca9c-49c6-ad44-24e0c6982a8a tempest-VolumeTypesNegativeTest-1689281110 tempest-VolumeTypesNegativeTest-1689281110-project] http://10.222.0.39/volume/v3/07950a10ebdf40d6afa3b3831ff087f8/volumes returned with HTTP 404
Jan 27 12:46:48.408869 dv-cinder-824031-3-iscsi devstack@c-api.service[116467]: [pid: 116467|app: 0|req: 201/399] 10.222.0.39 () {60 vars in 1235 bytes} [Thu Jan 27 12:46:48 2022] POST /volume/v3/07950a10ebdf40d6afa3b3831ff087f8/volumes => generated 114 bytes in 110 msecs (HTTP/1.1 404) 7 headers in 292 bytes (1 switches on core 0)
Jan 27 12:46:48.410026 dv-cinder-824031-3-iscsi devstack@c-api.service[116468]: INFO cinder.volume.api [None req-2bd9d757-7e57-4b8b-a802-ae201ba0a7fb tempest-AttachVolumeNegativeTest-1661560336 tempest-AttachVolumeNegativeTest-1661560336-project] Volume info retrieved successfully.
Jan 27 12:46:48.419441 dv-cinder-824031-3-iscsi devstack@c-api.service[116468]: INFO cinder.api.openstack.wsgi [None req-2bd9d757-7e57-4b8b-a802-ae201ba0a7fb tempest-AttachVolumeNegativeTest-1661560336 tempest-AttachVolumeNegativeTest-1661560336-project] http://10.222.0.39/volume/v3/2bdd17e9465442c6b527b37e80925d48/volumes/73743f61-c4b2-447f-bebd-6405a5bc2149 returned with HTTP 200
Jan 27 12:46:48.420177 dv-cinder-824031-3-iscsi devstack@c-api.service[116468]: [pid: 116468|app: 0|req: 199/400] 10.222.0.39 () {58 vars in 1324 bytes} [Thu Jan 27 12:46:48 2022] GET /volume/v3/2bdd17e9465442c6b527b37e80925d48/volumes/73743f61-c4b2-447f-bebd-6405a5bc2149 => generated 916 bytes in 40 msecs (HTTP/1.1 200) 7 headers in 285 bytes (2 switches on core 0)
Jan 27 12:46:48.423758 dv-cinder-824031-3-iscsi devstack@c-api.service[116468]: INFO cinder.api.openstack.wsgi [None req-8bedb58a-8bcb-41bd-8256-6cb49d7298e9 tempest-VolumeTypesNegativeTest-862792726 tempest-VolumeTypesNegativeTest-862792726-project-admin] POST http://10.222.0.39/volume/v3/7ce6dce419aa4fd2b4ab45121f6f06bb/types
Jan 27 12:46:48.424447 dv-cinder-824031-3-iscsi devstack@c-api.service[116468]: DEBUG cinder.api.openstack.wsgi [None req-8bedb58a-8bcb-41bd-8256-6cb49d7298e9 tempest-VolumeTypesNegativeTest-862792726 tempest-VolumeTypesNegativeTest-862792726-project-admin] Action: 'create', calling method: _create, body: {"volume_type": {"name": ""}} {{(pid=116468) _process_stack /opt/stack/cinder/cinder/api/openstack/wsgi.py:866}}
Jan 27 12:46:48.425434 dv-cinder-824031-3-iscsi devstack@c-api.service[116468]: INFO cinder.api.openstack.wsgi [None req-8bedb58a-8bcb-41bd-8256-6cb49d7298e9 tempest-VolumeTypesNegativeTest-862792726 tempest-VolumeTypesNegativeTest-862792726-project-admin] http://10.222.0.39/volume/v3/7ce6dce419aa4fd2b4ab45121f6f06bb/types returned with HTTP 400
Jan 27 12:46:48.426454 dv-cinder-824031-3-iscsi devstack@c-api.service[116468]: [pid: 116468|app: 0|req: 200/401] 10.222.0.39 () {60 vars in 1228 bytes} [Thu Jan 27 12:46:48 2022] POST /volume/v3/7ce6dce419aa4fd2b4ab45121f6f06bb/types => generated 108 bytes in 6 msecs (HTTP/1.1 400) 7 headers in 294 bytes (1 switches on core 0)
Jan 27 12:46:48.434220 dv-cinder-824031-3-iscsi devstack@c-api.service[116468]: INFO cinder.api.openstack.wsgi [None req-467a59a4-f165-4ba5-ac12-9f9108863fdf tempest-VolumeTypesNegativeTest-862792726 tempest-VolumeTypesNegativeTest-862792726-project-admin] POST http://10.222.0.39/volume/v3/7ce6dce419aa4fd2b4ab45121f6f06bb/types
Jan 27 12:46:48.434904 dv-cinder-824031-3-iscsi devstack@c-api.service[116468]: DEBUG cinder.api.openstack.wsgi [None req-467a59a4-f165-4ba5-ac12-9f9108863fdf tempest-VolumeTypesNegativeTest-862792726 tempest-VolumeTypesNegativeTest-862792726-project-admin] Action: 'create', calling method: _create, body: {"volume_type": {"name": "tempest-VolumeTypesNegativeTest-volume-type-1505632573"}} {{(pid=116468) _process_stack /opt/stack/cinder/cinder/api/openstack/wsgi.py:866}}
Jan 27 12:46:48.454314 dv-cinder-824031-3-iscsi devstack@c-api.service[116467]: INFO cinder.api.openstack.wsgi [None req-c6b10845-1fdd-4dbc-8860-5af8777d3f57 tempest-VolumesActionsTest-1122713917 tempest-VolumesActionsTest-1122713917-project] POST http://10.222.0.39/volume/v3/d6209fbf005b41a3a9cbcab66acfeac5/volumes
Jan 27 12:46:48.454314 dv-cinder-824031-3-iscsi devstack@c-api.service[116467]: DEBUG cinder.api.openstack.wsgi [None req-c6b10845-1fdd-4dbc-8860-5af8777d3f57 tempest-VolumesActionsTest-1122713917 tempest-VolumesActionsTest-1122713917-project] Action: 'create', calling method: create, body: {"volume": {"size": 1, "name": "tempest-VolumesActionsTest-Volume-42708976"}} {{(pid=116467) _process_stack /opt/stack/cinder/cinder/api/openstack/wsgi.py:866}}
Jan 27 12:46:48.455395 dv-cinder-824031-3-iscsi devstack@c-api.service[116467]: DEBUG cinder.api.v3.volumes [None req-c6b10845-1fdd-4dbc-8860-5af8777d3f57 tempest-VolumesActionsTest-1122713917 tempest-VolumesActionsTest-1122713917-project] Create volume request body: {'volume': {'size': 1, 'name': 'tempest-VolumesActionsTest-Volume-42708976'}} {{(pid=116467) create /opt/stack/cinder/cinder/api/v3/volumes.py:298}}
Jan 27 12:46:48.455758 dv-cinder-824031-3-iscsi devstack@c-api.service[116467]: INFO cinder.api.v3.volumes [None req-c6b10845-1fdd-4dbc-8860-5af8777d3f57 tempest-VolumesActionsTest-1122713917 tempest-VolumesActionsTest-1122713917-project] Create volume of 1 GB
Jan 27 12:46:48.462343 dv-cinder-824031-3-iscsi devstack@c-api.service[116467]: INFO cinder.volume.api [None req-c6b10845-1fdd-4dbc-8860-5af8777d3f57 tempest-VolumesActionsTest-1122713917 tempest-VolumesActionsTest-1122713917-project] Availability Zones retrieved successfully.
Jan 27 12:46:48.477940 dv-cinder-824031-3-iscsi devstack@c-api.service[116467]: DEBUG cinder.volume.api [None req-c6b10845-1fdd-4dbc-8860-5af8777d3f57 tempest-VolumesActionsTest-1122713917 tempest-VolumesActionsTest-1122713917-project] Flow 'volume_create_api' (c473b323-8d6a-4542-be3d-dcefa5f2c58a) transitioned into state 'RUNNING' from state 'PENDING' {{(pid=116467) _flow_receiver /usr/local/lib/python3.8/dist-packages/taskflow/listeners/logging.py:141}}
Jan 27 12:46:48.480563 dv-cinder-824031-3-iscsi devstack@c-api.service[116467]: DEBUG cinder.volume.api [None req-c6b10845-1fdd-4dbc-8860-5af8777d3f57 tempest-VolumesActionsTest-1122713917 tempest-VolumesActionsTest-1122713917-project] Task 'cinder.volume.flows.api.create_volume.ExtractVolumeRequestTask;volume:create' (b7c0e14c-52e2-4d30-b2e6-f3d2db6b4d9b) transitioned into state 'RUNNING' from state 'PENDING' {{(pid=116467) _task_receiver /usr/local/lib/python3.8/dist-packages/taskflow/listeners/logging.py:190}}
Jan 27 12:46:48.483002 dv-cinder-824031-3-iscsi devstack@c-api.service[116467]: DEBUG cinder.volume.flows.api.create_volume [None req-c6b10845-1fdd-4dbc-8860-5af8777d3f57 tempest-VolumesActionsTest-1122713917 tempest-VolumesActionsTest-1122713917-project] Validating volume size '1' using validate_int {{(pid=116467) _extract_size /opt/stack/cinder/cinder/volume/flows/api/create_volume.py:225}}
Jan 27 12:46:48.511276 dv-cinder-824031-3-iscsi devstack@c-api.service[116468]: INFO cinder.api.openstack.wsgi [None req-467a59a4-f165-4ba5-ac12-9f9108863fdf tempest-VolumeTypesNegativeTest-862792726 tempest-VolumeTypesNegativeTest-862792726-project-admin] http://10.222.0.39/volume/v3/7ce6dce419aa4fd2b4ab45121f6f06bb/types returned with HTTP 200
Jan 27 12:46:48.516947 dv-cinder-824031-3-iscsi devstack@c-api.service[116468]: [pid: 116468|app: 0|req: 201/402] 10.222.0.39 () {60 vars in 1228 bytes} [Thu Jan 27 12:46:48 2022] POST /volume/v3/7ce6dce419aa4fd2b4ab45121f6f06bb/types => generated 229 bytes in 81 msecs (HTTP/1.1 200) 7 headers in 285 bytes (2 switches on core 0)
Jan 27 12:46:48.517085 dv-cinder-824031-3-iscsi devstack@c-api.service[116467]: DEBUG cinder.volume.api [None req-c6b10845-1fdd-4dbc-8860-5af8777d3f57 tempest-VolumesActionsTest-1122713917 tempest-VolumesActionsTest-1122713917-project] Task 'cinder.volume.flows.api.create_volume.ExtractVolumeRequestTask;volume:create' (b7c0e14c-52e2-4d30-b2e6-f3d2db6b4d9b) transitioned into state 'SUCCESS' from state 'RUNNING' with result '{'size': 1, 'snapshot_id': None, 'source_volid': None, 'volume_type': VolumeType(created_at=2022-01-27T12:31:48Z,deleted=False,deleted_at=None,description='Default Volume Type',extra_specs={},id=064e840e-5b41-4d03-9624-6bfec0b2bca1,is_public=True,name='__DEFAULT__',projects=[],qos_specs=,qos_specs_id=None,updated_at=2022-01-27T12:31:48Z), 'volume_type_id': '064e840e-5b41-4d03-9624-6bfec0b2bca1', 'encryption_key_id': None, 'qos_specs': None, 'consistencygroup_id': None, 'cgsnapshot_id': None, 'group_id': None, 'replication_status': 'disabled', 'refresh_az': False, 'backup_id': None, 'multiattach': False, 'availability_zones': ['nova']}' {{(pid=116467) _task_receiver /usr/local/lib/python3.8/dist-packages/taskflow/listeners/logging.py:178}}
Jan 27 12:46:48.517085 dv-cinder-824031-3-iscsi devstack@c-api.service[116467]: DEBUG cinder.volume.api [None req-c6b10845-1fdd-4dbc-8860-5af8777d3f57 tempest-VolumesActionsTest-1122713917 tempest-VolumesActionsTest-1122713917-project] Task 'cinder.volume.flows.api.create_volume.QuotaReserveTask;volume:create' (d06cdfdb-5476-422c-99d7-da6e7771e77b) transitioned into state 'RUNNING' from state 'PENDING' {{(pid=116467) _task_receiver /usr/local/lib/python3.8/dist-packages/taskflow/listeners/logging.py:190}}
Jan 27 12:46:48.521336 dv-cinder-824031-3-iscsi devstack@c-api.service[116468]: INFO cinder.api.openstack.wsgi [None req-cf6c1c20-8eee-459f-8c22-fe3145fcfb52 tempest-VolumeTypesNegativeTest-862792726 tempest-VolumeTypesNegativeTest-862792726-project-admin] POST http://10.222.0.39/volume/v3/7ce6dce419aa4fd2b4ab45121f6f06bb/types
Jan 27 12:46:48.522169 dv-cinder-824031-3-iscsi devstack@c-api.service[116468]: DEBUG cinder.api.openstack.wsgi [None req-cf6c1c20-8eee-459f-8c22-fe3145fcfb52 tempest-VolumeTypesNegativeTest-862792726 tempest-VolumeTypesNegativeTest-862792726-project-admin] Action: 'create', calling method: _create, body: {"volume_type": {"name": "tempest-VolumeTypesNegativeTest-volume-type-1505632573"}} {{(pid=116468) _process_stack /opt/stack/cinder/cinder/api/openstack/wsgi.py:866}}
Jan 27 12:46:48.529148 dv-cinder-824031-3-iscsi devstack@c-api.service[116468]: INFO cinder.api.openstack.wsgi [None req-cf6c1c20-8eee-459f-8c22-fe3145fcfb52 tempest-VolumeTypesNegativeTest-862792726 tempest-VolumeTypesNegativeTest-862792726-project-admin] HTTP exception thrown: Volume Type tempest-VolumeTypesNegativeTest-volume-type-1505632573 already exists.
Jan 27 12:46:48.529496 dv-cinder-824031-3-iscsi devstack@c-api.service[116468]: INFO cinder.api.openstack.wsgi [None req-cf6c1c20-8eee-459f-8c22-fe3145fcfb52 tempest-VolumeTypesNegativeTest-862792726 tempest-VolumeTypesNegativeTest-862792726-project-admin] http://10.222.0.39/volume/v3/7ce6dce419aa4fd2b4ab45121f6f06bb/types returned with HTTP 409
Jan 27 12:46:48.534307 dv-cinder-824031-3-iscsi devstack@c-api.service[116468]: [pid: 116468|app: 0|req: 202/403] 10.222.0.39 () {60 vars in 1228 bytes} [Thu Jan 27 12:46:48 2022] POST /volume/v3/7ce6dce419aa4fd2b4ab45121f6f06bb/types => generated 134 bytes in 12 msecs (HTTP/1.1 409) 7 headers in 291 bytes (2 switches on core 0)
Jan 27 12:46:48.538318 dv-cinder-824031-3-iscsi devstack@c-api.service[116468]: INFO cinder.api.openstack.wsgi [None req-80dcf9cd-1305-4611-9003-ef922e7639ec tempest-VolumeTypesNegativeTest-862792726 tempest-VolumeTypesNegativeTest-862792726-project-admin] DELETE http://10.222.0.39/volume/v3/7ce6dce419aa4fd2b4ab45121f6f06bb/types/97e025c2-3935-42b9-9a8a-e258cbac5807
Jan 27 12:46:48.539365 dv-cinder-824031-3-iscsi devstack@c-api.service[116468]: DEBUG cinder.api.openstack.wsgi [None req-80dcf9cd-1305-4611-9003-ef922e7639ec tempest-VolumeTypesNegativeTest-862792726 tempest-VolumeTypesNegativeTest-862792726-project-admin] Empty body provided in request {{(pid=116468) get_body /opt/stack/cinder/cinder/api/openstack/wsgi.py:715}}
Jan 27 12:46:48.539979 dv-cinder-824031-3-iscsi devstack@c-api.service[116468]: DEBUG cinder.api.openstack.wsgi [None req-80dcf9cd-1305-4611-9003-ef922e7639ec tempest-VolumeTypesNegativeTest-862792726 tempest-VolumeTypesNegativeTest-862792726-project-admin] Calling method '_delete' {{(pid=116468) _process_stack /opt/stack/cinder/cinder/api/openstack/wsgi.py:868}}
Jan 27 12:46:48.545647 dv-cinder-824031-3-iscsi devstack@c-api.service[116468]: INFO cinder.api.openstack.wsgi [None req-80dcf9cd-1305-4611-9003-ef922e7639ec tempest-VolumeTypesNegativeTest-862792726 tempest-VolumeTypesNegativeTest-862792726-project-admin] http://10.222.0.39/volume/v3/7ce6dce419aa4fd2b4ab45121f6f06bb/types/97e025c2-3935-42b9-9a8a-e258cbac5807 returned with HTTP 404
Jan 27 12:46:48.546486 dv-cinder-824031-3-iscsi devstack@c-api.service[116468]: [pid: 116468|app: 0|req: 203/404] 10.222.0.39 () {58 vars in 1321 bytes} [Thu Jan 27 12:46:48 2022] DELETE /volume/v3/7ce6dce419aa4fd2b4ab45121f6f06bb/types/97e025c2-3935-42b9-9a8a-e258cbac5807 => generated 114 bytes in 11 msecs (HTTP/1.1 404) 7 headers in 292 bytes (2 switches on core 0)
Jan 27 12:46:48.554018 dv-cinder-824031-3-iscsi devstack@c-api.service[116468]: INFO cinder.api.openstack.wsgi [None req-355483b2-ebde-402c-a2d6-2d285eb12bce tempest-VolumeTypesNegativeTest-862792726 tempest-VolumeTypesNegativeTest-862792726-project-admin] GET http://10.222.0.39/volume/v3/7ce6dce419aa4fd2b4ab45121f6f06bb/types/83111812-4975-4892-9808-26302e0fe433
Jan 27 12:46:48.555041 dv-cinder-824031-3-iscsi devstack@c-api.service[116468]: DEBUG cinder.api.openstack.wsgi [None req-355483b2-ebde-402c-a2d6-2d285eb12bce tempest-VolumeTypesNegativeTest-862792726 tempest-VolumeTypesNegativeTest-862792726-project-admin] Empty body provided in request {{(pid=116468) get_body /opt/stack/cinder/cinder/api/openstack/wsgi.py:715}}
Jan 27 12:46:48.555483 dv-cinder-824031-3-iscsi devstack@c-api.service[116468]: DEBUG cinder.api.openstack.wsgi [None req-355483b2-ebde-402c-a2d6-2d285eb12bce tempest-VolumeTypesNegativeTest-862792726 tempest-VolumeTypesNegativeTest-862792726-project-admin] Calling method 'show' {{(pid=116468) _process_stack /opt/stack/cinder/cinder/api/openstack/wsgi.py:868}}
Jan 27 12:46:48.559708 dv-cinder-824031-3-iscsi devstack@c-api.service[116468]: INFO cinder.api.openstack.wsgi [None req-355483b2-ebde-402c-a2d6-2d285eb12bce tempest-VolumeTypesNegativeTest-862792726 tempest-VolumeTypesNegativeTest-862792726-project-admin] http://10.222.0.39/volume/v3/7ce6dce419aa4fd2b4ab45121f6f06bb/types/83111812-4975-4892-9808-26302e0fe433 returned with HTTP 404
Jan 27 12:46:48.560594 dv-cinder-824031-3-iscsi devstack@c-api.service[116468]: [pid: 116468|app: 0|req: 204/405] 10.222.0.39 () {58 vars in 1318 bytes} [Thu Jan 27 12:46:48 2022] GET /volume/v3/7ce6dce419aa4fd2b4ab45121f6f06bb/types/83111812-4975-4892-9808-26302e0fe433 => generated 114 bytes in 10 msecs (HTTP/1.1 404) 7 headers in 292 bytes (2 switches on core 0)
Jan 27 12:46:48.567773 dv-cinder-824031-3-iscsi devstack@c-api.service[116468]: INFO cinder.api.openstack.wsgi [None req-bba1d89e-d248-4718-8489-3722da8a9f8f tempest-VolumeTypesNegativeTest-862792726 tempest-VolumeTypesNegativeTest-862792726-project-admin] DELETE http://10.222.0.39/volume/v3/7ce6dce419aa4fd2b4ab45121f6f06bb/types/68fc7556-fad5-4de8-a165-98ec6aaa8f64
Jan 27 12:46:48.568145 dv-cinder-824031-3-iscsi devstack@c-api.service[116468]: DEBUG cinder.api.openstack.wsgi [None req-bba1d89e-d248-4718-8489-3722da8a9f8f tempest-VolumeTypesNegativeTest-862792726 tempest-VolumeTypesNegativeTest-862792726-project-admin] Empty body provided in request {{(pid=116468) get_body /opt/stack/cinder/cinder/api/openstack/wsgi.py:715}}
Jan 27 12:46:48.568602 dv-cinder-824031-3-iscsi devstack@c-api.service[116468]: DEBUG cinder.api.openstack.wsgi [None req-bba1d89e-d248-4718-8489-3722da8a9f8f tempest-VolumeTypesNegativeTest-862792726 tempest-VolumeTypesNegativeTest-862792726-project-admin] Calling method '_delete' {{(pid=116468) _process_stack /opt/stack/cinder/cinder/api/openstack/wsgi.py:868}}
Jan 27 12:46:48.678601 dv-cinder-824031-3-iscsi devstack@c-api.service[116468]: INFO cinder.api.openstack.wsgi [None req-bba1d89e-d248-4718-8489-3722da8a9f8f tempest-VolumeTypesNegativeTest-862792726 tempest-VolumeTypesNegativeTest-862792726-project-admin] http://10.222.0.39/volume/v3/7ce6dce419aa4fd2b4ab45121f6f06bb/types/68fc7556-fad5-4de8-a165-98ec6aaa8f64 returned with HTTP 202
Jan 27 12:46:48.679984 dv-cinder-824031-3-iscsi devstack@c-api.service[116468]: [pid: 116468|app: 0|req: 205/406] 10.222.0.39 () {58 vars in 1321 bytes} [Thu Jan 27 12:46:48 2022] DELETE /volume/v3/7ce6dce419aa4fd2b4ab45121f6f06bb/types/68fc7556-fad5-4de8-a165-98ec6aaa8f64 => generated 0 bytes in 115 msecs (HTTP/1.1 202) 6 headers in 233 bytes (2 switches on core 0)
Jan 27 12:46:48.683866 dv-cinder-824031-3-iscsi devstack@c-api.service[116468]: INFO cinder.api.openstack.wsgi [None req-a09e9b3f-dd34-439e-8622-579b9ea3fbf7 tempest-DeleteServersTestJSON-1733564023 tempest-DeleteServersTestJSON-1733564023-project] GET http://10.222.0.39/volume/v3/7c91276cab5a4ab89aeb4ed27af897eb/volumes/f0c304a3-18e4-4dbe-8df3-de2204abba51
Jan 27 12:46:48.684302 dv-cinder-824031-3-iscsi devstack@c-api.service[116468]: DEBUG cinder.api.openstack.wsgi [None req-a09e9b3f-dd34-439e-8622-579b9ea3fbf7 tempest-DeleteServersTestJSON-1733564023 tempest-DeleteServersTestJSON-1733564023-project] Empty body provided in request {{(pid=116468) get_body /opt/stack/cinder/cinder/api/openstack/wsgi.py:715}}
Jan 27 12:46:48.684766 dv-cinder-824031-3-iscsi devstack@c-api.service[116468]: DEBUG cinder.api.openstack.wsgi [None req-a09e9b3f-dd34-439e-8622-579b9ea3fbf7 tempest-DeleteServersTestJSON-1733564023 tempest-DeleteServersTestJSON-1733564023-project] Calling method 'show' {{(pid=116468) _process_stack /opt/stack/cinder/cinder/api/openstack/wsgi.py:868}}
Jan 27 12:46:48.701936 dv-cinder-824031-3-iscsi devstack@c-api.service[116468]: /usr/local/lib/python3.8/dist-packages/oslo_context/context.py:105: DeprecationWarning: Policy enforcement is depending on the value of is_admin. This key is deprecated. Please update your policy file to use the standard policy values.
Jan 27 12:46:48.701936 dv-cinder-824031-3-iscsi devstack@c-api.service[116468]: warnings.warn('Policy enforcement is depending on the value of '
Jan 27 12:46:48.708493 dv-cinder-824031-3-iscsi devstack@c-api.service[116468]: INFO cinder.volume.api [None req-a09e9b3f-dd34-439e-8622-579b9ea3fbf7 tempest-DeleteServersTestJSON-1733564023 tempest-DeleteServersTestJSON-1733564023-project] Volume info retrieved successfully.
Jan 27 12:46:48.719570 dv-cinder-824031-3-iscsi devstack@c-api.service[116468]: INFO cinder.api.openstack.wsgi [None req-a09e9b3f-dd34-439e-8622-579b9ea3fbf7 tempest-DeleteServersTestJSON-1733564023 tempest-DeleteServersTestJSON-1733564023-project] http://10.222.0.39/volume/v3/7c91276cab5a4ab89aeb4ed27af897eb/volumes/f0c304a3-18e4-4dbe-8df3-de2204abba51 returned with HTTP 200
Jan 27 12:46:48.719947 dv-cinder-824031-3-iscsi devstack@c-api.service[116468]: [pid: 116468|app: 0|req: 206/407] 10.222.0.39 () {58 vars in 1324 bytes} [Thu Jan 27 12:46:48 2022] GET /volume/v3/7c91276cab5a4ab89aeb4ed27af897eb/volumes/f0c304a3-18e4-4dbe-8df3-de2204abba51 => generated 912 bytes in 39 msecs (HTTP/1.1 200) 7 headers in 285 bytes (1 switches on core 0)
Jan 27 12:46:48.723358 dv-cinder-824031-3-iscsi devstack@c-api.service[116468]: INFO cinder.api.openstack.wsgi [None req-53db56c2-ead6-4746-b173-9eb6ff81b1c0 tempest-GroupSnapshotsTest-1576578785 tempest-GroupSnapshotsTest-1576578785-project] GET http://10.222.0.39/volume/v3/4a001deb13074c34a5549f1f9f898eca/volumes/d6437948-2065-4bfc-9602-b5ed4b0aa9f0
Jan 27 12:46:48.723829 dv-cinder-824031-3-iscsi devstack@c-api.service[116468]: DEBUG cinder.api.openstack.wsgi [None req-53db56c2-ead6-4746-b173-9eb6ff81b1c0 tempest-GroupSnapshotsTest-1576578785 tempest-GroupSnapshotsTest-1576578785-project] Empty body provided in request {{(pid=116468) get_body /opt/stack/cinder/cinder/api/openstack/wsgi.py:715}}
Jan 27 12:46:48.724265 dv-cinder-824031-3-iscsi devstack@c-api.service[116468]: DEBUG cinder.api.openstack.wsgi [None req-53db56c2-ead6-4746-b173-9eb6ff81b1c0 tempest-GroupSnapshotsTest-1576578785 tempest-GroupSnapshotsTest-1576578785-project] Calling method 'show' {{(pid=116468) _process_stack /opt/stack/cinder/cinder/api/openstack/wsgi.py:868}}
Jan 27 12:46:48.738428 dv-cinder-824031-3-iscsi devstack@c-api.service[116468]: /usr/local/lib/python3.8/dist-packages/oslo_context/context.py:105: DeprecationWarning: Policy enforcement is depending on the value of is_admin. This key is deprecated. Please update your policy file to use the standard policy values.
Jan 27 12:46:48.738428 dv-cinder-824031-3-iscsi devstack@c-api.service[116468]: warnings.warn('Policy enforcement is depending on the value of '
Jan 27 12:46:48.744994 dv-cinder-824031-3-iscsi devstack@c-api.service[116468]: INFO cinder.volume.api [None req-53db56c2-ead6-4746-b173-9eb6ff81b1c0 tempest-GroupSnapshotsTest-1576578785 tempest-GroupSnapshotsTest-1576578785-project] Volume info retrieved successfully.
Jan 27 12:46:48.746243 dv-cinder-824031-3-iscsi devstack@c-api.service[116468]: WARNING stevedore.named [None req-53db56c2-ead6-4746-b173-9eb6ff81b1c0 tempest-GroupSnapshotsTest-1576578785 tempest-GroupSnapshotsTest-1576578785-project] Could not load cinder.keymgr.conf_key_mgr.ConfKeyManager
