Jan 27 12:46:44.565820 dv-cinder-824031-3-iscsi devstack@c-api.service[116467]: DEBUG cinder.api.openstack.wsgi [req-51c55826-97e0-4107-8f31-d1b122f3c3a1 req-95af268e-170e-4261-9ee1-9ccd044a1ae1 tempest-AttachVolumeNegativeTest-1661560336 tempest-AttachVolumeNegativeTest-1661560336-project] Empty body provided in request {{(pid=116467) get_body /opt/stack/cinder/cinder/api/openstack/wsgi.py:715}}
Jan 27 12:46:44.567273 dv-cinder-824031-3-iscsi devstack@c-api.service[116467]: DEBUG cinder.api.openstack.wsgi [req-51c55826-97e0-4107-8f31-d1b122f3c3a1 req-95af268e-170e-4261-9ee1-9ccd044a1ae1 tempest-AttachVolumeNegativeTest-1661560336 tempest-AttachVolumeNegativeTest-1661560336-project] Calling method 'show' {{(pid=116467) _process_stack /opt/stack/cinder/cinder/api/openstack/wsgi.py:868}}
Jan 27 12:46:44.589277 dv-cinder-824031-3-iscsi devstack@c-api.service[116467]: /usr/local/lib/python3.8/dist-packages/oslo_context/context.py:105: DeprecationWarning: Policy enforcement is depending on the value of is_admin. This key is deprecated. Please update your policy file to use the standard policy values.
Jan 27 12:46:44.589277 dv-cinder-824031-3-iscsi devstack@c-api.service[116467]: warnings.warn('Policy enforcement is depending on the value of '
Jan 27 12:46:44.597662 dv-cinder-824031-3-iscsi devstack@c-api.service[116467]: INFO cinder.volume.api [req-51c55826-97e0-4107-8f31-d1b122f3c3a1 req-95af268e-170e-4261-9ee1-9ccd044a1ae1 tempest-AttachVolumeNegativeTest-1661560336 tempest-AttachVolumeNegativeTest-1661560336-project] Volume info retrieved successfully.
Jan 27 12:46:44.639528 dv-cinder-824031-3-iscsi devstack@c-api.service[116467]: INFO cinder.api.openstack.wsgi [req-51c55826-97e0-4107-8f31-d1b122f3c3a1 req-95af268e-170e-4261-9ee1-9ccd044a1ae1 tempest-AttachVolumeNegativeTest-1661560336 tempest-AttachVolumeNegativeTest-1661560336-project] http://10.222.0.39/volume/v3/2bdd17e9465442c6b527b37e80925d48/volumes/73743f61-c4b2-447f-bebd-6405a5bc2149 returned with HTTP 200
Jan 27 12:46:44.640271 dv-cinder-824031-3-iscsi devstack@c-api.service[116467]: [pid: 116467|app: 0|req: 187/376] 10.222.0.13 () {60 vars in 1412 bytes} [Thu Jan 27 12:46:44 2022] GET /volume/v3/2bdd17e9465442c6b527b37e80925d48/volumes/73743f61-c4b2-447f-bebd-6405a5bc2149 => generated 1013 bytes in 82 msecs (HTTP/1.1 200) 7 headers in 287 bytes (1 switches on core 0)
Jan 27 12:46:44.645486 dv-cinder-824031-3-iscsi devstack@c-api.service[116467]: INFO cinder.api.openstack.wsgi [req-42314baf-26ef-4463-b444-e0c60f1616cf req-20200d00-f928-4c0f-9b87-c1de6a5cc119 tempest-DeleteServersTestJSON-1733564023 tempest-DeleteServersTestJSON-1733564023-project] GET http://10.222.0.39/volume/v3/7c91276cab5a4ab89aeb4ed27af897eb/volumes/f0c304a3-18e4-4dbe-8df3-de2204abba51
Jan 27 12:46:44.646969 dv-cinder-824031-3-iscsi devstack@c-api.service[116467]: DEBUG cinder.api.openstack.wsgi [req-42314baf-26ef-4463-b444-e0c60f1616cf req-20200d00-f928-4c0f-9b87-c1de6a5cc119 tempest-DeleteServersTestJSON-1733564023 tempest-DeleteServersTestJSON-1733564023-project] Empty body provided in request {{(pid=116467) get_body /opt/stack/cinder/cinder/api/openstack/wsgi.py:715}}
Jan 27 12:46:44.647607 dv-cinder-824031-3-iscsi devstack@c-api.service[116467]: DEBUG cinder.api.openstack.wsgi [req-42314baf-26ef-4463-b444-e0c60f1616cf req-20200d00-f928-4c0f-9b87-c1de6a5cc119 tempest-DeleteServersTestJSON-1733564023 tempest-DeleteServersTestJSON-1733564023-project] Calling method 'show' {{(pid=116467) _process_stack /opt/stack/cinder/cinder/api/openstack/wsgi.py:868}}
Jan 27 12:46:44.679379 dv-cinder-824031-3-iscsi devstack@c-api.service[116467]: /usr/local/lib/python3.8/dist-packages/oslo_context/context.py:105: DeprecationWarning: Policy enforcement is depending on the value of is_admin. This key is deprecated. Please update your policy file to use the standard policy values.
Jan 27 12:46:44.679379 dv-cinder-824031-3-iscsi devstack@c-api.service[116467]: warnings.warn('Policy enforcement is depending on the value of '
Jan 27 12:46:44.692116 dv-cinder-824031-3-iscsi devstack@c-api.service[116468]: INFO cinder.api.openstack.wsgi [None req-dc3ca820-0dc3-4f04-bae2-bb40f231af9c tempest-GroupSnapshotsTest-1576578785 tempest-GroupSnapshotsTest-1576578785-project] http://10.222.0.39/volume/v3/4a001deb13074c34a5549f1f9f898eca/groups returned with HTTP 202
Jan 27 12:46:44.698271 dv-cinder-824031-3-iscsi devstack@c-api.service[116467]: INFO cinder.volume.api [req-42314baf-26ef-4463-b444-e0c60f1616cf req-20200d00-f928-4c0f-9b87-c1de6a5cc119 tempest-DeleteServersTestJSON-1733564023 tempest-DeleteServersTestJSON-1733564023-project] Volume info retrieved successfully.
Jan 27 12:46:44.698561 dv-cinder-824031-3-iscsi devstack@c-api.service[116468]: [pid: 116468|app: 0|req: 190/377] 10.222.0.39 () {62 vars in 1273 bytes} [Thu Jan 27 12:46:44 2022] POST /volume/v3/4a001deb13074c34a5549f1f9f898eca/groups => generated 112 bytes in 307 msecs (HTTP/1.1 202) 7 headers in 292 bytes (2 switches on core 0)
Jan 27 12:46:44.703454 dv-cinder-824031-3-iscsi devstack@c-api.service[116468]: INFO cinder.api.openstack.wsgi [None req-42ec49e4-752a-4b6d-b996-a382915514cc tempest-SnapshotsActionsTest-1330251680 tempest-SnapshotsActionsTest-1330251680-project] GET http://10.222.0.39/volume/v3/f745e1a6895e4955a74f733284c6565a/snapshots/c845ff53-1c61-475a-9bc5-fb24c1cbd49a
Jan 27 12:46:44.704003 dv-cinder-824031-3-iscsi devstack@c-api.service[116468]: DEBUG cinder.api.openstack.wsgi [None req-42ec49e4-752a-4b6d-b996-a382915514cc tempest-SnapshotsActionsTest-1330251680 tempest-SnapshotsActionsTest-1330251680-project] Empty body provided in request {{(pid=116468) get_body /opt/stack/cinder/cinder/api/openstack/wsgi.py:715}}
Jan 27 12:46:44.704472 dv-cinder-824031-3-iscsi devstack@c-api.service[116468]: DEBUG cinder.api.openstack.wsgi [None req-42ec49e4-752a-4b6d-b996-a382915514cc tempest-SnapshotsActionsTest-1330251680 tempest-SnapshotsActionsTest-1330251680-project] Calling method 'show' {{(pid=116468) _process_stack /opt/stack/cinder/cinder/api/openstack/wsgi.py:868}}
Jan 27 12:46:44.716773 dv-cinder-824031-3-iscsi devstack@c-api.service[116468]: /usr/local/lib/python3.8/dist-packages/oslo_context/context.py:105: DeprecationWarning: Policy enforcement is depending on the value of is_admin. This key is deprecated. Please update your policy file to use the standard policy values.
Jan 27 12:46:44.716773 dv-cinder-824031-3-iscsi devstack@c-api.service[116468]: warnings.warn('Policy enforcement is depending on the value of '
Jan 27 12:46:44.718262 dv-cinder-824031-3-iscsi devstack@c-api.service[116468]: INFO cinder.volume.api [None req-42ec49e4-752a-4b6d-b996-a382915514cc tempest-SnapshotsActionsTest-1330251680 tempest-SnapshotsActionsTest-1330251680-project] Snapshot retrieved successfully.
Jan 27 12:46:44.721176 dv-cinder-824031-3-iscsi devstack@c-api.service[116468]: INFO cinder.api.openstack.wsgi [None req-42ec49e4-752a-4b6d-b996-a382915514cc tempest-SnapshotsActionsTest-1330251680 tempest-SnapshotsActionsTest-1330251680-project] http://10.222.0.39/volume/v3/f745e1a6895e4955a74f733284c6565a/snapshots/c845ff53-1c61-475a-9bc5-fb24c1cbd49a returned with HTTP 200
Jan 27 12:46:44.721359 dv-cinder-824031-3-iscsi devstack@c-api.service[116467]: INFO cinder.api.openstack.wsgi [req-42314baf-26ef-4463-b444-e0c60f1616cf req-20200d00-f928-4c0f-9b87-c1de6a5cc119 tempest-DeleteServersTestJSON-1733564023 tempest-DeleteServersTestJSON-1733564023-project] http://10.222.0.39/volume/v3/7c91276cab5a4ab89aeb4ed27af897eb/volumes/f0c304a3-18e4-4dbe-8df3-de2204abba51 returned with HTTP 200
Jan 27 12:46:44.722509 dv-cinder-824031-3-iscsi devstack@c-api.service[116468]: [pid: 116468|app: 0|req: 191/378] 10.222.0.39 () {58 vars in 1330 bytes} [Thu Jan 27 12:46:44 2022] GET /volume/v3/f745e1a6895e4955a74f733284c6565a/snapshots/c845ff53-1c61-475a-9bc5-fb24c1cbd49a => generated 466 bytes in 23 msecs (HTTP/1.1 200) 7 headers in 285 bytes (1 switches on core 0)
Jan 27 12:46:44.724799 dv-cinder-824031-3-iscsi devstack@c-api.service[116467]: [pid: 116467|app: 0|req: 188/379] 10.222.0.13 () {60 vars in 1412 bytes} [Thu Jan 27 12:46:44 2022] GET /volume/v3/7c91276cab5a4ab89aeb4ed27af897eb/volumes/f0c304a3-18e4-4dbe-8df3-de2204abba51 => generated 1010 bytes in 84 msecs (HTTP/1.1 200) 7 headers in 287 bytes (1 switches on core 0)
Jan 27 12:46:44.736036 dv-cinder-824031-3-iscsi devstack@c-api.service[116468]: INFO cinder.api.openstack.wsgi [None req-47c0d5e0-5278-466d-9dbd-00be0c0be447 tempest-GroupSnapshotsTest-1576578785 tempest-GroupSnapshotsTest-1576578785-project] GET http://10.222.0.39/volume/v3/4a001deb13074c34a5549f1f9f898eca/groups/f50cf149-1779-4432-bda8-82c97c071a6c
Jan 27 12:46:44.736563 dv-cinder-824031-3-iscsi devstack@c-api.service[116468]: DEBUG cinder.api.openstack.wsgi [None req-47c0d5e0-5278-466d-9dbd-00be0c0be447 tempest-GroupSnapshotsTest-1576578785 tempest-GroupSnapshotsTest-1576578785-project] Empty body provided in request {{(pid=116468) get_body /opt/stack/cinder/cinder/api/openstack/wsgi.py:715}}
Jan 27 12:46:44.737008 dv-cinder-824031-3-iscsi devstack@c-api.service[116468]: DEBUG cinder.api.openstack.wsgi [None req-47c0d5e0-5278-466d-9dbd-00be0c0be447 tempest-GroupSnapshotsTest-1576578785 tempest-GroupSnapshotsTest-1576578785-project] Calling method 'version_select' {{(pid=116468) _process_stack /opt/stack/cinder/cinder/api/openstack/wsgi.py:868}}
Jan 27 12:46:44.737348 dv-cinder-824031-3-iscsi devstack@c-api.service[116468]: DEBUG cinder.api.v3.groups [None req-47c0d5e0-5278-466d-9dbd-00be0c0be447 tempest-GroupSnapshotsTest-1576578785 tempest-GroupSnapshotsTest-1576578785-project] show called for member f50cf149-1779-4432-bda8-82c97c071a6c {{(pid=116468) show /opt/stack/cinder/cinder/api/v3/groups.py:58}}
Jan 27 12:46:44.740466 dv-cinder-824031-3-iscsi devstack@c-api.service[116467]: INFO cinder.api.openstack.wsgi [None req-039a06b4-b238-4660-8108-268aead9425d tempest-SnapshotsActionsTest-1330251680 tempest-SnapshotsActionsTest-1330251680-project] POST http://10.222.0.39/volume/v3/f745e1a6895e4955a74f733284c6565a/snapshots
Jan 27 12:46:44.743201 dv-cinder-824031-3-iscsi devstack@c-api.service[116467]: DEBUG cinder.api.openstack.wsgi [None req-039a06b4-b238-4660-8108-268aead9425d tempest-SnapshotsActionsTest-1330251680 tempest-SnapshotsActionsTest-1330251680-project] Action: 'create', calling method: create, body: {"snapshot": {"volume_id": "cec76766-2ee6-4319-b0f7-bb81a3591bb4", "name": "tempest-SnapshotsActionsTest-Snapshot-829399751"}} {{(pid=116467) _process_stack /opt/stack/cinder/cinder/api/openstack/wsgi.py:866}}
Jan 27 12:46:44.744265 dv-cinder-824031-3-iscsi devstack@c-api.service[116468]: /usr/local/lib/python3.8/dist-packages/oslo_context/context.py:105: DeprecationWarning: Policy enforcement is depending on the value of is_admin. This key is deprecated. Please update your policy file to use the standard policy values.
Jan 27 12:46:44.744265 dv-cinder-824031-3-iscsi devstack@c-api.service[116468]: warnings.warn('Policy enforcement is depending on the value of '
Jan 27 12:46:44.760573 dv-cinder-824031-3-iscsi devstack@c-api.service[116468]: INFO cinder.api.openstack.wsgi [None req-47c0d5e0-5278-466d-9dbd-00be0c0be447 tempest-GroupSnapshotsTest-1576578785 tempest-GroupSnapshotsTest-1576578785-project] http://10.222.0.39/volume/v3/4a001deb13074c34a5549f1f9f898eca/groups/f50cf149-1779-4432-bda8-82c97c071a6c returned with HTTP 200
Jan 27 12:46:44.766900 dv-cinder-824031-3-iscsi devstack@c-api.service[116468]: [pid: 116468|app: 0|req: 192/380] 10.222.0.39 () {60 vars in 1362 bytes} [Thu Jan 27 12:46:44 2022] GET /volume/v3/4a001deb13074c34a5549f1f9f898eca/groups/f50cf149-1779-4432-bda8-82c97c071a6c => generated 392 bytes in 44 msecs (HTTP/1.1 200) 7 headers in 286 bytes (1 switches on core 0)
Jan 27 12:46:44.774725 dv-cinder-824031-3-iscsi devstack@c-api.service[116467]: /usr/local/lib/python3.8/dist-packages/oslo_context/context.py:105: DeprecationWarning: Policy enforcement is depending on the value of is_admin. This key is deprecated. Please update your policy file to use the standard policy values.
Jan 27 12:46:44.774725 dv-cinder-824031-3-iscsi devstack@c-api.service[116467]: warnings.warn('Policy enforcement is depending on the value of '
Jan 27 12:46:44.777053 dv-cinder-824031-3-iscsi devstack@c-api.service[116468]: INFO cinder.api.openstack.wsgi [req-51c55826-97e0-4107-8f31-d1b122f3c3a1 req-bee37211-bbfc-45c4-8b6a-3781c57a1881 tempest-AttachVolumeNegativeTest-1661560336 tempest-AttachVolumeNegativeTest-1661560336-project] PUT http://10.222.0.39/volume/v3/2bdd17e9465442c6b527b37e80925d48/attachments/1e92c112-0eb2-4f9c-93d7-71eccfa60332
Jan 27 12:46:44.777203 dv-cinder-824031-3-iscsi devstack@c-api.service[116467]: INFO cinder.volume.api [None req-039a06b4-b238-4660-8108-268aead9425d tempest-SnapshotsActionsTest-1330251680 tempest-SnapshotsActionsTest-1330251680-project] Volume info retrieved successfully.
Jan 27 12:46:44.777347 dv-cinder-824031-3-iscsi devstack@c-api.service[116467]: INFO cinder.api.v3.snapshots [None req-039a06b4-b238-4660-8108-268aead9425d tempest-SnapshotsActionsTest-1330251680 tempest-SnapshotsActionsTest-1330251680-project] Create snapshot from volume cec76766-2ee6-4319-b0f7-bb81a3591bb4
Jan 27 12:46:44.777812 dv-cinder-824031-3-iscsi devstack@c-api.service[116468]: DEBUG cinder.api.openstack.wsgi [req-51c55826-97e0-4107-8f31-d1b122f3c3a1 req-bee37211-bbfc-45c4-8b6a-3781c57a1881 tempest-AttachVolumeNegativeTest-1661560336 tempest-AttachVolumeNegativeTest-1661560336-project] Action: 'update', calling method: version_select, body: {"attachment": {"connector": {"platform": "AMD64", "os_type": "win32", "ip": "10.222.0.13", "host": "hv-cinder-82403", "multipath": false, "initiator": "iqn.1991-05.com.microsoft:hv-cinder-82403", "mountpoint": "/dev/sdb"}}} {{(pid=116468) _process_stack /opt/stack/cinder/cinder/api/openstack/wsgi.py:866}}
Jan 27 12:46:44.811755 dv-cinder-824031-3-iscsi devstack@c-api.service[116468]: /usr/local/lib/python3.8/dist-packages/tenacity/__init__.py:333: DeprecationWarning: "retry" function must accept single "retry_state" parameter, please update tooz._retry.retry..
Jan 27 12:46:44.811755 dv-cinder-824031-3-iscsi devstack@c-api.service[116468]: return self(f, *args, **kw)
Jan 27 12:46:44.812449 dv-cinder-824031-3-iscsi devstack@c-api.service[116468]: DEBUG cinder.coordination [req-51c55826-97e0-4107-8f31-d1b122f3c3a1 req-bee37211-bbfc-45c4-8b6a-3781c57a1881 tempest-AttachVolumeNegativeTest-1661560336 tempest-AttachVolumeNegativeTest-1661560336-project] Lock "b'cinder-attachment_update-73743f61-c4b2-447f-bebd-6405a5bc2149-hv-cinder-82403'" acquired by "attachment_update" :: waited 0.023s {{(pid=116468) _synchronized /opt/stack/cinder/cinder/coordination.py:186}}
Jan 27 12:46:44.815598 dv-cinder-824031-3-iscsi devstack@c-api.service[116468]: /usr/local/lib/python3.8/dist-packages/oslo_context/context.py:105: DeprecationWarning: Policy enforcement is depending on the value of is_admin. This key is deprecated. Please update your policy file to use the standard policy values.
Jan 27 12:46:44.815598 dv-cinder-824031-3-iscsi devstack@c-api.service[116468]: warnings.warn('Policy enforcement is depending on the value of '
Jan 27 12:46:44.891919 dv-cinder-824031-3-iscsi devstack@c-api.service[116467]: DEBUG cinder.quota [None req-039a06b4-b238-4660-8108-268aead9425d tempest-SnapshotsActionsTest-1330251680 tempest-SnapshotsActionsTest-1330251680-project] Created reservations ['2739de6b-f450-48c2-a5c0-5804a5c2ec39', '7f1cf8f2-da38-4a98-9f27-989f3892b899', '4c1e3daf-ed3d-4168-9a41-a5ebf95cfdb0', '76f14d71-d1ce-401a-807e-62aaa5aa8ed7'] {{(pid=116467) reserve /opt/stack/cinder/cinder/quota.py:755}}
Jan 27 12:46:45.115165 dv-cinder-824031-3-iscsi devstack@c-api.service[116467]: INFO cinder.volume.api [None req-039a06b4-b238-4660-8108-268aead9425d tempest-SnapshotsActionsTest-1330251680 tempest-SnapshotsActionsTest-1330251680-project] Snapshot create request issued successfully.
Jan 27 12:46:45.117518 dv-cinder-824031-3-iscsi devstack@c-api.service[116467]: INFO cinder.api.openstack.wsgi [None req-039a06b4-b238-4660-8108-268aead9425d tempest-SnapshotsActionsTest-1330251680 tempest-SnapshotsActionsTest-1330251680-project] http://10.222.0.39/volume/v3/f745e1a6895e4955a74f733284c6565a/snapshots returned with HTTP 202
Jan 27 12:46:45.118616 dv-cinder-824031-3-iscsi devstack@c-api.service[116467]: [pid: 116467|app: 0|req: 189/381] 10.222.0.39 () {60 vars in 1241 bytes} [Thu Jan 27 12:46:44 2022] POST /volume/v3/f745e1a6895e4955a74f733284c6565a/snapshots => generated 306 bytes in 388 msecs (HTTP/1.1 202) 7 headers in 291 bytes (1 switches on core 0)
Jan 27 12:46:45.135182 dv-cinder-824031-3-iscsi devstack@c-api.service[116467]: INFO cinder.api.openstack.wsgi [None req-2aa31c20-0266-45f6-9753-3ba3d6fdaafa tempest-SnapshotsActionsTest-1330251680 tempest-SnapshotsActionsTest-1330251680-project] GET http://10.222.0.39/volume/v3/f745e1a6895e4955a74f733284c6565a/snapshots/6f4e98aa-7c47-4418-8c44-c4d1ce033100
Jan 27 12:46:45.135182 dv-cinder-824031-3-iscsi devstack@c-api.service[116467]: DEBUG cinder.api.openstack.wsgi [None req-2aa31c20-0266-45f6-9753-3ba3d6fdaafa tempest-SnapshotsActionsTest-1330251680 tempest-SnapshotsActionsTest-1330251680-project] Empty body provided in request {{(pid=116467) get_body /opt/stack/cinder/cinder/api/openstack/wsgi.py:715}}
Jan 27 12:46:45.138518 dv-cinder-824031-3-iscsi devstack@c-api.service[116467]: DEBUG cinder.api.openstack.wsgi [None req-2aa31c20-0266-45f6-9753-3ba3d6fdaafa tempest-SnapshotsActionsTest-1330251680 tempest-SnapshotsActionsTest-1330251680-project] Calling method 'show' {{(pid=116467) _process_stack /opt/stack/cinder/cinder/api/openstack/wsgi.py:868}}
Jan 27 12:46:45.160672 dv-cinder-824031-3-iscsi devstack@c-api.service[116467]: /usr/local/lib/python3.8/dist-packages/oslo_context/context.py:105: DeprecationWarning: Policy enforcement is depending on the value of is_admin. This key is deprecated. Please update your policy file to use the standard policy values.
Jan 27 12:46:45.160672 dv-cinder-824031-3-iscsi devstack@c-api.service[116467]: warnings.warn('Policy enforcement is depending on the value of '
Jan 27 12:46:45.161712 dv-cinder-824031-3-iscsi devstack@c-api.service[116467]: INFO cinder.volume.api [None req-2aa31c20-0266-45f6-9753-3ba3d6fdaafa tempest-SnapshotsActionsTest-1330251680 tempest-SnapshotsActionsTest-1330251680-project] Snapshot retrieved successfully.
Jan 27 12:46:45.163540 dv-cinder-824031-3-iscsi devstack@c-api.service[116467]: INFO cinder.api.openstack.wsgi [None req-2aa31c20-0266-45f6-9753-3ba3d6fdaafa tempest-SnapshotsActionsTest-1330251680 tempest-SnapshotsActionsTest-1330251680-project] http://10.222.0.39/volume/v3/f745e1a6895e4955a74f733284c6565a/snapshots/6f4e98aa-7c47-4418-8c44-c4d1ce033100 returned with HTTP 200
Jan 27 12:46:45.165390 dv-cinder-824031-3-iscsi devstack@c-api.service[116467]: [pid: 116467|app: 0|req: 190/382] 10.222.0.39 () {58 vars in 1330 bytes} [Thu Jan 27 12:46:45 2022] GET /volume/v3/f745e1a6895e4955a74f733284c6565a/snapshots/6f4e98aa-7c47-4418-8c44-c4d1ce033100 => generated 438 bytes in 41 msecs (HTTP/1.1 200) 7 headers in 285 bytes (1 switches on core 0)
Jan 27 12:46:45.214684 dv-cinder-824031-3-iscsi devstack@c-api.service[116467]: INFO cinder.api.openstack.wsgi [None req-44f8b690-f812-4d5d-a1b3-6b274a6952e1 tempest-AttachVolumeNegativeTest-1661560336 tempest-AttachVolumeNegativeTest-1661560336-project] GET http://10.222.0.39/volume/v3/2bdd17e9465442c6b527b37e80925d48/volumes/73743f61-c4b2-447f-bebd-6405a5bc2149
Jan 27 12:46:45.214832 dv-cinder-824031-3-iscsi devstack@c-api.service[116467]: DEBUG cinder.api.openstack.wsgi [None req-44f8b690-f812-4d5d-a1b3-6b274a6952e1 tempest-AttachVolumeNegativeTest-1661560336 tempest-AttachVolumeNegativeTest-1661560336-project] Empty body provided in request {{(pid=116467) get_body /opt/stack/cinder/cinder/api/openstack/wsgi.py:715}}
Jan 27 12:46:45.215244 dv-cinder-824031-3-iscsi devstack@c-api.service[116467]: DEBUG cinder.api.openstack.wsgi [None req-44f8b690-f812-4d5d-a1b3-6b274a6952e1 tempest-AttachVolumeNegativeTest-1661560336 tempest-AttachVolumeNegativeTest-1661560336-project] Calling method 'show' {{(pid=116467) _process_stack /opt/stack/cinder/cinder/api/openstack/wsgi.py:868}}
Jan 27 12:46:45.240840 dv-cinder-824031-3-iscsi devstack@c-api.service[116467]: /usr/local/lib/python3.8/dist-packages/oslo_context/context.py:105: DeprecationWarning: Policy enforcement is depending on the value of is_admin. This key is deprecated. Please update your policy file to use the standard policy values.
Jan 27 12:46:45.240840 dv-cinder-824031-3-iscsi devstack@c-api.service[116467]: warnings.warn('Policy enforcement is depending on the value of '
Jan 27 12:46:45.250916 dv-cinder-824031-3-iscsi devstack@c-api.service[116467]: INFO cinder.volume.api [None req-44f8b690-f812-4d5d-a1b3-6b274a6952e1 tempest-AttachVolumeNegativeTest-1661560336 tempest-AttachVolumeNegativeTest-1661560336-project] Volume info retrieved successfully.
Jan 27 12:46:45.261118 dv-cinder-824031-3-iscsi devstack@c-api.service[116467]: INFO cinder.api.openstack.wsgi [None req-44f8b690-f812-4d5d-a1b3-6b274a6952e1 tempest-AttachVolumeNegativeTest-1661560336 tempest-AttachVolumeNegativeTest-1661560336-project] http://10.222.0.39/volume/v3/2bdd17e9465442c6b527b37e80925d48/volumes/73743f61-c4b2-447f-bebd-6405a5bc2149 returned with HTTP 200
Jan 27 12:46:45.270406 dv-cinder-824031-3-iscsi devstack@c-api.service[116467]: [pid: 116467|app: 0|req: 191/383] 10.222.0.39 () {58 vars in 1324 bytes} [Thu Jan 27 12:46:45 2022] GET /volume/v3/2bdd17e9465442c6b527b37e80925d48/volumes/73743f61-c4b2-447f-bebd-6405a5bc2149 => generated 915 bytes in 59 msecs (HTTP/1.1 200) 7 headers in 285 bytes (2 switches on core 0)
Jan 27 12:46:45.374004 dv-cinder-824031-3-iscsi devstack@c-api.service[116467]: INFO cinder.api.openstack.wsgi [None req-10770911-21f5-4fd2-8956-1da8927f3491 tempest-DeleteServersTestJSON-1733564023 tempest-DeleteServersTestJSON-1733564023-project] GET http://10.222.0.39/volume/v3/7c91276cab5a4ab89aeb4ed27af897eb/volumes/f0c304a3-18e4-4dbe-8df3-de2204abba51
Jan 27 12:46:45.374568 dv-cinder-824031-3-iscsi devstack@c-api.service[116467]: DEBUG cinder.api.openstack.wsgi [None req-10770911-21f5-4fd2-8956-1da8927f3491 tempest-DeleteServersTestJSON-1733564023 tempest-DeleteServersTestJSON-1733564023-project] Empty body provided in request {{(pid=116467) get_body /opt/stack/cinder/cinder/api/openstack/wsgi.py:715}}
Jan 27 12:46:45.375405 dv-cinder-824031-3-iscsi devstack@c-api.service[116467]: DEBUG cinder.api.openstack.wsgi [None req-10770911-21f5-4fd2-8956-1da8927f3491 tempest-DeleteServersTestJSON-1733564023 tempest-DeleteServersTestJSON-1733564023-project] Calling method 'show' {{(pid=116467) _process_stack /opt/stack/cinder/cinder/api/openstack/wsgi.py:868}}
Jan 27 12:46:45.407517 dv-cinder-824031-3-iscsi devstack@c-api.service[116467]: /usr/local/lib/python3.8/dist-packages/oslo_context/context.py:105: DeprecationWarning: Policy enforcement is depending on the value of is_admin. This key is deprecated. Please update your policy file to use the standard policy values.
Jan 27 12:46:45.407517 dv-cinder-824031-3-iscsi devstack@c-api.service[116467]: warnings.warn('Policy enforcement is depending on the value of '
Jan 27 12:46:45.421385 dv-cinder-824031-3-iscsi devstack@c-api.service[116467]: INFO cinder.volume.api [None req-10770911-21f5-4fd2-8956-1da8927f3491 tempest-DeleteServersTestJSON-1733564023 tempest-DeleteServersTestJSON-1733564023-project] Volume info retrieved successfully.
Jan 27 12:46:45.436780 dv-cinder-824031-3-iscsi devstack@c-api.service[116467]: INFO cinder.api.openstack.wsgi [None req-10770911-21f5-4fd2-8956-1da8927f3491 tempest-DeleteServersTestJSON-1733564023 tempest-DeleteServersTestJSON-1733564023-project] http://10.222.0.39/volume/v3/7c91276cab5a4ab89aeb4ed27af897eb/volumes/f0c304a3-18e4-4dbe-8df3-de2204abba51 returned with HTTP 200
Jan 27 12:46:45.438226 dv-cinder-824031-3-iscsi devstack@c-api.service[116467]: [pid: 116467|app: 0|req: 192/384] 10.222.0.39 () {58 vars in 1324 bytes} [Thu Jan 27 12:46:45 2022] GET /volume/v3/7c91276cab5a4ab89aeb4ed27af897eb/volumes/f0c304a3-18e4-4dbe-8df3-de2204abba51 => generated 912 bytes in 69 msecs (HTTP/1.1 200) 7 headers in 285 bytes (2 switches on core 0)
Jan 27 12:46:45.723842 dv-cinder-824031-3-iscsi devstack@c-api.service[116468]: DEBUG cinder.coordination [req-51c55826-97e0-4107-8f31-d1b122f3c3a1 req-bee37211-bbfc-45c4-8b6a-3781c57a1881 tempest-AttachVolumeNegativeTest-1661560336 tempest-AttachVolumeNegativeTest-1661560336-project] Lock "b'cinder-attachment_update-73743f61-c4b2-447f-bebd-6405a5bc2149-hv-cinder-82403'" released by "attachment_update" :: held 0.912s {{(pid=116468) _synchronized /opt/stack/cinder/cinder/coordination.py:198}}
Jan 27 12:46:45.725096 dv-cinder-824031-3-iscsi devstack@c-api.service[116468]: INFO cinder.api.openstack.wsgi [req-51c55826-97e0-4107-8f31-d1b122f3c3a1 req-bee37211-bbfc-45c4-8b6a-3781c57a1881 tempest-AttachVolumeNegativeTest-1661560336 tempest-AttachVolumeNegativeTest-1661560336-project] http://10.222.0.39/volume/v3/2bdd17e9465442c6b527b37e80925d48/attachments/1e92c112-0eb2-4f9c-93d7-71eccfa60332 returned with HTTP 200
Jan 27 12:46:45.726792 dv-cinder-824031-3-iscsi devstack@c-api.service[116468]: [pid: 116468|app: 0|req: 193/385] 10.222.0.13 () {64 vars in 1477 bytes} [Thu Jan 27 12:46:44 2022] PUT /volume/v3/2bdd17e9465442c6b527b37e80925d48/attachments/1e92c112-0eb2-4f9c-93d7-71eccfa60332 => generated 747 bytes in 956 msecs (HTTP/1.1 200) 7 headers in 286 bytes (1 switches on core 0)
Jan 27 12:46:45.774323 dv-cinder-824031-3-iscsi devstack@c-api.service[116467]: INFO cinder.api.openstack.wsgi [None req-c7ea17e7-8f57-46d0-9ece-fb82ea11ec0e tempest-GroupSnapshotsTest-1576578785 tempest-GroupSnapshotsTest-1576578785-project] GET http://10.222.0.39/volume/v3/4a001deb13074c34a5549f1f9f898eca/groups/f50cf149-1779-4432-bda8-82c97c071a6c
Jan 27 12:46:45.778529 dv-cinder-824031-3-iscsi devstack@c-api.service[116467]: DEBUG cinder.api.openstack.wsgi [None req-c7ea17e7-8f57-46d0-9ece-fb82ea11ec0e tempest-GroupSnapshotsTest-1576578785 tempest-GroupSnapshotsTest-1576578785-project] Empty body provided in request {{(pid=116467) get_body /opt/stack/cinder/cinder/api/openstack/wsgi.py:715}}
Jan 27 12:46:45.778529 dv-cinder-824031-3-iscsi devstack@c-api.service[116467]: DEBUG cinder.api.openstack.wsgi [None req-c7ea17e7-8f57-46d0-9ece-fb82ea11ec0e tempest-GroupSnapshotsTest-1576578785 tempest-GroupSnapshotsTest-1576578785-project] Calling method 'version_select' {{(pid=116467) _process_stack /opt/stack/cinder/cinder/api/openstack/wsgi.py:868}}
Jan 27 12:46:45.778529 dv-cinder-824031-3-iscsi devstack@c-api.service[116467]: DEBUG cinder.api.v3.groups [None req-c7ea17e7-8f57-46d0-9ece-fb82ea11ec0e tempest-GroupSnapshotsTest-1576578785 tempest-GroupSnapshotsTest-1576578785-project] show called for member f50cf149-1779-4432-bda8-82c97c071a6c {{(pid=116467) show /opt/stack/cinder/cinder/api/v3/groups.py:58}}
Jan 27 12:46:45.784679 dv-cinder-824031-3-iscsi devstack@c-api.service[116467]: /usr/local/lib/python3.8/dist-packages/oslo_context/context.py:105: DeprecationWarning: Policy enforcement is depending on the value of is_admin. This key is deprecated. Please update your policy file to use the standard policy values.
Jan 27 12:46:45.784679 dv-cinder-824031-3-iscsi devstack@c-api.service[116467]: warnings.warn('Policy enforcement is depending on the value of '
Jan 27 12:46:45.803706 dv-cinder-824031-3-iscsi devstack@c-api.service[116467]: INFO cinder.api.openstack.wsgi [None req-c7ea17e7-8f57-46d0-9ece-fb82ea11ec0e tempest-GroupSnapshotsTest-1576578785 tempest-GroupSnapshotsTest-1576578785-project] http://10.222.0.39/volume/v3/4a001deb13074c34a5549f1f9f898eca/groups/f50cf149-1779-4432-bda8-82c97c071a6c returned with HTTP 200
Jan 27 12:46:45.807287 dv-cinder-824031-3-iscsi devstack@c-api.service[116467]: [pid: 116467|app: 0|req: 193/386] 10.222.0.39 () {60 vars in 1362 bytes} [Thu Jan 27 12:46:45 2022] GET /volume/v3/4a001deb13074c34a5549f1f9f898eca/groups/f50cf149-1779-4432-bda8-82c97c071a6c => generated 393 bytes in 36 msecs (HTTP/1.1 200) 7 headers in 286 bytes (1 switches on core 0)
Jan 27 12:46:45.814613 dv-cinder-824031-3-iscsi devstack@c-api.service[116468]: INFO cinder.api.openstack.wsgi [None req-a84032f9-b61a-4f6f-8f52-e552759b1448 tempest-GroupSnapshotsTest-1576578785 tempest-GroupSnapshotsTest-1576578785-project] POST http://10.222.0.39/volume/v3/4a001deb13074c34a5549f1f9f898eca/volumes
Jan 27 12:46:45.815398 dv-cinder-824031-3-iscsi devstack@c-api.service[116468]: DEBUG cinder.api.openstack.wsgi [None req-a84032f9-b61a-4f6f-8f52-e552759b1448 tempest-GroupSnapshotsTest-1576578785 tempest-GroupSnapshotsTest-1576578785-project] Action: 'create', calling method: create, body: {"volume": {"volume_type": "21840c86-8809-406d-93ef-13b616b7cc25", "group_id": "f50cf149-1779-4432-bda8-82c97c071a6c", "size": 1, "name": "tempest-GroupSnapshotsTest-Volume-803653702"}} {{(pid=116468) _process_stack /opt/stack/cinder/cinder/api/openstack/wsgi.py:866}}
Jan 27 12:46:45.816412 dv-cinder-824031-3-iscsi devstack@c-api.service[116468]: DEBUG cinder.api.v3.volumes [None req-a84032f9-b61a-4f6f-8f52-e552759b1448 tempest-GroupSnapshotsTest-1576578785 tempest-GroupSnapshotsTest-1576578785-project] Create volume request body: {'volume': {'volume_type': '21840c86-8809-406d-93ef-13b616b7cc25', 'group_id': 'f50cf149-1779-4432-bda8-82c97c071a6c', 'size': 1, 'name': 'tempest-GroupSnapshotsTest-Volume-803653702'}} {{(pid=116468) create /opt/stack/cinder/cinder/api/v3/volumes.py:298}}
Jan 27 12:46:45.827572 dv-cinder-824031-3-iscsi devstack@c-api.service[116468]: /usr/local/lib/python3.8/dist-packages/oslo_context/context.py:105: DeprecationWarning: Policy enforcement is depending on the value of is_admin. This key is deprecated. Please update your policy file to use the standard policy values.
Jan 27 12:46:45.827572 dv-cinder-824031-3-iscsi devstack@c-api.service[116468]: warnings.warn('Policy enforcement is depending on the value of '
Jan 27 12:46:45.828885 dv-cinder-824031-3-iscsi devstack@c-api.service[116468]: INFO cinder.api.v3.volumes [None req-a84032f9-b61a-4f6f-8f52-e552759b1448 tempest-GroupSnapshotsTest-1576578785 tempest-GroupSnapshotsTest-1576578785-project] Create volume of 1 GB
Jan 27 12:46:45.840129 dv-cinder-824031-3-iscsi devstack@c-api.service[116468]: INFO cinder.volume.api [None req-a84032f9-b61a-4f6f-8f52-e552759b1448 tempest-GroupSnapshotsTest-1576578785 tempest-GroupSnapshotsTest-1576578785-project] Availability Zones retrieved successfully.
Jan 27 12:46:45.855780 dv-cinder-824031-3-iscsi devstack@c-api.service[116468]: DEBUG cinder.volume.api [None req-a84032f9-b61a-4f6f-8f52-e552759b1448 tempest-GroupSnapshotsTest-1576578785 tempest-GroupSnapshotsTest-1576578785-project] Flow 'volume_create_api' (e2d346c5-22bf-4c6d-b7ed-7381808d9f68) transitioned into state 'RUNNING' from state 'PENDING' {{(pid=116468) _flow_receiver /usr/local/lib/python3.8/dist-packages/taskflow/listeners/logging.py:141}}
Jan 27 12:46:45.858504 dv-cinder-824031-3-iscsi devstack@c-api.service[116468]: DEBUG cinder.volume.api [None req-a84032f9-b61a-4f6f-8f52-e552759b1448 tempest-GroupSnapshotsTest-1576578785 tempest-GroupSnapshotsTest-1576578785-project] Task 'cinder.volume.flows.api.create_volume.ExtractVolumeRequestTask;volume:create' (ad603fb5-7298-4904-abbe-60034862dc76) transitioned into state 'RUNNING' from state 'PENDING' {{(pid=116468) _task_receiver /usr/local/lib/python3.8/dist-packages/taskflow/listeners/logging.py:190}}
Jan 27 12:46:45.860315 dv-cinder-824031-3-iscsi devstack@c-api.service[116468]: /usr/local/lib/python3.8/dist-packages/oslo_context/context.py:105: DeprecationWarning: Policy enforcement is depending on the value of is_admin. This key is deprecated. Please update your policy file to use the standard policy values.
Jan 27 12:46:45.860315 dv-cinder-824031-3-iscsi devstack@c-api.service[116468]: warnings.warn('Policy enforcement is depending on the value of '
Jan 27 12:46:45.861264 dv-cinder-824031-3-iscsi devstack@c-api.service[116468]: DEBUG cinder.volume.flows.api.create_volume [None req-a84032f9-b61a-4f6f-8f52-e552759b1448 tempest-GroupSnapshotsTest-1576578785 tempest-GroupSnapshotsTest-1576578785-project] Validating volume size '1' using validate_int {{(pid=116468) _extract_size /opt/stack/cinder/cinder/volume/flows/api/create_volume.py:225}}
Jan 27 12:46:45.891706 dv-cinder-824031-3-iscsi devstack@c-api.service[116468]: DEBUG cinder.volume.api [None req-a84032f9-b61a-4f6f-8f52-e552759b1448 tempest-GroupSnapshotsTest-1576578785 tempest-GroupSnapshotsTest-1576578785-project] Task 'cinder.volume.flows.api.create_volume.ExtractVolumeRequestTask;volume:create' (ad603fb5-7298-4904-abbe-60034862dc76) transitioned into state 'SUCCESS' from state 'RUNNING' with result '{'size': 1, 'snapshot_id': None, 'source_volid': None, 'volume_type': VolumeType(created_at=2022-01-27T12:46:44Z,deleted=False,deleted_at=None,description=None,extra_specs={},id=21840c86-8809-406d-93ef-13b616b7cc25,is_public=True,name='tempest-GroupSnapshotsTest-volume-type-588806787',projects=[],qos_specs=,qos_specs_id=None,updated_at=None), 'volume_type_id': '21840c86-8809-406d-93ef-13b616b7cc25', 'encryption_key_id': None, 'qos_specs': None, 'consistencygroup_id': None, 'cgsnapshot_id': None, 'group_id': 'f50cf149-1779-4432-bda8-82c97c071a6c', 'replication_status': 'disabled', 'refresh_az': False, 'backup_id': None, 'multiattach': False, 'availability_zones': ['nova']}' {{(pid=116468) _task_receiver /usr/local/lib/python3.8/dist-packages/taskflow/listeners/logging.py:178}}
Jan 27 12:46:45.891706 dv-cinder-824031-3-iscsi devstack@c-api.service[116468]: DEBUG cinder.volume.api [None req-a84032f9-b61a-4f6f-8f52-e552759b1448 tempest-GroupSnapshotsTest-1576578785 tempest-GroupSnapshotsTest-1576578785-project] Task 'cinder.volume.flows.api.create_volume.QuotaReserveTask;volume:create' (f31ab4b4-a516-4c87-9764-c8d4bc765dc1) transitioned into state 'RUNNING' from state 'PENDING' {{(pid=116468) _task_receiver /usr/local/lib/python3.8/dist-packages/taskflow/listeners/logging.py:190}}
Jan 27 12:46:45.920328 dv-cinder-824031-3-iscsi devstack@c-api.service[116468]: WARNING cinder.quota [None req-a84032f9-b61a-4f6f-8f52-e552759b1448 tempest-GroupSnapshotsTest-1576578785 tempest-GroupSnapshotsTest-1576578785-project] Deprecated: Default quota for resource: volumes_tempest-GroupSnapshotsTest-volume-type-588806787 is set by the default quota flag: quota_volumes_tempest-GroupSnapshotsTest-volume-type-588806787, it is now deprecated. Please use the default quota class for default quota.
Jan 27 12:46:45.921099 dv-cinder-824031-3-iscsi devstack@c-api.service[116468]: WARNING cinder.quota [None req-a84032f9-b61a-4f6f-8f52-e552759b1448 tempest-GroupSnapshotsTest-1576578785 tempest-GroupSnapshotsTest-1576578785-project] Deprecated: Default quota for resource: gigabytes_tempest-GroupSnapshotsTest-volume-type-588806787 is set by the default quota flag: quota_gigabytes_tempest-GroupSnapshotsTest-volume-type-588806787, it is now deprecated. Please use the default quota class for default quota.
Jan 27 12:46:46.137068 dv-cinder-824031-3-iscsi devstack@c-api.service[116468]: DEBUG cinder.quota [None req-a84032f9-b61a-4f6f-8f52-e552759b1448 tempest-GroupSnapshotsTest-1576578785 tempest-GroupSnapshotsTest-1576578785-project] Created reservations ['987406c0-cbc2-4e4d-83e2-90b5b22026aa', '9ba3ce66-60c2-4416-8c9e-cdf612661ca5', '4b0c8ec9-171f-4a87-9790-edca07c34a46', '6d8a8c22-c583-4f08-b5ef-f5d4e5d5b5a9'] {{(pid=116468) reserve /opt/stack/cinder/cinder/quota.py:755}}
Jan 27 12:46:46.138805 dv-cinder-824031-3-iscsi devstack@c-api.service[116468]: DEBUG cinder.volume.api [None req-a84032f9-b61a-4f6f-8f52-e552759b1448 tempest-GroupSnapshotsTest-1576578785 tempest-GroupSnapshotsTest-1576578785-project] Task 'cinder.volume.flows.api.create_volume.QuotaReserveTask;volume:create' (f31ab4b4-a516-4c87-9764-c8d4bc765dc1) transitioned into state 'SUCCESS' from state 'RUNNING' with result '{'reservations': ['987406c0-cbc2-4e4d-83e2-90b5b22026aa', '9ba3ce66-60c2-4416-8c9e-cdf612661ca5', '4b0c8ec9-171f-4a87-9790-edca07c34a46', '6d8a8c22-c583-4f08-b5ef-f5d4e5d5b5a9']}' {{(pid=116468) _task_receiver /usr/local/lib/python3.8/dist-packages/taskflow/listeners/logging.py:178}}
Jan 27 12:46:46.140733 dv-cinder-824031-3-iscsi devstack@c-api.service[116468]: DEBUG cinder.volume.api [None req-a84032f9-b61a-4f6f-8f52-e552759b1448 tempest-GroupSnapshotsTest-1576578785 tempest-GroupSnapshotsTest-1576578785-project] Task 'cinder.volume.flows.api.create_volume.EntryCreateTask;volume:create' (5dd943e9-5d96-4c65-a6eb-12a66023ed8e) transitioned into state 'RUNNING' from state 'PENDING' {{(pid=116468) _task_receiver /usr/local/lib/python3.8/dist-packages/taskflow/listeners/logging.py:190}}
Jan 27 12:46:46.175221 dv-cinder-824031-3-iscsi devstack@c-api.service[116467]: INFO cinder.api.openstack.wsgi [None req-fa8a15a3-c6f3-4bec-9e5f-8c940ba75fab tempest-SnapshotsActionsTest-1330251680 tempest-SnapshotsActionsTest-1330251680-project] GET http://10.222.0.39/volume/v3/f745e1a6895e4955a74f733284c6565a/snapshots/6f4e98aa-7c47-4418-8c44-c4d1ce033100
Jan 27 12:46:46.176340 dv-cinder-824031-3-iscsi devstack@c-api.service[116467]: DEBUG cinder.api.openstack.wsgi [None req-fa8a15a3-c6f3-4bec-9e5f-8c940ba75fab tempest-SnapshotsActionsTest-1330251680 tempest-SnapshotsActionsTest-1330251680-project] Empty body provided in request {{(pid=116467) get_body /opt/stack/cinder/cinder/api/openstack/wsgi.py:715}}
Jan 27 12:46:46.176797 dv-cinder-824031-3-iscsi devstack@c-api.service[116467]: DEBUG cinder.api.openstack.wsgi [None req-fa8a15a3-c6f3-4bec-9e5f-8c940ba75fab tempest-SnapshotsActionsTest-1330251680 tempest-SnapshotsActionsTest-1330251680-project] Calling method 'show' {{(pid=116467) _process_stack /opt/stack/cinder/cinder/api/openstack/wsgi.py:868}}
Jan 27 12:46:46.192387 dv-cinder-824031-3-iscsi devstack@c-api.service[116467]: /usr/local/lib/python3.8/dist-packages/oslo_context/context.py:105: DeprecationWarning: Policy enforcement is depending on the value of is_admin. This key is deprecated. Please update your policy file to use the standard policy values.
Jan 27 12:46:46.192387 dv-cinder-824031-3-iscsi devstack@c-api.service[116467]: warnings.warn('Policy enforcement is depending on the value of '
Jan 27 12:46:46.192387 dv-cinder-824031-3-iscsi devstack@c-api.service[116467]: INFO cinder.volume.api [None req-fa8a15a3-c6f3-4bec-9e5f-8c940ba75fab tempest-SnapshotsActionsTest-1330251680 tempest-SnapshotsActionsTest-1330251680-project] Snapshot retrieved successfully.
Jan 27 12:46:46.192387 dv-cinder-824031-3-iscsi devstack@c-api.service[116467]: INFO cinder.api.openstack.wsgi [None req-fa8a15a3-c6f3-4bec-9e5f-8c940ba75fab tempest-SnapshotsActionsTest-1330251680 tempest-SnapshotsActionsTest-1330251680-project] http://10.222.0.39/volume/v3/f745e1a6895e4955a74f733284c6565a/snapshots/6f4e98aa-7c47-4418-8c44-c4d1ce033100 returned with HTTP 200
Jan 27 12:46:46.192387 dv-cinder-824031-3-iscsi devstack@c-api.service[116467]: [pid: 116467|app: 0|req: 194/387] 10.222.0.39 () {58 vars in 1330 bytes} [Thu Jan 27 12:46:46 2022] GET /volume/v3/f745e1a6895e4955a74f733284c6565a/snapshots/6f4e98aa-7c47-4418-8c44-c4d1ce033100 => generated 438 bytes in 21 msecs (HTTP/1.1 200) 7 headers in 285 bytes (2 switches on core 0)
Jan 27 12:46:46.253397 dv-cinder-824031-3-iscsi devstack@c-api.service[116468]: DEBUG cinder.volume.api [None req-a84032f9-b61a-4f6f-8f52-e552759b1448 tempest-GroupSnapshotsTest-1576578785 tempest-GroupSnapshotsTest-1576578785-project] Task 'cinder.volume.flows.api.create_volume.EntryCreateTask;volume:create' (5dd943e9-5d96-4c65-a6eb-12a66023ed8e) transitioned into state 'SUCCESS' from state 'RUNNING' with result '{'volume_id': 'd6437948-2065-4bfc-9602-b5ed4b0aa9f0', 'volume_properties': VolumeProperties(attach_status='detached',availability_zone='nova',cgsnapshot_id=None,consistencygroup_id=None,display_description=None,display_name='tempest-GroupSnapshotsTest-Volume-803653702',encryption_key_id=None,group_id=f50cf149-1779-4432-bda8-82c97c071a6c,group_type_id=,metadata={},multiattach=False,project_id='4a001deb13074c34a5549f1f9f898eca',qos_specs=None,replication_status=,reservations=['987406c0-cbc2-4e4d-83e2-90b5b22026aa','9ba3ce66-60c2-4416-8c9e-cdf612661ca5','4b0c8ec9-171f-4a87-9790-edca07c34a46','6d8a8c22-c583-4f08-b5ef-f5d4e5d5b5a9'],size=1,snapshot_id=None,source_replicaid=,source_volid=None,status='creating',user_id='694bee14cf47429294bb2db388449998',volume_type_id=21840c86-8809-406d-93ef-13b616b7cc25), 'volume': Volume(_name_id=None,admin_metadata=,attach_status='detached',availability_zone='nova',bootable=False,cluster=,cluster_name=None,consistencygroup=,consistencygroup_id=None,created_at=2022-01-27T12:46:46Z,deleted=False,deleted_at=None,display_description=None,display_name='tempest-GroupSnapshotsTest-Volume-803653702',ec2_id=None,encryption_key_id=None,glance_metadata=,group=,group_id=f50cf149-1779-4432-bda8-82c97c071a6c,host=None,id=d6437948-2065-4bfc-9602-b5ed4b0aa9f0,launched_at=None,metadata={},migration_status=None,multiattach=False,previous_status=None,project_id='4a001deb13074c34a5549f1f9f898eca',provider_auth=None,provider_geometry=None,provider_id=None,provider_location=None,replication_driver_data=None,replication_extended_status=None,replication_status=None,scheduled_at=None,service_uuid=None,shared_targets=True,size=1,snapshot_id=None,snapshots=,source_volid=None,status='creating',terminated_at=None,updated_at=None,use_quota=True,user_id='694bee14cf47429294bb2db388449998',volume_attachment=VolumeAttachmentList,volume_type=VolumeType(21840c86-8809-406d-93ef-13b616b7cc25),volume_type_id=21840c86-8809-406d-93ef-13b616b7cc25)}' {{(pid=116468) _task_receiver /usr/local/lib/python3.8/dist-packages/taskflow/listeners/logging.py:178}}
Jan 27 12:46:46.255390 dv-cinder-824031-3-iscsi devstack@c-api.service[116468]: DEBUG cinder.volume.api [None req-a84032f9-b61a-4f6f-8f52-e552759b1448 tempest-GroupSnapshotsTest-1576578785 tempest-GroupSnapshotsTest-1576578785-project] Task 'cinder.volume.flows.api.create_volume.QuotaCommitTask;volume:create' (072c383e-4857-474c-aa1e-32b8c4e44383) transitioned into state 'RUNNING' from state 'PENDING' {{(pid=116468) _task_receiver /usr/local/lib/python3.8/dist-packages/taskflow/listeners/logging.py:190}}
Jan 27 12:46:46.282103 dv-cinder-824031-3-iscsi devstack@c-api.service[116467]: INFO cinder.api.openstack.wsgi [None req-ffd0c39f-2165-4507-a101-af9e8eccc3df tempest-AttachVolumeNegativeTest-1661560336 tempest-AttachVolumeNegativeTest-1661560336-project] GET http://10.222.0.39/volume/v3/2bdd17e9465442c6b527b37e80925d48/volumes/73743f61-c4b2-447f-bebd-6405a5bc2149
Jan 27 12:46:46.282638 dv-cinder-824031-3-iscsi devstack@c-api.service[116467]: DEBUG cinder.api.openstack.wsgi [None req-ffd0c39f-2165-4507-a101-af9e8eccc3df tempest-AttachVolumeNegativeTest-1661560336 tempest-AttachVolumeNegativeTest-1661560336-project] Empty body provided in request {{(pid=116467) get_body /opt/stack/cinder/cinder/api/openstack/wsgi.py:715}}
Jan 27 12:46:46.283191 dv-cinder-824031-3-iscsi devstack@c-api.service[116467]: DEBUG cinder.api.openstack.wsgi [None req-ffd0c39f-2165-4507-a101-af9e8eccc3df tempest-AttachVolumeNegativeTest-1661560336 tempest-AttachVolumeNegativeTest-1661560336-project] Calling method 'show' {{(pid=116467) _process_stack /opt/stack/cinder/cinder/api/openstack/wsgi.py:868}}
Jan 27 12:46:46.300826 dv-cinder-824031-3-iscsi devstack@c-api.service[116467]: /usr/local/lib/python3.8/dist-packages/oslo_context/context.py:105: DeprecationWarning: Policy enforcement is depending on the value of is_admin. This key is deprecated. Please update your policy file to use the standard policy values.
Jan 27 12:46:46.300826 dv-cinder-824031-3-iscsi devstack@c-api.service[116467]: warnings.warn('Policy enforcement is depending on the value of '
Jan 27 12:46:46.308192 dv-cinder-824031-3-iscsi devstack@c-api.service[116467]: INFO cinder.volume.api [None req-ffd0c39f-2165-4507-a101-af9e8eccc3df tempest-AttachVolumeNegativeTest-1661560336 tempest-AttachVolumeNegativeTest-1661560336-project] Volume info retrieved successfully.
Jan 27 12:46:46.316658 dv-cinder-824031-3-iscsi devstack@c-api.service[116467]: INFO cinder.api.openstack.wsgi [None req-ffd0c39f-2165-4507-a101-af9e8eccc3df tempest-AttachVolumeNegativeTest-1661560336 tempest-AttachVolumeNegativeTest-1661560336-project] http://10.222.0.39/volume/v3/2bdd17e9465442c6b527b37e80925d48/volumes/73743f61-c4b2-447f-bebd-6405a5bc2149 returned with HTTP 200
Jan 27 12:46:46.317449 dv-cinder-824031-3-iscsi devstack@c-api.service[116467]: [pid: 116467|app: 0|req: 195/388] 10.222.0.39 () {58 vars in 1324 bytes} [Thu Jan 27 12:46:46 2022] GET /volume/v3/2bdd17e9465442c6b527b37e80925d48/volumes/73743f61-c4b2-447f-bebd-6405a5bc2149 => generated 916 bytes in 39 msecs (HTTP/1.1 200) 7 headers in 285 bytes (1 switches on core 0)
Jan 27 12:46:46.331876 dv-cinder-824031-3-iscsi devstack@c-api.service[116468]: DEBUG cinder.volume.api [None req-a84032f9-b61a-4f6f-8f52-e552759b1448 tempest-GroupSnapshotsTest-1576578785 tempest-GroupSnapshotsTest-1576578785-project] Task 'cinder.volume.flows.api.create_volume.QuotaCommitTask;volume:create' (072c383e-4857-474c-aa1e-32b8c4e44383) transitioned into state 'SUCCESS' from state 'RUNNING' with result '{'volume_properties': VolumeProperties(attach_status='detached',availability_zone='nova',cgsnapshot_id=None,consistencygroup_id=None,display_description=None,display_name='tempest-GroupSnapshotsTest-Volume-803653702',encryption_key_id=None,group_id=f50cf149-1779-4432-bda8-82c97c071a6c,group_type_id=,metadata={},multiattach=False,project_id='4a001deb13074c34a5549f1f9f898eca',qos_specs=None,replication_status=,reservations=['987406c0-cbc2-4e4d-83e2-90b5b22026aa','9ba3ce66-60c2-4416-8c9e-cdf612661ca5','4b0c8ec9-171f-4a87-9790-edca07c34a46','6d8a8c22-c583-4f08-b5ef-f5d4e5d5b5a9'],size=1,snapshot_id=None,source_replicaid=,source_volid=None,status='creating',user_id='694bee14cf47429294bb2db388449998',volume_type_id=21840c86-8809-406d-93ef-13b616b7cc25)}' {{(pid=116468) _task_receiver /usr/local/lib/python3.8/dist-packages/taskflow/listeners/logging.py:178}}
Jan 27 12:46:46.333689 dv-cinder-824031-3-iscsi devstack@c-api.service[116468]: DEBUG cinder.volume.api [None req-a84032f9-b61a-4f6f-8f52-e552759b1448 tempest-GroupSnapshotsTest-1576578785 tempest-GroupSnapshotsTest-1576578785-project] Task 'cinder.volume.flows.api.create_volume.VolumeCastTask;volume:create' (114686b2-736c-4793-ad49-c863b997540b) transitioned into state 'RUNNING' from state 'PENDING' {{(pid=116468) _task_receiver /usr/local/lib/python3.8/dist-packages/taskflow/listeners/logging.py:190}}
Jan 27 12:46:46.413633 dv-cinder-824031-3-iscsi devstack@c-api.service[116468]: DEBUG cinder.volume.api [None req-a84032f9-b61a-4f6f-8f52-e552759b1448 tempest-GroupSnapshotsTest-1576578785 tempest-GroupSnapshotsTest-1576578785-project] Task 'cinder.volume.flows.api.create_volume.VolumeCastTask;volume:create' (114686b2-736c-4793-ad49-c863b997540b) transitioned into state 'SUCCESS' from state 'RUNNING' with result 'None' {{(pid=116468) _task_receiver /usr/local/lib/python3.8/dist-packages/taskflow/listeners/logging.py:178}}
Jan 27 12:46:46.416023 dv-cinder-824031-3-iscsi devstack@c-api.service[116468]: DEBUG cinder.volume.api [None req-a84032f9-b61a-4f6f-8f52-e552759b1448 tempest-GroupSnapshotsTest-1576578785 tempest-GroupSnapshotsTest-1576578785-project] Flow 'volume_create_api' (e2d346c5-22bf-4c6d-b7ed-7381808d9f68) transitioned into state 'SUCCESS' from state 'RUNNING' {{(pid=116468) _flow_receiver /usr/local/lib/python3.8/dist-packages/taskflow/listeners/logging.py:141}}
Jan 27 12:46:46.416687 dv-cinder-824031-3-iscsi devstack@c-api.service[116468]: INFO cinder.volume.api [None req-a84032f9-b61a-4f6f-8f52-e552759b1448 tempest-GroupSnapshotsTest-1576578785 tempest-GroupSnapshotsTest-1576578785-project] Create volume request issued successfully.
Jan 27 12:46:46.417996 dv-cinder-824031-3-iscsi devstack@c-api.service[116468]: WARNING stevedore.named [None req-a84032f9-b61a-4f6f-8f52-e552759b1448 tempest-GroupSnapshotsTest-1576578785 tempest-GroupSnapshotsTest-1576578785-project] Could not load cinder.keymgr.conf_key_mgr.ConfKeyManager
Jan 27 12:46:46.418367 dv-cinder-824031-3-iscsi devstack@c-api.service[116468]: WARNING castellan.key_manager [None req-a84032f9-b61a-4f6f-8f52-e552759b1448 tempest-GroupSnapshotsTest-1576578785 tempest-GroupSnapshotsTest-1576578785-project] Deprecation Warning : cinder.keymgr.conf_key_mgr.ConfKeyManager is not a stevedore based driver, trying to load it as a class: stevedore.exception.NoMatches: No 'castellan.drivers' driver found, looking for 'cinder.keymgr.conf_key_mgr.ConfKeyManager'
Jan 27 12:46:46.431262 dv-cinder-824031-3-iscsi devstack@c-api.service[116468]: DEBUG oslo_db.sqlalchemy.engines [None req-a84032f9-b61a-4f6f-8f52-e552759b1448 tempest-GroupSnapshotsTest-1576578785 tempest-GroupSnapshotsTest-1576578785-project] MySQL server mode set to STRICT_TRANS_TABLES,STRICT_ALL_TABLES,NO_ZERO_IN_DATE,NO_ZERO_DATE,ERROR_FOR_DIVISION_BY_ZERO,TRADITIONAL,NO_ENGINE_SUBSTITUTION {{(pid=116468) _check_effective_sql_mode /usr/local/lib/python3.8/dist-packages/oslo_db/sqlalchemy/engines.py:314}}
Jan 27 12:46:46.437343 dv-cinder-824031-3-iscsi devstack@c-api.service[116468]: /usr/local/lib/python3.8/dist-packages/oslo_context/context.py:105: DeprecationWarning: Policy enforcement is depending on the value of is_admin. This key is deprecated. Please update your policy file to use the standard policy values.
Jan 27 12:46:46.437343 dv-cinder-824031-3-iscsi devstack@c-api.service[116468]: warnings.warn('Policy enforcement is depending on the value of '
