Dec 29 20:54:01.654562 dv-cinder-823170-1-smb neutron-server[82855]: INFO neutron.db.segments_db [None req-d4f24179-fabf-408b-813e-6904ff10f561 admin admin] Added segment 20106fc9-20c5-43cc-97b4-4ca12da46cba of type vlan for network 19326cd0-6849-4a65-aad2-98d2791e3c0e
Dec 29 20:54:01.680265 dv-cinder-823170-1-smb neutron-server[82855]: DEBUG neutron_lib.callbacks.manager [None req-d4f24179-fabf-408b-813e-6904ff10f561 admin admin] Notify callbacks ['neutron.services.auto_allocate.db._ensure_external_network_default_value_callback-8744269903315'] for network, precommit_create {{(pid=82855) _notify_loop /usr/local/lib/python3.8/dist-packages/neutron_lib/callbacks/manager.py:192}}
Dec 29 20:54:01.726981 dv-cinder-823170-1-smb neutron-server[82855]: DEBUG neutron_lib.callbacks.manager [None req-d4f24179-fabf-408b-813e-6904ff10f561 admin admin] Notify callbacks ['neutron.plugins.ml2.ovo_rpc._ObjectChangeHandler.handle_event-340859', 'neutron.api.rpc.agentnotifiers.dhcp_rpc_agent_api.DhcpAgentNotifyAPI._native_event_send_dhcp_notification-2776231'] for network, after_create {{(pid=82855) _notify_loop /usr/local/lib/python3.8/dist-packages/neutron_lib/callbacks/manager.py:192}}
Dec 29 20:54:01.728024 dv-cinder-823170-1-smb neutron-server[82855]: DEBUG neutron.pecan_wsgi.hooks.policy_enforcement [None req-d4f24179-fabf-408b-813e-6904ff10f561 admin admin] Attributes excluded by policy engine: ['vlan_transparent'] {{(pid=82855) _exclude_attributes_by_policy /opt/stack/neutron/neutron/pecan_wsgi/hooks/policy_enforcement.py:255}}
Dec 29 20:54:01.729074 dv-cinder-823170-1-smb neutron-server[82855]: DEBUG neutron_lib.callbacks.manager [None req-d4f24179-fabf-408b-813e-6904ff10f561 admin admin] Notify callbacks ['neutron.api.rpc.agentnotifiers.dhcp_rpc_agent_api.DhcpAgentNotifyAPI._send_dhcp_notification-2776187'] for network, before_response {{(pid=82855) _notify_loop /usr/local/lib/python3.8/dist-packages/neutron_lib/callbacks/manager.py:192}}
Dec 29 20:54:01.846907 dv-cinder-823170-1-smb neutron-server[82855]: INFO neutron.wsgi [None req-d4f24179-fabf-408b-813e-6904ff10f561 admin admin] 10.222.0.16 "POST /v2.0/networks HTTP/1.1" status: 201 len: 881 time: 0.5374601
Dec 29 20:54:01.848259 dv-cinder-823170-1-smb neutron-server[82855]: DEBUG neutron.api.rpc.handlers.resources_rpc [None req-d4f24179-fabf-408b-813e-6904ff10f561 admin admin] Pushing event updated for resources: {'Network': ['ID=19326cd0-6849-4a65-aad2-98d2791e3c0e,revision_number=1']} {{(pid=82855) push /opt/stack/neutron/neutron/api/rpc/handlers/resources_rpc.py:237}}
Dec 29 20:54:01.849821 dv-cinder-823170-1-smb neutron-server[82854]: DEBUG neutron.wsgi [-] (82854) accepted ('10.222.0.16', 60944) {{(pid=82854) server /usr/local/lib/python3.8/dist-packages/eventlet/wsgi.py:992}}
Dec 29 20:54:01.870502 dv-cinder-823170-1-smb neutron-server[82856]: DEBUG neutron_lib.callbacks.manager [None req-15d5e2ba-7694-43f0-a9e1-d0058f514766 None None] Notify callbacks ['neutron.services.segments.db._update_segment_host_mapping_for_agent-8744270378460', 'neutron.plugins.ml2.plugin.Ml2Plugin._retry_binding_revived_agents-615289'] for agent, after_update {{(pid=82856) _notify_loop /usr/local/lib/python3.8/dist-packages/neutron_lib/callbacks/manager.py:192}}
Dec 29 20:54:01.876341 dv-cinder-823170-1-smb neutron-server[82856]: DEBUG neutron.plugins.ml2.rpc [None req-de8225e2-2d15-45da-857f-c71f63a3f1a0 None None] Network 19326cd0-6849-4a65-aad2-98d2791e3c0e details requested by agent ovs-agent-dv-cinder-823170-1-smb with host dv-cinder-823170-1-smb {{(pid=82856) get_network_details /opt/stack/neutron/neutron/plugins/ml2/rpc.py:232}}
Dec 29 20:54:01.878741 dv-cinder-823170-1-smb neutron-server[82854]: DEBUG neutron.api.v2.base [None req-e74c3b53-a117-4e89-b24d-b385657eb0c3 admin admin] Request body: {'subnet': {'network_id': '19326cd0-6849-4a65-aad2-98d2791e3c0e', 'cidr': '172.20.0.0/28', 'name': 'tempest-VolumesActionsTest-2078399028-subnet', 'tenant_id': 'e249cbd2b48d4c1689cb6a5ff0eb5a3e', 'enable_dhcp': False, 'ip_version': 4}} {{(pid=82854) prepare_request_body /opt/stack/neutron/neutron/api/v2/base.py:719}}
Dec 29 20:54:01.889827 dv-cinder-823170-1-smb neutron-server[82854]: DEBUG neutron.db.quota.driver [None req-e74c3b53-a117-4e89-b24d-b385657eb0c3 admin admin] Resources subnetpool have unlimited quota limit. It is not required to calculate headroom {{(pid=82854) make_reservation /opt/stack/neutron/neutron/db/quota/driver.py:219}}
Dec 29 20:54:01.900114 dv-cinder-823170-1-smb neutron-server[82854]: DEBUG neutron.quota.resource [None req-e74c3b53-a117-4e89-b24d-b385657eb0c3 admin admin] Usage tracker for resource:subnet and tenant:e249cbd2b48d4c1689cb6a5ff0eb5a3e is out of sync, need to count used quota {{(pid=82854) count_used /opt/stack/neutron/neutron/quota/resource.py:270}}
Dec 29 20:54:01.907444 dv-cinder-823170-1-smb neutron-server[82854]: DEBUG neutron.quota.resource [None req-e74c3b53-a117-4e89-b24d-b385657eb0c3 admin admin] Quota usage for subnet was recalculated. Used quota:0. {{(pid=82854) count_used /opt/stack/neutron/neutron/quota/resource.py:290}}
Dec 29 20:54:01.924047 dv-cinder-823170-1-smb neutron-server[82854]: DEBUG neutron.db.quota.driver [None req-e74c3b53-a117-4e89-b24d-b385657eb0c3 admin admin] Attempting to reserve 1 items for resource subnet. Total usage: 0; quota limit: 100; headroom:100 {{(pid=82854) make_reservation /opt/stack/neutron/neutron/db/quota/driver.py:246}}
Dec 29 20:54:01.945238 dv-cinder-823170-1-smb neutron-server[82854]: DEBUG neutron.pecan_wsgi.hooks.quota_enforcement [None req-e74c3b53-a117-4e89-b24d-b385657eb0c3 admin admin] Made reservation on behalf of e249cbd2b48d4c1689cb6a5ff0eb5a3e for: {'subnet': 1} {{(pid=82854) before /opt/stack/neutron/neutron/pecan_wsgi/hooks/quota_enforcement.py:53}}
Dec 29 20:54:01.948023 dv-cinder-823170-1-smb neutron-server[82854]: DEBUG neutron_lib.callbacks.manager [None req-e74c3b53-a117-4e89-b24d-b385657eb0c3 admin admin] Notify callbacks ['neutron.services.segments.plugin.SegmentHostRoutes.host_routes_before_create-2521633'] for subnet, before_create {{(pid=82854) _notify_loop /usr/local/lib/python3.8/dist-packages/neutron_lib/callbacks/manager.py:192}}
Dec 29 20:54:02.077374 dv-cinder-823170-1-smb neutron-server[82855]: DEBUG neutron.wsgi [-] (82855) accepted ('10.222.0.16', 60954) {{(pid=82855) server /usr/local/lib/python3.8/dist-packages/eventlet/wsgi.py:992}}
Dec 29 20:54:02.157603 dv-cinder-823170-1-smb neutron-server[82854]: DEBUG neutron.pecan_wsgi.hooks.policy_enforcement [req-2630e753-acdc-443c-b6fd-c3ca7e71f7b4 req-6e5f9d3a-1849-40e4-8391-e7518e5bd783 tempest-ServerRescueNegativeTestJSON-1132733948 tempest-ServerRescueNegativeTestJSON-1132733948-project] Attributes excluded by policy engine: ['binding:profile', 'binding:host_id', 'binding:vif_type', 'binding:vif_details'] {{(pid=82854) _exclude_attributes_by_policy /opt/stack/neutron/neutron/pecan_wsgi/hooks/policy_enforcement.py:255}}
Dec 29 20:54:02.159189 dv-cinder-823170-1-smb neutron-server[82854]: INFO neutron.wsgi [req-2630e753-acdc-443c-b6fd-c3ca7e71f7b4 req-6e5f9d3a-1849-40e4-8391-e7518e5bd783 tempest-ServerRescueNegativeTestJSON-1132733948 tempest-ServerRescueNegativeTestJSON-1132733948-project] 10.222.0.16 "GET /v2.0/ports?device_id=7f1f7ba1-b35a-4689-b111-fb8fa3561e7b HTTP/1.1" status: 200 len: 945 time: 0.1243751
Dec 29 20:54:02.230252 dv-cinder-823170-1-smb neutron-server[82855]: DEBUG neutron_lib.callbacks.manager [None req-980a3496-b5da-434c-9bf6-a22f850bfdbe admin admin] Notify callbacks [] for security_group, before_create {{(pid=82855) _notify_loop /usr/local/lib/python3.8/dist-packages/neutron_lib/callbacks/manager.py:192}}
Dec 29 20:54:02.255662 dv-cinder-823170-1-smb neutron-server[82854]: INFO neutron.wsgi [req-2630e753-acdc-443c-b6fd-c3ca7e71f7b4 req-11fe6ba8-c260-486e-ba5e-8ecae0e54811 tempest-ServerRescueNegativeTestJSON-1132733948 tempest-ServerRescueNegativeTestJSON-1132733948-project] 10.222.0.16 "GET /v2.0/security-groups?id=3b37bc97-3817-4957-bd72-db28d4ed891f&fields=id&fields=name HTTP/1.1" status: 200 len: 286 time: 0.0607812
Dec 29 20:54:02.266151 dv-cinder-823170-1-smb neutron-server[82855]: DEBUG neutron.db.quota.driver [None req-980a3496-b5da-434c-9bf6-a22f850bfdbe admin admin] Resources subnetpool have unlimited quota limit. It is not required to calculate headroom {{(pid=82855) make_reservation /opt/stack/neutron/neutron/db/quota/driver.py:219}}
Dec 29 20:54:02.270001 dv-cinder-823170-1-smb neutron-server[82855]: DEBUG neutron.quota.resource [None req-980a3496-b5da-434c-9bf6-a22f850bfdbe admin admin] Usage tracker for resource:security_group_rule and tenant:b21ec44d123e44cda84657a54c0f807e is out of sync, need to count used quota {{(pid=82855) count_used /opt/stack/neutron/neutron/quota/resource.py:270}}
Dec 29 20:54:02.272830 dv-cinder-823170-1-smb neutron-server[82855]: DEBUG neutron.quota.resource [None req-980a3496-b5da-434c-9bf6-a22f850bfdbe admin admin] Quota usage for security_group_rule was recalculated. Used quota:0. {{(pid=82855) count_used /opt/stack/neutron/neutron/quota/resource.py:290}}
Dec 29 20:54:02.278834 dv-cinder-823170-1-smb neutron-server[82855]: DEBUG neutron.db.quota.driver [None req-980a3496-b5da-434c-9bf6-a22f850bfdbe admin admin] Attempting to reserve 4 items for resource security_group_rule. Total usage: 0; quota limit: 100; headroom:100 {{(pid=82855) make_reservation /opt/stack/neutron/neutron/db/quota/driver.py:246}}
Dec 29 20:54:02.298111 dv-cinder-823170-1-smb neutron-server[82854]: DEBUG neutron_lib.callbacks.manager [None req-e74c3b53-a117-4e89-b24d-b385657eb0c3 admin admin] Notify callbacks ['neutron.plugins.ml2.ovo_rpc._ObjectChangeHandler.handle_event-343715', 'neutron.api.rpc.agentnotifiers.dhcp_rpc_agent_api.DhcpAgentNotifyAPI._native_event_send_dhcp_notification-2776231', 'neutron.services.segments.plugin.NovaSegmentNotifier._notify_subnet_created-3031126', 'neutron.services.segments.plugin.SegmentHostRoutes.host_routes_after_create-2521563'] for subnet, after_create {{(pid=82854) _notify_loop /usr/local/lib/python3.8/dist-packages/neutron_lib/callbacks/manager.py:192}}
Dec 29 20:54:02.350568 dv-cinder-823170-1-smb neutron-server[82855]: DEBUG neutron_lib.callbacks.manager [None req-980a3496-b5da-434c-9bf6-a22f850bfdbe admin admin] Notify callbacks [] for security_group, precommit_create {{(pid=82855) _notify_loop /usr/local/lib/python3.8/dist-packages/neutron_lib/callbacks/manager.py:192}}
Dec 29 20:54:02.356116 dv-cinder-823170-1-smb neutron-server[82855]: DEBUG neutron_lib.callbacks.manager [None req-980a3496-b5da-434c-9bf6-a22f850bfdbe admin admin] Notify callbacks ['neutron.plugins.ml2.ovo_rpc._ObjectChangeHandler.handle_event-340759'] for security_group, after_create {{(pid=82855) _notify_loop /usr/local/lib/python3.8/dist-packages/neutron_lib/callbacks/manager.py:192}}
Dec 29 20:54:02.384142 dv-cinder-823170-1-smb neutron-server[82854]: DEBUG neutron.api.rpc.handlers.resources_rpc [None req-e74c3b53-a117-4e89-b24d-b385657eb0c3 admin admin] Pushing event updated for resources: {'Subnet': ['ID=47e810ce-774d-4114-9196-1b34fd127ff7,revision_number=0']} {{(pid=82854) push /opt/stack/neutron/neutron/api/rpc/handlers/resources_rpc.py:237}}
Dec 29 20:54:02.386527 dv-cinder-823170-1-smb neutron-server[82854]: DEBUG neutron.plugins.ml2.drivers.mech_agent [None req-e74c3b53-a117-4e89-b24d-b385657eb0c3 admin admin] Checking segment: {'id': '20106fc9-20c5-43cc-97b4-4ca12da46cba', 'network_type': 'vlan', 'physical_network': 'physnet1', 'segmentation_id': 64, 'network_id': '19326cd0-6849-4a65-aad2-98d2791e3c0e'} for mappings: {'physnet1': 'br-data'} with network types: ['local', 'flat', 'vlan'] {{(pid=82854) check_segment_for_agent /opt/stack/neutron/neutron/plugins/ml2/drivers/mech_agent.py:340}}
Dec 29 20:54:02.386882 dv-cinder-823170-1-smb neutron-server[82854]: DEBUG neutron.scheduler.dhcp_agent_scheduler [None req-e74c3b53-a117-4e89-b24d-b385657eb0c3 admin admin] Network hostable DHCP agents. Network: 19326cd0-6849-4a65-aad2-98d2791e3c0e, hostable agents: ['dfedf82f-f175-4856-af05-a09de1c98e50'], hosted agents: [] {{(pid=82854) _get_network_hostable_dhcp_agents /opt/stack/neutron/neutron/scheduler/dhcp_agent_scheduler.py:329}}
Dec 29 20:54:02.413139 dv-cinder-823170-1-smb neutron-server[82854]: DEBUG neutron.scheduler.dhcp_agent_scheduler [None req-e74c3b53-a117-4e89-b24d-b385657eb0c3 admin admin] Network 19326cd0-6849-4a65-aad2-98d2791e3c0e is scheduled to be hosted by DHCP agent dfedf82f-f175-4856-af05-a09de1c98e50 with binding_index 1 {{(pid=82854) bind /opt/stack/neutron/neutron/scheduler/dhcp_agent_scheduler.py:227}}
Dec 29 20:54:02.416577 dv-cinder-823170-1-smb neutron-server[82855]: INFO neutron.wsgi [None req-980a3496-b5da-434c-9bf6-a22f850bfdbe admin admin] 10.222.0.16 "GET /v2.0/security-groups?tenant_id=b21ec44d123e44cda84657a54c0f807e&name=default HTTP/1.1" status: 200 len: 2647 time: 0.3380859
Dec 29 20:54:02.419701 dv-cinder-823170-1-smb neutron-server[82855]: DEBUG neutron.wsgi [-] (82855) accepted ('10.222.0.16', 60962) {{(pid=82855) server /usr/local/lib/python3.8/dist-packages/eventlet/wsgi.py:992}}
Dec 29 20:54:02.425078 dv-cinder-823170-1-smb neutron-server[82854]: DEBUG neutron.scheduler.base_scheduler [None req-e74c3b53-a117-4e89-b24d-b385657eb0c3 admin admin] Resources bound (agent type, host, resource id): (DHCP agent, dv-cinder-823170-1-smb, 19326cd0-6849-4a65-aad2-98d2791e3c0e) {{(pid=82854) schedule /opt/stack/neutron/neutron/scheduler/base_scheduler.py:57}}
Dec 29 20:54:02.429536 dv-cinder-823170-1-smb neutron-server[82854]: DEBUG neutron.pecan_wsgi.hooks.policy_enforcement [None req-e74c3b53-a117-4e89-b24d-b385657eb0c3 admin admin] Attributes excluded by policy engine: ['shared', 'segment_id', 'network'] {{(pid=82854) _exclude_attributes_by_policy /opt/stack/neutron/neutron/pecan_wsgi/hooks/policy_enforcement.py:255}}
Dec 29 20:54:02.430331 dv-cinder-823170-1-smb neutron-server[82854]: DEBUG neutron_lib.callbacks.manager [None req-e74c3b53-a117-4e89-b24d-b385657eb0c3 admin admin] Notify callbacks [] for subnet, before_response {{(pid=82854) _notify_loop /usr/local/lib/python3.8/dist-packages/neutron_lib/callbacks/manager.py:192}}
Dec 29 20:54:02.432743 dv-cinder-823170-1-smb neutron-server[82855]: DEBUG neutron.api.rpc.handlers.resources_rpc [None req-980a3496-b5da-434c-9bf6-a22f850bfdbe admin admin] Pushing event updated for resources: {'SecurityGroup': ['ID=a7b15248-9e91-4520-8ccb-9ed2c2bc560a,revision_number=1']} {{(pid=82855) push /opt/stack/neutron/neutron/api/rpc/handlers/resources_rpc.py:237}}
Dec 29 20:54:02.436408 dv-cinder-823170-1-smb neutron-server[82856]: DEBUG neutron.api.rpc.handlers.dhcp_rpc [None req-ca54905a-4686-4fde-8c10-f374ba2bcec7 None None] Network 19326cd0-6849-4a65-aad2-98d2791e3c0e requested from dv-cinder-823170-1-smb {{(pid=82856) get_network_info /opt/stack/neutron/neutron/api/rpc/handlers/dhcp_rpc.py:198}}
Dec 29 20:54:02.461354 dv-cinder-823170-1-smb neutron-server[82854]: INFO neutron.wsgi [None req-e74c3b53-a117-4e89-b24d-b385657eb0c3 admin admin] 10.222.0.16 "POST /v2.0/subnets HTTP/1.1" status: 201 len: 846 time: 0.6086898
Dec 29 20:54:02.525919 dv-cinder-823170-1-smb neutron-server[82855]: DEBUG neutron_lib.callbacks.manager [None req-ac53c1ae-f947-4e3b-873c-accaa4b49527 admin admin] Notify callbacks [] for security_group, before_delete {{(pid=82855) _notify_loop /usr/local/lib/python3.8/dist-packages/neutron_lib/callbacks/manager.py:192}}
Dec 29 20:54:02.558805 dv-cinder-823170-1-smb neutron-server[82855]: DEBUG neutron_lib.callbacks.manager [None req-ac53c1ae-f947-4e3b-873c-accaa4b49527 admin admin] Notify callbacks [] for security_group, precommit_delete {{(pid=82855) _notify_loop /usr/local/lib/python3.8/dist-packages/neutron_lib/callbacks/manager.py:192}}
Dec 29 20:54:02.641719 dv-cinder-823170-1-smb neutron-server[82855]: DEBUG neutron_lib.callbacks.manager [None req-ac53c1ae-f947-4e3b-873c-accaa4b49527 admin admin] Notify callbacks ['neutron.plugins.ml2.ovo_rpc._ObjectChangeHandler.handle_event-340759'] for security_group, after_delete {{(pid=82855) _notify_loop /usr/local/lib/python3.8/dist-packages/neutron_lib/callbacks/manager.py:192}}
Dec 29 20:54:02.658685 dv-cinder-823170-1-smb neutron-server[82855]: DEBUG neutron.api.rpc.handlers.resources_rpc [None req-ac53c1ae-f947-4e3b-873c-accaa4b49527 admin admin] Pushing event deleted for resources: {'SecurityGroup': ['ID=a7b15248-9e91-4520-8ccb-9ed2c2bc560a,revision_number=None']} {{(pid=82855) push /opt/stack/neutron/neutron/api/rpc/handlers/resources_rpc.py:237}}
Dec 29 20:54:02.672835 dv-cinder-823170-1-smb neutron-server[82855]: DEBUG neutron_lib.callbacks.manager [None req-ac53c1ae-f947-4e3b-873c-accaa4b49527 admin admin] Notify callbacks [] for security_group, before_response {{(pid=82855) _notify_loop /usr/local/lib/python3.8/dist-packages/neutron_lib/callbacks/manager.py:192}}
Dec 29 20:54:02.680237 dv-cinder-823170-1-smb neutron-server[82856]: DEBUG neutron.api.rpc.handlers.dhcp_rpc [None req-c2775681-e032-411f-93b6-9fafcc476bc4 None None] Network 19326cd0-6849-4a65-aad2-98d2791e3c0e requested from dv-cinder-823170-1-smb {{(pid=82856) get_network_info /opt/stack/neutron/neutron/api/rpc/handlers/dhcp_rpc.py:198}}
Dec 29 20:54:02.680431 dv-cinder-823170-1-smb neutron-server[82855]: INFO neutron.wsgi [None req-ac53c1ae-f947-4e3b-873c-accaa4b49527 admin admin] 10.222.0.16 "DELETE /v2.0/security-groups/a7b15248-9e91-4520-8ccb-9ed2c2bc560a HTTP/1.1" status: 204 len: 168 time: 0.2597046
Dec 29 20:54:03.524854 dv-cinder-823170-1-smb neutron-server[82855]: DEBUG neutron.pecan_wsgi.hooks.policy_enforcement [req-736c20f0-f510-412d-a9b9-2ea69abc7e7a req-3718d530-7db1-4556-9b77-80667c6f54a0 tempest-ServerRescueNegativeTestJSON-1132733948 tempest-ServerRescueNegativeTestJSON-1132733948-project] Attributes excluded by policy engine: ['binding:profile', 'binding:host_id', 'binding:vif_type', 'binding:vif_details'] {{(pid=82855) _exclude_attributes_by_policy /opt/stack/neutron/neutron/pecan_wsgi/hooks/policy_enforcement.py:255}}
Dec 29 20:54:03.526465 dv-cinder-823170-1-smb neutron-server[82855]: INFO neutron.wsgi [req-736c20f0-f510-412d-a9b9-2ea69abc7e7a req-3718d530-7db1-4556-9b77-80667c6f54a0 tempest-ServerRescueNegativeTestJSON-1132733948 tempest-ServerRescueNegativeTestJSON-1132733948-project] 10.222.0.16 "GET /v2.0/ports?device_id=7f1f7ba1-b35a-4689-b111-fb8fa3561e7b HTTP/1.1" status: 200 len: 945 time: 0.0793390
Dec 29 20:54:03.574998 dv-cinder-823170-1-smb neutron-server[82855]: INFO neutron.wsgi [req-736c20f0-f510-412d-a9b9-2ea69abc7e7a req-b4cd3659-6e01-4a35-9e45-a522290d5374 tempest-ServerRescueNegativeTestJSON-1132733948 tempest-ServerRescueNegativeTestJSON-1132733948-project] 10.222.0.16 "GET /v2.0/security-groups?id=3b37bc97-3817-4957-bd72-db28d4ed891f&fields=id&fields=name HTTP/1.1" status: 200 len: 286 time: 0.0418825
Dec 29 20:54:04.110342 dv-cinder-823170-1-smb neutron-server[82856]: DEBUG neutron_lib.callbacks.manager [None req-620bb56c-0e57-4a8b-861d-b2b3d6ee8b41 None None] Notify callbacks ['neutron.services.segments.db._update_segment_host_mapping_for_agent-8744270378460', 'neutron.plugins.ml2.plugin.Ml2Plugin._retry_binding_revived_agents-615289'] for agent, after_update {{(pid=82856) _notify_loop /usr/local/lib/python3.8/dist-packages/neutron_lib/callbacks/manager.py:192}}
Dec 29 20:54:04.821559 dv-cinder-823170-1-smb neutron-server[82854]: DEBUG neutron.pecan_wsgi.hooks.policy_enforcement [req-f2c39536-f026-4edb-9dec-10675655155e req-3bad79e7-6a4c-4b58-b94c-72a71a3b6280 tempest-ServerRescueNegativeTestJSON-1132733948 tempest-ServerRescueNegativeTestJSON-1132733948-project] Attributes excluded by policy engine: ['binding:profile', 'binding:host_id', 'binding:vif_type', 'binding:vif_details'] {{(pid=82854) _exclude_attributes_by_policy /opt/stack/neutron/neutron/pecan_wsgi/hooks/policy_enforcement.py:255}}
Dec 29 20:54:04.824607 dv-cinder-823170-1-smb neutron-server[82854]: INFO neutron.wsgi [req-f2c39536-f026-4edb-9dec-10675655155e req-3bad79e7-6a4c-4b58-b94c-72a71a3b6280 tempest-ServerRescueNegativeTestJSON-1132733948 tempest-ServerRescueNegativeTestJSON-1132733948-project] 10.222.0.16 "GET /v2.0/ports?device_id=7f1f7ba1-b35a-4689-b111-fb8fa3561e7b HTTP/1.1" status: 200 len: 945 time: 0.0818036
Dec 29 20:54:04.877641 dv-cinder-823170-1-smb neutron-server[82854]: INFO neutron.wsgi [req-f2c39536-f026-4edb-9dec-10675655155e req-2c9932f5-3e82-4785-81f7-ddc2a0740b51 tempest-ServerRescueNegativeTestJSON-1132733948 tempest-ServerRescueNegativeTestJSON-1132733948-project] 10.222.0.16 "GET /v2.0/security-groups?id=3b37bc97-3817-4957-bd72-db28d4ed891f&fields=id&fields=name HTTP/1.1" status: 200 len: 286 time: 0.0447953
Dec 29 20:54:05.060734 dv-cinder-823170-1-smb neutron-server[82855]: DEBUG neutron.pecan_wsgi.hooks.policy_enforcement [req-4f821827-a032-4115-83be-7a66756baa1b req-52e3f177-0495-4814-9e42-7238639b0b32 tempest-VolumesActionsTest-791017721 tempest-VolumesActionsTest-791017721-project] Attributes excluded by policy engine: ['vlan_transparent', 'provider:network_type', 'provider:physical_network', 'provider:segmentation_id'] {{(pid=82855) _exclude_attributes_by_policy /opt/stack/neutron/neutron/pecan_wsgi/hooks/policy_enforcement.py:255}}
Dec 29 20:54:05.061496 dv-cinder-823170-1-smb neutron-server[82855]: DEBUG neutron.quota.resource [req-4f821827-a032-4115-83be-7a66756baa1b req-52e3f177-0495-4814-9e42-7238639b0b32 tempest-VolumesActionsTest-791017721 tempest-VolumesActionsTest-791017721-project] Synchronizing usage tracker for tenant:e249cbd2b48d4c1689cb6a5ff0eb5a3e on resource:network {{(pid=82855) resync /opt/stack/neutron/neutron/quota/resource.py:241}}
Dec 29 20:54:05.079045 dv-cinder-823170-1-smb neutron-server[82855]: DEBUG neutron.quota.resource [req-4f821827-a032-4115-83be-7a66756baa1b req-52e3f177-0495-4814-9e42-7238639b0b32 tempest-VolumesActionsTest-791017721 tempest-VolumesActionsTest-791017721-project] Unset dirty status for tenant:e249cbd2b48d4c1689cb6a5ff0eb5a3e on resource:network {{(pid=82855) _resync /opt/stack/neutron/neutron/quota/resource.py:233}}
Dec 29 20:54:05.080213 dv-cinder-823170-1-smb neutron-server[82855]: INFO neutron.wsgi [req-4f821827-a032-4115-83be-7a66756baa1b req-52e3f177-0495-4814-9e42-7238639b0b32 tempest-VolumesActionsTest-791017721 tempest-VolumesActionsTest-791017721-project] 10.222.0.16 "GET /v2.0/networks?id=19326cd0-6849-4a65-aad2-98d2791e3c0e HTTP/1.1" status: 200 len: 809 time: 0.1595590
Dec 29 20:54:05.096021 dv-cinder-823170-1-smb neutron-server[82855]: INFO neutron.wsgi [req-4f821827-a032-4115-83be-7a66756baa1b req-d5b1e4e1-29e7-4955-8d7e-c9694b90f652 tempest-VolumesActionsTest-791017721 tempest-VolumesActionsTest-791017721-project] 10.222.0.16 "GET /v2.0/quotas/e249cbd2b48d4c1689cb6a5ff0eb5a3e HTTP/1.1" status: 200 len: 375 time: 0.0105462
Dec 29 20:54:05.145446 dv-cinder-823170-1-smb neutron-server[82855]: INFO neutron.wsgi [req-4f821827-a032-4115-83be-7a66756baa1b req-58ff8b94-ce5a-4876-a998-979101f9919b tempest-VolumesActionsTest-791017721 tempest-VolumesActionsTest-791017721-project] 10.222.0.16 "GET /v2.0/ports?tenant_id=e249cbd2b48d4c1689cb6a5ff0eb5a3e&fields=id HTTP/1.1" status: 200 len: 210 time: 0.0445168
Dec 29 20:54:05.185409 dv-cinder-823170-1-smb neutron-server[82856]: DEBUG neutron_lib.callbacks.manager [None req-d8b1191b-0795-4e4b-83a7-9eecc55205b3 None None] Notify callbacks ['neutron.services.segments.db._update_segment_host_mapping_for_agent-8744270378460', 'neutron.plugins.ml2.plugin.Ml2Plugin._retry_binding_revived_agents-615289'] for agent, after_update {{(pid=82856) _notify_loop /usr/local/lib/python3.8/dist-packages/neutron_lib/callbacks/manager.py:192}}
Dec 29 20:54:05.286962 dv-cinder-823170-1-smb neutron-server[82855]: INFO neutron.wsgi [req-4f821827-a032-4115-83be-7a66756baa1b req-f207d139-f692-4876-8c19-78129919c121 service neutron] 10.222.0.16 "GET /v2.0/networks/19326cd0-6849-4a65-aad2-98d2791e3c0e?fields=segments HTTP/1.1" status: 200 len: 212 time: 0.1348169
Dec 29 20:54:05.415448 dv-cinder-823170-1-smb neutron-server[82856]: DEBUG neutron_lib.callbacks.manager [None req-de8225e2-2d15-45da-857f-c71f63a3f1a0 None None] Notify callbacks ['neutron.services.segments.db._update_segment_host_mapping_for_agent-8744270378460', 'neutron.plugins.ml2.plugin.Ml2Plugin._retry_binding_revived_agents-615289'] for agent, after_update {{(pid=82856) _notify_loop /usr/local/lib/python3.8/dist-packages/neutron_lib/callbacks/manager.py:192}}
Dec 29 20:54:05.489385 dv-cinder-823170-1-smb neutron-server[82855]: INFO neutron.wsgi [req-4f821827-a032-4115-83be-7a66756baa1b req-2d44904e-1ca8-47de-9531-9827b18b5777 service neutron] 10.222.0.16 "GET /v2.0/networks/19326cd0-6849-4a65-aad2-98d2791e3c0e?fields=provider%3Aphysical_network&fields=provider%3Anetwork_type HTTP/1.1" status: 200 len: 281 time: 0.1968317
Dec 29 20:54:05.748899 dv-cinder-823170-1-smb neutron-server[82854]: INFO neutron.wsgi [req-c3d9369e-a034-442e-ac86-c3efb9e86e34 req-d238176a-08f6-4c10-8e63-9342bc54022a tempest-VolumesActionsTest-791017721 tempest-VolumesActionsTest-791017721-project] 10.222.0.16 "GET /v2.0/ports?device_id=7d62f003-0d40-4615-9d9b-a7ccd9385021 HTTP/1.1" status: 200 len: 210 time: 0.0629783
Dec 29 20:54:06.122587 dv-cinder-823170-1-smb neutron-server[82854]: DEBUG neutron.pecan_wsgi.hooks.policy_enforcement [req-229878a0-4f79-4e2d-adbe-149ef2c16a37 req-de08ff81-0cde-4ef1-a19a-4b3d7bcfcb4d tempest-ServerRescueNegativeTestJSON-1132733948 tempest-ServerRescueNegativeTestJSON-1132733948-project] Attributes excluded by policy engine: ['binding:profile', 'binding:host_id', 'binding:vif_type', 'binding:vif_details'] {{(pid=82854) _exclude_attributes_by_policy /opt/stack/neutron/neutron/pecan_wsgi/hooks/policy_enforcement.py:255}}
Dec 29 20:54:06.124383 dv-cinder-823170-1-smb neutron-server[82854]: INFO neutron.wsgi [req-229878a0-4f79-4e2d-adbe-149ef2c16a37 req-de08ff81-0cde-4ef1-a19a-4b3d7bcfcb4d tempest-ServerRescueNegativeTestJSON-1132733948 tempest-ServerRescueNegativeTestJSON-1132733948-project] 10.222.0.16 "GET /v2.0/ports?device_id=7f1f7ba1-b35a-4689-b111-fb8fa3561e7b HTTP/1.1" status: 200 len: 945 time: 0.0920975
Dec 29 20:54:06.175791 dv-cinder-823170-1-smb neutron-server[82854]: INFO neutron.wsgi [req-229878a0-4f79-4e2d-adbe-149ef2c16a37 req-19534e14-d1fe-4bfa-b5e6-e1e4cf53e234 tempest-ServerRescueNegativeTestJSON-1132733948 tempest-ServerRescueNegativeTestJSON-1132733948-project] 10.222.0.16 "GET /v2.0/security-groups?id=3b37bc97-3817-4957-bd72-db28d4ed891f&fields=id&fields=name HTTP/1.1" status: 200 len: 286 time: 0.0450006
Dec 29 20:54:06.506738 dv-cinder-823170-1-smb neutron-server[82856]: DEBUG neutron_lib.callbacks.manager [None req-c91e175c-d79a-49a9-96f2-568f6e586f6d None None] Notify callbacks ['neutron.services.segments.db._update_segment_host_mapping_for_agent-8744270378460', 'neutron.plugins.ml2.plugin.Ml2Plugin._retry_binding_revived_agents-615289'] for agent, after_update {{(pid=82856) _notify_loop /usr/local/lib/python3.8/dist-packages/neutron_lib/callbacks/manager.py:192}}
Dec 29 20:54:06.968954 dv-cinder-823170-1-smb neutron-server[82855]: INFO neutron.wsgi [req-0ddb695c-760d-4e6e-874b-a70a0fb6fcc8 req-756f998e-ae9a-41df-bd0d-d2334f5d1df7 tempest-VolumesActionsTest-791017721 tempest-VolumesActionsTest-791017721-project] 10.222.0.16 "GET /v2.0/ports?device_id=7d62f003-0d40-4615-9d9b-a7ccd9385021 HTTP/1.1" status: 200 len: 210 time: 0.0925195
Dec 29 20:54:07.047124 dv-cinder-823170-1-smb neutron-server[82855]: DEBUG neutron.pecan_wsgi.hooks.policy_enforcement [req-4f821827-a032-4115-83be-7a66756baa1b req-c4d43682-a848-4923-a884-16b9fe2f79a0 tempest-VolumesActionsTest-791017721 tempest-VolumesActionsTest-791017721-project] Attributes excluded by policy engine: ['vlan_transparent', 'provider:network_type', 'provider:physical_network', 'provider:segmentation_id'] {{(pid=82855) _exclude_attributes_by_policy /opt/stack/neutron/neutron/pecan_wsgi/hooks/policy_enforcement.py:255}}
Dec 29 20:54:07.048563 dv-cinder-823170-1-smb neutron-server[82855]: INFO neutron.wsgi [req-4f821827-a032-4115-83be-7a66756baa1b req-c4d43682-a848-4923-a884-16b9fe2f79a0 tempest-VolumesActionsTest-791017721 tempest-VolumesActionsTest-791017721-project] 10.222.0.32 "GET /v2.0/networks?id=19326cd0-6849-4a65-aad2-98d2791e3c0e HTTP/1.1" status: 200 len: 809 time: 0.1953404
Dec 29 20:54:07.066191 dv-cinder-823170-1-smb neutron-server[82855]: DEBUG neutron.api.v2.base [req-4f821827-a032-4115-83be-7a66756baa1b req-0f14e159-0002-46fa-a56c-250312aa56f7 tempest-VolumesActionsTest-791017721 tempest-VolumesActionsTest-791017721-project] Request body: {'port': {'device_id': '7d62f003-0d40-4615-9d9b-a7ccd9385021', 'network_id': '19326cd0-6849-4a65-aad2-98d2791e3c0e', 'admin_state_up': True, 'tenant_id': 'e249cbd2b48d4c1689cb6a5ff0eb5a3e'}} {{(pid=82855) prepare_request_body /opt/stack/neutron/neutron/api/v2/base.py:719}}
Dec 29 20:54:07.214351 dv-cinder-823170-1-smb neutron-server[82855]: DEBUG neutron.db.quota.driver [req-4f821827-a032-4115-83be-7a66756baa1b req-0f14e159-0002-46fa-a56c-250312aa56f7 tempest-VolumesActionsTest-791017721 tempest-VolumesActionsTest-791017721-project] Resources subnetpool have unlimited quota limit. It is not required to calculate headroom {{(pid=82855) make_reservation /opt/stack/neutron/neutron/db/quota/driver.py:219}}
Dec 29 20:54:07.218260 dv-cinder-823170-1-smb neutron-server[82855]: DEBUG neutron.quota.resource [req-4f821827-a032-4115-83be-7a66756baa1b req-0f14e159-0002-46fa-a56c-250312aa56f7 tempest-VolumesActionsTest-791017721 tempest-VolumesActionsTest-791017721-project] Usage tracker for resource:port and tenant:e249cbd2b48d4c1689cb6a5ff0eb5a3e is out of sync, need to count used quota {{(pid=82855) count_used /opt/stack/neutron/neutron/quota/resource.py:270}}
Dec 29 20:54:07.221212 dv-cinder-823170-1-smb neutron-server[82855]: DEBUG neutron.quota.resource [req-4f821827-a032-4115-83be-7a66756baa1b req-0f14e159-0002-46fa-a56c-250312aa56f7 tempest-VolumesActionsTest-791017721 tempest-VolumesActionsTest-791017721-project] Quota usage for port was recalculated. Used quota:0. {{(pid=82855) count_used /opt/stack/neutron/neutron/quota/resource.py:290}}
Dec 29 20:54:07.228038 dv-cinder-823170-1-smb neutron-server[82855]: DEBUG neutron.db.quota.driver [req-4f821827-a032-4115-83be-7a66756baa1b req-0f14e159-0002-46fa-a56c-250312aa56f7 tempest-VolumesActionsTest-791017721 tempest-VolumesActionsTest-791017721-project] Attempting to reserve 1 items for resource port. Total usage: 0; quota limit: 500; headroom:500 {{(pid=82855) make_reservation /opt/stack/neutron/neutron/db/quota/driver.py:246}}
Dec 29 20:54:07.242563 dv-cinder-823170-1-smb neutron-server[82855]: DEBUG neutron.pecan_wsgi.hooks.quota_enforcement [req-4f821827-a032-4115-83be-7a66756baa1b req-0f14e159-0002-46fa-a56c-250312aa56f7 tempest-VolumesActionsTest-791017721 tempest-VolumesActionsTest-791017721-project] Made reservation on behalf of e249cbd2b48d4c1689cb6a5ff0eb5a3e for: {'port': 1} {{(pid=82855) before /opt/stack/neutron/neutron/pecan_wsgi/hooks/quota_enforcement.py:53}}
Dec 29 20:54:07.247709 dv-cinder-823170-1-smb neutron-server[82855]: DEBUG neutron_lib.callbacks.manager [req-4f821827-a032-4115-83be-7a66756baa1b req-0f14e159-0002-46fa-a56c-250312aa56f7 tempest-VolumesActionsTest-791017721 tempest-VolumesActionsTest-791017721-project] Notify callbacks ['neutron.plugins.ml2.plugin.SecurityGroupDbMixin._ensure_default_security_group_handler-3587038'] for port, before_create {{(pid=82855) _notify_loop /usr/local/lib/python3.8/dist-packages/neutron_lib/callbacks/manager.py:192}}
Dec 29 20:54:07.485307 dv-cinder-823170-1-smb neutron-server[82855]: DEBUG neutron.pecan_wsgi.hooks.policy_enforcement [req-1c992e9f-4da7-4ed9-95b6-047bedd5bc31 req-09c3fd56-4ab9-4e64-9a70-7085b74faf8d tempest-ServerRescueNegativeTestJSON-1132733948 tempest-ServerRescueNegativeTestJSON-1132733948-project] Attributes excluded by policy engine: ['binding:profile', 'binding:host_id', 'binding:vif_type', 'binding:vif_details'] {{(pid=82855) _exclude_attributes_by_policy /opt/stack/neutron/neutron/pecan_wsgi/hooks/policy_enforcement.py:255}}
Dec 29 20:54:07.486978 dv-cinder-823170-1-smb neutron-server[82855]: INFO neutron.wsgi [req-1c992e9f-4da7-4ed9-95b6-047bedd5bc31 req-09c3fd56-4ab9-4e64-9a70-7085b74faf8d tempest-ServerRescueNegativeTestJSON-1132733948 tempest-ServerRescueNegativeTestJSON-1132733948-project] 10.222.0.16 "GET /v2.0/ports?device_id=7f1f7ba1-b35a-4689-b111-fb8fa3561e7b HTTP/1.1" status: 200 len: 945 time: 0.1647217
Dec 29 20:54:07.537599 dv-cinder-823170-1-smb neutron-server[82855]: DEBUG neutron.db.db_base_plugin_common [req-4f821827-a032-4115-83be-7a66756baa1b req-0f14e159-0002-46fa-a56c-250312aa56f7 tempest-VolumesActionsTest-791017721 tempest-VolumesActionsTest-791017721-project] Allocated IP 172.20.0.12 (19326cd0-6849-4a65-aad2-98d2791e3c0e/47e810ce-774d-4114-9196-1b34fd127ff7/2780011c-7a6f-44f3-b7d5-61f45151ae0e) {{(pid=82855) _store_ip_allocation /opt/stack/neutron/neutron/db/db_base_plugin_common.py:131}}
Dec 29 20:54:07.555805 dv-cinder-823170-1-smb neutron-server[82855]: INFO neutron.wsgi [req-1c992e9f-4da7-4ed9-95b6-047bedd5bc31 req-f892b6a7-8a31-4179-bc6f-a07ca35eaa54 tempest-ServerRescueNegativeTestJSON-1132733948 tempest-ServerRescueNegativeTestJSON-1132733948-project] 10.222.0.16 "GET /v2.0/security-groups?id=3b37bc97-3817-4957-bd72-db28d4ed891f&fields=id&fields=name HTTP/1.1" status: 200 len: 286 time: 0.0622363
Dec 29 20:54:07.736890 dv-cinder-823170-1-smb neutron-server[82854]: DEBUG neutron.wsgi [-] (82854) accepted ('10.222.0.16', 32950) {{(pid=82854) server /usr/local/lib/python3.8/dist-packages/eventlet/wsgi.py:992}}
Dec 29 20:54:07.793160 dv-cinder-823170-1-smb neutron-server[82855]: DEBUG neutron_lib.callbacks.manager [req-4f821827-a032-4115-83be-7a66756baa1b req-0f14e159-0002-46fa-a56c-250312aa56f7 tempest-VolumesActionsTest-791017721 tempest-VolumesActionsTest-791017721-project] Notify callbacks [] for port, precommit_create {{(pid=82855) _notify_loop /usr/local/lib/python3.8/dist-packages/neutron_lib/callbacks/manager.py:192}}
Dec 29 20:54:07.830977 dv-cinder-823170-1-smb neutron-server[82855]: DEBUG neutron_lib.callbacks.manager [req-4f821827-a032-4115-83be-7a66756baa1b req-0f14e159-0002-46fa-a56c-250312aa56f7 tempest-VolumesActionsTest-791017721 tempest-VolumesActionsTest-791017721-project] Notify callbacks ['neutron.plugins.ml2.plugin.SecurityGroupServerNotifierRpcMixin.notify_sg_on_port_change-3586158', 'neutron.plugins.ml2.ovo_rpc._ObjectChangeHandler.handle_event-121843', 'neutron.api.rpc.agentnotifiers.dhcp_rpc_agent_api.DhcpAgentNotifyAPI._native_event_send_dhcp_notification-2776231', 'neutron.db.l3_dvrscheduler_db._notify_l3_agent_new_port-8744269884326', 'neutron.services.segments.plugin.NovaSegmentNotifier._notify_port_created_or_deleted-2466526'] for port, after_create {{(pid=82855) _notify_loop /usr/local/lib/python3.8/dist-packages/neutron_lib/callbacks/manager.py:192}}
Dec 29 20:54:07.923497 dv-cinder-823170-1-smb neutron-server[82854]: DEBUG neutron_lib.callbacks.manager [None req-5e5c7875-b7fc-4b9b-9bc9-2fb5e4f38d1e admin admin] Notify callbacks [] for security_group, before_create {{(pid=82854) _notify_loop /usr/local/lib/python3.8/dist-packages/neutron_lib/callbacks/manager.py:192}}
Dec 29 20:54:07.945815 dv-cinder-823170-1-smb neutron-server[82855]: DEBUG neutron.api.rpc.handlers.resources_rpc [None req-0f14e159-0002-46fa-a56c-250312aa56f7 tempest-VolumesActionsTest-791017721 tempest-VolumesActionsTest-791017721-project] Pushing event updated for resources: {'Port': ['ID=2780011c-7a6f-44f3-b7d5-61f45151ae0e,revision_number=1']} {{(pid=82855) push /opt/stack/neutron/neutron/api/rpc/handlers/resources_rpc.py:237}}
Dec 29 20:54:07.962598 dv-cinder-823170-1-smb neutron-server[82854]: DEBUG neutron.db.quota.driver [None req-5e5c7875-b7fc-4b9b-9bc9-2fb5e4f38d1e admin admin] Resources subnetpool have unlimited quota limit. It is not required to calculate headroom {{(pid=82854) make_reservation /opt/stack/neutron/neutron/db/quota/driver.py:219}}
Dec 29 20:54:07.967512 dv-cinder-823170-1-smb neutron-server[82854]: DEBUG neutron.quota.resource [None req-5e5c7875-b7fc-4b9b-9bc9-2fb5e4f38d1e admin admin] Usage tracker for resource:security_group_rule and tenant:124eaca1e92c4f78a957028af3a907be is out of sync, need to count used quota {{(pid=82854) count_used /opt/stack/neutron/neutron/quota/resource.py:270}}
Dec 29 20:54:07.970763 dv-cinder-823170-1-smb neutron-server[82854]: DEBUG neutron.quota.resource [None req-5e5c7875-b7fc-4b9b-9bc9-2fb5e4f38d1e admin admin] Quota usage for security_group_rule was recalculated. Used quota:0. {{(pid=82854) count_used /opt/stack/neutron/neutron/quota/resource.py:290}}
Dec 29 20:54:07.972301 dv-cinder-823170-1-smb neutron-server[82855]: DEBUG neutron.scheduler.dhcp_agent_scheduler [req-4f821827-a032-4115-83be-7a66756baa1b req-0f14e159-0002-46fa-a56c-250312aa56f7 tempest-VolumesActionsTest-791017721 tempest-VolumesActionsTest-791017721-project] Network 19326cd0-6849-4a65-aad2-98d2791e3c0e is already hosted by enough agents. {{(pid=82855) _get_dhcp_agents_hosting_network /opt/stack/neutron/neutron/scheduler/dhcp_agent_scheduler.py:275}}
Dec 29 20:54:07.975368 dv-cinder-823170-1-smb neutron-server[82855]: DEBUG neutron.scheduler.base_scheduler [req-4f821827-a032-4115-83be-7a66756baa1b req-0f14e159-0002-46fa-a56c-250312aa56f7 tempest-VolumesActionsTest-791017721 tempest-VolumesActionsTest-791017721-project] Resources bound (agent type, host, resource id): {{(pid=82855) schedule /opt/stack/neutron/neutron/scheduler/base_scheduler.py:57}}
Dec 29 20:54:07.978733 dv-cinder-823170-1-smb neutron-server[82855]: DEBUG neutron.db.l3_dvrscheduler_db [req-4f821827-a032-4115-83be-7a66756baa1b req-0f14e159-0002-46fa-a56c-250312aa56f7 tempest-VolumesActionsTest-791017721 tempest-VolumesActionsTest-791017721-project] Received port after_create {{(pid=82855) _notify_l3_agent_new_port /opt/stack/neutron/neutron/db/l3_dvrscheduler_db.py:535}}
Dec 29 20:54:07.983086 dv-cinder-823170-1-smb neutron-server[82854]: DEBUG neutron.db.quota.driver [None req-5e5c7875-b7fc-4b9b-9bc9-2fb5e4f38d1e admin admin] Attempting to reserve 4 items for resource security_group_rule. Total usage: 0; quota limit: 100; headroom:100 {{(pid=82854) make_reservation /opt/stack/neutron/neutron/db/quota/driver.py:246}}
Dec 29 20:54:08.079983 dv-cinder-823170-1-smb neutron-server[82855]: DEBUG neutron.pecan_wsgi.hooks.policy_enforcement [req-4f821827-a032-4115-83be-7a66756baa1b req-0f14e159-0002-46fa-a56c-250312aa56f7 tempest-VolumesActionsTest-791017721 tempest-VolumesActionsTest-791017721-project] Attributes excluded by policy engine: ['binding:profile', 'binding:host_id', 'binding:vif_type', 'binding:vif_details', 'network'] {{(pid=82855) _exclude_attributes_by_policy /opt/stack/neutron/neutron/pecan_wsgi/hooks/policy_enforcement.py:255}}
Dec 29 20:54:08.080669 dv-cinder-823170-1-smb neutron-server[82855]: DEBUG neutron_lib.callbacks.manager [req-4f821827-a032-4115-83be-7a66756baa1b req-0f14e159-0002-46fa-a56c-250312aa56f7 tempest-VolumesActionsTest-791017721 tempest-VolumesActionsTest-791017721-project] Notify callbacks ['neutron.notifiers.nova.Notifier._send_nova_notification-91958'] for port, before_response {{(pid=82855) _notify_loop /usr/local/lib/python3.8/dist-packages/neutron_lib/callbacks/manager.py:192}}
Dec 29 20:54:08.106664 dv-cinder-823170-1-smb neutron-server[82855]: INFO neutron.wsgi [req-4f821827-a032-4115-83be-7a66756baa1b req-0f14e159-0002-46fa-a56c-250312aa56f7 tempest-VolumesActionsTest-791017721 tempest-VolumesActionsTest-791017721-project] 10.222.0.32 "POST /v2.0/ports HTTP/1.1" status: 201 len: 934 time: 1.0440385
Dec 29 20:54:08.113735 dv-cinder-823170-1-smb neutron-server[82854]: DEBUG neutron_lib.callbacks.manager [None req-5e5c7875-b7fc-4b9b-9bc9-2fb5e4f38d1e admin admin] Notify callbacks [] for security_group, precommit_create {{(pid=82854) _notify_loop /usr/local/lib/python3.8/dist-packages/neutron_lib/callbacks/manager.py:192}}
Dec 29 20:54:08.118663 dv-cinder-823170-1-smb neutron-server[82854]: DEBUG neutron_lib.callbacks.manager [None req-5e5c7875-b7fc-4b9b-9bc9-2fb5e4f38d1e admin admin] Notify callbacks ['neutron.plugins.ml2.ovo_rpc._ObjectChangeHandler.handle_event-340759'] for security_group, after_create {{(pid=82854) _notify_loop /usr/local/lib/python3.8/dist-packages/neutron_lib/callbacks/manager.py:192}}
Dec 29 20:54:08.119750 dv-cinder-823170-1-smb neutron-server[82855]: DEBUG neutron.api.v2.base [req-4f821827-a032-4115-83be-7a66756baa1b req-8af95959-d11e-459d-96ef-b3aa64d16882 service neutron] Request body: {'port': {'device_id': '7d62f003-0d40-4615-9d9b-a7ccd9385021', 'device_owner': 'compute:nova', 'binding:host_id': 'hv-cinder-82317'}} {{(pid=82855) prepare_request_body /opt/stack/neutron/neutron/api/v2/base.py:719}}
Dec 29 20:54:08.164173 dv-cinder-823170-1-smb neutron-server[82854]: INFO neutron.wsgi [None req-5e5c7875-b7fc-4b9b-9bc9-2fb5e4f38d1e admin admin] 10.222.0.16 "GET /v2.0/security-groups?tenant_id=124eaca1e92c4f78a957028af3a907be&name=default HTTP/1.1" status: 200 len: 2647 time: 0.4256158
Dec 29 20:54:08.171670 dv-cinder-823170-1-smb neutron-server[82854]: DEBUG neutron.wsgi [-] (82854) accepted ('10.222.0.16', 32966) {{(pid=82854) server /usr/local/lib/python3.8/dist-packages/eventlet/wsgi.py:992}}
Dec 29 20:54:08.190440 dv-cinder-823170-1-smb neutron-server[82854]: DEBUG neutron.api.rpc.handlers.resources_rpc [None req-5e5c7875-b7fc-4b9b-9bc9-2fb5e4f38d1e admin admin] Pushing event updated for resources: {'SecurityGroup': ['ID=509cfdcc-4677-4743-8c91-7ace56dd6310,revision_number=1']} {{(pid=82854) push /opt/stack/neutron/neutron/api/rpc/handlers/resources_rpc.py:237}}
Dec 29 20:54:08.241567 dv-cinder-823170-1-smb neutron-server[82854]: DEBUG neutron_lib.callbacks.manager [None req-49ea2486-fef8-49cb-820d-f37d209d9914 admin admin] Notify callbacks [] for security_group, before_delete {{(pid=82854) _notify_loop /usr/local/lib/python3.8/dist-packages/neutron_lib/callbacks/manager.py:192}}
Dec 29 20:54:08.267955 dv-cinder-823170-1-smb neutron-server[82854]: DEBUG neutron_lib.callbacks.manager [None req-49ea2486-fef8-49cb-820d-f37d209d9914 admin admin] Notify callbacks [] for security_group, precommit_delete {{(pid=82854) _notify_loop /usr/local/lib/python3.8/dist-packages/neutron_lib/callbacks/manager.py:192}}
Dec 29 20:54:08.313929 dv-cinder-823170-1-smb neutron-server[82855]: DEBUG neutron.pecan_wsgi.hooks.policy_enforcement [req-4662b1da-53d9-4d24-9081-8ecf50738033 req-44b5f3d9-bd58-479e-98d2-7f84b1cba6c1 tempest-VolumesActionsTest-791017721 tempest-VolumesActionsTest-791017721-project] Attributes excluded by policy engine: ['binding:profile', 'binding:host_id', 'binding:vif_type', 'binding:vif_details'] {{(pid=82855) _exclude_attributes_by_policy /opt/stack/neutron/neutron/pecan_wsgi/hooks/policy_enforcement.py:255}}
Dec 29 20:54:08.314692 dv-cinder-823170-1-smb neutron-server[82855]: DEBUG neutron.quota.resource [req-4662b1da-53d9-4d24-9081-8ecf50738033 req-44b5f3d9-bd58-479e-98d2-7f84b1cba6c1 tempest-VolumesActionsTest-791017721 tempest-VolumesActionsTest-791017721-project] Synchronizing usage tracker for tenant:e249cbd2b48d4c1689cb6a5ff0eb5a3e on resource:port {{(pid=82855) resync /opt/stack/neutron/neutron/quota/resource.py:241}}
Dec 29 20:54:08.320602 dv-cinder-823170-1-smb neutron-server[82854]: DEBUG neutron_lib.callbacks.manager [None req-49ea2486-fef8-49cb-820d-f37d209d9914 admin admin] Notify callbacks ['neutron.plugins.ml2.ovo_rpc._ObjectChangeHandler.handle_event-340759'] for security_group, after_delete {{(pid=82854) _notify_loop /usr/local/lib/python3.8/dist-packages/neutron_lib/callbacks/manager.py:192}}
Dec 29 20:54:08.331720 dv-cinder-823170-1-smb neutron-server[82855]: DEBUG neutron_lib.callbacks.manager [req-4f821827-a032-4115-83be-7a66756baa1b req-8af95959-d11e-459d-96ef-b3aa64d16882 service neutron] Notify callbacks ['neutron.plugins.ml2.plugin.SecurityGroupDbMixin._ensure_default_security_group_handler-3587038'] for port, before_update {{(pid=82855) _notify_loop /usr/local/lib/python3.8/dist-packages/neutron_lib/callbacks/manager.py:192}}
Dec 29 20:54:08.348886 dv-cinder-823170-1-smb neutron-server[82854]: DEBUG neutron.api.rpc.handlers.resources_rpc [None req-49ea2486-fef8-49cb-820d-f37d209d9914 admin admin] Pushing event deleted for resources: {'SecurityGroup': ['ID=509cfdcc-4677-4743-8c91-7ace56dd6310,revision_number=None']} {{(pid=82854) push /opt/stack/neutron/neutron/api/rpc/handlers/resources_rpc.py:237}}
Dec 29 20:54:08.350616 dv-cinder-823170-1-smb neutron-server[82854]: DEBUG neutron_lib.callbacks.manager [None req-49ea2486-fef8-49cb-820d-f37d209d9914 admin admin] Notify callbacks [] for security_group, before_response {{(pid=82854) _notify_loop /usr/local/lib/python3.8/dist-packages/neutron_lib/callbacks/manager.py:192}}
Dec 29 20:54:08.354786 dv-cinder-823170-1-smb neutron-server[82854]: INFO neutron.wsgi [None req-49ea2486-fef8-49cb-820d-f37d209d9914 admin admin] 10.222.0.16 "DELETE /v2.0/security-groups/509cfdcc-4677-4743-8c91-7ace56dd6310 HTTP/1.1" status: 204 len: 168 time: 0.1819322
Dec 29 20:54:08.391517 dv-cinder-823170-1-smb neutron-server[82855]: DEBUG neutron.quota.resource [req-4662b1da-53d9-4d24-9081-8ecf50738033 req-44b5f3d9-bd58-479e-98d2-7f84b1cba6c1 tempest-VolumesActionsTest-791017721 tempest-VolumesActionsTest-791017721-project] Unset dirty status for tenant:e249cbd2b48d4c1689cb6a5ff0eb5a3e on resource:port {{(pid=82855) _resync /opt/stack/neutron/neutron/quota/resource.py:233}}
Dec 29 20:54:08.392700 dv-cinder-823170-1-smb neutron-server[82855]: INFO neutron.wsgi [req-4662b1da-53d9-4d24-9081-8ecf50738033 req-44b5f3d9-bd58-479e-98d2-7f84b1cba6c1 tempest-VolumesActionsTest-791017721 tempest-VolumesActionsTest-791017721-project] 10.222.0.16 "GET /v2.0/ports?device_id=7d62f003-0d40-4615-9d9b-a7ccd9385021 HTTP/1.1" status: 200 len: 932 time: 0.2429087
Dec 29 20:54:08.504853 dv-cinder-823170-1-smb neutron-server[82855]: DEBUG neutron.quota.resource [req-4662b1da-53d9-4d24-9081-8ecf50738033 req-1296eb61-b0d7-4fde-8137-69d5d0569393 tempest-VolumesActionsTest-791017721 tempest-VolumesActionsTest-791017721-project] Synchronizing usage tracker for tenant:e249cbd2b48d4c1689cb6a5ff0eb5a3e on resource:security_group {{(pid=82855) resync /opt/stack/neutron/neutron/quota/resource.py:241}}
Dec 29 20:54:08.560062 dv-cinder-823170-1-smb neutron-server[82855]: DEBUG neutron.quota.resource [req-4662b1da-53d9-4d24-9081-8ecf50738033 req-1296eb61-b0d7-4fde-8137-69d5d0569393 tempest-VolumesActionsTest-791017721 tempest-VolumesActionsTest-791017721-project] Unset dirty status for tenant:e249cbd2b48d4c1689cb6a5ff0eb5a3e on resource:security_group {{(pid=82855) _resync /opt/stack/neutron/neutron/quota/resource.py:233}}
Dec 29 20:54:08.561231 dv-cinder-823170-1-smb neutron-server[82855]: INFO neutron.wsgi [req-4662b1da-53d9-4d24-9081-8ecf50738033 req-1296eb61-b0d7-4fde-8137-69d5d0569393 tempest-VolumesActionsTest-791017721 tempest-VolumesActionsTest-791017721-project] 10.222.0.16 "GET /v2.0/security-groups?id=6fd22c21-dbc7-40d3-bbde-708119ffcdb8&fields=id&fields=name HTTP/1.1" status: 200 len: 286 time: 0.1600595
Dec 29 20:54:08.818276 dv-cinder-823170-1-smb neutron-server[82854]: DEBUG neutron.pecan_wsgi.hooks.policy_enforcement [req-7d6297d2-8649-4c57-ab1f-ff4f7c800dd0 req-4f00f215-dd66-4651-bf0a-a97ce7f1e5a9 tempest-ServerRescueNegativeTestJSON-1132733948 tempest-ServerRescueNegativeTestJSON-1132733948-project] Attributes excluded by policy engine: ['binding:profile', 'binding:host_id', 'binding:vif_type', 'binding:vif_details'] {{(pid=82854) _exclude_attributes_by_policy /opt/stack/neutron/neutron/pecan_wsgi/hooks/policy_enforcement.py:255}}
Dec 29 20:54:08.820552 dv-cinder-823170-1-smb neutron-server[82854]: INFO neutron.wsgi [req-7d6297d2-8649-4c57-ab1f-ff4f7c800dd0 req-4f00f215-dd66-4651-bf0a-a97ce7f1e5a9 tempest-ServerRescueNegativeTestJSON-1132733948 tempest-ServerRescueNegativeTestJSON-1132733948-project] 10.222.0.16 "GET /v2.0/ports?device_id=7f1f7ba1-b35a-4689-b111-fb8fa3561e7b HTTP/1.1" status: 200 len: 945 time: 0.0922525
Dec 29 20:54:08.869109 dv-cinder-823170-1-smb neutron-server[82854]: INFO neutron.wsgi [req-7d6297d2-8649-4c57-ab1f-ff4f7c800dd0 req-3fa3e818-940f-41bb-a863-86437111caca tempest-ServerRescueNegativeTestJSON-1132733948 tempest-ServerRescueNegativeTestJSON-1132733948-project] 10.222.0.16 "GET /v2.0/security-groups?id=3b37bc97-3817-4957-bd72-db28d4ed891f&fields=id&fields=name HTTP/1.1" status: 200 len: 286 time: 0.0403299
Dec 29 20:54:08.893401 dv-cinder-823170-1-smb neutron-server[82855]: DEBUG neutron.notifiers.nova [req-4f821827-a032-4115-83be-7a66756baa1b req-8af95959-d11e-459d-96ef-b3aa64d16882 service neutron] Ignoring state change previous_port_status: DOWN current_port_status: DOWN port_id 2780011c-7a6f-44f3-b7d5-61f45151ae0e {{(pid=82855) record_port_status_changed /opt/stack/neutron/neutron/notifiers/nova.py:224}}
Dec 29 20:54:08.902580 dv-cinder-823170-1-smb neutron-server[82855]: DEBUG neutron_lib.callbacks.manager [req-4f821827-a032-4115-83be-7a66756baa1b req-8af95959-d11e-459d-96ef-b3aa64d16882 service neutron] Notify callbacks [] for port, precommit_update {{(pid=82855) _notify_loop /usr/local/lib/python3.8/dist-packages/neutron_lib/callbacks/manager.py:192}}
Dec 29 20:54:08.930127 dv-cinder-823170-1-smb neutron-server[82855]: DEBUG neutron.db.provisioning_blocks [req-4f821827-a032-4115-83be-7a66756baa1b req-8af95959-d11e-459d-96ef-b3aa64d16882 service neutron] Transition to ACTIVE for port object 2780011c-7a6f-44f3-b7d5-61f45151ae0e will not be triggered until provisioned by entity L2. {{(pid=82855) add_provisioning_component /opt/stack/neutron/neutron/db/provisioning_blocks.py:73}}
