Feb 08 07:21:59.129689 dv-cinder-823015-9-iscsi devstack@c-api.service[109363]: [pid: 109363|app: 0|req: 41/78] 10.222.0.35 () {60 vars in 1275 bytes} [Tue Feb 8 07:21:58 2022] GET /volume/v3/c5257beefab044b98ce12ba54c65e36e/volumes/detail => generated 1010 bytes in 278 msecs (HTTP/1.1 200) 7 headers in 287 bytes (1 switches on core 0)
Feb 08 07:21:59.137507 dv-cinder-823015-9-iscsi devstack@c-api.service[109364]: INFO cinder.api.openstack.wsgi [None req-e666d40f-8da2-4685-8aeb-2d483d10ce02 tempest-GroupSnapshotsV319Test-939526355 tempest-GroupSnapshotsV319Test-939526355-project] POST http://10.222.0.35/volume/v3/c5257beefab044b98ce12ba54c65e36e/groups/717bce3a-77d3-44c0-a77f-e629a3bedb36/action
Feb 08 07:21:59.138541 dv-cinder-823015-9-iscsi devstack@c-api.service[109364]: DEBUG cinder.api.openstack.wsgi [None req-e666d40f-8da2-4685-8aeb-2d483d10ce02 tempest-GroupSnapshotsV319Test-939526355 tempest-GroupSnapshotsV319Test-939526355-project] Action body: b'{"delete": {"delete-volumes": true}}' {{(pid=109364) get_method /opt/stack/cinder/cinder/api/openstack/wsgi.py:983}}
Feb 08 07:21:59.138876 dv-cinder-823015-9-iscsi devstack@c-api.service[109364]: DEBUG cinder.api.openstack.wsgi [None req-e666d40f-8da2-4685-8aeb-2d483d10ce02 tempest-GroupSnapshotsV319Test-939526355 tempest-GroupSnapshotsV319Test-939526355-project] Action: 'action', calling method: version_select, body: {"delete": {"delete-volumes": true}} {{(pid=109364) _process_stack /opt/stack/cinder/cinder/api/openstack/wsgi.py:866}}
Feb 08 07:21:59.139980 dv-cinder-823015-9-iscsi devstack@c-api.service[109364]: DEBUG cinder.api.v3.groups [None req-e666d40f-8da2-4685-8aeb-2d483d10ce02 tempest-GroupSnapshotsV319Test-939526355 tempest-GroupSnapshotsV319Test-939526355-project] delete called for group 717bce3a-77d3-44c0-a77f-e629a3bedb36 {{(pid=109364) _delete /opt/stack/cinder/cinder/api/v3/groups.py:117}}
Feb 08 07:21:59.140328 dv-cinder-823015-9-iscsi devstack@c-api.service[109364]: INFO cinder.api.v3.groups [None req-e666d40f-8da2-4685-8aeb-2d483d10ce02 tempest-GroupSnapshotsV319Test-939526355 tempest-GroupSnapshotsV319Test-939526355-project] Delete group with id: 717bce3a-77d3-44c0-a77f-e629a3bedb36
Feb 08 07:21:59.152758 dv-cinder-823015-9-iscsi devstack@c-api.service[109364]: /usr/local/lib/python3.8/dist-packages/oslo_context/context.py:105: DeprecationWarning: Policy enforcement is depending on the value of is_admin. This key is deprecated. Please update your policy file to use the standard policy values.
Feb 08 07:21:59.152758 dv-cinder-823015-9-iscsi devstack@c-api.service[109364]: warnings.warn('Policy enforcement is depending on the value of '
Feb 08 07:21:59.330896 dv-cinder-823015-9-iscsi devstack@c-api.service[109364]: INFO cinder.api.openstack.wsgi [None req-e666d40f-8da2-4685-8aeb-2d483d10ce02 tempest-GroupSnapshotsV319Test-939526355 tempest-GroupSnapshotsV319Test-939526355-project] http://10.222.0.35/volume/v3/c5257beefab044b98ce12ba54c65e36e/groups/717bce3a-77d3-44c0-a77f-e629a3bedb36/action returned with HTTP 202
Feb 08 07:21:59.332209 dv-cinder-823015-9-iscsi devstack@c-api.service[109364]: [pid: 109364|app: 0|req: 38/79] 10.222.0.35 () {62 vars in 1404 bytes} [Tue Feb 8 07:21:59 2022] POST /volume/v3/c5257beefab044b98ce12ba54c65e36e/groups/717bce3a-77d3-44c0-a77f-e629a3bedb36/action => generated 0 bytes in 198 msecs (HTTP/1.1 202) 6 headers in 234 bytes (1 switches on core 0)
Feb 08 07:21:59.340364 dv-cinder-823015-9-iscsi devstack@c-api.service[109363]: INFO cinder.api.openstack.wsgi [None req-fcd239eb-d306-4168-b834-c80cb9b10d22 tempest-GroupSnapshotsV319Test-939526355 tempest-GroupSnapshotsV319Test-939526355-project] GET http://10.222.0.35/volume/v3/c5257beefab044b98ce12ba54c65e36e/volumes/57eeb3be-b436-4e83-9cc1-97b447b115f7
Feb 08 07:21:59.340937 dv-cinder-823015-9-iscsi devstack@c-api.service[109363]: DEBUG cinder.api.openstack.wsgi [None req-fcd239eb-d306-4168-b834-c80cb9b10d22 tempest-GroupSnapshotsV319Test-939526355 tempest-GroupSnapshotsV319Test-939526355-project] Empty body provided in request {{(pid=109363) get_body /opt/stack/cinder/cinder/api/openstack/wsgi.py:715}}
Feb 08 07:21:59.341293 dv-cinder-823015-9-iscsi devstack@c-api.service[109363]: DEBUG cinder.api.openstack.wsgi [None req-fcd239eb-d306-4168-b834-c80cb9b10d22 tempest-GroupSnapshotsV319Test-939526355 tempest-GroupSnapshotsV319Test-939526355-project] Calling method 'show' {{(pid=109363) _process_stack /opt/stack/cinder/cinder/api/openstack/wsgi.py:868}}
Feb 08 07:21:59.379345 dv-cinder-823015-9-iscsi devstack@c-api.service[109363]: /usr/local/lib/python3.8/dist-packages/oslo_context/context.py:105: DeprecationWarning: Policy enforcement is depending on the value of is_admin. This key is deprecated. Please update your policy file to use the standard policy values.
Feb 08 07:21:59.379345 dv-cinder-823015-9-iscsi devstack@c-api.service[109363]: warnings.warn('Policy enforcement is depending on the value of '
Feb 08 07:21:59.394153 dv-cinder-823015-9-iscsi devstack@c-api.service[109363]: INFO cinder.volume.api [None req-fcd239eb-d306-4168-b834-c80cb9b10d22 tempest-GroupSnapshotsV319Test-939526355 tempest-GroupSnapshotsV319Test-939526355-project] Volume info retrieved successfully.
Feb 08 07:21:59.398603 dv-cinder-823015-9-iscsi devstack@c-api.service[109363]: WARNING stevedore.named [None req-fcd239eb-d306-4168-b834-c80cb9b10d22 tempest-GroupSnapshotsV319Test-939526355 tempest-GroupSnapshotsV319Test-939526355-project] Could not load cinder.keymgr.conf_key_mgr.ConfKeyManager
Feb 08 07:21:59.399004 dv-cinder-823015-9-iscsi devstack@c-api.service[109363]: WARNING castellan.key_manager [None req-fcd239eb-d306-4168-b834-c80cb9b10d22 tempest-GroupSnapshotsV319Test-939526355 tempest-GroupSnapshotsV319Test-939526355-project] Deprecation Warning : cinder.keymgr.conf_key_mgr.ConfKeyManager is not a stevedore based driver, trying to load it as a class: stevedore.exception.NoMatches: No 'castellan.drivers' driver found, looking for 'cinder.keymgr.conf_key_mgr.ConfKeyManager'
Feb 08 07:21:59.413790 dv-cinder-823015-9-iscsi devstack@c-api.service[109363]: DEBUG oslo_db.sqlalchemy.engines [None req-fcd239eb-d306-4168-b834-c80cb9b10d22 tempest-GroupSnapshotsV319Test-939526355 tempest-GroupSnapshotsV319Test-939526355-project] MySQL server mode set to STRICT_TRANS_TABLES,STRICT_ALL_TABLES,NO_ZERO_IN_DATE,NO_ZERO_DATE,ERROR_FOR_DIVISION_BY_ZERO,TRADITIONAL,NO_ENGINE_SUBSTITUTION {{(pid=109363) _check_effective_sql_mode /usr/local/lib/python3.8/dist-packages/oslo_db/sqlalchemy/engines.py:314}}
Feb 08 07:21:59.425884 dv-cinder-823015-9-iscsi devstack@c-api.service[109363]: /usr/local/lib/python3.8/dist-packages/oslo_context/context.py:105: DeprecationWarning: Policy enforcement is depending on the value of is_admin. This key is deprecated. Please update your policy file to use the standard policy values.
Feb 08 07:21:59.425884 dv-cinder-823015-9-iscsi devstack@c-api.service[109363]: warnings.warn('Policy enforcement is depending on the value of '
Feb 08 07:21:59.468688 dv-cinder-823015-9-iscsi devstack@c-api.service[109363]: INFO cinder.api.openstack.wsgi [None req-fcd239eb-d306-4168-b834-c80cb9b10d22 tempest-GroupSnapshotsV319Test-939526355 tempest-GroupSnapshotsV319Test-939526355-project] http://10.222.0.35/volume/v3/c5257beefab044b98ce12ba54c65e36e/volumes/57eeb3be-b436-4e83-9cc1-97b447b115f7 returned with HTTP 200
Feb 08 07:21:59.471817 dv-cinder-823015-9-iscsi devstack@c-api.service[109363]: [pid: 109363|app: 0|req: 42/80] 10.222.0.35 () {60 vars in 1365 bytes} [Tue Feb 8 07:21:59 2022] GET /volume/v3/c5257beefab044b98ce12ba54c65e36e/volumes/57eeb3be-b436-4e83-9cc1-97b447b115f7 => generated 1006 bytes in 135 msecs (HTTP/1.1 200) 7 headers in 287 bytes (1 switches on core 0)
Feb 08 07:21:59.804557 dv-cinder-823015-9-iscsi devstack@c-api.service[109364]: INFO cinder.api.openstack.wsgi [None req-e7ca4e79-91c3-4885-9edb-05832009718b tempest-VolumesServicesTestJSON-1052687854 tempest-VolumesServicesTestJSON-1052687854-project-admin] GET http://10.222.0.35/volume/v3/2d97543e5d364968ab8e93912a8b8569/os-services
Feb 08 07:21:59.805676 dv-cinder-823015-9-iscsi devstack@c-api.service[109364]: DEBUG cinder.api.openstack.wsgi [None req-e7ca4e79-91c3-4885-9edb-05832009718b tempest-VolumesServicesTestJSON-1052687854 tempest-VolumesServicesTestJSON-1052687854-project-admin] Empty body provided in request {{(pid=109364) get_body /opt/stack/cinder/cinder/api/openstack/wsgi.py:715}}
Feb 08 07:21:59.806248 dv-cinder-823015-9-iscsi devstack@c-api.service[109364]: DEBUG cinder.api.openstack.wsgi [None req-e7ca4e79-91c3-4885-9edb-05832009718b tempest-VolumesServicesTestJSON-1052687854 tempest-VolumesServicesTestJSON-1052687854-project-admin] Calling method 'index' {{(pid=109364) _process_stack /opt/stack/cinder/cinder/api/openstack/wsgi.py:868}}
Feb 08 07:21:59.852357 dv-cinder-823015-9-iscsi devstack@c-api.service[109364]: INFO cinder.api.openstack.wsgi [None req-e7ca4e79-91c3-4885-9edb-05832009718b tempest-VolumesServicesTestJSON-1052687854 tempest-VolumesServicesTestJSON-1052687854-project-admin] http://10.222.0.35/volume/v3/2d97543e5d364968ab8e93912a8b8569/os-services returned with HTTP 200
Feb 08 07:21:59.872315 dv-cinder-823015-9-iscsi devstack@c-api.service[109363]: INFO cinder.api.openstack.wsgi [None req-550f5ab3-cc99-480c-8f66-f1b50daa306a tempest-VolumesServicesTestJSON-1052687854 tempest-VolumesServicesTestJSON-1052687854-project-admin] GET http://10.222.0.35/volume/v3/2d97543e5d364968ab8e93912a8b8569/os-services?host=dv-cinder-823015-9-iscsi
Feb 08 07:21:59.872315 dv-cinder-823015-9-iscsi devstack@c-api.service[109363]: DEBUG cinder.api.openstack.wsgi [None req-550f5ab3-cc99-480c-8f66-f1b50daa306a tempest-VolumesServicesTestJSON-1052687854 tempest-VolumesServicesTestJSON-1052687854-project-admin] Empty body provided in request {{(pid=109363) get_body /opt/stack/cinder/cinder/api/openstack/wsgi.py:715}}
Feb 08 07:21:59.872798 dv-cinder-823015-9-iscsi devstack@c-api.service[109363]: DEBUG cinder.api.openstack.wsgi [None req-550f5ab3-cc99-480c-8f66-f1b50daa306a tempest-VolumesServicesTestJSON-1052687854 tempest-VolumesServicesTestJSON-1052687854-project-admin] Calling method 'index' {{(pid=109363) _process_stack /opt/stack/cinder/cinder/api/openstack/wsgi.py:868}}
Feb 08 07:21:59.873324 dv-cinder-823015-9-iscsi devstack@c-api.service[109364]: [pid: 109364|app: 0|req: 39/81] 10.222.0.35 () {58 vars in 1225 bytes} [Tue Feb 8 07:21:59 2022] GET /volume/v3/2d97543e5d364968ab8e93912a8b8569/os-services => generated 642 bytes in 307 msecs (HTTP/1.1 200) 7 headers in 285 bytes (1 switches on core 0)
Feb 08 07:21:59.922770 dv-cinder-823015-9-iscsi devstack@c-api.service[109363]: INFO cinder.api.openstack.wsgi [None req-550f5ab3-cc99-480c-8f66-f1b50daa306a tempest-VolumesServicesTestJSON-1052687854 tempest-VolumesServicesTestJSON-1052687854-project-admin] http://10.222.0.35/volume/v3/2d97543e5d364968ab8e93912a8b8569/os-services?host=dv-cinder-823015-9-iscsi returned with HTTP 200
Feb 08 07:21:59.923989 dv-cinder-823015-9-iscsi devstack@c-api.service[109363]: [pid: 109363|app: 0|req: 43/82] 10.222.0.35 () {58 vars in 1284 bytes} [Tue Feb 8 07:21:59 2022] GET /volume/v3/2d97543e5d364968ab8e93912a8b8569/os-services?host=dv-cinder-823015-9-iscsi => generated 203 bytes in 62 msecs (HTTP/1.1 200) 7 headers in 285 bytes (1 switches on core 0)
Feb 08 07:21:59.936948 dv-cinder-823015-9-iscsi devstack@c-api.service[109364]: INFO cinder.api.openstack.wsgi [None req-e5a9b9e9-bf36-4c59-9b99-3b925a2134c2 tempest-VolumesServicesTestJSON-1052687854 tempest-VolumesServicesTestJSON-1052687854-project-admin] GET http://10.222.0.35/volume/v3/2d97543e5d364968ab8e93912a8b8569/os-services?host=dv-cinder-823015-9-iscsi&binary=cinder-scheduler
Feb 08 07:21:59.937521 dv-cinder-823015-9-iscsi devstack@c-api.service[109364]: DEBUG cinder.api.openstack.wsgi [None req-e5a9b9e9-bf36-4c59-9b99-3b925a2134c2 tempest-VolumesServicesTestJSON-1052687854 tempest-VolumesServicesTestJSON-1052687854-project-admin] Empty body provided in request {{(pid=109364) get_body /opt/stack/cinder/cinder/api/openstack/wsgi.py:715}}
Feb 08 07:21:59.938162 dv-cinder-823015-9-iscsi devstack@c-api.service[109364]: DEBUG cinder.api.openstack.wsgi [None req-e5a9b9e9-bf36-4c59-9b99-3b925a2134c2 tempest-VolumesServicesTestJSON-1052687854 tempest-VolumesServicesTestJSON-1052687854-project-admin] Calling method 'index' {{(pid=109364) _process_stack /opt/stack/cinder/cinder/api/openstack/wsgi.py:868}}
Feb 08 07:21:59.960037 dv-cinder-823015-9-iscsi devstack@c-api.service[109364]: INFO cinder.api.openstack.wsgi [None req-e5a9b9e9-bf36-4c59-9b99-3b925a2134c2 tempest-VolumesServicesTestJSON-1052687854 tempest-VolumesServicesTestJSON-1052687854-project-admin] http://10.222.0.35/volume/v3/2d97543e5d364968ab8e93912a8b8569/os-services?host=dv-cinder-823015-9-iscsi&binary=cinder-scheduler returned with HTTP 200
Feb 08 07:21:59.963222 dv-cinder-823015-9-iscsi devstack@c-api.service[109364]: [pid: 109364|app: 0|req: 40/83] 10.222.0.35 () {58 vars in 1332 bytes} [Tue Feb 8 07:21:59 2022] GET /volume/v3/2d97543e5d364968ab8e93912a8b8569/os-services?host=dv-cinder-823015-9-iscsi&binary=cinder-scheduler => generated 203 bytes in 32 msecs (HTTP/1.1 200) 7 headers in 285 bytes (1 switches on core 0)
Feb 08 07:21:59.976076 dv-cinder-823015-9-iscsi devstack@c-api.service[109363]: INFO cinder.api.openstack.wsgi [None req-d6ab9fae-1df6-4d9f-a598-0ad9a8bd3be3 tempest-VolumesServicesTestJSON-1052687854 tempest-VolumesServicesTestJSON-1052687854-project-admin] GET http://10.222.0.35/volume/v3/2d97543e5d364968ab8e93912a8b8569/os-services?binary=cinder-scheduler
Feb 08 07:21:59.977635 dv-cinder-823015-9-iscsi devstack@c-api.service[109363]: DEBUG cinder.api.openstack.wsgi [None req-d6ab9fae-1df6-4d9f-a598-0ad9a8bd3be3 tempest-VolumesServicesTestJSON-1052687854 tempest-VolumesServicesTestJSON-1052687854-project-admin] Empty body provided in request {{(pid=109363) get_body /opt/stack/cinder/cinder/api/openstack/wsgi.py:715}}
Feb 08 07:21:59.978205 dv-cinder-823015-9-iscsi devstack@c-api.service[109363]: DEBUG cinder.api.openstack.wsgi [None req-d6ab9fae-1df6-4d9f-a598-0ad9a8bd3be3 tempest-VolumesServicesTestJSON-1052687854 tempest-VolumesServicesTestJSON-1052687854-project-admin] Calling method 'index' {{(pid=109363) _process_stack /opt/stack/cinder/cinder/api/openstack/wsgi.py:868}}
Feb 08 07:21:59.984997 dv-cinder-823015-9-iscsi devstack@c-api.service[109363]: INFO cinder.api.openstack.wsgi [None req-d6ab9fae-1df6-4d9f-a598-0ad9a8bd3be3 tempest-VolumesServicesTestJSON-1052687854 tempest-VolumesServicesTestJSON-1052687854-project-admin] http://10.222.0.35/volume/v3/2d97543e5d364968ab8e93912a8b8569/os-services?binary=cinder-scheduler returned with HTTP 200
Feb 08 07:21:59.986435 dv-cinder-823015-9-iscsi devstack@c-api.service[109363]: [pid: 109363|app: 0|req: 44/84] 10.222.0.35 () {58 vars in 1272 bytes} [Tue Feb 8 07:21:59 2022] GET /volume/v3/2d97543e5d364968ab8e93912a8b8569/os-services?binary=cinder-scheduler => generated 203 bytes in 16 msecs (HTTP/1.1 200) 7 headers in 285 bytes (1 switches on core 0)
Feb 08 07:22:00.105483 dv-cinder-823015-9-iscsi devstack@c-api.service[109363]: INFO cinder.api.openstack.wsgi [None req-bccf5d52-ac41-4679-961e-4863d6990809 tempest-GroupsTest-1909240248 tempest-GroupsTest-1909240248-project] GET http://10.222.0.35/volume/v3/1aa8708dc265489d99857ee2759b14b3/groups/153e83dd-8c20-4c15-bdb7-610fc42f47cf
Feb 08 07:22:00.106140 dv-cinder-823015-9-iscsi devstack@c-api.service[109363]: DEBUG cinder.api.openstack.wsgi [None req-bccf5d52-ac41-4679-961e-4863d6990809 tempest-GroupsTest-1909240248 tempest-GroupsTest-1909240248-project] Empty body provided in request {{(pid=109363) get_body /opt/stack/cinder/cinder/api/openstack/wsgi.py:715}}
Feb 08 07:22:00.107198 dv-cinder-823015-9-iscsi devstack@c-api.service[109363]: DEBUG cinder.api.openstack.wsgi [None req-bccf5d52-ac41-4679-961e-4863d6990809 tempest-GroupsTest-1909240248 tempest-GroupsTest-1909240248-project] Calling method 'version_select' {{(pid=109363) _process_stack /opt/stack/cinder/cinder/api/openstack/wsgi.py:868}}
Feb 08 07:22:00.107691 dv-cinder-823015-9-iscsi devstack@c-api.service[109363]: DEBUG cinder.api.v3.groups [None req-bccf5d52-ac41-4679-961e-4863d6990809 tempest-GroupsTest-1909240248 tempest-GroupsTest-1909240248-project] show called for member 153e83dd-8c20-4c15-bdb7-610fc42f47cf {{(pid=109363) show /opt/stack/cinder/cinder/api/v3/groups.py:58}}
Feb 08 07:22:00.168001 dv-cinder-823015-9-iscsi devstack@c-api.service[109363]: /usr/local/lib/python3.8/dist-packages/oslo_context/context.py:105: DeprecationWarning: Policy enforcement is depending on the value of is_admin. This key is deprecated. Please update your policy file to use the standard policy values.
Feb 08 07:22:00.168001 dv-cinder-823015-9-iscsi devstack@c-api.service[109363]: warnings.warn('Policy enforcement is depending on the value of '
Feb 08 07:22:00.249517 dv-cinder-823015-9-iscsi devstack@c-api.service[109363]: INFO cinder.api.openstack.wsgi [None req-bccf5d52-ac41-4679-961e-4863d6990809 tempest-GroupsTest-1909240248 tempest-GroupsTest-1909240248-project] http://10.222.0.35/volume/v3/1aa8708dc265489d99857ee2759b14b3/groups/153e83dd-8c20-4c15-bdb7-610fc42f47cf returned with HTTP 200
Feb 08 07:22:00.256797 dv-cinder-823015-9-iscsi devstack@c-api.service[109363]: [pid: 109363|app: 0|req: 45/85] 10.222.0.35 () {60 vars in 1362 bytes} [Tue Feb 8 07:22:00 2022] GET /volume/v3/1aa8708dc265489d99857ee2759b14b3/groups/153e83dd-8c20-4c15-bdb7-610fc42f47cf => generated 322 bytes in 154 msecs (HTTP/1.1 200) 7 headers in 286 bytes (2 switches on core 0)
Feb 08 07:22:00.264232 dv-cinder-823015-9-iscsi devstack@c-api.service[109363]: INFO cinder.api.openstack.wsgi [None req-eb65b4d4-48bc-4d83-b452-b0cac0478b07 tempest-GroupsTest-1909240248 tempest-GroupsTest-1909240248-project] POST http://10.222.0.35/volume/v3/1aa8708dc265489d99857ee2759b14b3/groups
Feb 08 07:22:00.266355 dv-cinder-823015-9-iscsi devstack@c-api.service[109363]: DEBUG cinder.api.openstack.wsgi [None req-eb65b4d4-48bc-4d83-b452-b0cac0478b07 tempest-GroupsTest-1909240248 tempest-GroupsTest-1909240248-project] Action: 'create', calling method: version_select, body: {"group": {"group_type": "ade01578-aad0-48ab-8f39-29966106391b", "volume_types": ["a1096105-d682-42dc-9b5f-11f384c07eb5"], "name": "tempest-Group2-424323682"}} {{(pid=109363) _process_stack /opt/stack/cinder/cinder/api/openstack/wsgi.py:866}}
Feb 08 07:22:00.267302 dv-cinder-823015-9-iscsi devstack@c-api.service[109363]: DEBUG cinder.api.v3.groups [None req-eb65b4d4-48bc-4d83-b452-b0cac0478b07 tempest-GroupsTest-1909240248 tempest-GroupsTest-1909240248-project] Creating new group {'group': {'group_type': 'ade01578-aad0-48ab-8f39-29966106391b', 'volume_types': ['a1096105-d682-42dc-9b5f-11f384c07eb5'], 'name': 'tempest-Group2-424323682'}} {{(pid=109363) create /opt/stack/cinder/cinder/api/v3/groups.py:190}}
Feb 08 07:22:00.278769 dv-cinder-823015-9-iscsi devstack@c-api.service[109363]: INFO cinder.api.v3.groups [None req-eb65b4d4-48bc-4d83-b452-b0cac0478b07 tempest-GroupsTest-1909240248 tempest-GroupsTest-1909240248-project] Creating group tempest-Group2-424323682.
Feb 08 07:22:00.279491 dv-cinder-823015-9-iscsi devstack@c-api.service[109363]: /usr/local/lib/python3.8/dist-packages/oslo_context/context.py:105: DeprecationWarning: Policy enforcement is depending on the value of is_admin. This key is deprecated. Please update your policy file to use the standard policy values.
Feb 08 07:22:00.279491 dv-cinder-823015-9-iscsi devstack@c-api.service[109363]: warnings.warn('Policy enforcement is depending on the value of '
Feb 08 07:22:00.327217 dv-cinder-823015-9-iscsi devstack@c-api.service[109363]: INFO cinder.volume.api [None req-eb65b4d4-48bc-4d83-b452-b0cac0478b07 tempest-GroupsTest-1909240248 tempest-GroupsTest-1909240248-project] Availability Zones retrieved successfully.
Feb 08 07:22:00.383266 dv-cinder-823015-9-iscsi devstack@c-api.service[109363]: DEBUG cinder.quota [None req-eb65b4d4-48bc-4d83-b452-b0cac0478b07 tempest-GroupsTest-1909240248 tempest-GroupsTest-1909240248-project] Created reservations ['3fa0e126-c87f-420a-a858-e3cbb4fd6daf'] {{(pid=109363) reserve /opt/stack/cinder/cinder/quota.py:755}}
Feb 08 07:22:00.436687 dv-cinder-823015-9-iscsi devstack@c-api.service[109364]: INFO cinder.api.openstack.wsgi [None req-47281ea5-5d83-4945-9665-b99fd6d1fe24 tempest-VolumesServicesTestJSON-135016369 tempest-VolumesServicesTestJSON-135016369-project] POST http://10.222.0.35/volume/v3/3a1adc995cb1416199a7943f00a7132a/volumes
Feb 08 07:22:00.437601 dv-cinder-823015-9-iscsi devstack@c-api.service[109364]: DEBUG cinder.api.openstack.wsgi [None req-47281ea5-5d83-4945-9665-b99fd6d1fe24 tempest-VolumesServicesTestJSON-135016369 tempest-VolumesServicesTestJSON-135016369-project] Action: 'create', calling method: create, body: {"volume": {"size": 1, "name": "tempest-VolumesServicesTestJSON-Volume-2092463790"}} {{(pid=109364) _process_stack /opt/stack/cinder/cinder/api/openstack/wsgi.py:866}}
Feb 08 07:22:00.438779 dv-cinder-823015-9-iscsi devstack@c-api.service[109364]: DEBUG cinder.api.v3.volumes [None req-47281ea5-5d83-4945-9665-b99fd6d1fe24 tempest-VolumesServicesTestJSON-135016369 tempest-VolumesServicesTestJSON-135016369-project] Create volume request body: {'volume': {'size': 1, 'name': 'tempest-VolumesServicesTestJSON-Volume-2092463790'}} {{(pid=109364) create /opt/stack/cinder/cinder/api/v3/volumes.py:298}}
Feb 08 07:22:00.439461 dv-cinder-823015-9-iscsi devstack@c-api.service[109364]: INFO cinder.api.v3.volumes [None req-47281ea5-5d83-4945-9665-b99fd6d1fe24 tempest-VolumesServicesTestJSON-135016369 tempest-VolumesServicesTestJSON-135016369-project] Create volume of 1 GB
Feb 08 07:22:00.465283 dv-cinder-823015-9-iscsi devstack@c-api.service[109364]: INFO cinder.volume.api [None req-47281ea5-5d83-4945-9665-b99fd6d1fe24 tempest-VolumesServicesTestJSON-135016369 tempest-VolumesServicesTestJSON-135016369-project] Availability Zones retrieved successfully.
Feb 08 07:22:00.469960 dv-cinder-823015-9-iscsi devstack@c-api.service[109363]: INFO cinder.api.openstack.wsgi [None req-eb65b4d4-48bc-4d83-b452-b0cac0478b07 tempest-GroupsTest-1909240248 tempest-GroupsTest-1909240248-project] http://10.222.0.35/volume/v3/1aa8708dc265489d99857ee2759b14b3/groups returned with HTTP 202
Feb 08 07:22:00.479237 dv-cinder-823015-9-iscsi devstack@c-api.service[109363]: [pid: 109363|app: 0|req: 46/86] 10.222.0.35 () {62 vars in 1273 bytes} [Tue Feb 8 07:22:00 2022] POST /volume/v3/1aa8708dc265489d99857ee2759b14b3/groups => generated 93 bytes in 221 msecs (HTTP/1.1 202) 7 headers in 291 bytes (1 switches on core 0)
Feb 08 07:22:00.492208 dv-cinder-823015-9-iscsi devstack@c-api.service[109363]: INFO cinder.api.openstack.wsgi [None req-bb9796bb-da9f-4c97-89a6-5b68d636c692 tempest-GroupsTest-1909240248 tempest-GroupsTest-1909240248-project] GET http://10.222.0.35/volume/v3/1aa8708dc265489d99857ee2759b14b3/groups/e5df7fc9-3b5f-4750-9a05-f18bd15e4173
Feb 08 07:22:00.492208 dv-cinder-823015-9-iscsi devstack@c-api.service[109363]: DEBUG cinder.api.openstack.wsgi [None req-bb9796bb-da9f-4c97-89a6-5b68d636c692 tempest-GroupsTest-1909240248 tempest-GroupsTest-1909240248-project] Empty body provided in request {{(pid=109363) get_body /opt/stack/cinder/cinder/api/openstack/wsgi.py:715}}
Feb 08 07:22:00.492208 dv-cinder-823015-9-iscsi devstack@c-api.service[109363]: DEBUG cinder.api.openstack.wsgi [None req-bb9796bb-da9f-4c97-89a6-5b68d636c692 tempest-GroupsTest-1909240248 tempest-GroupsTest-1909240248-project] Calling method 'version_select' {{(pid=109363) _process_stack /opt/stack/cinder/cinder/api/openstack/wsgi.py:868}}
Feb 08 07:22:00.492208 dv-cinder-823015-9-iscsi devstack@c-api.service[109363]: DEBUG cinder.api.v3.groups [None req-bb9796bb-da9f-4c97-89a6-5b68d636c692 tempest-GroupsTest-1909240248 tempest-GroupsTest-1909240248-project] show called for member e5df7fc9-3b5f-4750-9a05-f18bd15e4173 {{(pid=109363) show /opt/stack/cinder/cinder/api/v3/groups.py:58}}
Feb 08 07:22:00.516291 dv-cinder-823015-9-iscsi devstack@c-api.service[109363]: /usr/local/lib/python3.8/dist-packages/oslo_context/context.py:105: DeprecationWarning: Policy enforcement is depending on the value of is_admin. This key is deprecated. Please update your policy file to use the standard policy values.
Feb 08 07:22:00.516291 dv-cinder-823015-9-iscsi devstack@c-api.service[109363]: warnings.warn('Policy enforcement is depending on the value of '
Feb 08 07:22:00.517461 dv-cinder-823015-9-iscsi devstack@c-api.service[109364]: DEBUG cinder.volume.api [None req-47281ea5-5d83-4945-9665-b99fd6d1fe24 tempest-VolumesServicesTestJSON-135016369 tempest-VolumesServicesTestJSON-135016369-project] Flow 'volume_create_api' (395bab21-2ddf-48c1-b08d-320e7327868f) transitioned into state 'RUNNING' from state 'PENDING' {{(pid=109364) _flow_receiver /usr/local/lib/python3.8/dist-packages/taskflow/listeners/logging.py:141}}
Feb 08 07:22:00.531652 dv-cinder-823015-9-iscsi devstack@c-api.service[109364]: DEBUG cinder.volume.api [None req-47281ea5-5d83-4945-9665-b99fd6d1fe24 tempest-VolumesServicesTestJSON-135016369 tempest-VolumesServicesTestJSON-135016369-project] Task 'cinder.volume.flows.api.create_volume.ExtractVolumeRequestTask;volume:create' (00418132-7ca8-439c-a602-896d301b4642) transitioned into state 'RUNNING' from state 'PENDING' {{(pid=109364) _task_receiver /usr/local/lib/python3.8/dist-packages/taskflow/listeners/logging.py:190}}
Feb 08 07:22:00.537903 dv-cinder-823015-9-iscsi devstack@c-api.service[109364]: DEBUG cinder.volume.flows.api.create_volume [None req-47281ea5-5d83-4945-9665-b99fd6d1fe24 tempest-VolumesServicesTestJSON-135016369 tempest-VolumesServicesTestJSON-135016369-project] Validating volume size '1' using validate_int {{(pid=109364) _extract_size /opt/stack/cinder/cinder/volume/flows/api/create_volume.py:225}}
Feb 08 07:22:00.563807 dv-cinder-823015-9-iscsi devstack@c-api.service[109363]: INFO cinder.api.openstack.wsgi [None req-bb9796bb-da9f-4c97-89a6-5b68d636c692 tempest-GroupsTest-1909240248 tempest-GroupsTest-1909240248-project] http://10.222.0.35/volume/v3/1aa8708dc265489d99857ee2759b14b3/groups/e5df7fc9-3b5f-4750-9a05-f18bd15e4173 returned with HTTP 200
Feb 08 07:22:00.564864 dv-cinder-823015-9-iscsi devstack@c-api.service[109363]: [pid: 109363|app: 0|req: 47/87] 10.222.0.35 () {60 vars in 1362 bytes} [Tue Feb 8 07:22:00 2022] GET /volume/v3/1aa8708dc265489d99857ee2759b14b3/groups/e5df7fc9-3b5f-4750-9a05-f18bd15e4173 => generated 321 bytes in 85 msecs (HTTP/1.1 200) 7 headers in 286 bytes (1 switches on core 0)
Feb 08 07:22:00.584211 dv-cinder-823015-9-iscsi devstack@c-api.service[109363]: INFO cinder.api.openstack.wsgi [None req-e8ddd061-9b9c-4fac-99dc-0c72f0355bf7 tempest-GroupSnapshotsV319Test-939526355 tempest-GroupSnapshotsV319Test-939526355-project] GET http://10.222.0.35/volume/v3/c5257beefab044b98ce12ba54c65e36e/volumes/57eeb3be-b436-4e83-9cc1-97b447b115f7
Feb 08 07:22:00.584667 dv-cinder-823015-9-iscsi devstack@c-api.service[109363]: DEBUG cinder.api.openstack.wsgi [None req-e8ddd061-9b9c-4fac-99dc-0c72f0355bf7 tempest-GroupSnapshotsV319Test-939526355 tempest-GroupSnapshotsV319Test-939526355-project] Empty body provided in request {{(pid=109363) get_body /opt/stack/cinder/cinder/api/openstack/wsgi.py:715}}
Feb 08 07:22:00.585125 dv-cinder-823015-9-iscsi devstack@c-api.service[109363]: DEBUG cinder.api.openstack.wsgi [None req-e8ddd061-9b9c-4fac-99dc-0c72f0355bf7 tempest-GroupSnapshotsV319Test-939526355 tempest-GroupSnapshotsV319Test-939526355-project] Calling method 'show' {{(pid=109363) _process_stack /opt/stack/cinder/cinder/api/openstack/wsgi.py:868}}
Feb 08 07:22:00.602721 dv-cinder-823015-9-iscsi devstack@c-api.service[109363]: INFO cinder.api.openstack.wsgi [None req-e8ddd061-9b9c-4fac-99dc-0c72f0355bf7 tempest-GroupSnapshotsV319Test-939526355 tempest-GroupSnapshotsV319Test-939526355-project] http://10.222.0.35/volume/v3/c5257beefab044b98ce12ba54c65e36e/volumes/57eeb3be-b436-4e83-9cc1-97b447b115f7 returned with HTTP 404
Feb 08 07:22:00.607364 dv-cinder-823015-9-iscsi devstack@c-api.service[109363]: [pid: 109363|app: 0|req: 48/88] 10.222.0.35 () {60 vars in 1365 bytes} [Tue Feb 8 07:22:00 2022] GET /volume/v3/c5257beefab044b98ce12ba54c65e36e/volumes/57eeb3be-b436-4e83-9cc1-97b447b115f7 => generated 109 bytes in 42 msecs (HTTP/1.1 404) 7 headers in 293 bytes (1 switches on core 0)
Feb 08 07:22:00.620120 dv-cinder-823015-9-iscsi devstack@c-api.service[109363]: INFO cinder.api.openstack.wsgi [None req-533b5f18-ca14-481e-a1e6-a827f889ef4e tempest-GroupSnapshotsV319Test-939526355 tempest-GroupSnapshotsV319Test-939526355-project] GET http://10.222.0.35/volume/v3/c5257beefab044b98ce12ba54c65e36e/groups/717bce3a-77d3-44c0-a77f-e629a3bedb36
Feb 08 07:22:00.620576 dv-cinder-823015-9-iscsi devstack@c-api.service[109363]: DEBUG cinder.api.openstack.wsgi [None req-533b5f18-ca14-481e-a1e6-a827f889ef4e tempest-GroupSnapshotsV319Test-939526355 tempest-GroupSnapshotsV319Test-939526355-project] Empty body provided in request {{(pid=109363) get_body /opt/stack/cinder/cinder/api/openstack/wsgi.py:715}}
Feb 08 07:22:00.621018 dv-cinder-823015-9-iscsi devstack@c-api.service[109363]: DEBUG cinder.api.openstack.wsgi [None req-533b5f18-ca14-481e-a1e6-a827f889ef4e tempest-GroupSnapshotsV319Test-939526355 tempest-GroupSnapshotsV319Test-939526355-project] Calling method 'version_select' {{(pid=109363) _process_stack /opt/stack/cinder/cinder/api/openstack/wsgi.py:868}}
Feb 08 07:22:00.621345 dv-cinder-823015-9-iscsi devstack@c-api.service[109363]: DEBUG cinder.api.v3.groups [None req-533b5f18-ca14-481e-a1e6-a827f889ef4e tempest-GroupSnapshotsV319Test-939526355 tempest-GroupSnapshotsV319Test-939526355-project] show called for member 717bce3a-77d3-44c0-a77f-e629a3bedb36 {{(pid=109363) show /opt/stack/cinder/cinder/api/v3/groups.py:58}}
Feb 08 07:22:00.630800 dv-cinder-823015-9-iscsi devstack@c-api.service[109363]: INFO cinder.api.openstack.wsgi [None req-533b5f18-ca14-481e-a1e6-a827f889ef4e tempest-GroupSnapshotsV319Test-939526355 tempest-GroupSnapshotsV319Test-939526355-project] http://10.222.0.35/volume/v3/c5257beefab044b98ce12ba54c65e36e/groups/717bce3a-77d3-44c0-a77f-e629a3bedb36 returned with HTTP 404
Feb 08 07:22:00.632071 dv-cinder-823015-9-iscsi devstack@c-api.service[109363]: [pid: 109363|app: 0|req: 49/89] 10.222.0.35 () {60 vars in 1362 bytes} [Tue Feb 8 07:22:00 2022] GET /volume/v3/c5257beefab044b98ce12ba54c65e36e/groups/717bce3a-77d3-44c0-a77f-e629a3bedb36 => generated 108 bytes in 24 msecs (HTTP/1.1 404) 7 headers in 293 bytes (1 switches on core 0)
Feb 08 07:22:00.632992 dv-cinder-823015-9-iscsi devstack@c-api.service[109364]: DEBUG cinder.volume.api [None req-47281ea5-5d83-4945-9665-b99fd6d1fe24 tempest-VolumesServicesTestJSON-135016369 tempest-VolumesServicesTestJSON-135016369-project] Task 'cinder.volume.flows.api.create_volume.ExtractVolumeRequestTask;volume:create' (00418132-7ca8-439c-a602-896d301b4642) transitioned into state 'SUCCESS' from state 'RUNNING' with result '{'size': 1, 'snapshot_id': None, 'source_volid': None, 'volume_type': VolumeType(created_at=2022-02-08T07:12:25Z,deleted=False,deleted_at=None,description='Default Volume Type',extra_specs={},id=964d6920-0c8e-429c-9156-9ca11cbd7a0d,is_public=True,name='__DEFAULT__',projects=[],qos_specs=,qos_specs_id=None,updated_at=2022-02-08T07:12:25Z), 'volume_type_id': '964d6920-0c8e-429c-9156-9ca11cbd7a0d', 'encryption_key_id': None, 'qos_specs': None, 'consistencygroup_id': None, 'cgsnapshot_id': None, 'group_id': None, 'replication_status': 'disabled', 'refresh_az': False, 'backup_id': None, 'multiattach': False, 'availability_zones': ['nova']}' {{(pid=109364) _task_receiver /usr/local/lib/python3.8/dist-packages/taskflow/listeners/logging.py:178}}
Feb 08 07:22:00.638924 dv-cinder-823015-9-iscsi devstack@c-api.service[109364]: DEBUG cinder.volume.api [None req-47281ea5-5d83-4945-9665-b99fd6d1fe24 tempest-VolumesServicesTestJSON-135016369 tempest-VolumesServicesTestJSON-135016369-project] Task 'cinder.volume.flows.api.create_volume.QuotaReserveTask;volume:create' (6f61c4d1-2625-4dd0-b28e-4c5e6ff207a6) transitioned into state 'RUNNING' from state 'PENDING' {{(pid=109364) _task_receiver /usr/local/lib/python3.8/dist-packages/taskflow/listeners/logging.py:190}}
Feb 08 07:22:00.639953 dv-cinder-823015-9-iscsi devstack@c-api.service[109363]: INFO cinder.api.openstack.wsgi [None req-1c2339ea-9d70-441f-8f4e-5663fc25c6b0 tempest-GroupSnapshotsV319Test-1920415448 tempest-GroupSnapshotsV319Test-1920415448-project-admin] DELETE http://10.222.0.35/volume/v3/e9632eaaab7f4f2dbfb5542097951326/group_types/aaa4ea6f-f81c-48c5-92fb-490eef7483ce
Feb 08 07:22:00.640499 dv-cinder-823015-9-iscsi devstack@c-api.service[109363]: DEBUG cinder.api.openstack.wsgi [None req-1c2339ea-9d70-441f-8f4e-5663fc25c6b0 tempest-GroupSnapshotsV319Test-1920415448 tempest-GroupSnapshotsV319Test-1920415448-project-admin] Empty body provided in request {{(pid=109363) get_body /opt/stack/cinder/cinder/api/openstack/wsgi.py:715}}
Feb 08 07:22:00.640950 dv-cinder-823015-9-iscsi devstack@c-api.service[109363]: DEBUG cinder.api.openstack.wsgi [None req-1c2339ea-9d70-441f-8f4e-5663fc25c6b0 tempest-GroupSnapshotsV319Test-1920415448 tempest-GroupSnapshotsV319Test-1920415448-project-admin] Calling method 'version_select' {{(pid=109363) _process_stack /opt/stack/cinder/cinder/api/openstack/wsgi.py:868}}
Feb 08 07:22:00.641614 dv-cinder-823015-9-iscsi devstack@c-api.service[109363]: /usr/local/lib/python3.8/dist-packages/oslo_context/context.py:105: DeprecationWarning: Policy enforcement is depending on the value of is_admin. This key is deprecated. Please update your policy file to use the standard policy values.
Feb 08 07:22:00.641614 dv-cinder-823015-9-iscsi devstack@c-api.service[109363]: warnings.warn('Policy enforcement is depending on the value of '
Feb 08 07:22:00.707205 dv-cinder-823015-9-iscsi devstack@c-api.service[109364]: WARNING cinder.quota [None req-47281ea5-5d83-4945-9665-b99fd6d1fe24 tempest-VolumesServicesTestJSON-135016369 tempest-VolumesServicesTestJSON-135016369-project] Deprecated: Default quota for resource: volumes___DEFAULT__ is set by the default quota flag: quota_volumes___DEFAULT__, it is now deprecated. Please use the default quota class for default quota.
Feb 08 07:22:00.708532 dv-cinder-823015-9-iscsi devstack@c-api.service[109364]: WARNING cinder.quota [None req-47281ea5-5d83-4945-9665-b99fd6d1fe24 tempest-VolumesServicesTestJSON-135016369 tempest-VolumesServicesTestJSON-135016369-project] Deprecated: Default quota for resource: gigabytes___DEFAULT__ is set by the default quota flag: quota_gigabytes___DEFAULT__, it is now deprecated. Please use the default quota class for default quota.
Feb 08 07:22:00.730987 dv-cinder-823015-9-iscsi devstack@c-api.service[109363]: INFO cinder.api.openstack.wsgi [None req-1c2339ea-9d70-441f-8f4e-5663fc25c6b0 tempest-GroupSnapshotsV319Test-1920415448 tempest-GroupSnapshotsV319Test-1920415448-project-admin] http://10.222.0.35/volume/v3/e9632eaaab7f4f2dbfb5542097951326/group_types/aaa4ea6f-f81c-48c5-92fb-490eef7483ce returned with HTTP 202
Feb 08 07:22:00.732186 dv-cinder-823015-9-iscsi devstack@c-api.service[109363]: [pid: 109363|app: 0|req: 50/90] 10.222.0.35 () {60 vars in 1380 bytes} [Tue Feb 8 07:22:00 2022] DELETE /volume/v3/e9632eaaab7f4f2dbfb5542097951326/group_types/aaa4ea6f-f81c-48c5-92fb-490eef7483ce => generated 0 bytes in 96 msecs (HTTP/1.1 202) 6 headers in 234 bytes (1 switches on core 0)
Feb 08 07:22:00.743382 dv-cinder-823015-9-iscsi devstack@c-api.service[109363]: INFO cinder.api.openstack.wsgi [None req-e5d012b7-2b1d-4bf8-b6ce-32f013b6c030 tempest-GroupSnapshotsV319Test-939526355 tempest-GroupSnapshotsV319Test-939526355-project] DELETE http://10.222.0.35/volume/v3/c5257beefab044b98ce12ba54c65e36e/volumes/57eeb3be-b436-4e83-9cc1-97b447b115f7
Feb 08 07:22:00.744288 dv-cinder-823015-9-iscsi devstack@c-api.service[109363]: DEBUG cinder.api.openstack.wsgi [None req-e5d012b7-2b1d-4bf8-b6ce-32f013b6c030 tempest-GroupSnapshotsV319Test-939526355 tempest-GroupSnapshotsV319Test-939526355-project] Empty body provided in request {{(pid=109363) get_body /opt/stack/cinder/cinder/api/openstack/wsgi.py:715}}
Feb 08 07:22:00.744862 dv-cinder-823015-9-iscsi devstack@c-api.service[109363]: DEBUG cinder.api.openstack.wsgi [None req-e5d012b7-2b1d-4bf8-b6ce-32f013b6c030 tempest-GroupSnapshotsV319Test-939526355 tempest-GroupSnapshotsV319Test-939526355-project] Calling method 'delete' {{(pid=109363) _process_stack /opt/stack/cinder/cinder/api/openstack/wsgi.py:868}}
Feb 08 07:22:00.745753 dv-cinder-823015-9-iscsi devstack@c-api.service[109363]: INFO cinder.api.v3.volumes [None req-e5d012b7-2b1d-4bf8-b6ce-32f013b6c030 tempest-GroupSnapshotsV319Test-939526355 tempest-GroupSnapshotsV319Test-939526355-project] Delete volume with id: 57eeb3be-b436-4e83-9cc1-97b447b115f7
Feb 08 07:22:00.783726 dv-cinder-823015-9-iscsi devstack@c-api.service[109363]: INFO cinder.api.openstack.wsgi [None req-e5d012b7-2b1d-4bf8-b6ce-32f013b6c030 tempest-GroupSnapshotsV319Test-939526355 tempest-GroupSnapshotsV319Test-939526355-project] http://10.222.0.35/volume/v3/c5257beefab044b98ce12ba54c65e36e/volumes/57eeb3be-b436-4e83-9cc1-97b447b115f7 returned with HTTP 404
Feb 08 07:22:00.787046 dv-cinder-823015-9-iscsi devstack@c-api.service[109363]: [pid: 109363|app: 0|req: 51/91] 10.222.0.35 () {60 vars in 1368 bytes} [Tue Feb 8 07:22:00 2022] DELETE /volume/v3/c5257beefab044b98ce12ba54c65e36e/volumes/57eeb3be-b436-4e83-9cc1-97b447b115f7 => generated 109 bytes in 49 msecs (HTTP/1.1 404) 7 headers in 293 bytes (2 switches on core 0)
Feb 08 07:22:00.796373 dv-cinder-823015-9-iscsi devstack@c-api.service[109363]: INFO cinder.api.openstack.wsgi [None req-ca16481d-b37a-4c33-98eb-0eec55ffc51f tempest-GroupSnapshotsV319Test-1920415448 tempest-GroupSnapshotsV319Test-1920415448-project-admin] DELETE http://10.222.0.35/volume/v3/e9632eaaab7f4f2dbfb5542097951326/types/acd06067-2a63-43b3-bb45-5670a77c3e8d
Feb 08 07:22:00.796882 dv-cinder-823015-9-iscsi devstack@c-api.service[109363]: DEBUG cinder.api.openstack.wsgi [None req-ca16481d-b37a-4c33-98eb-0eec55ffc51f tempest-GroupSnapshotsV319Test-1920415448 tempest-GroupSnapshotsV319Test-1920415448-project-admin] Empty body provided in request {{(pid=109363) get_body /opt/stack/cinder/cinder/api/openstack/wsgi.py:715}}
Feb 08 07:22:00.799243 dv-cinder-823015-9-iscsi devstack@c-api.service[109363]: DEBUG cinder.api.openstack.wsgi [None req-ca16481d-b37a-4c33-98eb-0eec55ffc51f tempest-GroupSnapshotsV319Test-1920415448 tempest-GroupSnapshotsV319Test-1920415448-project-admin] Calling method '_delete' {{(pid=109363) _process_stack /opt/stack/cinder/cinder/api/openstack/wsgi.py:868}}
Feb 08 07:22:00.904964 dv-cinder-823015-9-iscsi devstack@c-api.service[109364]: DEBUG cinder.quota [None req-47281ea5-5d83-4945-9665-b99fd6d1fe24 tempest-VolumesServicesTestJSON-135016369 tempest-VolumesServicesTestJSON-135016369-project] Created reservations ['e5260f91-272f-4e96-ba0b-b038ac7ccf99', '6d4e72ec-3447-4f50-abfe-75da576bfbe5', '6e541a38-b04b-4efd-933c-9cd97dc3e807', 'f7260590-1e03-42a3-869a-8c5081f2086b'] {{(pid=109364) reserve /opt/stack/cinder/cinder/quota.py:755}}
Feb 08 07:22:00.906984 dv-cinder-823015-9-iscsi devstack@c-api.service[109364]: DEBUG cinder.volume.api [None req-47281ea5-5d83-4945-9665-b99fd6d1fe24 tempest-VolumesServicesTestJSON-135016369 tempest-VolumesServicesTestJSON-135016369-project] Task 'cinder.volume.flows.api.create_volume.QuotaReserveTask;volume:create' (6f61c4d1-2625-4dd0-b28e-4c5e6ff207a6) transitioned into state 'SUCCESS' from state 'RUNNING' with result '{'reservations': ['e5260f91-272f-4e96-ba0b-b038ac7ccf99', '6d4e72ec-3447-4f50-abfe-75da576bfbe5', '6e541a38-b04b-4efd-933c-9cd97dc3e807', 'f7260590-1e03-42a3-869a-8c5081f2086b']}' {{(pid=109364) _task_receiver /usr/local/lib/python3.8/dist-packages/taskflow/listeners/logging.py:178}}
Feb 08 07:22:00.914916 dv-cinder-823015-9-iscsi devstack@c-api.service[109364]: DEBUG cinder.volume.api [None req-47281ea5-5d83-4945-9665-b99fd6d1fe24 tempest-VolumesServicesTestJSON-135016369 tempest-VolumesServicesTestJSON-135016369-project] Task 'cinder.volume.flows.api.create_volume.EntryCreateTask;volume:create' (85a4e5b6-5ce4-4e3d-b666-3bf9b7a27400) transitioned into state 'RUNNING' from state 'PENDING' {{(pid=109364) _task_receiver /usr/local/lib/python3.8/dist-packages/taskflow/listeners/logging.py:190}}
Feb 08 07:22:01.003145 dv-cinder-823015-9-iscsi devstack@c-api.service[109364]: DEBUG cinder.volume.api [None req-47281ea5-5d83-4945-9665-b99fd6d1fe24 tempest-VolumesServicesTestJSON-135016369 tempest-VolumesServicesTestJSON-135016369-project] Task 'cinder.volume.flows.api.create_volume.EntryCreateTask;volume:create' (85a4e5b6-5ce4-4e3d-b666-3bf9b7a27400) transitioned into state 'SUCCESS' from state 'RUNNING' with result '{'volume_id': '59c25e5f-8f46-45f3-9275-78b12e0ae455', 'volume_properties': VolumeProperties(attach_status='detached',availability_zone='nova',cgsnapshot_id=None,consistencygroup_id=None,display_description=None,display_name='tempest-VolumesServicesTestJSON-Volume-2092463790',encryption_key_id=None,group_id=None,group_type_id=,metadata={},multiattach=False,project_id='3a1adc995cb1416199a7943f00a7132a',qos_specs=None,replication_status=,reservations=['e5260f91-272f-4e96-ba0b-b038ac7ccf99','6d4e72ec-3447-4f50-abfe-75da576bfbe5','6e541a38-b04b-4efd-933c-9cd97dc3e807','f7260590-1e03-42a3-869a-8c5081f2086b'],size=1,snapshot_id=None,source_replicaid=,source_volid=None,status='creating',user_id='f80024354c1e41968006b4932f791fae',volume_type_id=964d6920-0c8e-429c-9156-9ca11cbd7a0d), 'volume': Volume(_name_id=None,admin_metadata=,attach_status='detached',availability_zone='nova',bootable=False,cluster=,cluster_name=None,consistencygroup=,consistencygroup_id=None,created_at=2022-02-08T07:22:00Z,deleted=False,deleted_at=None,display_description=None,display_name='tempest-VolumesServicesTestJSON-Volume-2092463790',ec2_id=None,encryption_key_id=None,glance_metadata=,group=,group_id=None,host=None,id=59c25e5f-8f46-45f3-9275-78b12e0ae455,launched_at=None,metadata={},migration_status=None,multiattach=False,previous_status=None,project_id='3a1adc995cb1416199a7943f00a7132a',provider_auth=None,provider_geometry=None,provider_id=None,provider_location=None,replication_driver_data=None,replication_extended_status=None,replication_status=None,scheduled_at=None,service_uuid=None,shared_targets=True,size=1,snapshot_id=None,snapshots=,source_volid=None,status='creating',terminated_at=None,updated_at=None,use_quota=True,user_id='f80024354c1e41968006b4932f791fae',volume_attachment=VolumeAttachmentList,volume_type=VolumeType(964d6920-0c8e-429c-9156-9ca11cbd7a0d),volume_type_id=964d6920-0c8e-429c-9156-9ca11cbd7a0d)}' {{(pid=109364) _task_receiver /usr/local/lib/python3.8/dist-packages/taskflow/listeners/logging.py:178}}
Feb 08 07:22:01.016776 dv-cinder-823015-9-iscsi devstack@c-api.service[109364]: DEBUG cinder.volume.api [None req-47281ea5-5d83-4945-9665-b99fd6d1fe24 tempest-VolumesServicesTestJSON-135016369 tempest-VolumesServicesTestJSON-135016369-project] Task 'cinder.volume.flows.api.create_volume.QuotaCommitTask;volume:create' (81bf2346-b343-4536-b8df-351ee1a6cdeb) transitioned into state 'RUNNING' from state 'PENDING' {{(pid=109364) _task_receiver /usr/local/lib/python3.8/dist-packages/taskflow/listeners/logging.py:190}}
Feb 08 07:22:01.045817 dv-cinder-823015-9-iscsi devstack@c-api.service[109363]: INFO cinder.api.openstack.wsgi [None req-ca16481d-b37a-4c33-98eb-0eec55ffc51f tempest-GroupSnapshotsV319Test-1920415448 tempest-GroupSnapshotsV319Test-1920415448-project-admin] http://10.222.0.35/volume/v3/e9632eaaab7f4f2dbfb5542097951326/types/acd06067-2a63-43b3-bb45-5670a77c3e8d returned with HTTP 202
Feb 08 07:22:01.047397 dv-cinder-823015-9-iscsi devstack@c-api.service[109363]: [pid: 109363|app: 0|req: 52/92] 10.222.0.35 () {58 vars in 1321 bytes} [Tue Feb 8 07:22:00 2022] DELETE /volume/v3/e9632eaaab7f4f2dbfb5542097951326/types/acd06067-2a63-43b3-bb45-5670a77c3e8d => generated 0 bytes in 257 msecs (HTTP/1.1 202) 6 headers in 233 bytes (2 switches on core 0)
Feb 08 07:22:01.060904 dv-cinder-823015-9-iscsi devstack@c-api.service[109363]: INFO cinder.api.openstack.wsgi [None req-6b867e7e-52d1-4d84-816a-205e422767a4 tempest-GroupSnapshotsV319Test-1920415448 tempest-GroupSnapshotsV319Test-1920415448-project-admin] GET http://10.222.0.35/volume/v3/e9632eaaab7f4f2dbfb5542097951326/types/acd06067-2a63-43b3-bb45-5670a77c3e8d
Feb 08 07:22:01.061806 dv-cinder-823015-9-iscsi devstack@c-api.service[109363]: DEBUG cinder.api.openstack.wsgi [None req-6b867e7e-52d1-4d84-816a-205e422767a4 tempest-GroupSnapshotsV319Test-1920415448 tempest-GroupSnapshotsV319Test-1920415448-project-admin] Empty body provided in request {{(pid=109363) get_body /opt/stack/cinder/cinder/api/openstack/wsgi.py:715}}
Feb 08 07:22:01.062501 dv-cinder-823015-9-iscsi devstack@c-api.service[109363]: DEBUG cinder.api.openstack.wsgi [None req-6b867e7e-52d1-4d84-816a-205e422767a4 tempest-GroupSnapshotsV319Test-1920415448 tempest-GroupSnapshotsV319Test-1920415448-project-admin] Calling method 'show' {{(pid=109363) _process_stack /opt/stack/cinder/cinder/api/openstack/wsgi.py:868}}
Feb 08 07:22:01.069040 dv-cinder-823015-9-iscsi devstack@c-api.service[109363]: INFO cinder.api.openstack.wsgi [None req-6b867e7e-52d1-4d84-816a-205e422767a4 tempest-GroupSnapshotsV319Test-1920415448 tempest-GroupSnapshotsV319Test-1920415448-project-admin] http://10.222.0.35/volume/v3/e9632eaaab7f4f2dbfb5542097951326/types/acd06067-2a63-43b3-bb45-5670a77c3e8d returned with HTTP 404
Feb 08 07:22:01.087491 dv-cinder-823015-9-iscsi devstack@c-api.service[109364]: DEBUG cinder.volume.api [None req-47281ea5-5d83-4945-9665-b99fd6d1fe24 tempest-VolumesServicesTestJSON-135016369 tempest-VolumesServicesTestJSON-135016369-project] Task 'cinder.volume.flows.api.create_volume.QuotaCommitTask;volume:create' (81bf2346-b343-4536-b8df-351ee1a6cdeb) transitioned into state 'SUCCESS' from state 'RUNNING' with result '{'volume_properties': VolumeProperties(attach_status='detached',availability_zone='nova',cgsnapshot_id=None,consistencygroup_id=None,display_description=None,display_name='tempest-VolumesServicesTestJSON-Volume-2092463790',encryption_key_id=None,group_id=None,group_type_id=,metadata={},multiattach=False,project_id='3a1adc995cb1416199a7943f00a7132a',qos_specs=None,replication_status=,reservations=['e5260f91-272f-4e96-ba0b-b038ac7ccf99','6d4e72ec-3447-4f50-abfe-75da576bfbe5','6e541a38-b04b-4efd-933c-9cd97dc3e807','f7260590-1e03-42a3-869a-8c5081f2086b'],size=1,snapshot_id=None,source_replicaid=,source_volid=None,status='creating',user_id='f80024354c1e41968006b4932f791fae',volume_type_id=964d6920-0c8e-429c-9156-9ca11cbd7a0d)}' {{(pid=109364) _task_receiver /usr/local/lib/python3.8/dist-packages/taskflow/listeners/logging.py:178}}
Feb 08 07:22:01.088377 dv-cinder-823015-9-iscsi devstack@c-api.service[109364]: DEBUG cinder.volume.api [None req-47281ea5-5d83-4945-9665-b99fd6d1fe24 tempest-VolumesServicesTestJSON-135016369 tempest-VolumesServicesTestJSON-135016369-project] Task 'cinder.volume.flows.api.create_volume.VolumeCastTask;volume:create' (1ca127c8-9cf9-435c-bb80-78b8ce1cdb92) transitioned into state 'RUNNING' from state 'PENDING' {{(pid=109364) _task_receiver /usr/local/lib/python3.8/dist-packages/taskflow/listeners/logging.py:190}}
Feb 08 07:22:01.088522 dv-cinder-823015-9-iscsi devstack@c-api.service[109363]: [pid: 109363|app: 0|req: 53/93] 10.222.0.35 () {58 vars in 1318 bytes} [Tue Feb 8 07:22:01 2022] GET /volume/v3/e9632eaaab7f4f2dbfb5542097951326/types/acd06067-2a63-43b3-bb45-5670a77c3e8d => generated 114 bytes in 22 msecs (HTTP/1.1 404) 7 headers in 292 bytes (1 switches on core 0)
Feb 08 07:22:01.139697 dv-cinder-823015-9-iscsi devstack@c-api.service[109364]: DEBUG cinder.volume.api [None req-47281ea5-5d83-4945-9665-b99fd6d1fe24 tempest-VolumesServicesTestJSON-135016369 tempest-VolumesServicesTestJSON-135016369-project] Task 'cinder.volume.flows.api.create_volume.VolumeCastTask;volume:create' (1ca127c8-9cf9-435c-bb80-78b8ce1cdb92) transitioned into state 'SUCCESS' from state 'RUNNING' with result 'None' {{(pid=109364) _task_receiver /usr/local/lib/python3.8/dist-packages/taskflow/listeners/logging.py:178}}
Feb 08 07:22:01.143865 dv-cinder-823015-9-iscsi devstack@c-api.service[109364]: DEBUG cinder.volume.api [None req-47281ea5-5d83-4945-9665-b99fd6d1fe24 tempest-VolumesServicesTestJSON-135016369 tempest-VolumesServicesTestJSON-135016369-project] Flow 'volume_create_api' (395bab21-2ddf-48c1-b08d-320e7327868f) transitioned into state 'SUCCESS' from state 'RUNNING' {{(pid=109364) _flow_receiver /usr/local/lib/python3.8/dist-packages/taskflow/listeners/logging.py:141}}
Feb 08 07:22:01.186979 dv-cinder-823015-9-iscsi devstack@c-api.service[109364]: INFO cinder.volume.api [None req-47281ea5-5d83-4945-9665-b99fd6d1fe24 tempest-VolumesServicesTestJSON-135016369 tempest-VolumesServicesTestJSON-135016369-project] Create volume request issued successfully.
Feb 08 07:22:01.192726 dv-cinder-823015-9-iscsi devstack@c-api.service[109364]: INFO cinder.api.openstack.wsgi [None req-47281ea5-5d83-4945-9665-b99fd6d1fe24 tempest-VolumesServicesTestJSON-135016369 tempest-VolumesServicesTestJSON-135016369-project] http://10.222.0.35/volume/v3/3a1adc995cb1416199a7943f00a7132a/volumes returned with HTTP 202
Feb 08 07:22:01.208794 dv-cinder-823015-9-iscsi devstack@c-api.service[109364]: [pid: 109364|app: 0|req: 41/94] 10.222.0.35 () {60 vars in 1234 bytes} [Tue Feb 8 07:21:59 2022] POST /volume/v3/3a1adc995cb1416199a7943f00a7132a/volumes => generated 823 bytes in 1206 msecs (HTTP/1.1 202) 7 headers in 291 bytes (1 switches on core 0)
