Jan 20 07:20:20.796665 dv-cinder-823015-5-smb devstack@c-api.service[109589]: DEBUG cinder.volume.api [None req-2ddc54de-8f54-423a-b733-6b74ada29558 tempest-SnapshotsActionsTest-1882007006 tempest-SnapshotsActionsTest-1882007006-project] Task 'cinder.volume.flows.api.create_volume.QuotaReserveTask;volume:create' (3ad2c3e8-7a27-4c5c-a753-09388f84942f) transitioned into state 'SUCCESS' from state 'RUNNING' with result '{'reservations': ['e55d0432-6853-4808-850b-e61c4b440643', 'cc584121-c23d-4330-b05c-af90cae1f61e', 'f8c8d60f-96a1-4747-974b-ede8691b37e1', 'cf8151c1-6ab5-4478-b16c-722d7abb484a']}' {{(pid=109589) _task_receiver /usr/local/lib/python3.8/dist-packages/taskflow/listeners/logging.py:178}}
Jan 20 07:20:20.798835 dv-cinder-823015-5-smb devstack@c-api.service[109589]: DEBUG cinder.volume.api [None req-2ddc54de-8f54-423a-b733-6b74ada29558 tempest-SnapshotsActionsTest-1882007006 tempest-SnapshotsActionsTest-1882007006-project] Task 'cinder.volume.flows.api.create_volume.EntryCreateTask;volume:create' (bbbb0659-5914-4ae1-861f-746269d75f8c) transitioned into state 'RUNNING' from state 'PENDING' {{(pid=109589) _task_receiver /usr/local/lib/python3.8/dist-packages/taskflow/listeners/logging.py:190}}
Jan 20 07:20:20.852521 dv-cinder-823015-5-smb devstack@c-api.service[109589]: DEBUG cinder.volume.api [None req-2ddc54de-8f54-423a-b733-6b74ada29558 tempest-SnapshotsActionsTest-1882007006 tempest-SnapshotsActionsTest-1882007006-project] Task 'cinder.volume.flows.api.create_volume.EntryCreateTask;volume:create' (bbbb0659-5914-4ae1-861f-746269d75f8c) transitioned into state 'SUCCESS' from state 'RUNNING' with result '{'volume_id': 'c8318e08-fccb-4ff1-af55-0d2723217bbf', 'volume_properties': VolumeProperties(attach_status='detached',availability_zone='nova',cgsnapshot_id=None,consistencygroup_id=None,display_description=None,display_name='tempest-SnapshotsActionsTest-Volume-19732486',encryption_key_id=None,group_id=None,group_type_id=,metadata={},multiattach=False,project_id='c8cf8d105f1d40628272535957f6a897',qos_specs=None,replication_status=,reservations=['e55d0432-6853-4808-850b-e61c4b440643','cc584121-c23d-4330-b05c-af90cae1f61e','f8c8d60f-96a1-4747-974b-ede8691b37e1','cf8151c1-6ab5-4478-b16c-722d7abb484a'],size=1,snapshot_id=None,source_replicaid=,source_volid=None,status='creating',user_id='23d63d594b294c8fa5cdb7fdfabf0a0f',volume_type_id=2f914816-2c99-4c2c-8efc-9ae0f9a2cb9b), 'volume': Volume(_name_id=None,admin_metadata=,attach_status='detached',availability_zone='nova',bootable=False,cluster=,cluster_name=None,consistencygroup=,consistencygroup_id=None,created_at=2022-01-20T07:20:20Z,deleted=False,deleted_at=None,display_description=None,display_name='tempest-SnapshotsActionsTest-Volume-19732486',ec2_id=None,encryption_key_id=None,glance_metadata=,group=,group_id=None,host=None,id=c8318e08-fccb-4ff1-af55-0d2723217bbf,launched_at=None,metadata={},migration_status=None,multiattach=False,previous_status=None,project_id='c8cf8d105f1d40628272535957f6a897',provider_auth=None,provider_geometry=None,provider_id=None,provider_location=None,replication_driver_data=None,replication_extended_status=None,replication_status=None,scheduled_at=None,service_uuid=None,shared_targets=True,size=1,snapshot_id=None,snapshots=,source_volid=None,status='creating',terminated_at=None,updated_at=None,use_quota=True,user_id='23d63d594b294c8fa5cdb7fdfabf0a0f',volume_attachment=VolumeAttachmentList,volume_type=VolumeType(2f914816-2c99-4c2c-8efc-9ae0f9a2cb9b),volume_type_id=2f914816-2c99-4c2c-8efc-9ae0f9a2cb9b)}' {{(pid=109589) _task_receiver /usr/local/lib/python3.8/dist-packages/taskflow/listeners/logging.py:178}}
Jan 20 07:20:20.856020 dv-cinder-823015-5-smb devstack@c-api.service[109589]: DEBUG cinder.volume.api [None req-2ddc54de-8f54-423a-b733-6b74ada29558 tempest-SnapshotsActionsTest-1882007006 tempest-SnapshotsActionsTest-1882007006-project] Task 'cinder.volume.flows.api.create_volume.QuotaCommitTask;volume:create' (c443d031-f02f-45b5-85eb-c4a1ced98320) transitioned into state 'RUNNING' from state 'PENDING' {{(pid=109589) _task_receiver /usr/local/lib/python3.8/dist-packages/taskflow/listeners/logging.py:190}}
Jan 20 07:20:20.895909 dv-cinder-823015-5-smb devstack@c-api.service[109589]: DEBUG cinder.volume.api [None req-2ddc54de-8f54-423a-b733-6b74ada29558 tempest-SnapshotsActionsTest-1882007006 tempest-SnapshotsActionsTest-1882007006-project] Task 'cinder.volume.flows.api.create_volume.QuotaCommitTask;volume:create' (c443d031-f02f-45b5-85eb-c4a1ced98320) transitioned into state 'SUCCESS' from state 'RUNNING' with result '{'volume_properties': VolumeProperties(attach_status='detached',availability_zone='nova',cgsnapshot_id=None,consistencygroup_id=None,display_description=None,display_name='tempest-SnapshotsActionsTest-Volume-19732486',encryption_key_id=None,group_id=None,group_type_id=,metadata={},multiattach=False,project_id='c8cf8d105f1d40628272535957f6a897',qos_specs=None,replication_status=,reservations=['e55d0432-6853-4808-850b-e61c4b440643','cc584121-c23d-4330-b05c-af90cae1f61e','f8c8d60f-96a1-4747-974b-ede8691b37e1','cf8151c1-6ab5-4478-b16c-722d7abb484a'],size=1,snapshot_id=None,source_replicaid=,source_volid=None,status='creating',user_id='23d63d594b294c8fa5cdb7fdfabf0a0f',volume_type_id=2f914816-2c99-4c2c-8efc-9ae0f9a2cb9b)}' {{(pid=109589) _task_receiver /usr/local/lib/python3.8/dist-packages/taskflow/listeners/logging.py:178}}
Jan 20 07:20:20.900300 dv-cinder-823015-5-smb devstack@c-api.service[109589]: DEBUG cinder.volume.api [None req-2ddc54de-8f54-423a-b733-6b74ada29558 tempest-SnapshotsActionsTest-1882007006 tempest-SnapshotsActionsTest-1882007006-project] Task 'cinder.volume.flows.api.create_volume.VolumeCastTask;volume:create' (ef66c3e2-e1b2-4f5d-bd5a-303d465243f9) transitioned into state 'RUNNING' from state 'PENDING' {{(pid=109589) _task_receiver /usr/local/lib/python3.8/dist-packages/taskflow/listeners/logging.py:190}}
Jan 20 07:20:20.931111 dv-cinder-823015-5-smb devstack@c-api.service[109589]: DEBUG cinder.volume.api [None req-2ddc54de-8f54-423a-b733-6b74ada29558 tempest-SnapshotsActionsTest-1882007006 tempest-SnapshotsActionsTest-1882007006-project] Task 'cinder.volume.flows.api.create_volume.VolumeCastTask;volume:create' (ef66c3e2-e1b2-4f5d-bd5a-303d465243f9) transitioned into state 'SUCCESS' from state 'RUNNING' with result 'None' {{(pid=109589) _task_receiver /usr/local/lib/python3.8/dist-packages/taskflow/listeners/logging.py:178}}
Jan 20 07:20:20.934186 dv-cinder-823015-5-smb devstack@c-api.service[109589]: DEBUG cinder.volume.api [None req-2ddc54de-8f54-423a-b733-6b74ada29558 tempest-SnapshotsActionsTest-1882007006 tempest-SnapshotsActionsTest-1882007006-project] Flow 'volume_create_api' (95533290-c67e-4cda-b9e8-529ac1bbd19d) transitioned into state 'SUCCESS' from state 'RUNNING' {{(pid=109589) _flow_receiver /usr/local/lib/python3.8/dist-packages/taskflow/listeners/logging.py:141}}
Jan 20 07:20:20.935236 dv-cinder-823015-5-smb devstack@c-api.service[109589]: INFO cinder.volume.api [None req-2ddc54de-8f54-423a-b733-6b74ada29558 tempest-SnapshotsActionsTest-1882007006 tempest-SnapshotsActionsTest-1882007006-project] Create volume request issued successfully.
Jan 20 07:20:20.936881 dv-cinder-823015-5-smb devstack@c-api.service[109589]: INFO cinder.api.openstack.wsgi [None req-2ddc54de-8f54-423a-b733-6b74ada29558 tempest-SnapshotsActionsTest-1882007006 tempest-SnapshotsActionsTest-1882007006-project] http://10.222.0.32/volume/v3/c8cf8d105f1d40628272535957f6a897/volumes returned with HTTP 202
Jan 20 07:20:20.938938 dv-cinder-823015-5-smb devstack@c-api.service[109590]: INFO cinder.api.openstack.wsgi [None req-97550396-7a17-407f-a166-8afb83392c92 tempest-VolumeSnapshotQuotasNegativeTestJSON-1636937620 tempest-VolumeSnapshotQuotasNegativeTestJSON-1636937620-project] POST http://10.222.0.32/volume/v3/d20c846ff1f645808baf5b7326f70200/volumes
Jan 20 07:20:20.939752 dv-cinder-823015-5-smb devstack@c-api.service[109590]: DEBUG cinder.api.openstack.wsgi [None req-97550396-7a17-407f-a166-8afb83392c92 tempest-VolumeSnapshotQuotasNegativeTestJSON-1636937620 tempest-VolumeSnapshotQuotasNegativeTestJSON-1636937620-project] Action: 'create', calling method: create, body: {"volume": {"size": 1, "name": "tempest-VolumeSnapshotQuotasNegativeTestJSON-Volume-1838334574"}} {{(pid=109590) _process_stack /opt/stack/cinder/cinder/api/openstack/wsgi.py:866}}
Jan 20 07:20:20.941071 dv-cinder-823015-5-smb devstack@c-api.service[109589]: [pid: 109589|app: 0|req: 73/129] 10.222.0.32 () {60 vars in 1234 bytes} [Thu Jan 20 07:20:19 2022] POST /volume/v3/c8cf8d105f1d40628272535957f6a897/volumes => generated 818 bytes in 1026 msecs (HTTP/1.1 202) 7 headers in 291 bytes (2 switches on core 0)
Jan 20 07:20:20.946001 dv-cinder-823015-5-smb devstack@c-api.service[109590]: DEBUG cinder.api.v3.volumes [None req-97550396-7a17-407f-a166-8afb83392c92 tempest-VolumeSnapshotQuotasNegativeTestJSON-1636937620 tempest-VolumeSnapshotQuotasNegativeTestJSON-1636937620-project] Create volume request body: {'volume': {'size': 1, 'name': 'tempest-VolumeSnapshotQuotasNegativeTestJSON-Volume-1838334574'}} {{(pid=109590) create /opt/stack/cinder/cinder/api/v3/volumes.py:298}}
Jan 20 07:20:20.948684 dv-cinder-823015-5-smb devstack@c-api.service[109590]: INFO cinder.api.v3.volumes [None req-97550396-7a17-407f-a166-8afb83392c92 tempest-VolumeSnapshotQuotasNegativeTestJSON-1636937620 tempest-VolumeSnapshotQuotasNegativeTestJSON-1636937620-project] Create volume of 1 GB
Jan 20 07:20:20.950440 dv-cinder-823015-5-smb devstack@c-api.service[109589]: INFO cinder.api.openstack.wsgi [None req-59bdc080-2929-4754-8be3-62fcd5d1a167 tempest-GroupSnapshotsTest-2056777592 tempest-GroupSnapshotsTest-2056777592-project] PUT http://10.222.0.32/volume/v3/0f08e6c3ff954d9ba2386a4c6e775f28/groups/c2842998-9af3-41c8-ab67-bf677f6664f8
Jan 20 07:20:20.951413 dv-cinder-823015-5-smb devstack@c-api.service[109589]: DEBUG cinder.api.openstack.wsgi [None req-59bdc080-2929-4754-8be3-62fcd5d1a167 tempest-GroupSnapshotsTest-2056777592 tempest-GroupSnapshotsTest-2056777592-project] Action: 'update', calling method: version_select, body: {"group": {"remove_volumes": "4b9cdf31-42a9-4997-baf4-2be494733ca9"}} {{(pid=109589) _process_stack /opt/stack/cinder/cinder/api/openstack/wsgi.py:866}}
Jan 20 07:20:20.966516 dv-cinder-823015-5-smb devstack@c-api.service[109589]: DEBUG cinder.api.v3.groups [None req-59bdc080-2929-4754-8be3-62fcd5d1a167 tempest-GroupSnapshotsTest-2056777592 tempest-GroupSnapshotsTest-2056777592-project] Update called for group c2842998-9af3-41c8-ab67-bf677f6664f8. {{(pid=109589) update /opt/stack/cinder/cinder/api/v3/groups.py:302}}
Jan 20 07:20:20.967033 dv-cinder-823015-5-smb devstack@c-api.service[109589]: INFO cinder.api.v3.groups [None req-59bdc080-2929-4754-8be3-62fcd5d1a167 tempest-GroupSnapshotsTest-2056777592 tempest-GroupSnapshotsTest-2056777592-project] Updating group c2842998-9af3-41c8-ab67-bf677f6664f8 with name None description: None add_volumes: None remove_volumes: 4b9cdf31-42a9-4997-baf4-2be494733ca9.
Jan 20 07:20:20.975527 dv-cinder-823015-5-smb devstack@c-api.service[109590]: INFO cinder.volume.api [None req-97550396-7a17-407f-a166-8afb83392c92 tempest-VolumeSnapshotQuotasNegativeTestJSON-1636937620 tempest-VolumeSnapshotQuotasNegativeTestJSON-1636937620-project] Availability Zones retrieved successfully.
Jan 20 07:20:20.979176 dv-cinder-823015-5-smb devstack@c-api.service[109589]: /usr/local/lib/python3.8/dist-packages/oslo_context/context.py:105: DeprecationWarning: Policy enforcement is depending on the value of is_admin. This key is deprecated. Please update your policy file to use the standard policy values.
Jan 20 07:20:20.979176 dv-cinder-823015-5-smb devstack@c-api.service[109589]: warnings.warn('Policy enforcement is depending on the value of '
Jan 20 07:20:21.066460 dv-cinder-823015-5-smb devstack@c-api.service[109590]: DEBUG cinder.volume.api [None req-97550396-7a17-407f-a166-8afb83392c92 tempest-VolumeSnapshotQuotasNegativeTestJSON-1636937620 tempest-VolumeSnapshotQuotasNegativeTestJSON-1636937620-project] Flow 'volume_create_api' (4670253e-d626-48ae-a86f-996405cab532) transitioned into state 'RUNNING' from state 'PENDING' {{(pid=109590) _flow_receiver /usr/local/lib/python3.8/dist-packages/taskflow/listeners/logging.py:141}}
Jan 20 07:20:21.083569 dv-cinder-823015-5-smb devstack@c-api.service[109590]: DEBUG cinder.volume.api [None req-97550396-7a17-407f-a166-8afb83392c92 tempest-VolumeSnapshotQuotasNegativeTestJSON-1636937620 tempest-VolumeSnapshotQuotasNegativeTestJSON-1636937620-project] Task 'cinder.volume.flows.api.create_volume.ExtractVolumeRequestTask;volume:create' (db6fa395-63ba-4b05-a81c-03a8ff270ca7) transitioned into state 'RUNNING' from state 'PENDING' {{(pid=109590) _task_receiver /usr/local/lib/python3.8/dist-packages/taskflow/listeners/logging.py:190}}
Jan 20 07:20:21.095386 dv-cinder-823015-5-smb devstack@c-api.service[109590]: DEBUG cinder.volume.flows.api.create_volume [None req-97550396-7a17-407f-a166-8afb83392c92 tempest-VolumeSnapshotQuotasNegativeTestJSON-1636937620 tempest-VolumeSnapshotQuotasNegativeTestJSON-1636937620-project] Validating volume size '1' using validate_int {{(pid=109590) _extract_size /opt/stack/cinder/cinder/volume/flows/api/create_volume.py:225}}
Jan 20 07:20:21.158830 dv-cinder-823015-5-smb devstack@c-api.service[109589]: INFO cinder.api.openstack.wsgi [None req-59bdc080-2929-4754-8be3-62fcd5d1a167 tempest-GroupSnapshotsTest-2056777592 tempest-GroupSnapshotsTest-2056777592-project] http://10.222.0.32/volume/v3/0f08e6c3ff954d9ba2386a4c6e775f28/groups/c2842998-9af3-41c8-ab67-bf677f6664f8 returned with HTTP 202
Jan 20 07:20:21.159669 dv-cinder-823015-5-smb devstack@c-api.service[109589]: [pid: 109589|app: 0|req: 74/130] 10.222.0.32 () {62 vars in 1382 bytes} [Thu Jan 20 07:20:20 2022] PUT /volume/v3/0f08e6c3ff954d9ba2386a4c6e775f28/groups/c2842998-9af3-41c8-ab67-bf677f6664f8 => generated 0 bytes in 218 msecs (HTTP/1.1 202) 6 headers in 234 bytes (1 switches on core 0)
Jan 20 07:20:21.181249 dv-cinder-823015-5-smb devstack@c-api.service[109589]: INFO cinder.api.openstack.wsgi [None req-87a48406-e925-4e2c-b61b-162f201227a0 tempest-SnapshotsActionsTest-1882007006 tempest-SnapshotsActionsTest-1882007006-project] GET http://10.222.0.32/volume/v3/c8cf8d105f1d40628272535957f6a897/volumes/c8318e08-fccb-4ff1-af55-0d2723217bbf
Jan 20 07:20:21.182008 dv-cinder-823015-5-smb devstack@c-api.service[109589]: DEBUG cinder.api.openstack.wsgi [None req-87a48406-e925-4e2c-b61b-162f201227a0 tempest-SnapshotsActionsTest-1882007006 tempest-SnapshotsActionsTest-1882007006-project] Empty body provided in request {{(pid=109589) get_body /opt/stack/cinder/cinder/api/openstack/wsgi.py:715}}
Jan 20 07:20:21.182493 dv-cinder-823015-5-smb devstack@c-api.service[109589]: DEBUG cinder.api.openstack.wsgi [None req-87a48406-e925-4e2c-b61b-162f201227a0 tempest-SnapshotsActionsTest-1882007006 tempest-SnapshotsActionsTest-1882007006-project] Calling method 'show' {{(pid=109589) _process_stack /opt/stack/cinder/cinder/api/openstack/wsgi.py:868}}
Jan 20 07:20:21.247547 dv-cinder-823015-5-smb devstack@c-api.service[109589]: /usr/local/lib/python3.8/dist-packages/oslo_context/context.py:105: DeprecationWarning: Policy enforcement is depending on the value of is_admin. This key is deprecated. Please update your policy file to use the standard policy values.
Jan 20 07:20:21.247547 dv-cinder-823015-5-smb devstack@c-api.service[109589]: warnings.warn('Policy enforcement is depending on the value of '
Jan 20 07:20:21.263193 dv-cinder-823015-5-smb devstack@c-api.service[109590]: DEBUG cinder.volume.api [None req-97550396-7a17-407f-a166-8afb83392c92 tempest-VolumeSnapshotQuotasNegativeTestJSON-1636937620 tempest-VolumeSnapshotQuotasNegativeTestJSON-1636937620-project] Task 'cinder.volume.flows.api.create_volume.ExtractVolumeRequestTask;volume:create' (db6fa395-63ba-4b05-a81c-03a8ff270ca7) transitioned into state 'SUCCESS' from state 'RUNNING' with result '{'size': 1, 'snapshot_id': None, 'source_volid': None, 'volume_type': VolumeType(created_at=2022-01-20T07:09:53Z,deleted=False,deleted_at=None,description='Default Volume Type',extra_specs={},id=2f914816-2c99-4c2c-8efc-9ae0f9a2cb9b,is_public=True,name='__DEFAULT__',projects=[],qos_specs=,qos_specs_id=None,updated_at=2022-01-20T07:09:53Z), 'volume_type_id': '2f914816-2c99-4c2c-8efc-9ae0f9a2cb9b', 'encryption_key_id': None, 'qos_specs': None, 'consistencygroup_id': None, 'cgsnapshot_id': None, 'group_id': None, 'replication_status': 'disabled', 'refresh_az': False, 'backup_id': None, 'multiattach': False, 'availability_zones': ['nova']}' {{(pid=109590) _task_receiver /usr/local/lib/python3.8/dist-packages/taskflow/listeners/logging.py:178}}
Jan 20 07:20:21.275570 dv-cinder-823015-5-smb devstack@c-api.service[109590]: DEBUG cinder.volume.api [None req-97550396-7a17-407f-a166-8afb83392c92 tempest-VolumeSnapshotQuotasNegativeTestJSON-1636937620 tempest-VolumeSnapshotQuotasNegativeTestJSON-1636937620-project] Task 'cinder.volume.flows.api.create_volume.QuotaReserveTask;volume:create' (b5133586-1364-44b7-9dee-6d3a09a35c2f) transitioned into state 'RUNNING' from state 'PENDING' {{(pid=109590) _task_receiver /usr/local/lib/python3.8/dist-packages/taskflow/listeners/logging.py:190}}
Jan 20 07:20:21.279779 dv-cinder-823015-5-smb devstack@c-api.service[109589]: INFO cinder.volume.api [None req-87a48406-e925-4e2c-b61b-162f201227a0 tempest-SnapshotsActionsTest-1882007006 tempest-SnapshotsActionsTest-1882007006-project] Volume info retrieved successfully.
Jan 20 07:20:21.322583 dv-cinder-823015-5-smb devstack@c-api.service[109589]: INFO cinder.api.openstack.wsgi [None req-87a48406-e925-4e2c-b61b-162f201227a0 tempest-SnapshotsActionsTest-1882007006 tempest-SnapshotsActionsTest-1882007006-project] http://10.222.0.32/volume/v3/c8cf8d105f1d40628272535957f6a897/volumes/c8318e08-fccb-4ff1-af55-0d2723217bbf returned with HTTP 200
Jan 20 07:20:21.328196 dv-cinder-823015-5-smb devstack@c-api.service[109589]: [pid: 109589|app: 0|req: 75/131] 10.222.0.32 () {58 vars in 1324 bytes} [Thu Jan 20 07:20:21 2022] GET /volume/v3/c8cf8d105f1d40628272535957f6a897/volumes/c8318e08-fccb-4ff1-af55-0d2723217bbf => generated 886 bytes in 167 msecs (HTTP/1.1 200) 7 headers in 285 bytes (1 switches on core 0)
Jan 20 07:20:21.570849 dv-cinder-823015-5-smb devstack@c-api.service[109590]: DEBUG cinder.quota [None req-97550396-7a17-407f-a166-8afb83392c92 tempest-VolumeSnapshotQuotasNegativeTestJSON-1636937620 tempest-VolumeSnapshotQuotasNegativeTestJSON-1636937620-project] Created reservations ['5554e6ed-05cd-42e2-834a-bf5801f56c97', 'bc208afc-1827-4345-9d53-4d9af91da5a1', '7948acbd-0f6a-4757-916e-ca1906ef69f0', '04d79b19-a452-44a6-9123-ce65aeab8f4c'] {{(pid=109590) reserve /opt/stack/cinder/cinder/quota.py:755}}
Jan 20 07:20:21.574472 dv-cinder-823015-5-smb devstack@c-api.service[109590]: DEBUG cinder.volume.api [None req-97550396-7a17-407f-a166-8afb83392c92 tempest-VolumeSnapshotQuotasNegativeTestJSON-1636937620 tempest-VolumeSnapshotQuotasNegativeTestJSON-1636937620-project] Task 'cinder.volume.flows.api.create_volume.QuotaReserveTask;volume:create' (b5133586-1364-44b7-9dee-6d3a09a35c2f) transitioned into state 'SUCCESS' from state 'RUNNING' with result '{'reservations': ['5554e6ed-05cd-42e2-834a-bf5801f56c97', 'bc208afc-1827-4345-9d53-4d9af91da5a1', '7948acbd-0f6a-4757-916e-ca1906ef69f0', '04d79b19-a452-44a6-9123-ce65aeab8f4c']}' {{(pid=109590) _task_receiver /usr/local/lib/python3.8/dist-packages/taskflow/listeners/logging.py:178}}
Jan 20 07:20:21.582280 dv-cinder-823015-5-smb devstack@c-api.service[109590]: DEBUG cinder.volume.api [None req-97550396-7a17-407f-a166-8afb83392c92 tempest-VolumeSnapshotQuotasNegativeTestJSON-1636937620 tempest-VolumeSnapshotQuotasNegativeTestJSON-1636937620-project] Task 'cinder.volume.flows.api.create_volume.EntryCreateTask;volume:create' (b54c05a1-42ce-4f2e-9ba6-99b1faa87e81) transitioned into state 'RUNNING' from state 'PENDING' {{(pid=109590) _task_receiver /usr/local/lib/python3.8/dist-packages/taskflow/listeners/logging.py:190}}
Jan 20 07:20:21.646780 dv-cinder-823015-5-smb devstack@c-api.service[109590]: DEBUG cinder.volume.api [None req-97550396-7a17-407f-a166-8afb83392c92 tempest-VolumeSnapshotQuotasNegativeTestJSON-1636937620 tempest-VolumeSnapshotQuotasNegativeTestJSON-1636937620-project] Task 'cinder.volume.flows.api.create_volume.EntryCreateTask;volume:create' (b54c05a1-42ce-4f2e-9ba6-99b1faa87e81) transitioned into state 'SUCCESS' from state 'RUNNING' with result '{'volume_id': '86a6933e-1777-446a-b809-f1c54737d0d6', 'volume_properties': VolumeProperties(attach_status='detached',availability_zone='nova',cgsnapshot_id=None,consistencygroup_id=None,display_description=None,display_name='tempest-VolumeSnapshotQuotasNegativeTestJSON-Volume-1838334574',encryption_key_id=None,group_id=None,group_type_id=,metadata={},multiattach=False,project_id='d20c846ff1f645808baf5b7326f70200',qos_specs=None,replication_status=,reservations=['5554e6ed-05cd-42e2-834a-bf5801f56c97','bc208afc-1827-4345-9d53-4d9af91da5a1','7948acbd-0f6a-4757-916e-ca1906ef69f0','04d79b19-a452-44a6-9123-ce65aeab8f4c'],size=1,snapshot_id=None,source_replicaid=,source_volid=None,status='creating',user_id='22d9e8921d06434e8c1d37006733443c',volume_type_id=2f914816-2c99-4c2c-8efc-9ae0f9a2cb9b), 'volume': Volume(_name_id=None,admin_metadata=,attach_status='detached',availability_zone='nova',bootable=False,cluster=,cluster_name=None,consistencygroup=,consistencygroup_id=None,created_at=2022-01-20T07:20:21Z,deleted=False,deleted_at=None,display_description=None,display_name='tempest-VolumeSnapshotQuotasNegativeTestJSON-Volume-1838334574',ec2_id=None,encryption_key_id=None,glance_metadata=,group=,group_id=None,host=None,id=86a6933e-1777-446a-b809-f1c54737d0d6,launched_at=None,metadata={},migration_status=None,multiattach=False,previous_status=None,project_id='d20c846ff1f645808baf5b7326f70200',provider_auth=None,provider_geometry=None,provider_id=None,provider_location=None,replication_driver_data=None,replication_extended_status=None,replication_status=None,scheduled_at=None,service_uuid=None,shared_targets=True,size=1,snapshot_id=None,snapshots=,source_volid=None,status='creating',terminated_at=None,updated_at=None,use_quota=True,user_id='22d9e8921d06434e8c1d37006733443c',volume_attachment=VolumeAttachmentList,volume_type=VolumeType(2f914816-2c99-4c2c-8efc-9ae0f9a2cb9b),volume_type_id=2f914816-2c99-4c2c-8efc-9ae0f9a2cb9b)}' {{(pid=109590) _task_receiver /usr/local/lib/python3.8/dist-packages/taskflow/listeners/logging.py:178}}
Jan 20 07:20:21.663924 dv-cinder-823015-5-smb devstack@c-api.service[109590]: DEBUG cinder.volume.api [None req-97550396-7a17-407f-a166-8afb83392c92 tempest-VolumeSnapshotQuotasNegativeTestJSON-1636937620 tempest-VolumeSnapshotQuotasNegativeTestJSON-1636937620-project] Task 'cinder.volume.flows.api.create_volume.QuotaCommitTask;volume:create' (886371a0-b90a-495d-a0f7-b7367e5c292d) transitioned into state 'RUNNING' from state 'PENDING' {{(pid=109590) _task_receiver /usr/local/lib/python3.8/dist-packages/taskflow/listeners/logging.py:190}}
Jan 20 07:20:21.730937 dv-cinder-823015-5-smb devstack@c-api.service[109590]: DEBUG cinder.volume.api [None req-97550396-7a17-407f-a166-8afb83392c92 tempest-VolumeSnapshotQuotasNegativeTestJSON-1636937620 tempest-VolumeSnapshotQuotasNegativeTestJSON-1636937620-project] Task 'cinder.volume.flows.api.create_volume.QuotaCommitTask;volume:create' (886371a0-b90a-495d-a0f7-b7367e5c292d) transitioned into state 'SUCCESS' from state 'RUNNING' with result '{'volume_properties': VolumeProperties(attach_status='detached',availability_zone='nova',cgsnapshot_id=None,consistencygroup_id=None,display_description=None,display_name='tempest-VolumeSnapshotQuotasNegativeTestJSON-Volume-1838334574',encryption_key_id=None,group_id=None,group_type_id=,metadata={},multiattach=False,project_id='d20c846ff1f645808baf5b7326f70200',qos_specs=None,replication_status=,reservations=['5554e6ed-05cd-42e2-834a-bf5801f56c97','bc208afc-1827-4345-9d53-4d9af91da5a1','7948acbd-0f6a-4757-916e-ca1906ef69f0','04d79b19-a452-44a6-9123-ce65aeab8f4c'],size=1,snapshot_id=None,source_replicaid=,source_volid=None,status='creating',user_id='22d9e8921d06434e8c1d37006733443c',volume_type_id=2f914816-2c99-4c2c-8efc-9ae0f9a2cb9b)}' {{(pid=109590) _task_receiver /usr/local/lib/python3.8/dist-packages/taskflow/listeners/logging.py:178}}
Jan 20 07:20:21.734160 dv-cinder-823015-5-smb devstack@c-api.service[109590]: DEBUG cinder.volume.api [None req-97550396-7a17-407f-a166-8afb83392c92 tempest-VolumeSnapshotQuotasNegativeTestJSON-1636937620 tempest-VolumeSnapshotQuotasNegativeTestJSON-1636937620-project] Task 'cinder.volume.flows.api.create_volume.VolumeCastTask;volume:create' (aeadd209-fcc0-4cf8-9273-7bc059062fba) transitioned into state 'RUNNING' from state 'PENDING' {{(pid=109590) _task_receiver /usr/local/lib/python3.8/dist-packages/taskflow/listeners/logging.py:190}}
Jan 20 07:20:21.773994 dv-cinder-823015-5-smb devstack@c-api.service[109590]: DEBUG cinder.volume.api [None req-97550396-7a17-407f-a166-8afb83392c92 tempest-VolumeSnapshotQuotasNegativeTestJSON-1636937620 tempest-VolumeSnapshotQuotasNegativeTestJSON-1636937620-project] Task 'cinder.volume.flows.api.create_volume.VolumeCastTask;volume:create' (aeadd209-fcc0-4cf8-9273-7bc059062fba) transitioned into state 'SUCCESS' from state 'RUNNING' with result 'None' {{(pid=109590) _task_receiver /usr/local/lib/python3.8/dist-packages/taskflow/listeners/logging.py:178}}
Jan 20 07:20:21.779470 dv-cinder-823015-5-smb devstack@c-api.service[109590]: DEBUG cinder.volume.api [None req-97550396-7a17-407f-a166-8afb83392c92 tempest-VolumeSnapshotQuotasNegativeTestJSON-1636937620 tempest-VolumeSnapshotQuotasNegativeTestJSON-1636937620-project] Flow 'volume_create_api' (4670253e-d626-48ae-a86f-996405cab532) transitioned into state 'SUCCESS' from state 'RUNNING' {{(pid=109590) _flow_receiver /usr/local/lib/python3.8/dist-packages/taskflow/listeners/logging.py:141}}
Jan 20 07:20:21.784227 dv-cinder-823015-5-smb devstack@c-api.service[109590]: INFO cinder.volume.api [None req-97550396-7a17-407f-a166-8afb83392c92 tempest-VolumeSnapshotQuotasNegativeTestJSON-1636937620 tempest-VolumeSnapshotQuotasNegativeTestJSON-1636937620-project] Create volume request issued successfully.
Jan 20 07:20:21.787749 dv-cinder-823015-5-smb devstack@c-api.service[109590]: INFO cinder.api.openstack.wsgi [None req-97550396-7a17-407f-a166-8afb83392c92 tempest-VolumeSnapshotQuotasNegativeTestJSON-1636937620 tempest-VolumeSnapshotQuotasNegativeTestJSON-1636937620-project] http://10.222.0.32/volume/v3/d20c846ff1f645808baf5b7326f70200/volumes returned with HTTP 202
Jan 20 07:20:21.803519 dv-cinder-823015-5-smb devstack@c-api.service[109590]: [pid: 109590|app: 0|req: 57/132] 10.222.0.32 () {60 vars in 1234 bytes} [Thu Jan 20 07:20:20 2022] POST /volume/v3/d20c846ff1f645808baf5b7326f70200/volumes => generated 836 bytes in 1659 msecs (HTTP/1.1 202) 7 headers in 291 bytes (1 switches on core 0)
Jan 20 07:20:21.826835 dv-cinder-823015-5-smb devstack@c-api.service[109590]: INFO cinder.api.openstack.wsgi [None req-2f3e838f-a757-43c5-b118-0e3f97174b19 tempest-GroupSnapshotsTest-2056777592 tempest-GroupSnapshotsTest-2056777592-project] GET http://10.222.0.32/volume/v3/0f08e6c3ff954d9ba2386a4c6e775f28/groups/c2842998-9af3-41c8-ab67-bf677f6664f8
Jan 20 07:20:21.830521 dv-cinder-823015-5-smb devstack@c-api.service[109590]: DEBUG cinder.api.openstack.wsgi [None req-2f3e838f-a757-43c5-b118-0e3f97174b19 tempest-GroupSnapshotsTest-2056777592 tempest-GroupSnapshotsTest-2056777592-project] Empty body provided in request {{(pid=109590) get_body /opt/stack/cinder/cinder/api/openstack/wsgi.py:715}}
Jan 20 07:20:21.832290 dv-cinder-823015-5-smb devstack@c-api.service[109590]: DEBUG cinder.api.openstack.wsgi [None req-2f3e838f-a757-43c5-b118-0e3f97174b19 tempest-GroupSnapshotsTest-2056777592 tempest-GroupSnapshotsTest-2056777592-project] Calling method 'version_select' {{(pid=109590) _process_stack /opt/stack/cinder/cinder/api/openstack/wsgi.py:868}}
Jan 20 07:20:21.833024 dv-cinder-823015-5-smb devstack@c-api.service[109590]: DEBUG cinder.api.v3.groups [None req-2f3e838f-a757-43c5-b118-0e3f97174b19 tempest-GroupSnapshotsTest-2056777592 tempest-GroupSnapshotsTest-2056777592-project] show called for member c2842998-9af3-41c8-ab67-bf677f6664f8 {{(pid=109590) show /opt/stack/cinder/cinder/api/v3/groups.py:58}}
Jan 20 07:20:21.864560 dv-cinder-823015-5-smb devstack@c-api.service[109590]: /usr/local/lib/python3.8/dist-packages/oslo_context/context.py:105: DeprecationWarning: Policy enforcement is depending on the value of is_admin. This key is deprecated. Please update your policy file to use the standard policy values.
Jan 20 07:20:21.864560 dv-cinder-823015-5-smb devstack@c-api.service[109590]: warnings.warn('Policy enforcement is depending on the value of '
Jan 20 07:20:21.880384 dv-cinder-823015-5-smb devstack@c-api.service[109589]: INFO cinder.api.openstack.wsgi [None req-76afc44c-2b8e-4c91-844a-d018762b77d6 tempest-GroupsV320Test-1207023755 tempest-GroupsV320Test-1207023755-project-admin] POST http://10.222.0.32/volume/v3/29710f4cd2d74029b8f79b24b2bd5a08/types
Jan 20 07:20:21.884441 dv-cinder-823015-5-smb devstack@c-api.service[109589]: DEBUG cinder.api.openstack.wsgi [None req-76afc44c-2b8e-4c91-844a-d018762b77d6 tempest-GroupsV320Test-1207023755 tempest-GroupsV320Test-1207023755-project-admin] Action: 'create', calling method: _create, body: {"volume_type": {"name": "tempest-GroupsV320Test-volume-type-621932626"}} {{(pid=109589) _process_stack /opt/stack/cinder/cinder/api/openstack/wsgi.py:866}}
Jan 20 07:20:21.900584 dv-cinder-823015-5-smb devstack@c-api.service[109590]: INFO cinder.api.openstack.wsgi [None req-2f3e838f-a757-43c5-b118-0e3f97174b19 tempest-GroupSnapshotsTest-2056777592 tempest-GroupSnapshotsTest-2056777592-project] http://10.222.0.32/volume/v3/0f08e6c3ff954d9ba2386a4c6e775f28/groups/c2842998-9af3-41c8-ab67-bf677f6664f8 returned with HTTP 200
Jan 20 07:20:21.902466 dv-cinder-823015-5-smb devstack@c-api.service[109590]: [pid: 109590|app: 0|req: 58/133] 10.222.0.32 () {60 vars in 1362 bytes} [Thu Jan 20 07:20:21 2022] GET /volume/v3/0f08e6c3ff954d9ba2386a4c6e775f28/groups/c2842998-9af3-41c8-ab67-bf677f6664f8 => generated 393 bytes in 97 msecs (HTTP/1.1 200) 7 headers in 286 bytes (1 switches on core 0)
Jan 20 07:20:21.919038 dv-cinder-823015-5-smb devstack@c-api.service[109590]: INFO cinder.api.openstack.wsgi [None req-e17c6610-7498-45fc-ad44-99b885c52f7f tempest-VolumeSnapshotQuotasNegativeTestJSON-1636937620 tempest-VolumeSnapshotQuotasNegativeTestJSON-1636937620-project] GET http://10.222.0.32/volume/v3/d20c846ff1f645808baf5b7326f70200/volumes/86a6933e-1777-446a-b809-f1c54737d0d6
Jan 20 07:20:21.919885 dv-cinder-823015-5-smb devstack@c-api.service[109590]: DEBUG cinder.api.openstack.wsgi [None req-e17c6610-7498-45fc-ad44-99b885c52f7f tempest-VolumeSnapshotQuotasNegativeTestJSON-1636937620 tempest-VolumeSnapshotQuotasNegativeTestJSON-1636937620-project] Empty body provided in request {{(pid=109590) get_body /opt/stack/cinder/cinder/api/openstack/wsgi.py:715}}
Jan 20 07:20:21.920678 dv-cinder-823015-5-smb devstack@c-api.service[109590]: DEBUG cinder.api.openstack.wsgi [None req-e17c6610-7498-45fc-ad44-99b885c52f7f tempest-VolumeSnapshotQuotasNegativeTestJSON-1636937620 tempest-VolumeSnapshotQuotasNegativeTestJSON-1636937620-project] Calling method 'show' {{(pid=109590) _process_stack /opt/stack/cinder/cinder/api/openstack/wsgi.py:868}}
Jan 20 07:20:21.931674 dv-cinder-823015-5-smb devstack@c-api.service[109589]: INFO cinder.api.openstack.wsgi [None req-76afc44c-2b8e-4c91-844a-d018762b77d6 tempest-GroupsV320Test-1207023755 tempest-GroupsV320Test-1207023755-project-admin] http://10.222.0.32/volume/v3/29710f4cd2d74029b8f79b24b2bd5a08/types returned with HTTP 200
Jan 20 07:20:21.941862 dv-cinder-823015-5-smb devstack@c-api.service[109589]: [pid: 109589|app: 0|req: 76/134] 10.222.0.32 () {60 vars in 1228 bytes} [Thu Jan 20 07:20:21 2022] POST /volume/v3/29710f4cd2d74029b8f79b24b2bd5a08/types => generated 219 bytes in 613 msecs (HTTP/1.1 200) 7 headers in 285 bytes (1 switches on core 0)
Jan 20 07:20:21.956180 dv-cinder-823015-5-smb devstack@c-api.service[109589]: INFO cinder.api.openstack.wsgi [None req-d1b03f58-df8a-4bc0-ab47-b3ef0e29750e tempest-GroupSnapshotsTest-2056777592 tempest-GroupSnapshotsTest-2056777592-project] PUT http://10.222.0.32/volume/v3/0f08e6c3ff954d9ba2386a4c6e775f28/groups/c2842998-9af3-41c8-ab67-bf677f6664f8
Jan 20 07:20:21.956938 dv-cinder-823015-5-smb devstack@c-api.service[109589]: DEBUG cinder.api.openstack.wsgi [None req-d1b03f58-df8a-4bc0-ab47-b3ef0e29750e tempest-GroupSnapshotsTest-2056777592 tempest-GroupSnapshotsTest-2056777592-project] Action: 'update', calling method: version_select, body: {"group": {"add_volumes": "4b9cdf31-42a9-4997-baf4-2be494733ca9"}} {{(pid=109589) _process_stack /opt/stack/cinder/cinder/api/openstack/wsgi.py:866}}
Jan 20 07:20:21.958098 dv-cinder-823015-5-smb devstack@c-api.service[109589]: DEBUG cinder.api.v3.groups [None req-d1b03f58-df8a-4bc0-ab47-b3ef0e29750e tempest-GroupSnapshotsTest-2056777592 tempest-GroupSnapshotsTest-2056777592-project] Update called for group c2842998-9af3-41c8-ab67-bf677f6664f8. {{(pid=109589) update /opt/stack/cinder/cinder/api/v3/groups.py:302}}
Jan 20 07:20:21.958547 dv-cinder-823015-5-smb devstack@c-api.service[109589]: INFO cinder.api.v3.groups [None req-d1b03f58-df8a-4bc0-ab47-b3ef0e29750e tempest-GroupSnapshotsTest-2056777592 tempest-GroupSnapshotsTest-2056777592-project] Updating group c2842998-9af3-41c8-ab67-bf677f6664f8 with name None description: None add_volumes: 4b9cdf31-42a9-4997-baf4-2be494733ca9 remove_volumes: None.
Jan 20 07:20:21.967324 dv-cinder-823015-5-smb devstack@c-api.service[109589]: /usr/local/lib/python3.8/dist-packages/oslo_context/context.py:105: DeprecationWarning: Policy enforcement is depending on the value of is_admin. This key is deprecated. Please update your policy file to use the standard policy values.
Jan 20 07:20:21.967324 dv-cinder-823015-5-smb devstack@c-api.service[109589]: warnings.warn('Policy enforcement is depending on the value of '
Jan 20 07:20:21.979991 dv-cinder-823015-5-smb devstack@c-api.service[109590]: /usr/local/lib/python3.8/dist-packages/oslo_context/context.py:105: DeprecationWarning: Policy enforcement is depending on the value of is_admin. This key is deprecated. Please update your policy file to use the standard policy values.
Jan 20 07:20:21.979991 dv-cinder-823015-5-smb devstack@c-api.service[109590]: warnings.warn('Policy enforcement is depending on the value of '
Jan 20 07:20:22.004557 dv-cinder-823015-5-smb devstack@c-api.service[109590]: INFO cinder.volume.api [None req-e17c6610-7498-45fc-ad44-99b885c52f7f tempest-VolumeSnapshotQuotasNegativeTestJSON-1636937620 tempest-VolumeSnapshotQuotasNegativeTestJSON-1636937620-project] Volume info retrieved successfully.
Jan 20 07:20:22.023934 dv-cinder-823015-5-smb devstack@c-api.service[109590]: INFO cinder.api.openstack.wsgi [None req-e17c6610-7498-45fc-ad44-99b885c52f7f tempest-VolumeSnapshotQuotasNegativeTestJSON-1636937620 tempest-VolumeSnapshotQuotasNegativeTestJSON-1636937620-project] http://10.222.0.32/volume/v3/d20c846ff1f645808baf5b7326f70200/volumes/86a6933e-1777-446a-b809-f1c54737d0d6 returned with HTTP 200
Jan 20 07:20:22.025735 dv-cinder-823015-5-smb devstack@c-api.service[109590]: [pid: 109590|app: 0|req: 59/135] 10.222.0.32 () {58 vars in 1324 bytes} [Thu Jan 20 07:20:21 2022] GET /volume/v3/d20c846ff1f645808baf5b7326f70200/volumes/86a6933e-1777-446a-b809-f1c54737d0d6 => generated 904 bytes in 122 msecs (HTTP/1.1 200) 7 headers in 285 bytes (1 switches on core 0)
Jan 20 07:20:22.042260 dv-cinder-823015-5-smb devstack@c-api.service[109590]: INFO cinder.api.openstack.wsgi [None req-69bd1fd2-ee5d-4e5c-9bbb-c811f67eb108 tempest-GroupsV320Test-1207023755 tempest-GroupsV320Test-1207023755-project-admin] POST http://10.222.0.32/volume/v3/29710f4cd2d74029b8f79b24b2bd5a08/group_types
Jan 20 07:20:22.046777 dv-cinder-823015-5-smb devstack@c-api.service[109590]: DEBUG cinder.api.openstack.wsgi [None req-69bd1fd2-ee5d-4e5c-9bbb-c811f67eb108 tempest-GroupsV320Test-1207023755 tempest-GroupsV320Test-1207023755-project-admin] Action: 'create', calling method: version_select, body: {"group_type": {"name": "tempest-GroupsV320Test-group-type-741552526"}} {{(pid=109590) _process_stack /opt/stack/cinder/cinder/api/openstack/wsgi.py:866}}
Jan 20 07:20:22.056434 dv-cinder-823015-5-smb devstack@c-api.service[109589]: INFO cinder.api.openstack.wsgi [None req-d1b03f58-df8a-4bc0-ab47-b3ef0e29750e tempest-GroupSnapshotsTest-2056777592 tempest-GroupSnapshotsTest-2056777592-project] http://10.222.0.32/volume/v3/0f08e6c3ff954d9ba2386a4c6e775f28/groups/c2842998-9af3-41c8-ab67-bf677f6664f8 returned with HTTP 202
Jan 20 07:20:22.057834 dv-cinder-823015-5-smb devstack@c-api.service[109589]: [pid: 109589|app: 0|req: 77/136] 10.222.0.32 () {62 vars in 1382 bytes} [Thu Jan 20 07:20:21 2022] PUT /volume/v3/0f08e6c3ff954d9ba2386a4c6e775f28/groups/c2842998-9af3-41c8-ab67-bf677f6664f8 => generated 0 bytes in 115 msecs (HTTP/1.1 202) 6 headers in 234 bytes (1 switches on core 0)
Jan 20 07:20:22.066239 dv-cinder-823015-5-smb devstack@c-api.service[109589]: INFO cinder.api.openstack.wsgi [None req-45aac469-1535-4fc9-8dc8-a6636a627cfe tempest-GroupSnapshotsTest-2056777592 tempest-GroupSnapshotsTest-2056777592-project] GET http://10.222.0.32/volume/v3/0f08e6c3ff954d9ba2386a4c6e775f28/groups/c2842998-9af3-41c8-ab67-bf677f6664f8
Jan 20 07:20:22.068209 dv-cinder-823015-5-smb devstack@c-api.service[109589]: DEBUG cinder.api.openstack.wsgi [None req-45aac469-1535-4fc9-8dc8-a6636a627cfe tempest-GroupSnapshotsTest-2056777592 tempest-GroupSnapshotsTest-2056777592-project] Empty body provided in request {{(pid=109589) get_body /opt/stack/cinder/cinder/api/openstack/wsgi.py:715}}
Jan 20 07:20:22.068978 dv-cinder-823015-5-smb devstack@c-api.service[109589]: DEBUG cinder.api.openstack.wsgi [None req-45aac469-1535-4fc9-8dc8-a6636a627cfe tempest-GroupSnapshotsTest-2056777592 tempest-GroupSnapshotsTest-2056777592-project] Calling method 'version_select' {{(pid=109589) _process_stack /opt/stack/cinder/cinder/api/openstack/wsgi.py:868}}
Jan 20 07:20:22.070266 dv-cinder-823015-5-smb devstack@c-api.service[109589]: DEBUG cinder.api.v3.groups [None req-45aac469-1535-4fc9-8dc8-a6636a627cfe tempest-GroupSnapshotsTest-2056777592 tempest-GroupSnapshotsTest-2056777592-project] show called for member c2842998-9af3-41c8-ab67-bf677f6664f8 {{(pid=109589) show /opt/stack/cinder/cinder/api/v3/groups.py:58}}
Jan 20 07:20:22.081078 dv-cinder-823015-5-smb devstack@c-api.service[109589]: /usr/local/lib/python3.8/dist-packages/oslo_context/context.py:105: DeprecationWarning: Policy enforcement is depending on the value of is_admin. This key is deprecated. Please update your policy file to use the standard policy values.
Jan 20 07:20:22.081078 dv-cinder-823015-5-smb devstack@c-api.service[109589]: warnings.warn('Policy enforcement is depending on the value of '
Jan 20 07:20:22.096505 dv-cinder-823015-5-smb devstack@c-api.service[109590]: INFO cinder.api.openstack.wsgi [None req-69bd1fd2-ee5d-4e5c-9bbb-c811f67eb108 tempest-GroupsV320Test-1207023755 tempest-GroupsV320Test-1207023755-project-admin] http://10.222.0.32/volume/v3/29710f4cd2d74029b8f79b24b2bd5a08/group_types returned with HTTP 202
Jan 20 07:20:22.097912 dv-cinder-823015-5-smb devstack@c-api.service[109590]: [pid: 109590|app: 0|req: 60/137] 10.222.0.32 () {62 vars in 1287 bytes} [Thu Jan 20 07:20:22 2022] POST /volume/v3/29710f4cd2d74029b8f79b24b2bd5a08/group_types => generated 176 bytes in 71 msecs (HTTP/1.1 202) 7 headers in 292 bytes (1 switches on core 0)
Jan 20 07:20:22.147545 dv-cinder-823015-5-smb devstack@c-api.service[109589]: INFO cinder.api.openstack.wsgi [None req-45aac469-1535-4fc9-8dc8-a6636a627cfe tempest-GroupSnapshotsTest-2056777592 tempest-GroupSnapshotsTest-2056777592-project] http://10.222.0.32/volume/v3/0f08e6c3ff954d9ba2386a4c6e775f28/groups/c2842998-9af3-41c8-ab67-bf677f6664f8 returned with HTTP 200
Jan 20 07:20:22.149705 dv-cinder-823015-5-smb devstack@c-api.service[109589]: [pid: 109589|app: 0|req: 78/138] 10.222.0.32 () {60 vars in 1362 bytes} [Thu Jan 20 07:20:22 2022] GET /volume/v3/0f08e6c3ff954d9ba2386a4c6e775f28/groups/c2842998-9af3-41c8-ab67-bf677f6664f8 => generated 392 bytes in 88 msecs (HTTP/1.1 200) 7 headers in 286 bytes (2 switches on core 0)
Jan 20 07:20:22.332449 dv-cinder-823015-5-smb devstack@c-api.service[109590]: INFO cinder.api.openstack.wsgi [None req-bdeb0a1d-12b6-4f8d-b0d3-5bf7b254f79d tempest-GroupsV320Test-733279454 tempest-GroupsV320Test-733279454-project] POST http://10.222.0.32/volume/v3/e0329046fafe441485a11352fa506827/groups
Jan 20 07:20:22.334008 dv-cinder-823015-5-smb devstack@c-api.service[109590]: DEBUG cinder.api.openstack.wsgi [None req-bdeb0a1d-12b6-4f8d-b0d3-5bf7b254f79d tempest-GroupsV320Test-733279454 tempest-GroupsV320Test-733279454-project] Action: 'create', calling method: version_select, body: {"group": {"group_type": "5012faeb-6e1e-4aa0-b6a8-7cc4895aac2a", "volume_types": ["d251891e-25fa-41dc-b6d2-a36b4c6b5e57"], "name": "tempest-GroupsV320Test-Group-192897656"}} {{(pid=109590) _process_stack /opt/stack/cinder/cinder/api/openstack/wsgi.py:866}}
Jan 20 07:20:22.336164 dv-cinder-823015-5-smb devstack@c-api.service[109590]: DEBUG cinder.api.v3.groups [None req-bdeb0a1d-12b6-4f8d-b0d3-5bf7b254f79d tempest-GroupsV320Test-733279454 tempest-GroupsV320Test-733279454-project] Creating new group {'group': {'group_type': '5012faeb-6e1e-4aa0-b6a8-7cc4895aac2a', 'volume_types': ['d251891e-25fa-41dc-b6d2-a36b4c6b5e57'], 'name': 'tempest-GroupsV320Test-Group-192897656'}} {{(pid=109590) create /opt/stack/cinder/cinder/api/v3/groups.py:190}}
Jan 20 07:20:22.346074 dv-cinder-823015-5-smb devstack@c-api.service[109590]: INFO cinder.api.v3.groups [None req-bdeb0a1d-12b6-4f8d-b0d3-5bf7b254f79d tempest-GroupsV320Test-733279454 tempest-GroupsV320Test-733279454-project] Creating group tempest-GroupsV320Test-Group-192897656.
Jan 20 07:20:22.348330 dv-cinder-823015-5-smb devstack@c-api.service[109589]: INFO cinder.api.openstack.wsgi [None req-752c211d-af08-4888-9e65-fd9ce90b29e4 tempest-SnapshotsActionsTest-1882007006 tempest-SnapshotsActionsTest-1882007006-project] GET http://10.222.0.32/volume/v3/c8cf8d105f1d40628272535957f6a897/volumes/c8318e08-fccb-4ff1-af55-0d2723217bbf
Jan 20 07:20:22.349093 dv-cinder-823015-5-smb devstack@c-api.service[109589]: DEBUG cinder.api.openstack.wsgi [None req-752c211d-af08-4888-9e65-fd9ce90b29e4 tempest-SnapshotsActionsTest-1882007006 tempest-SnapshotsActionsTest-1882007006-project] Empty body provided in request {{(pid=109589) get_body /opt/stack/cinder/cinder/api/openstack/wsgi.py:715}}
Jan 20 07:20:22.349947 dv-cinder-823015-5-smb devstack@c-api.service[109589]: DEBUG cinder.api.openstack.wsgi [None req-752c211d-af08-4888-9e65-fd9ce90b29e4 tempest-SnapshotsActionsTest-1882007006 tempest-SnapshotsActionsTest-1882007006-project] Calling method 'show' {{(pid=109589) _process_stack /opt/stack/cinder/cinder/api/openstack/wsgi.py:868}}
Jan 20 07:20:22.374174 dv-cinder-823015-5-smb devstack@c-api.service[109590]: INFO cinder.volume.api [None req-bdeb0a1d-12b6-4f8d-b0d3-5bf7b254f79d tempest-GroupsV320Test-733279454 tempest-GroupsV320Test-733279454-project] Availability Zones retrieved successfully.
Jan 20 07:20:22.401682 dv-cinder-823015-5-smb devstack@c-api.service[109589]: /usr/local/lib/python3.8/dist-packages/oslo_context/context.py:105: DeprecationWarning: Policy enforcement is depending on the value of is_admin. This key is deprecated. Please update your policy file to use the standard policy values.
Jan 20 07:20:22.401682 dv-cinder-823015-5-smb devstack@c-api.service[109589]: warnings.warn('Policy enforcement is depending on the value of '
Jan 20 07:20:22.418755 dv-cinder-823015-5-smb devstack@c-api.service[109590]: DEBUG cinder.quota [None req-bdeb0a1d-12b6-4f8d-b0d3-5bf7b254f79d tempest-GroupsV320Test-733279454 tempest-GroupsV320Test-733279454-project] Created reservations ['48146f36-d4d6-4b8d-ba0f-de447251ce46'] {{(pid=109590) reserve /opt/stack/cinder/cinder/quota.py:755}}
Jan 20 07:20:22.432078 dv-cinder-823015-5-smb devstack@c-api.service[109589]: INFO cinder.volume.api [None req-752c211d-af08-4888-9e65-fd9ce90b29e4 tempest-SnapshotsActionsTest-1882007006 tempest-SnapshotsActionsTest-1882007006-project] Volume info retrieved successfully.
Jan 20 07:20:22.472938 dv-cinder-823015-5-smb devstack@c-api.service[109589]: INFO cinder.api.openstack.wsgi [None req-752c211d-af08-4888-9e65-fd9ce90b29e4 tempest-SnapshotsActionsTest-1882007006 tempest-SnapshotsActionsTest-1882007006-project] http://10.222.0.32/volume/v3/c8cf8d105f1d40628272535957f6a897/volumes/c8318e08-fccb-4ff1-af55-0d2723217bbf returned with HTTP 200
Jan 20 07:20:22.474978 dv-cinder-823015-5-smb devstack@c-api.service[109589]: [pid: 109589|app: 0|req: 79/139] 10.222.0.32 () {58 vars in 1324 bytes} [Thu Jan 20 07:20:22 2022] GET /volume/v3/c8cf8d105f1d40628272535957f6a897/volumes/c8318e08-fccb-4ff1-af55-0d2723217bbf => generated 911 bytes in 134 msecs (HTTP/1.1 200) 7 headers in 285 bytes (1 switches on core 0)
Jan 20 07:20:22.499839 dv-cinder-823015-5-smb devstack@c-api.service[109589]: INFO cinder.api.openstack.wsgi [None req-00b46f6c-fcfd-4799-8a10-e4dedb9c7a97 tempest-SnapshotsActionsTest-1882007006 tempest-SnapshotsActionsTest-1882007006-project] POST http://10.222.0.32/volume/v3/c8cf8d105f1d40628272535957f6a897/snapshots
Jan 20 07:20:22.501049 dv-cinder-823015-5-smb devstack@c-api.service[109589]: DEBUG cinder.api.openstack.wsgi [None req-00b46f6c-fcfd-4799-8a10-e4dedb9c7a97 tempest-SnapshotsActionsTest-1882007006 tempest-SnapshotsActionsTest-1882007006-project] Action: 'create', calling method: create, body: {"snapshot": {"volume_id": "c8318e08-fccb-4ff1-af55-0d2723217bbf", "name": "tempest-SnapshotsActionsTest-Snapshot-1948592305"}} {{(pid=109589) _process_stack /opt/stack/cinder/cinder/api/openstack/wsgi.py:866}}
Jan 20 07:20:22.519232 dv-cinder-823015-5-smb devstack@c-api.service[109590]: INFO cinder.api.openstack.wsgi [None req-bdeb0a1d-12b6-4f8d-b0d3-5bf7b254f79d tempest-GroupsV320Test-733279454 tempest-GroupsV320Test-733279454-project] http://10.222.0.32/volume/v3/e0329046fafe441485a11352fa506827/groups returned with HTTP 202
Jan 20 07:20:22.526214 dv-cinder-823015-5-smb devstack@c-api.service[109590]: [pid: 109590|app: 0|req: 61/140] 10.222.0.32 () {62 vars in 1273 bytes} [Thu Jan 20 07:20:22 2022] POST /volume/v3/e0329046fafe441485a11352fa506827/groups => generated 107 bytes in 422 msecs (HTTP/1.1 202) 7 headers in 292 bytes (1 switches on core 0)
Jan 20 07:20:22.538147 dv-cinder-823015-5-smb devstack@c-api.service[109589]: /usr/local/lib/python3.8/dist-packages/oslo_context/context.py:105: DeprecationWarning: Policy enforcement is depending on the value of is_admin. This key is deprecated. Please update your policy file to use the standard policy values.
Jan 20 07:20:22.538147 dv-cinder-823015-5-smb devstack@c-api.service[109589]: warnings.warn('Policy enforcement is depending on the value of '
Jan 20 07:20:22.540763 dv-cinder-823015-5-smb devstack@c-api.service[109589]: INFO cinder.volume.api [None req-00b46f6c-fcfd-4799-8a10-e4dedb9c7a97 tempest-SnapshotsActionsTest-1882007006 tempest-SnapshotsActionsTest-1882007006-project] Volume info retrieved successfully.
Jan 20 07:20:22.541570 dv-cinder-823015-5-smb devstack@c-api.service[109589]: INFO cinder.api.v3.snapshots [None req-00b46f6c-fcfd-4799-8a10-e4dedb9c7a97 tempest-SnapshotsActionsTest-1882007006 tempest-SnapshotsActionsTest-1882007006-project] Create snapshot from volume c8318e08-fccb-4ff1-af55-0d2723217bbf
Jan 20 07:20:22.547159 dv-cinder-823015-5-smb devstack@c-api.service[109590]: INFO cinder.api.openstack.wsgi [None req-84509049-0dbf-4cb7-ab4b-041ae4313f15 tempest-GroupsV320Test-733279454 tempest-GroupsV320Test-733279454-project] GET http://10.222.0.32/volume/v3/e0329046fafe441485a11352fa506827/groups/121f172a-66a5-4e5e-b3bf-eaa179c664ae
Jan 20 07:20:22.548065 dv-cinder-823015-5-smb devstack@c-api.service[109590]: DEBUG cinder.api.openstack.wsgi [None req-84509049-0dbf-4cb7-ab4b-041ae4313f15 tempest-GroupsV320Test-733279454 tempest-GroupsV320Test-733279454-project] Empty body provided in request {{(pid=109590) get_body /opt/stack/cinder/cinder/api/openstack/wsgi.py:715}}
Jan 20 07:20:22.548887 dv-cinder-823015-5-smb devstack@c-api.service[109590]: DEBUG cinder.api.openstack.wsgi [None req-84509049-0dbf-4cb7-ab4b-041ae4313f15 tempest-GroupsV320Test-733279454 tempest-GroupsV320Test-733279454-project] Calling method 'version_select' {{(pid=109590) _process_stack /opt/stack/cinder/cinder/api/openstack/wsgi.py:868}}
Jan 20 07:20:22.549372 dv-cinder-823015-5-smb devstack@c-api.service[109590]: DEBUG cinder.api.v3.groups [None req-84509049-0dbf-4cb7-ab4b-041ae4313f15 tempest-GroupsV320Test-733279454 tempest-GroupsV320Test-733279454-project] show called for member 121f172a-66a5-4e5e-b3bf-eaa179c664ae {{(pid=109590) show /opt/stack/cinder/cinder/api/v3/groups.py:58}}
Jan 20 07:20:22.555735 dv-cinder-823015-5-smb devstack@c-api.service[109590]: /usr/local/lib/python3.8/dist-packages/oslo_context/context.py:105: DeprecationWarning: Policy enforcement is depending on the value of is_admin. This key is deprecated. Please update your policy file to use the standard policy values.
Jan 20 07:20:22.555735 dv-cinder-823015-5-smb devstack@c-api.service[109590]: warnings.warn('Policy enforcement is depending on the value of '
