Jan 19 13:04:40.471665 dv-cinder-823015-4-iscsi devstack@c-api.service[109652]: [pid: 109652|app: 0|req: 82/159] 10.222.0.48 () {60 vars in 1275 bytes} [Wed Jan 19 13:04:40 2022] GET /volume/v3/e7813853294145df86fe5d6ecd174483/volumes/detail => generated 1985 bytes in 125 msecs (HTTP/1.1 200) 7 headers in 287 bytes (1 switches on core 0)
Jan 19 13:04:40.476126 dv-cinder-823015-4-iscsi devstack@c-api.service[109653]: INFO cinder.api.openstack.wsgi [None req-6428f582-0494-4fb2-9f3b-8a92db2023fe tempest-GroupSnapshotsTest-1667398295 tempest-GroupSnapshotsTest-1667398295-project] POST http://10.222.0.48/volume/v3/e7813853294145df86fe5d6ecd174483/groups/79ed113c-6379-44ae-afce-77ba582c6301/action
Jan 19 13:04:40.477177 dv-cinder-823015-4-iscsi devstack@c-api.service[109653]: DEBUG cinder.api.openstack.wsgi [None req-6428f582-0494-4fb2-9f3b-8a92db2023fe tempest-GroupSnapshotsTest-1667398295 tempest-GroupSnapshotsTest-1667398295-project] Action body: b'{"delete": {"delete-volumes": true}}' {{(pid=109653) get_method /opt/stack/cinder/cinder/api/openstack/wsgi.py:983}}
Jan 19 13:04:40.477506 dv-cinder-823015-4-iscsi devstack@c-api.service[109653]: DEBUG cinder.api.openstack.wsgi [None req-6428f582-0494-4fb2-9f3b-8a92db2023fe tempest-GroupSnapshotsTest-1667398295 tempest-GroupSnapshotsTest-1667398295-project] Action: 'action', calling method: version_select, body: {"delete": {"delete-volumes": true}} {{(pid=109653) _process_stack /opt/stack/cinder/cinder/api/openstack/wsgi.py:866}}
Jan 19 13:04:40.478627 dv-cinder-823015-4-iscsi devstack@c-api.service[109653]: DEBUG cinder.api.v3.groups [None req-6428f582-0494-4fb2-9f3b-8a92db2023fe tempest-GroupSnapshotsTest-1667398295 tempest-GroupSnapshotsTest-1667398295-project] delete called for group 79ed113c-6379-44ae-afce-77ba582c6301 {{(pid=109653) _delete /opt/stack/cinder/cinder/api/v3/groups.py:117}}
Jan 19 13:04:40.478930 dv-cinder-823015-4-iscsi devstack@c-api.service[109653]: INFO cinder.api.v3.groups [None req-6428f582-0494-4fb2-9f3b-8a92db2023fe tempest-GroupSnapshotsTest-1667398295 tempest-GroupSnapshotsTest-1667398295-project] Delete group with id: 79ed113c-6379-44ae-afce-77ba582c6301
Jan 19 13:04:40.484714 dv-cinder-823015-4-iscsi devstack@c-api.service[109653]: /usr/local/lib/python3.8/dist-packages/oslo_context/context.py:105: DeprecationWarning: Policy enforcement is depending on the value of is_admin. This key is deprecated. Please update your policy file to use the standard policy values.
Jan 19 13:04:40.484714 dv-cinder-823015-4-iscsi devstack@c-api.service[109653]: warnings.warn('Policy enforcement is depending on the value of '
Jan 19 13:04:40.546658 dv-cinder-823015-4-iscsi devstack@c-api.service[109652]: INFO cinder.api.openstack.wsgi [None req-1f22f18f-2f45-4f1d-a0fb-db438af55387 tempest-VolumeSnapshotQuotasNegativeTestJSON-1158855729 tempest-VolumeSnapshotQuotasNegativeTestJSON-1158855729-project] GET http://10.222.0.48/volume/v3/915841779ddc44cebdabf6b00686a9f1/snapshots/243a11db-8fba-4ac5-aa62-dd1773bc4f82
Jan 19 13:04:40.547099 dv-cinder-823015-4-iscsi devstack@c-api.service[109652]: DEBUG cinder.api.openstack.wsgi [None req-1f22f18f-2f45-4f1d-a0fb-db438af55387 tempest-VolumeSnapshotQuotasNegativeTestJSON-1158855729 tempest-VolumeSnapshotQuotasNegativeTestJSON-1158855729-project] Empty body provided in request {{(pid=109652) get_body /opt/stack/cinder/cinder/api/openstack/wsgi.py:715}}
Jan 19 13:04:40.547785 dv-cinder-823015-4-iscsi devstack@c-api.service[109652]: DEBUG cinder.api.openstack.wsgi [None req-1f22f18f-2f45-4f1d-a0fb-db438af55387 tempest-VolumeSnapshotQuotasNegativeTestJSON-1158855729 tempest-VolumeSnapshotQuotasNegativeTestJSON-1158855729-project] Calling method 'show' {{(pid=109652) _process_stack /opt/stack/cinder/cinder/api/openstack/wsgi.py:868}}
Jan 19 13:04:40.562356 dv-cinder-823015-4-iscsi devstack@c-api.service[109652]: INFO cinder.api.openstack.wsgi [None req-1f22f18f-2f45-4f1d-a0fb-db438af55387 tempest-VolumeSnapshotQuotasNegativeTestJSON-1158855729 tempest-VolumeSnapshotQuotasNegativeTestJSON-1158855729-project] http://10.222.0.48/volume/v3/915841779ddc44cebdabf6b00686a9f1/snapshots/243a11db-8fba-4ac5-aa62-dd1773bc4f82 returned with HTTP 404
Jan 19 13:04:40.563764 dv-cinder-823015-4-iscsi devstack@c-api.service[109652]: [pid: 109652|app: 0|req: 83/160] 10.222.0.48 () {58 vars in 1330 bytes} [Wed Jan 19 13:04:40 2022] GET /volume/v3/915841779ddc44cebdabf6b00686a9f1/snapshots/243a11db-8fba-4ac5-aa62-dd1773bc4f82 => generated 111 bytes in 21 msecs (HTTP/1.1 404) 7 headers in 292 bytes (2 switches on core 0)
Jan 19 13:04:40.571935 dv-cinder-823015-4-iscsi devstack@c-api.service[109652]: INFO cinder.api.openstack.wsgi [None req-2a45c7f4-7bae-4da6-ab4d-875c09163156 tempest-VolumeSnapshotQuotasNegativeTestJSON-1158855729 tempest-VolumeSnapshotQuotasNegativeTestJSON-1158855729-project] DELETE http://10.222.0.48/volume/v3/915841779ddc44cebdabf6b00686a9f1/volumes/3529dc64-cb32-44fd-b032-a6f53d5b780a
Jan 19 13:04:40.572437 dv-cinder-823015-4-iscsi devstack@c-api.service[109652]: DEBUG cinder.api.openstack.wsgi [None req-2a45c7f4-7bae-4da6-ab4d-875c09163156 tempest-VolumeSnapshotQuotasNegativeTestJSON-1158855729 tempest-VolumeSnapshotQuotasNegativeTestJSON-1158855729-project] Empty body provided in request {{(pid=109652) get_body /opt/stack/cinder/cinder/api/openstack/wsgi.py:715}}
Jan 19 13:04:40.572893 dv-cinder-823015-4-iscsi devstack@c-api.service[109652]: DEBUG cinder.api.openstack.wsgi [None req-2a45c7f4-7bae-4da6-ab4d-875c09163156 tempest-VolumeSnapshotQuotasNegativeTestJSON-1158855729 tempest-VolumeSnapshotQuotasNegativeTestJSON-1158855729-project] Calling method 'delete' {{(pid=109652) _process_stack /opt/stack/cinder/cinder/api/openstack/wsgi.py:868}}
Jan 19 13:04:40.573451 dv-cinder-823015-4-iscsi devstack@c-api.service[109652]: INFO cinder.api.v3.volumes [None req-2a45c7f4-7bae-4da6-ab4d-875c09163156 tempest-VolumeSnapshotQuotasNegativeTestJSON-1158855729 tempest-VolumeSnapshotQuotasNegativeTestJSON-1158855729-project] Delete volume with id: 3529dc64-cb32-44fd-b032-a6f53d5b780a
Jan 19 13:04:40.580020 dv-cinder-823015-4-iscsi devstack@c-api.service[109653]: INFO cinder.api.openstack.wsgi [None req-6428f582-0494-4fb2-9f3b-8a92db2023fe tempest-GroupSnapshotsTest-1667398295 tempest-GroupSnapshotsTest-1667398295-project] http://10.222.0.48/volume/v3/e7813853294145df86fe5d6ecd174483/groups/79ed113c-6379-44ae-afce-77ba582c6301/action returned with HTTP 202
Jan 19 13:04:40.581249 dv-cinder-823015-4-iscsi devstack@c-api.service[109653]: [pid: 109653|app: 0|req: 78/161] 10.222.0.48 () {62 vars in 1404 bytes} [Wed Jan 19 13:04:40 2022] POST /volume/v3/e7813853294145df86fe5d6ecd174483/groups/79ed113c-6379-44ae-afce-77ba582c6301/action => generated 0 bytes in 109 msecs (HTTP/1.1 202) 6 headers in 234 bytes (1 switches on core 0)
Jan 19 13:04:40.588236 dv-cinder-823015-4-iscsi devstack@c-api.service[109653]: INFO cinder.api.openstack.wsgi [None req-6f8ad49c-6c9d-491c-bedf-d3742035fff4 tempest-GroupSnapshotsTest-1667398295 tempest-GroupSnapshotsTest-1667398295-project] GET http://10.222.0.48/volume/v3/e7813853294145df86fe5d6ecd174483/volumes/d12f3add-05d2-4b83-86bb-46719220e690
Jan 19 13:04:40.588893 dv-cinder-823015-4-iscsi devstack@c-api.service[109653]: DEBUG cinder.api.openstack.wsgi [None req-6f8ad49c-6c9d-491c-bedf-d3742035fff4 tempest-GroupSnapshotsTest-1667398295 tempest-GroupSnapshotsTest-1667398295-project] Empty body provided in request {{(pid=109653) get_body /opt/stack/cinder/cinder/api/openstack/wsgi.py:715}}
Jan 19 13:04:40.589381 dv-cinder-823015-4-iscsi devstack@c-api.service[109653]: DEBUG cinder.api.openstack.wsgi [None req-6f8ad49c-6c9d-491c-bedf-d3742035fff4 tempest-GroupSnapshotsTest-1667398295 tempest-GroupSnapshotsTest-1667398295-project] Calling method 'show' {{(pid=109653) _process_stack /opt/stack/cinder/cinder/api/openstack/wsgi.py:868}}
Jan 19 13:04:40.589574 dv-cinder-823015-4-iscsi devstack@c-api.service[109652]: /usr/local/lib/python3.8/dist-packages/oslo_context/context.py:105: DeprecationWarning: Policy enforcement is depending on the value of is_admin. This key is deprecated. Please update your policy file to use the standard policy values.
Jan 19 13:04:40.589574 dv-cinder-823015-4-iscsi devstack@c-api.service[109652]: warnings.warn('Policy enforcement is depending on the value of '
Jan 19 13:04:40.590588 dv-cinder-823015-4-iscsi devstack@c-api.service[109652]: INFO cinder.volume.api [None req-2a45c7f4-7bae-4da6-ab4d-875c09163156 tempest-VolumeSnapshotQuotasNegativeTestJSON-1158855729 tempest-VolumeSnapshotQuotasNegativeTestJSON-1158855729-project] Volume info retrieved successfully.
Jan 19 13:04:40.616623 dv-cinder-823015-4-iscsi devstack@c-api.service[109653]: /usr/local/lib/python3.8/dist-packages/oslo_context/context.py:105: DeprecationWarning: Policy enforcement is depending on the value of is_admin. This key is deprecated. Please update your policy file to use the standard policy values.
Jan 19 13:04:40.616623 dv-cinder-823015-4-iscsi devstack@c-api.service[109653]: warnings.warn('Policy enforcement is depending on the value of '
Jan 19 13:04:40.624224 dv-cinder-823015-4-iscsi devstack@c-api.service[109653]: INFO cinder.volume.api [None req-6f8ad49c-6c9d-491c-bedf-d3742035fff4 tempest-GroupSnapshotsTest-1667398295 tempest-GroupSnapshotsTest-1667398295-project] Volume info retrieved successfully.
Jan 19 13:04:40.625573 dv-cinder-823015-4-iscsi devstack@c-api.service[109653]: WARNING stevedore.named [None req-6f8ad49c-6c9d-491c-bedf-d3742035fff4 tempest-GroupSnapshotsTest-1667398295 tempest-GroupSnapshotsTest-1667398295-project] Could not load cinder.keymgr.conf_key_mgr.ConfKeyManager
Jan 19 13:04:40.625954 dv-cinder-823015-4-iscsi devstack@c-api.service[109653]: WARNING castellan.key_manager [None req-6f8ad49c-6c9d-491c-bedf-d3742035fff4 tempest-GroupSnapshotsTest-1667398295 tempest-GroupSnapshotsTest-1667398295-project] Deprecation Warning : cinder.keymgr.conf_key_mgr.ConfKeyManager is not a stevedore based driver, trying to load it as a class: stevedore.exception.NoMatches: No 'castellan.drivers' driver found, looking for 'cinder.keymgr.conf_key_mgr.ConfKeyManager'
Jan 19 13:04:40.646067 dv-cinder-823015-4-iscsi devstack@c-api.service[109652]: INFO cinder.volume.api [None req-2a45c7f4-7bae-4da6-ab4d-875c09163156 tempest-VolumeSnapshotQuotasNegativeTestJSON-1158855729 tempest-VolumeSnapshotQuotasNegativeTestJSON-1158855729-project] Delete volume request issued successfully.
Jan 19 13:04:40.647280 dv-cinder-823015-4-iscsi devstack@c-api.service[109652]: INFO cinder.api.openstack.wsgi [None req-2a45c7f4-7bae-4da6-ab4d-875c09163156 tempest-VolumeSnapshotQuotasNegativeTestJSON-1158855729 tempest-VolumeSnapshotQuotasNegativeTestJSON-1158855729-project] http://10.222.0.48/volume/v3/915841779ddc44cebdabf6b00686a9f1/volumes/3529dc64-cb32-44fd-b032-a6f53d5b780a returned with HTTP 202
Jan 19 13:04:40.648346 dv-cinder-823015-4-iscsi devstack@c-api.service[109652]: [pid: 109652|app: 0|req: 84/162] 10.222.0.48 () {58 vars in 1327 bytes} [Wed Jan 19 13:04:40 2022] DELETE /volume/v3/915841779ddc44cebdabf6b00686a9f1/volumes/3529dc64-cb32-44fd-b032-a6f53d5b780a => generated 0 bytes in 81 msecs (HTTP/1.1 202) 6 headers in 233 bytes (2 switches on core 0)
Jan 19 13:04:40.652141 dv-cinder-823015-4-iscsi devstack@c-api.service[109653]: DEBUG oslo_db.sqlalchemy.engines [None req-6f8ad49c-6c9d-491c-bedf-d3742035fff4 tempest-GroupSnapshotsTest-1667398295 tempest-GroupSnapshotsTest-1667398295-project] MySQL server mode set to STRICT_TRANS_TABLES,STRICT_ALL_TABLES,NO_ZERO_IN_DATE,NO_ZERO_DATE,ERROR_FOR_DIVISION_BY_ZERO,TRADITIONAL,NO_ENGINE_SUBSTITUTION {{(pid=109653) _check_effective_sql_mode /usr/local/lib/python3.8/dist-packages/oslo_db/sqlalchemy/engines.py:314}}
Jan 19 13:04:40.653989 dv-cinder-823015-4-iscsi devstack@c-api.service[109652]: INFO cinder.api.openstack.wsgi [None req-e44a7639-9c8b-4e2a-973a-85607fb0406d tempest-VolumesTestJSON-1552513016 tempest-VolumesTestJSON-1552513016-project] GET http://10.222.0.48/volume/v3/e462ac71dbe947269459063787a5acaa/volumes/94535fe0-a471-4fe0-b959-1a32cf8e64ac
Jan 19 13:04:40.654628 dv-cinder-823015-4-iscsi devstack@c-api.service[109652]: DEBUG cinder.api.openstack.wsgi [None req-e44a7639-9c8b-4e2a-973a-85607fb0406d tempest-VolumesTestJSON-1552513016 tempest-VolumesTestJSON-1552513016-project] Empty body provided in request {{(pid=109652) get_body /opt/stack/cinder/cinder/api/openstack/wsgi.py:715}}
Jan 19 13:04:40.655667 dv-cinder-823015-4-iscsi devstack@c-api.service[109652]: DEBUG cinder.api.openstack.wsgi [None req-e44a7639-9c8b-4e2a-973a-85607fb0406d tempest-VolumesTestJSON-1552513016 tempest-VolumesTestJSON-1552513016-project] Calling method 'show' {{(pid=109652) _process_stack /opt/stack/cinder/cinder/api/openstack/wsgi.py:868}}
Jan 19 13:04:40.662627 dv-cinder-823015-4-iscsi devstack@c-api.service[109653]: /usr/local/lib/python3.8/dist-packages/oslo_context/context.py:105: DeprecationWarning: Policy enforcement is depending on the value of is_admin. This key is deprecated. Please update your policy file to use the standard policy values.
Jan 19 13:04:40.662627 dv-cinder-823015-4-iscsi devstack@c-api.service[109653]: warnings.warn('Policy enforcement is depending on the value of '
Jan 19 13:04:40.680543 dv-cinder-823015-4-iscsi devstack@c-api.service[109653]: INFO cinder.api.openstack.wsgi [None req-6f8ad49c-6c9d-491c-bedf-d3742035fff4 tempest-GroupSnapshotsTest-1667398295 tempest-GroupSnapshotsTest-1667398295-project] http://10.222.0.48/volume/v3/e7813853294145df86fe5d6ecd174483/volumes/d12f3add-05d2-4b83-86bb-46719220e690 returned with HTTP 200
Jan 19 13:04:40.680543 dv-cinder-823015-4-iscsi devstack@c-api.service[109653]: [pid: 109653|app: 0|req: 79/163] 10.222.0.48 () {60 vars in 1365 bytes} [Wed Jan 19 13:04:40 2022] GET /volume/v3/e7813853294145df86fe5d6ecd174483/volumes/d12f3add-05d2-4b83-86bb-46719220e690 => generated 991 bytes in 95 msecs (HTTP/1.1 200) 7 headers in 286 bytes (2 switches on core 0)
Jan 19 13:04:40.681386 dv-cinder-823015-4-iscsi devstack@c-api.service[109652]: INFO cinder.api.openstack.wsgi [None req-e44a7639-9c8b-4e2a-973a-85607fb0406d tempest-VolumesTestJSON-1552513016 tempest-VolumesTestJSON-1552513016-project] http://10.222.0.48/volume/v3/e462ac71dbe947269459063787a5acaa/volumes/94535fe0-a471-4fe0-b959-1a32cf8e64ac returned with HTTP 404
Jan 19 13:04:40.683557 dv-cinder-823015-4-iscsi devstack@c-api.service[109652]: [pid: 109652|app: 0|req: 85/164] 10.222.0.48 () {58 vars in 1324 bytes} [Wed Jan 19 13:04:40 2022] GET /volume/v3/e462ac71dbe947269459063787a5acaa/volumes/94535fe0-a471-4fe0-b959-1a32cf8e64ac => generated 109 bytes in 33 msecs (HTTP/1.1 404) 7 headers in 292 bytes (1 switches on core 0)
Jan 19 13:04:40.692578 dv-cinder-823015-4-iscsi devstack@c-api.service[109653]: INFO cinder.api.openstack.wsgi [None req-fd3642c4-3120-4349-bc2c-6a804f98b6aa tempest-VolumeSnapshotQuotasNegativeTestJSON-1158855729 tempest-VolumeSnapshotQuotasNegativeTestJSON-1158855729-project] GET http://10.222.0.48/volume/v3/915841779ddc44cebdabf6b00686a9f1/volumes/3529dc64-cb32-44fd-b032-a6f53d5b780a
Jan 19 13:04:40.693450 dv-cinder-823015-4-iscsi devstack@c-api.service[109653]: DEBUG cinder.api.openstack.wsgi [None req-fd3642c4-3120-4349-bc2c-6a804f98b6aa tempest-VolumeSnapshotQuotasNegativeTestJSON-1158855729 tempest-VolumeSnapshotQuotasNegativeTestJSON-1158855729-project] Empty body provided in request {{(pid=109653) get_body /opt/stack/cinder/cinder/api/openstack/wsgi.py:715}}
Jan 19 13:04:40.694105 dv-cinder-823015-4-iscsi devstack@c-api.service[109653]: DEBUG cinder.api.openstack.wsgi [None req-fd3642c4-3120-4349-bc2c-6a804f98b6aa tempest-VolumeSnapshotQuotasNegativeTestJSON-1158855729 tempest-VolumeSnapshotQuotasNegativeTestJSON-1158855729-project] Calling method 'show' {{(pid=109653) _process_stack /opt/stack/cinder/cinder/api/openstack/wsgi.py:868}}
Jan 19 13:04:40.695362 dv-cinder-823015-4-iscsi devstack@c-api.service[109652]: INFO cinder.api.openstack.wsgi [None req-c14c8bb8-1331-4730-8db2-09d5b6dcc503 tempest-VolumesTestJSON-1552513016 tempest-VolumesTestJSON-1552513016-project] DELETE http://10.222.0.48/volume/v3/e462ac71dbe947269459063787a5acaa/volumes/872acc82-b743-43a4-9952-9faee0568180
Jan 19 13:04:40.695925 dv-cinder-823015-4-iscsi devstack@c-api.service[109652]: DEBUG cinder.api.openstack.wsgi [None req-c14c8bb8-1331-4730-8db2-09d5b6dcc503 tempest-VolumesTestJSON-1552513016 tempest-VolumesTestJSON-1552513016-project] Empty body provided in request {{(pid=109652) get_body /opt/stack/cinder/cinder/api/openstack/wsgi.py:715}}
Jan 19 13:04:40.696568 dv-cinder-823015-4-iscsi devstack@c-api.service[109652]: DEBUG cinder.api.openstack.wsgi [None req-c14c8bb8-1331-4730-8db2-09d5b6dcc503 tempest-VolumesTestJSON-1552513016 tempest-VolumesTestJSON-1552513016-project] Calling method 'delete' {{(pid=109652) _process_stack /opt/stack/cinder/cinder/api/openstack/wsgi.py:868}}
Jan 19 13:04:40.697098 dv-cinder-823015-4-iscsi devstack@c-api.service[109652]: INFO cinder.api.v3.volumes [None req-c14c8bb8-1331-4730-8db2-09d5b6dcc503 tempest-VolumesTestJSON-1552513016 tempest-VolumesTestJSON-1552513016-project] Delete volume with id: 872acc82-b743-43a4-9952-9faee0568180
Jan 19 13:04:40.711575 dv-cinder-823015-4-iscsi devstack@c-api.service[109653]: /usr/local/lib/python3.8/dist-packages/oslo_context/context.py:105: DeprecationWarning: Policy enforcement is depending on the value of is_admin. This key is deprecated. Please update your policy file to use the standard policy values.
Jan 19 13:04:40.711575 dv-cinder-823015-4-iscsi devstack@c-api.service[109653]: warnings.warn('Policy enforcement is depending on the value of '
Jan 19 13:04:40.727952 dv-cinder-823015-4-iscsi devstack@c-api.service[109653]: INFO cinder.volume.api [None req-fd3642c4-3120-4349-bc2c-6a804f98b6aa tempest-VolumeSnapshotQuotasNegativeTestJSON-1158855729 tempest-VolumeSnapshotQuotasNegativeTestJSON-1158855729-project] Volume info retrieved successfully.
Jan 19 13:04:40.730243 dv-cinder-823015-4-iscsi devstack@c-api.service[109652]: /usr/local/lib/python3.8/dist-packages/oslo_context/context.py:105: DeprecationWarning: Policy enforcement is depending on the value of is_admin. This key is deprecated. Please update your policy file to use the standard policy values.
Jan 19 13:04:40.730243 dv-cinder-823015-4-iscsi devstack@c-api.service[109652]: warnings.warn('Policy enforcement is depending on the value of '
Jan 19 13:04:40.731376 dv-cinder-823015-4-iscsi devstack@c-api.service[109652]: INFO cinder.volume.api [None req-c14c8bb8-1331-4730-8db2-09d5b6dcc503 tempest-VolumesTestJSON-1552513016 tempest-VolumesTestJSON-1552513016-project] Volume info retrieved successfully.
Jan 19 13:04:40.742207 dv-cinder-823015-4-iscsi devstack@c-api.service[109653]: INFO cinder.api.openstack.wsgi [None req-fd3642c4-3120-4349-bc2c-6a804f98b6aa tempest-VolumeSnapshotQuotasNegativeTestJSON-1158855729 tempest-VolumeSnapshotQuotasNegativeTestJSON-1158855729-project] http://10.222.0.48/volume/v3/915841779ddc44cebdabf6b00686a9f1/volumes/3529dc64-cb32-44fd-b032-a6f53d5b780a returned with HTTP 200
Jan 19 13:04:40.743916 dv-cinder-823015-4-iscsi devstack@c-api.service[109653]: [pid: 109653|app: 0|req: 80/165] 10.222.0.48 () {58 vars in 1324 bytes} [Wed Jan 19 13:04:40 2022] GET /volume/v3/915841779ddc44cebdabf6b00686a9f1/volumes/3529dc64-cb32-44fd-b032-a6f53d5b780a => generated 927 bytes in 63 msecs (HTTP/1.1 200) 7 headers in 285 bytes (1 switches on core 0)
Jan 19 13:04:40.784236 dv-cinder-823015-4-iscsi devstack@c-api.service[109652]: INFO cinder.volume.api [None req-c14c8bb8-1331-4730-8db2-09d5b6dcc503 tempest-VolumesTestJSON-1552513016 tempest-VolumesTestJSON-1552513016-project] Delete volume request issued successfully.
Jan 19 13:04:40.784660 dv-cinder-823015-4-iscsi devstack@c-api.service[109652]: INFO cinder.api.openstack.wsgi [None req-c14c8bb8-1331-4730-8db2-09d5b6dcc503 tempest-VolumesTestJSON-1552513016 tempest-VolumesTestJSON-1552513016-project] http://10.222.0.48/volume/v3/e462ac71dbe947269459063787a5acaa/volumes/872acc82-b743-43a4-9952-9faee0568180 returned with HTTP 202
Jan 19 13:04:40.785757 dv-cinder-823015-4-iscsi devstack@c-api.service[109652]: [pid: 109652|app: 0|req: 86/166] 10.222.0.48 () {58 vars in 1327 bytes} [Wed Jan 19 13:04:40 2022] DELETE /volume/v3/e462ac71dbe947269459063787a5acaa/volumes/872acc82-b743-43a4-9952-9faee0568180 => generated 0 bytes in 95 msecs (HTTP/1.1 202) 6 headers in 233 bytes (2 switches on core 0)
Jan 19 13:04:40.795960 dv-cinder-823015-4-iscsi devstack@c-api.service[109653]: INFO cinder.api.openstack.wsgi [None req-b9b3a6d3-c30e-44a5-8507-54cae63f574a tempest-VolumesTestJSON-1552513016 tempest-VolumesTestJSON-1552513016-project] GET http://10.222.0.48/volume/v3/e462ac71dbe947269459063787a5acaa/volumes/872acc82-b743-43a4-9952-9faee0568180
Jan 19 13:04:40.796729 dv-cinder-823015-4-iscsi devstack@c-api.service[109653]: DEBUG cinder.api.openstack.wsgi [None req-b9b3a6d3-c30e-44a5-8507-54cae63f574a tempest-VolumesTestJSON-1552513016 tempest-VolumesTestJSON-1552513016-project] Empty body provided in request {{(pid=109653) get_body /opt/stack/cinder/cinder/api/openstack/wsgi.py:715}}
Jan 19 13:04:40.797200 dv-cinder-823015-4-iscsi devstack@c-api.service[109653]: DEBUG cinder.api.openstack.wsgi [None req-b9b3a6d3-c30e-44a5-8507-54cae63f574a tempest-VolumesTestJSON-1552513016 tempest-VolumesTestJSON-1552513016-project] Calling method 'show' {{(pid=109653) _process_stack /opt/stack/cinder/cinder/api/openstack/wsgi.py:868}}
Jan 19 13:04:40.813153 dv-cinder-823015-4-iscsi devstack@c-api.service[109653]: /usr/local/lib/python3.8/dist-packages/oslo_context/context.py:105: DeprecationWarning: Policy enforcement is depending on the value of is_admin. This key is deprecated. Please update your policy file to use the standard policy values.
Jan 19 13:04:40.813153 dv-cinder-823015-4-iscsi devstack@c-api.service[109653]: warnings.warn('Policy enforcement is depending on the value of '
Jan 19 13:04:40.844084 dv-cinder-823015-4-iscsi devstack@c-api.service[109653]: INFO cinder.volume.api [None req-b9b3a6d3-c30e-44a5-8507-54cae63f574a tempest-VolumesTestJSON-1552513016 tempest-VolumesTestJSON-1552513016-project] Volume info retrieved successfully.
Jan 19 13:04:40.870150 dv-cinder-823015-4-iscsi devstack@c-api.service[109653]: INFO cinder.api.openstack.wsgi [None req-b9b3a6d3-c30e-44a5-8507-54cae63f574a tempest-VolumesTestJSON-1552513016 tempest-VolumesTestJSON-1552513016-project] http://10.222.0.48/volume/v3/e462ac71dbe947269459063787a5acaa/volumes/872acc82-b743-43a4-9952-9faee0568180 returned with HTTP 200
Jan 19 13:04:40.879607 dv-cinder-823015-4-iscsi devstack@c-api.service[109653]: [pid: 109653|app: 0|req: 81/167] 10.222.0.48 () {58 vars in 1324 bytes} [Wed Jan 19 13:04:40 2022] GET /volume/v3/e462ac71dbe947269459063787a5acaa/volumes/872acc82-b743-43a4-9952-9faee0568180 => generated 920 bytes in 89 msecs (HTTP/1.1 200) 7 headers in 285 bytes (1 switches on core 0)
Jan 19 13:04:41.699509 dv-cinder-823015-4-iscsi devstack@c-api.service[109652]: INFO cinder.api.openstack.wsgi [None req-befea94c-8883-40b0-aff5-9825fe5bcaba tempest-GroupSnapshotsTest-1667398295 tempest-GroupSnapshotsTest-1667398295-project] GET http://10.222.0.48/volume/v3/e7813853294145df86fe5d6ecd174483/volumes/d12f3add-05d2-4b83-86bb-46719220e690
Jan 19 13:04:41.700469 dv-cinder-823015-4-iscsi devstack@c-api.service[109652]: DEBUG cinder.api.openstack.wsgi [None req-befea94c-8883-40b0-aff5-9825fe5bcaba tempest-GroupSnapshotsTest-1667398295 tempest-GroupSnapshotsTest-1667398295-project] Empty body provided in request {{(pid=109652) get_body /opt/stack/cinder/cinder/api/openstack/wsgi.py:715}}
Jan 19 13:04:41.700469 dv-cinder-823015-4-iscsi devstack@c-api.service[109652]: DEBUG cinder.api.openstack.wsgi [None req-befea94c-8883-40b0-aff5-9825fe5bcaba tempest-GroupSnapshotsTest-1667398295 tempest-GroupSnapshotsTest-1667398295-project] Calling method 'show' {{(pid=109652) _process_stack /opt/stack/cinder/cinder/api/openstack/wsgi.py:868}}
Jan 19 13:04:41.712267 dv-cinder-823015-4-iscsi devstack@c-api.service[109652]: INFO cinder.api.openstack.wsgi [None req-befea94c-8883-40b0-aff5-9825fe5bcaba tempest-GroupSnapshotsTest-1667398295 tempest-GroupSnapshotsTest-1667398295-project] http://10.222.0.48/volume/v3/e7813853294145df86fe5d6ecd174483/volumes/d12f3add-05d2-4b83-86bb-46719220e690 returned with HTTP 404
Jan 19 13:04:41.716761 dv-cinder-823015-4-iscsi devstack@c-api.service[109652]: [pid: 109652|app: 0|req: 87/168] 10.222.0.48 () {60 vars in 1365 bytes} [Wed Jan 19 13:04:41 2022] GET /volume/v3/e7813853294145df86fe5d6ecd174483/volumes/d12f3add-05d2-4b83-86bb-46719220e690 => generated 109 bytes in 18 msecs (HTTP/1.1 404) 7 headers in 293 bytes (1 switches on core 0)
Jan 19 13:04:41.721461 dv-cinder-823015-4-iscsi devstack@c-api.service[109653]: INFO cinder.api.openstack.wsgi [None req-0cf38235-49a5-432f-bdfc-766bee98c22d tempest-GroupSnapshotsTest-1667398295 tempest-GroupSnapshotsTest-1667398295-project] GET http://10.222.0.48/volume/v3/e7813853294145df86fe5d6ecd174483/groups/79ed113c-6379-44ae-afce-77ba582c6301
Jan 19 13:04:41.722019 dv-cinder-823015-4-iscsi devstack@c-api.service[109653]: DEBUG cinder.api.openstack.wsgi [None req-0cf38235-49a5-432f-bdfc-766bee98c22d tempest-GroupSnapshotsTest-1667398295 tempest-GroupSnapshotsTest-1667398295-project] Empty body provided in request {{(pid=109653) get_body /opt/stack/cinder/cinder/api/openstack/wsgi.py:715}}
Jan 19 13:04:41.722481 dv-cinder-823015-4-iscsi devstack@c-api.service[109653]: DEBUG cinder.api.openstack.wsgi [None req-0cf38235-49a5-432f-bdfc-766bee98c22d tempest-GroupSnapshotsTest-1667398295 tempest-GroupSnapshotsTest-1667398295-project] Calling method 'version_select' {{(pid=109653) _process_stack /opt/stack/cinder/cinder/api/openstack/wsgi.py:868}}
Jan 19 13:04:41.722832 dv-cinder-823015-4-iscsi devstack@c-api.service[109653]: DEBUG cinder.api.v3.groups [None req-0cf38235-49a5-432f-bdfc-766bee98c22d tempest-GroupSnapshotsTest-1667398295 tempest-GroupSnapshotsTest-1667398295-project] show called for member 79ed113c-6379-44ae-afce-77ba582c6301 {{(pid=109653) show /opt/stack/cinder/cinder/api/v3/groups.py:58}}
Jan 19 13:04:41.727344 dv-cinder-823015-4-iscsi devstack@c-api.service[109653]: INFO cinder.api.openstack.wsgi [None req-0cf38235-49a5-432f-bdfc-766bee98c22d tempest-GroupSnapshotsTest-1667398295 tempest-GroupSnapshotsTest-1667398295-project] http://10.222.0.48/volume/v3/e7813853294145df86fe5d6ecd174483/groups/79ed113c-6379-44ae-afce-77ba582c6301 returned with HTTP 404
Jan 19 13:04:41.728232 dv-cinder-823015-4-iscsi devstack@c-api.service[109653]: [pid: 109653|app: 0|req: 82/169] 10.222.0.48 () {60 vars in 1362 bytes} [Wed Jan 19 13:04:41 2022] GET /volume/v3/e7813853294145df86fe5d6ecd174483/groups/79ed113c-6379-44ae-afce-77ba582c6301 => generated 108 bytes in 11 msecs (HTTP/1.1 404) 7 headers in 293 bytes (1 switches on core 0)
Jan 19 13:04:41.736312 dv-cinder-823015-4-iscsi devstack@c-api.service[109652]: INFO cinder.api.openstack.wsgi [None req-1d353233-96fb-4721-9eba-48ee96e09bd1 tempest-GroupSnapshotsTest-1667398295 tempest-GroupSnapshotsTest-1667398295-project] DELETE http://10.222.0.48/volume/v3/e7813853294145df86fe5d6ecd174483/group_snapshots/8a3266cb-7e5c-48a4-8145-84ceb2e00d49
Jan 19 13:04:41.736804 dv-cinder-823015-4-iscsi devstack@c-api.service[109652]: DEBUG cinder.api.openstack.wsgi [None req-1d353233-96fb-4721-9eba-48ee96e09bd1 tempest-GroupSnapshotsTest-1667398295 tempest-GroupSnapshotsTest-1667398295-project] Empty body provided in request {{(pid=109652) get_body /opt/stack/cinder/cinder/api/openstack/wsgi.py:715}}
Jan 19 13:04:41.737249 dv-cinder-823015-4-iscsi devstack@c-api.service[109652]: DEBUG cinder.api.openstack.wsgi [None req-1d353233-96fb-4721-9eba-48ee96e09bd1 tempest-GroupSnapshotsTest-1667398295 tempest-GroupSnapshotsTest-1667398295-project] Calling method 'version_select' {{(pid=109652) _process_stack /opt/stack/cinder/cinder/api/openstack/wsgi.py:868}}
Jan 19 13:04:41.737595 dv-cinder-823015-4-iscsi devstack@c-api.service[109652]: DEBUG cinder.api.v3.group_snapshots [None req-1d353233-96fb-4721-9eba-48ee96e09bd1 tempest-GroupSnapshotsTest-1667398295 tempest-GroupSnapshotsTest-1667398295-project] delete called for member 8a3266cb-7e5c-48a4-8145-84ceb2e00d49 {{(pid=109652) delete /opt/stack/cinder/cinder/api/v3/group_snapshots.py:72}}
Jan 19 13:04:41.737875 dv-cinder-823015-4-iscsi devstack@c-api.service[109652]: INFO cinder.api.v3.group_snapshots [None req-1d353233-96fb-4721-9eba-48ee96e09bd1 tempest-GroupSnapshotsTest-1667398295 tempest-GroupSnapshotsTest-1667398295-project] Delete group_snapshot with id: 8a3266cb-7e5c-48a4-8145-84ceb2e00d49
Jan 19 13:04:41.743566 dv-cinder-823015-4-iscsi devstack@c-api.service[109652]: /usr/local/lib/python3.8/dist-packages/oslo_context/context.py:105: DeprecationWarning: Policy enforcement is depending on the value of is_admin. This key is deprecated. Please update your policy file to use the standard policy values.
Jan 19 13:04:41.743566 dv-cinder-823015-4-iscsi devstack@c-api.service[109652]: warnings.warn('Policy enforcement is depending on the value of '
Jan 19 13:04:41.760773 dv-cinder-823015-4-iscsi devstack@c-api.service[109653]: INFO cinder.api.openstack.wsgi [None req-901bb669-2725-4a3b-979d-594d4e083b48 tempest-VolumeSnapshotQuotasNegativeTestJSON-1158855729 tempest-VolumeSnapshotQuotasNegativeTestJSON-1158855729-project] GET http://10.222.0.48/volume/v3/915841779ddc44cebdabf6b00686a9f1/volumes/3529dc64-cb32-44fd-b032-a6f53d5b780a
Jan 19 13:04:41.761454 dv-cinder-823015-4-iscsi devstack@c-api.service[109653]: DEBUG cinder.api.openstack.wsgi [None req-901bb669-2725-4a3b-979d-594d4e083b48 tempest-VolumeSnapshotQuotasNegativeTestJSON-1158855729 tempest-VolumeSnapshotQuotasNegativeTestJSON-1158855729-project] Empty body provided in request {{(pid=109653) get_body /opt/stack/cinder/cinder/api/openstack/wsgi.py:715}}
Jan 19 13:04:41.762071 dv-cinder-823015-4-iscsi devstack@c-api.service[109653]: DEBUG cinder.api.openstack.wsgi [None req-901bb669-2725-4a3b-979d-594d4e083b48 tempest-VolumeSnapshotQuotasNegativeTestJSON-1158855729 tempest-VolumeSnapshotQuotasNegativeTestJSON-1158855729-project] Calling method 'show' {{(pid=109653) _process_stack /opt/stack/cinder/cinder/api/openstack/wsgi.py:868}}
Jan 19 13:04:41.773588 dv-cinder-823015-4-iscsi devstack@c-api.service[109653]: INFO cinder.api.openstack.wsgi [None req-901bb669-2725-4a3b-979d-594d4e083b48 tempest-VolumeSnapshotQuotasNegativeTestJSON-1158855729 tempest-VolumeSnapshotQuotasNegativeTestJSON-1158855729-project] http://10.222.0.48/volume/v3/915841779ddc44cebdabf6b00686a9f1/volumes/3529dc64-cb32-44fd-b032-a6f53d5b780a returned with HTTP 404
Jan 19 13:04:41.778089 dv-cinder-823015-4-iscsi devstack@c-api.service[109653]: [pid: 109653|app: 0|req: 83/170] 10.222.0.48 () {58 vars in 1324 bytes} [Wed Jan 19 13:04:41 2022] GET /volume/v3/915841779ddc44cebdabf6b00686a9f1/volumes/3529dc64-cb32-44fd-b032-a6f53d5b780a => generated 109 bytes in 21 msecs (HTTP/1.1 404) 7 headers in 292 bytes (1 switches on core 0)
Jan 19 13:04:41.783625 dv-cinder-823015-4-iscsi devstack@c-api.service[109653]: INFO cinder.api.openstack.wsgi [None req-fbe3ae66-ba38-47b1-8ec3-93423d8c8283 tempest-VolumeSnapshotQuotasNegativeTestJSON-1895803317 tempest-VolumeSnapshotQuotasNegativeTestJSON-1895803317-project-admin] PUT http://10.222.0.48/volume/v3/607c29286eba4155a20b572fa0aba737/os-quota-sets/915841779ddc44cebdabf6b00686a9f1
Jan 19 13:04:41.784294 dv-cinder-823015-4-iscsi devstack@c-api.service[109653]: DEBUG cinder.api.openstack.wsgi [None req-fbe3ae66-ba38-47b1-8ec3-93423d8c8283 tempest-VolumeSnapshotQuotasNegativeTestJSON-1895803317 tempest-VolumeSnapshotQuotasNegativeTestJSON-1895803317-project-admin] Action: 'update', calling method: update, body: {"quota_set": {"volumes": 10, "per_volume_gigabytes": -1, "snapshots": 10, "gigabytes": 1000, "backups": 10, "backup_gigabytes": 1000}} {{(pid=109653) _process_stack /opt/stack/cinder/cinder/api/openstack/wsgi.py:866}}
Jan 19 13:04:41.800612 dv-cinder-823015-4-iscsi devstack@c-api.service[109652]: INFO cinder.api.openstack.wsgi [None req-1d353233-96fb-4721-9eba-48ee96e09bd1 tempest-GroupSnapshotsTest-1667398295 tempest-GroupSnapshotsTest-1667398295-project] http://10.222.0.48/volume/v3/e7813853294145df86fe5d6ecd174483/group_snapshots/8a3266cb-7e5c-48a4-8145-84ceb2e00d49 returned with HTTP 202
Jan 19 13:04:41.801379 dv-cinder-823015-4-iscsi devstack@c-api.service[109652]: [pid: 109652|app: 0|req: 88/171] 10.222.0.48 () {60 vars in 1392 bytes} [Wed Jan 19 13:04:41 2022] DELETE /volume/v3/e7813853294145df86fe5d6ecd174483/group_snapshots/8a3266cb-7e5c-48a4-8145-84ceb2e00d49 => generated 0 bytes in 69 msecs (HTTP/1.1 202) 6 headers in 234 bytes (1 switches on core 0)
Jan 19 13:04:41.808923 dv-cinder-823015-4-iscsi devstack@c-api.service[109652]: INFO cinder.api.openstack.wsgi [None req-ea131417-0bd9-4ee5-8b0f-629886ce9ab7 tempest-GroupSnapshotsTest-1667398295 tempest-GroupSnapshotsTest-1667398295-project] GET http://10.222.0.48/volume/v3/e7813853294145df86fe5d6ecd174483/volumes/detail
Jan 19 13:04:41.809488 dv-cinder-823015-4-iscsi devstack@c-api.service[109652]: DEBUG cinder.api.openstack.wsgi [None req-ea131417-0bd9-4ee5-8b0f-629886ce9ab7 tempest-GroupSnapshotsTest-1667398295 tempest-GroupSnapshotsTest-1667398295-project] Empty body provided in request {{(pid=109652) get_body /opt/stack/cinder/cinder/api/openstack/wsgi.py:715}}
Jan 19 13:04:41.809946 dv-cinder-823015-4-iscsi devstack@c-api.service[109652]: DEBUG cinder.api.openstack.wsgi [None req-ea131417-0bd9-4ee5-8b0f-629886ce9ab7 tempest-GroupSnapshotsTest-1667398295 tempest-GroupSnapshotsTest-1667398295-project] Calling method 'detail' {{(pid=109652) _process_stack /opt/stack/cinder/cinder/api/openstack/wsgi.py:868}}
Jan 19 13:04:41.810690 dv-cinder-823015-4-iscsi devstack@c-api.service[109652]: DEBUG cinder.api.api_utils [None req-ea131417-0bd9-4ee5-8b0f-629886ce9ab7 tempest-GroupSnapshotsTest-1667398295 tempest-GroupSnapshotsTest-1667398295-project] Removing options '' from query. {{(pid=109652) remove_invalid_filter_options /opt/stack/cinder/cinder/api/api_utils.py:73}}
Jan 19 13:04:41.811518 dv-cinder-823015-4-iscsi devstack@c-api.service[109652]: /usr/local/lib/python3.8/dist-packages/oslo_context/context.py:105: DeprecationWarning: Policy enforcement is depending on the value of is_admin. This key is deprecated. Please update your policy file to use the standard policy values.
Jan 19 13:04:41.811518 dv-cinder-823015-4-iscsi devstack@c-api.service[109652]: warnings.warn('Policy enforcement is depending on the value of '
Jan 19 13:04:41.818418 dv-cinder-823015-4-iscsi devstack@c-api.service[109652]: DEBUG cinder.volume.api [None req-ea131417-0bd9-4ee5-8b0f-629886ce9ab7 tempest-GroupSnapshotsTest-1667398295 tempest-GroupSnapshotsTest-1667398295-project] Searching by: MultiDict([('no_migration_targets', True)]). {{(pid=109652) get_all /opt/stack/cinder/cinder/volume/api.py:661}}
Jan 19 13:04:41.864030 dv-cinder-823015-4-iscsi devstack@c-api.service[109652]: INFO cinder.volume.api [None req-ea131417-0bd9-4ee5-8b0f-629886ce9ab7 tempest-GroupSnapshotsTest-1667398295 tempest-GroupSnapshotsTest-1667398295-project] Get all volumes completed successfully.
Jan 19 13:04:41.864030 dv-cinder-823015-4-iscsi devstack@c-api.service[109652]: WARNING stevedore.named [None req-ea131417-0bd9-4ee5-8b0f-629886ce9ab7 tempest-GroupSnapshotsTest-1667398295 tempest-GroupSnapshotsTest-1667398295-project] Could not load cinder.keymgr.conf_key_mgr.ConfKeyManager
Jan 19 13:04:41.864030 dv-cinder-823015-4-iscsi devstack@c-api.service[109652]: WARNING castellan.key_manager [None req-ea131417-0bd9-4ee5-8b0f-629886ce9ab7 tempest-GroupSnapshotsTest-1667398295 tempest-GroupSnapshotsTest-1667398295-project] Deprecation Warning : cinder.keymgr.conf_key_mgr.ConfKeyManager is not a stevedore based driver, trying to load it as a class: stevedore.exception.NoMatches: No 'castellan.drivers' driver found, looking for 'cinder.keymgr.conf_key_mgr.ConfKeyManager'
Jan 19 13:04:41.870227 dv-cinder-823015-4-iscsi devstack@c-api.service[109652]: DEBUG oslo_db.sqlalchemy.engines [None req-ea131417-0bd9-4ee5-8b0f-629886ce9ab7 tempest-GroupSnapshotsTest-1667398295 tempest-GroupSnapshotsTest-1667398295-project] MySQL server mode set to STRICT_TRANS_TABLES,STRICT_ALL_TABLES,NO_ZERO_IN_DATE,NO_ZERO_DATE,ERROR_FOR_DIVISION_BY_ZERO,TRADITIONAL,NO_ENGINE_SUBSTITUTION {{(pid=109652) _check_effective_sql_mode /usr/local/lib/python3.8/dist-packages/oslo_db/sqlalchemy/engines.py:314}}
Jan 19 13:04:41.882082 dv-cinder-823015-4-iscsi devstack@c-api.service[109652]: /usr/local/lib/python3.8/dist-packages/oslo_context/context.py:105: DeprecationWarning: Policy enforcement is depending on the value of is_admin. This key is deprecated. Please update your policy file to use the standard policy values.
Jan 19 13:04:41.882082 dv-cinder-823015-4-iscsi devstack@c-api.service[109652]: warnings.warn('Policy enforcement is depending on the value of '
Jan 19 13:04:41.896874 dv-cinder-823015-4-iscsi devstack@c-api.service[109652]: INFO cinder.api.openstack.wsgi [None req-ea131417-0bd9-4ee5-8b0f-629886ce9ab7 tempest-GroupSnapshotsTest-1667398295 tempest-GroupSnapshotsTest-1667398295-project] http://10.222.0.48/volume/v3/e7813853294145df86fe5d6ecd174483/volumes/detail returned with HTTP 200
Jan 19 13:04:41.897762 dv-cinder-823015-4-iscsi devstack@c-api.service[109652]: [pid: 109652|app: 0|req: 89/172] 10.222.0.48 () {60 vars in 1275 bytes} [Wed Jan 19 13:04:41 2022] GET /volume/v3/e7813853294145df86fe5d6ecd174483/volumes/detail => generated 1003 bytes in 92 msecs (HTTP/1.1 200) 7 headers in 287 bytes (2 switches on core 0)
Jan 19 13:04:41.901312 dv-cinder-823015-4-iscsi devstack@c-api.service[109652]: INFO cinder.api.openstack.wsgi [None req-b6fcf8c5-1c87-4802-a1ac-32d039df9011 tempest-VolumesTestJSON-1552513016 tempest-VolumesTestJSON-1552513016-project] GET http://10.222.0.48/volume/v3/e462ac71dbe947269459063787a5acaa/volumes/872acc82-b743-43a4-9952-9faee0568180
Jan 19 13:04:41.901744 dv-cinder-823015-4-iscsi devstack@c-api.service[109652]: DEBUG cinder.api.openstack.wsgi [None req-b6fcf8c5-1c87-4802-a1ac-32d039df9011 tempest-VolumesTestJSON-1552513016 tempest-VolumesTestJSON-1552513016-project] Empty body provided in request {{(pid=109652) get_body /opt/stack/cinder/cinder/api/openstack/wsgi.py:715}}
Jan 19 13:04:41.902270 dv-cinder-823015-4-iscsi devstack@c-api.service[109652]: DEBUG cinder.api.openstack.wsgi [None req-b6fcf8c5-1c87-4802-a1ac-32d039df9011 tempest-VolumesTestJSON-1552513016 tempest-VolumesTestJSON-1552513016-project] Calling method 'show' {{(pid=109652) _process_stack /opt/stack/cinder/cinder/api/openstack/wsgi.py:868}}
Jan 19 13:04:41.914010 dv-cinder-823015-4-iscsi devstack@c-api.service[109652]: INFO cinder.api.openstack.wsgi [None req-b6fcf8c5-1c87-4802-a1ac-32d039df9011 tempest-VolumesTestJSON-1552513016 tempest-VolumesTestJSON-1552513016-project] http://10.222.0.48/volume/v3/e462ac71dbe947269459063787a5acaa/volumes/872acc82-b743-43a4-9952-9faee0568180 returned with HTTP 404
Jan 19 13:04:41.914932 dv-cinder-823015-4-iscsi devstack@c-api.service[109652]: [pid: 109652|app: 0|req: 90/173] 10.222.0.48 () {58 vars in 1324 bytes} [Wed Jan 19 13:04:41 2022] GET /volume/v3/e462ac71dbe947269459063787a5acaa/volumes/872acc82-b743-43a4-9952-9faee0568180 => generated 109 bytes in 17 msecs (HTTP/1.1 404) 7 headers in 292 bytes (1 switches on core 0)
Jan 19 13:04:41.924884 dv-cinder-823015-4-iscsi devstack@c-api.service[109652]: INFO cinder.api.openstack.wsgi [None req-a3bfe3bf-6c21-49a8-96d4-cef4689af05d tempest-GroupSnapshotsTest-1667398295 tempest-GroupSnapshotsTest-1667398295-project] GET http://10.222.0.48/volume/v3/e7813853294145df86fe5d6ecd174483/snapshots/detail
Jan 19 13:04:41.925333 dv-cinder-823015-4-iscsi devstack@c-api.service[109652]: DEBUG cinder.api.openstack.wsgi [None req-a3bfe3bf-6c21-49a8-96d4-cef4689af05d tempest-GroupSnapshotsTest-1667398295 tempest-GroupSnapshotsTest-1667398295-project] Empty body provided in request {{(pid=109652) get_body /opt/stack/cinder/cinder/api/openstack/wsgi.py:715}}
Jan 19 13:04:41.925780 dv-cinder-823015-4-iscsi devstack@c-api.service[109652]: DEBUG cinder.api.openstack.wsgi [None req-a3bfe3bf-6c21-49a8-96d4-cef4689af05d tempest-GroupSnapshotsTest-1667398295 tempest-GroupSnapshotsTest-1667398295-project] Calling method 'detail' {{(pid=109652) _process_stack /opt/stack/cinder/cinder/api/openstack/wsgi.py:868}}
Jan 19 13:04:41.926325 dv-cinder-823015-4-iscsi devstack@c-api.service[109652]: DEBUG cinder.api.api_utils [None req-a3bfe3bf-6c21-49a8-96d4-cef4689af05d tempest-GroupSnapshotsTest-1667398295 tempest-GroupSnapshotsTest-1667398295-project] Removing options '' from query. {{(pid=109652) remove_invalid_filter_options /opt/stack/cinder/cinder/api/api_utils.py:73}}
Jan 19 13:04:41.928950 dv-cinder-823015-4-iscsi devstack@c-api.service[109652]: DEBUG cinder.db.sqlalchemy.api [None req-a3bfe3bf-6c21-49a8-96d4-cef4689af05d tempest-GroupSnapshotsTest-1667398295 tempest-GroupSnapshotsTest-1667398295-project] Building query based on filter {{(pid=109652) _process_snaps_filters /opt/stack/cinder/cinder/db/sqlalchemy/api.py:3156}}
Jan 19 13:04:41.935843 dv-cinder-823015-4-iscsi devstack@c-api.service[109652]: INFO cinder.volume.api [None req-a3bfe3bf-6c21-49a8-96d4-cef4689af05d tempest-GroupSnapshotsTest-1667398295 tempest-GroupSnapshotsTest-1667398295-project] Get all snapshots completed successfully.
Jan 19 13:04:41.936750 dv-cinder-823015-4-iscsi devstack@c-api.service[109652]: /usr/local/lib/python3.8/dist-packages/oslo_context/context.py:105: DeprecationWarning: Policy enforcement is depending on the value of is_admin. This key is deprecated. Please update your policy file to use the standard policy values.
Jan 19 13:04:41.936750 dv-cinder-823015-4-iscsi devstack@c-api.service[109652]: warnings.warn('Policy enforcement is depending on the value of '
Jan 19 13:04:41.937930 dv-cinder-823015-4-iscsi devstack@c-api.service[109652]: INFO cinder.api.openstack.wsgi [None req-a3bfe3bf-6c21-49a8-96d4-cef4689af05d tempest-GroupSnapshotsTest-1667398295 tempest-GroupSnapshotsTest-1667398295-project] http://10.222.0.48/volume/v3/e7813853294145df86fe5d6ecd174483/snapshots/detail returned with HTTP 200
Jan 19 13:04:41.938632 dv-cinder-823015-4-iscsi devstack@c-api.service[109652]: [pid: 109652|app: 0|req: 91/174] 10.222.0.48 () {58 vars in 1240 bytes} [Wed Jan 19 13:04:41 2022] GET /volume/v3/e7813853294145df86fe5d6ecd174483/snapshots/detail => generated 453 bytes in 23 msecs (HTTP/1.1 200) 7 headers in 285 bytes (1 switches on core 0)
Jan 19 13:04:41.951228 dv-cinder-823015-4-iscsi devstack@c-api.service[109653]: INFO cinder.api.openstack.wsgi [None req-fbe3ae66-ba38-47b1-8ec3-93423d8c8283 tempest-VolumeSnapshotQuotasNegativeTestJSON-1895803317 tempest-VolumeSnapshotQuotasNegativeTestJSON-1895803317-project-admin] http://10.222.0.48/volume/v3/607c29286eba4155a20b572fa0aba737/os-quota-sets/915841779ddc44cebdabf6b00686a9f1 returned with HTTP 200
Jan 19 13:04:41.952115 dv-cinder-823015-4-iscsi devstack@c-api.service[109653]: [pid: 109653|app: 0|req: 84/175] 10.222.0.48 () {60 vars in 1351 bytes} [Wed Jan 19 13:04:41 2022] PUT /volume/v3/607c29286eba4155a20b572fa0aba737/os-quota-sets/915841779ddc44cebdabf6b00686a9f1 => generated 515 bytes in 173 msecs (HTTP/1.1 200) 7 headers in 285 bytes (1 switches on core 0)
Jan 19 13:04:41.953484 dv-cinder-823015-4-iscsi devstack@c-api.service[109652]: INFO cinder.api.openstack.wsgi [None req-551106b5-0277-4058-928d-6bcd2fb04c81 tempest-GroupSnapshotsTest-1667398295 tempest-GroupSnapshotsTest-1667398295-project] GET http://10.222.0.48/volume/v3/e7813853294145df86fe5d6ecd174483/snapshots/acd49cd9-1024-40f4-93b6-0b400a323b57
Jan 19 13:04:41.953948 dv-cinder-823015-4-iscsi devstack@c-api.service[109652]: DEBUG cinder.api.openstack.wsgi [None req-551106b5-0277-4058-928d-6bcd2fb04c81 tempest-GroupSnapshotsTest-1667398295 tempest-GroupSnapshotsTest-1667398295-project] Empty body provided in request {{(pid=109652) get_body /opt/stack/cinder/cinder/api/openstack/wsgi.py:715}}
Jan 19 13:04:41.954401 dv-cinder-823015-4-iscsi devstack@c-api.service[109652]: DEBUG cinder.api.openstack.wsgi [None req-551106b5-0277-4058-928d-6bcd2fb04c81 tempest-GroupSnapshotsTest-1667398295 tempest-GroupSnapshotsTest-1667398295-project] Calling method 'show' {{(pid=109652) _process_stack /opt/stack/cinder/cinder/api/openstack/wsgi.py:868}}
Jan 19 13:04:41.974826 dv-cinder-823015-4-iscsi devstack@c-api.service[109652]: /usr/local/lib/python3.8/dist-packages/oslo_context/context.py:105: DeprecationWarning: Policy enforcement is depending on the value of is_admin. This key is deprecated. Please update your policy file to use the standard policy values.
Jan 19 13:04:41.974826 dv-cinder-823015-4-iscsi devstack@c-api.service[109652]: warnings.warn('Policy enforcement is depending on the value of '
Jan 19 13:04:41.977028 dv-cinder-823015-4-iscsi devstack@c-api.service[109652]: INFO cinder.volume.api [None req-551106b5-0277-4058-928d-6bcd2fb04c81 tempest-GroupSnapshotsTest-1667398295 tempest-GroupSnapshotsTest-1667398295-project] Snapshot retrieved successfully.
Jan 19 13:04:41.979970 dv-cinder-823015-4-iscsi devstack@c-api.service[109652]: INFO cinder.api.openstack.wsgi [None req-551106b5-0277-4058-928d-6bcd2fb04c81 tempest-GroupSnapshotsTest-1667398295 tempest-GroupSnapshotsTest-1667398295-project] http://10.222.0.48/volume/v3/e7813853294145df86fe5d6ecd174483/snapshots/acd49cd9-1024-40f4-93b6-0b400a323b57 returned with HTTP 200
Jan 19 13:04:41.981233 dv-cinder-823015-4-iscsi devstack@c-api.service[109652]: [pid: 109652|app: 0|req: 92/176] 10.222.0.48 () {58 vars in 1330 bytes} [Wed Jan 19 13:04:41 2022] GET /volume/v3/e7813853294145df86fe5d6ecd174483/snapshots/acd49cd9-1024-40f4-93b6-0b400a323b57 => generated 450 bytes in 35 msecs (HTTP/1.1 200) 7 headers in 285 bytes (1 switches on core 0)
Jan 19 13:04:42.997117 dv-cinder-823015-4-iscsi devstack@c-api.service[109653]: INFO cinder.api.openstack.wsgi [None req-5c19f865-2032-47d7-91dc-88f708adf2ca tempest-GroupSnapshotsTest-1667398295 tempest-GroupSnapshotsTest-1667398295-project] GET http://10.222.0.48/volume/v3/e7813853294145df86fe5d6ecd174483/snapshots/acd49cd9-1024-40f4-93b6-0b400a323b57
Jan 19 13:04:42.998167 dv-cinder-823015-4-iscsi devstack@c-api.service[109653]: DEBUG cinder.api.openstack.wsgi [None req-5c19f865-2032-47d7-91dc-88f708adf2ca tempest-GroupSnapshotsTest-1667398295 tempest-GroupSnapshotsTest-1667398295-project] Empty body provided in request {{(pid=109653) get_body /opt/stack/cinder/cinder/api/openstack/wsgi.py:715}}
Jan 19 13:04:42.998643 dv-cinder-823015-4-iscsi devstack@c-api.service[109653]: DEBUG cinder.api.openstack.wsgi [None req-5c19f865-2032-47d7-91dc-88f708adf2ca tempest-GroupSnapshotsTest-1667398295 tempest-GroupSnapshotsTest-1667398295-project] Calling method 'show' {{(pid=109653) _process_stack /opt/stack/cinder/cinder/api/openstack/wsgi.py:868}}
Jan 19 13:04:43.028457 dv-cinder-823015-4-iscsi devstack@c-api.service[109653]: INFO cinder.api.openstack.wsgi [None req-5c19f865-2032-47d7-91dc-88f708adf2ca tempest-GroupSnapshotsTest-1667398295 tempest-GroupSnapshotsTest-1667398295-project] http://10.222.0.48/volume/v3/e7813853294145df86fe5d6ecd174483/snapshots/acd49cd9-1024-40f4-93b6-0b400a323b57 returned with HTTP 404
Jan 19 13:04:43.030958 dv-cinder-823015-4-iscsi devstack@c-api.service[109653]: [pid: 109653|app: 0|req: 85/177] 10.222.0.48 () {58 vars in 1330 bytes} [Wed Jan 19 13:04:42 2022] GET /volume/v3/e7813853294145df86fe5d6ecd174483/snapshots/acd49cd9-1024-40f4-93b6-0b400a323b57 => generated 111 bytes in 43 msecs (HTTP/1.1 404) 7 headers in 292 bytes (1 switches on core 0)
Jan 19 13:04:43.045198 dv-cinder-823015-4-iscsi devstack@c-api.service[109652]: INFO cinder.api.openstack.wsgi [None req-0e8568ca-b37e-4981-a943-4a79a7cfb90e tempest-GroupSnapshotsTest-1667398295 tempest-GroupSnapshotsTest-1667398295-project] GET http://10.222.0.48/volume/v3/e7813853294145df86fe5d6ecd174483/group_snapshots/8a3266cb-7e5c-48a4-8145-84ceb2e00d49
Jan 19 13:04:43.046195 dv-cinder-823015-4-iscsi devstack@c-api.service[109652]: DEBUG cinder.api.openstack.wsgi [None req-0e8568ca-b37e-4981-a943-4a79a7cfb90e tempest-GroupSnapshotsTest-1667398295 tempest-GroupSnapshotsTest-1667398295-project] Empty body provided in request {{(pid=109652) get_body /opt/stack/cinder/cinder/api/openstack/wsgi.py:715}}
Jan 19 13:04:43.046968 dv-cinder-823015-4-iscsi devstack@c-api.service[109652]: DEBUG cinder.api.openstack.wsgi [None req-0e8568ca-b37e-4981-a943-4a79a7cfb90e tempest-GroupSnapshotsTest-1667398295 tempest-GroupSnapshotsTest-1667398295-project] Calling method 'version_select' {{(pid=109652) _process_stack /opt/stack/cinder/cinder/api/openstack/wsgi.py:868}}
Jan 19 13:04:43.049840 dv-cinder-823015-4-iscsi devstack@c-api.service[109652]: DEBUG cinder.api.v3.group_snapshots [None req-0e8568ca-b37e-4981-a943-4a79a7cfb90e tempest-GroupSnapshotsTest-1667398295 tempest-GroupSnapshotsTest-1667398295-project] show called for member 8a3266cb-7e5c-48a4-8145-84ceb2e00d49 {{(pid=109652) show /opt/stack/cinder/cinder/api/v3/group_snapshots.py:58}}
Jan 19 13:04:43.074627 dv-cinder-823015-4-iscsi devstack@c-api.service[109652]: INFO cinder.api.openstack.wsgi [None req-0e8568ca-b37e-4981-a943-4a79a7cfb90e tempest-GroupSnapshotsTest-1667398295 tempest-GroupSnapshotsTest-1667398295-project] http://10.222.0.48/volume/v3/e7813853294145df86fe5d6ecd174483/group_snapshots/8a3266cb-7e5c-48a4-8145-84ceb2e00d49 returned with HTTP 404
