Jan 19 13:04:33.558925 dv-cinder-823015-4-iscsi devstack@c-api.service[109653]: DEBUG cinder.api.openstack.wsgi [None req-97d023ca-b736-405a-a38d-2cf1503feedf tempest-GroupSnapshotsTest-1667398295 tempest-GroupSnapshotsTest-1667398295-project] Empty body provided in request {{(pid=109653) get_body /opt/stack/cinder/cinder/api/openstack/wsgi.py:715}}
Jan 19 13:04:33.562934 dv-cinder-823015-4-iscsi devstack@c-api.service[109653]: DEBUG cinder.api.openstack.wsgi [None req-97d023ca-b736-405a-a38d-2cf1503feedf tempest-GroupSnapshotsTest-1667398295 tempest-GroupSnapshotsTest-1667398295-project] Calling method 'detail' {{(pid=109653) _process_stack /opt/stack/cinder/cinder/api/openstack/wsgi.py:868}}
Jan 19 13:04:33.564788 dv-cinder-823015-4-iscsi devstack@c-api.service[109653]: DEBUG cinder.api.api_utils [None req-97d023ca-b736-405a-a38d-2cf1503feedf tempest-GroupSnapshotsTest-1667398295 tempest-GroupSnapshotsTest-1667398295-project] Removing options '' from query. {{(pid=109653) remove_invalid_filter_options /opt/stack/cinder/cinder/api/api_utils.py:73}}
Jan 19 13:04:33.566888 dv-cinder-823015-4-iscsi devstack@c-api.service[109652]: /usr/local/lib/python3.8/dist-packages/oslo_context/context.py:105: DeprecationWarning: Policy enforcement is depending on the value of is_admin. This key is deprecated. Please update your policy file to use the standard policy values.
Jan 19 13:04:33.566888 dv-cinder-823015-4-iscsi devstack@c-api.service[109652]: warnings.warn('Policy enforcement is depending on the value of '
Jan 19 13:04:33.571407 dv-cinder-823015-4-iscsi devstack@c-api.service[109653]: DEBUG cinder.db.sqlalchemy.api [None req-97d023ca-b736-405a-a38d-2cf1503feedf tempest-GroupSnapshotsTest-1667398295 tempest-GroupSnapshotsTest-1667398295-project] Building query based on filter {{(pid=109653) _process_snaps_filters /opt/stack/cinder/cinder/db/sqlalchemy/api.py:3156}}
Jan 19 13:04:33.586753 dv-cinder-823015-4-iscsi devstack@c-api.service[109652]: INFO cinder.volume.api [None req-db3b34e4-c69c-492c-b91c-37c36b15946a tempest-GroupSnapshotsV319Test-739197448 tempest-GroupSnapshotsV319Test-739197448-project] Volume info retrieved successfully.
Jan 19 13:04:33.588366 dv-cinder-823015-4-iscsi devstack@c-api.service[109652]: WARNING stevedore.named [None req-db3b34e4-c69c-492c-b91c-37c36b15946a tempest-GroupSnapshotsV319Test-739197448 tempest-GroupSnapshotsV319Test-739197448-project] Could not load cinder.keymgr.conf_key_mgr.ConfKeyManager
Jan 19 13:04:33.588892 dv-cinder-823015-4-iscsi devstack@c-api.service[109652]: WARNING castellan.key_manager [None req-db3b34e4-c69c-492c-b91c-37c36b15946a tempest-GroupSnapshotsV319Test-739197448 tempest-GroupSnapshotsV319Test-739197448-project] Deprecation Warning : cinder.keymgr.conf_key_mgr.ConfKeyManager is not a stevedore based driver, trying to load it as a class: stevedore.exception.NoMatches: No 'castellan.drivers' driver found, looking for 'cinder.keymgr.conf_key_mgr.ConfKeyManager'
Jan 19 13:04:33.604885 dv-cinder-823015-4-iscsi devstack@c-api.service[109652]: DEBUG oslo_db.sqlalchemy.engines [None req-db3b34e4-c69c-492c-b91c-37c36b15946a tempest-GroupSnapshotsV319Test-739197448 tempest-GroupSnapshotsV319Test-739197448-project] MySQL server mode set to STRICT_TRANS_TABLES,STRICT_ALL_TABLES,NO_ZERO_IN_DATE,NO_ZERO_DATE,ERROR_FOR_DIVISION_BY_ZERO,TRADITIONAL,NO_ENGINE_SUBSTITUTION {{(pid=109652) _check_effective_sql_mode /usr/local/lib/python3.8/dist-packages/oslo_db/sqlalchemy/engines.py:314}}
Jan 19 13:04:33.616557 dv-cinder-823015-4-iscsi devstack@c-api.service[109652]: /usr/local/lib/python3.8/dist-packages/oslo_context/context.py:105: DeprecationWarning: Policy enforcement is depending on the value of is_admin. This key is deprecated. Please update your policy file to use the standard policy values.
Jan 19 13:04:33.616557 dv-cinder-823015-4-iscsi devstack@c-api.service[109652]: warnings.warn('Policy enforcement is depending on the value of '
Jan 19 13:04:33.628974 dv-cinder-823015-4-iscsi devstack@c-api.service[109653]: INFO cinder.volume.api [None req-97d023ca-b736-405a-a38d-2cf1503feedf tempest-GroupSnapshotsTest-1667398295 tempest-GroupSnapshotsTest-1667398295-project] Get all snapshots completed successfully.
Jan 19 13:04:33.630702 dv-cinder-823015-4-iscsi devstack@c-api.service[109653]: /usr/local/lib/python3.8/dist-packages/oslo_context/context.py:105: DeprecationWarning: Policy enforcement is depending on the value of is_admin. This key is deprecated. Please update your policy file to use the standard policy values.
Jan 19 13:04:33.630702 dv-cinder-823015-4-iscsi devstack@c-api.service[109653]: warnings.warn('Policy enforcement is depending on the value of '
Jan 19 13:04:33.635632 dv-cinder-823015-4-iscsi devstack@c-api.service[109653]: INFO cinder.api.openstack.wsgi [None req-97d023ca-b736-405a-a38d-2cf1503feedf tempest-GroupSnapshotsTest-1667398295 tempest-GroupSnapshotsTest-1667398295-project] http://10.222.0.48/volume/v3/e7813853294145df86fe5d6ecd174483/snapshots/detail returned with HTTP 200
Jan 19 13:04:33.647831 dv-cinder-823015-4-iscsi devstack@c-api.service[109653]: [pid: 109653|app: 0|req: 56/116] 10.222.0.48 () {58 vars in 1240 bytes} [Wed Jan 19 13:04:33 2022] GET /volume/v3/e7813853294145df86fe5d6ecd174483/snapshots/detail => generated 454 bytes in 107 msecs (HTTP/1.1 200) 7 headers in 285 bytes (1 switches on core 0)
Jan 19 13:04:33.656923 dv-cinder-823015-4-iscsi devstack@c-api.service[109652]: INFO cinder.api.openstack.wsgi [None req-db3b34e4-c69c-492c-b91c-37c36b15946a tempest-GroupSnapshotsV319Test-739197448 tempest-GroupSnapshotsV319Test-739197448-project] http://10.222.0.48/volume/v3/650ca60d31834932817c6b740ec31fd4/volumes/bc2749b4-32ca-4e68-861c-9e6b310adf71 returned with HTTP 200
Jan 19 13:04:33.658341 dv-cinder-823015-4-iscsi devstack@c-api.service[109653]: INFO cinder.api.openstack.wsgi [None req-c2b0b51a-4c00-4050-930d-2e909f3d9eb4 tempest-VolumeSnapshotQuotasNegativeTestJSON-1158855729 tempest-VolumeSnapshotQuotasNegativeTestJSON-1158855729-project] GET http://10.222.0.48/volume/v3/915841779ddc44cebdabf6b00686a9f1/snapshots/243a11db-8fba-4ac5-aa62-dd1773bc4f82
Jan 19 13:04:33.658934 dv-cinder-823015-4-iscsi devstack@c-api.service[109652]: [pid: 109652|app: 0|req: 61/117] 10.222.0.48 () {60 vars in 1365 bytes} [Wed Jan 19 13:04:33 2022] GET /volume/v3/650ca60d31834932817c6b740ec31fd4/volumes/bc2749b4-32ca-4e68-861c-9e6b310adf71 => generated 1007 bytes in 118 msecs (HTTP/1.1 200) 7 headers in 287 bytes (1 switches on core 0)
Jan 19 13:04:33.660807 dv-cinder-823015-4-iscsi devstack@c-api.service[109653]: DEBUG cinder.api.openstack.wsgi [None req-c2b0b51a-4c00-4050-930d-2e909f3d9eb4 tempest-VolumeSnapshotQuotasNegativeTestJSON-1158855729 tempest-VolumeSnapshotQuotasNegativeTestJSON-1158855729-project] Empty body provided in request {{(pid=109653) get_body /opt/stack/cinder/cinder/api/openstack/wsgi.py:715}}
Jan 19 13:04:33.663560 dv-cinder-823015-4-iscsi devstack@c-api.service[109653]: DEBUG cinder.api.openstack.wsgi [None req-c2b0b51a-4c00-4050-930d-2e909f3d9eb4 tempest-VolumeSnapshotQuotasNegativeTestJSON-1158855729 tempest-VolumeSnapshotQuotasNegativeTestJSON-1158855729-project] Calling method 'show' {{(pid=109653) _process_stack /opt/stack/cinder/cinder/api/openstack/wsgi.py:868}}
Jan 19 13:04:33.675866 dv-cinder-823015-4-iscsi devstack@c-api.service[109652]: INFO cinder.api.openstack.wsgi [None req-16ff1f94-f033-441d-bbd0-3ef3c5e81bbd tempest-GroupSnapshotsTest-1667398295 tempest-GroupSnapshotsTest-1667398295-project] GET http://10.222.0.48/volume/v3/e7813853294145df86fe5d6ecd174483/snapshots/acd49cd9-1024-40f4-93b6-0b400a323b57
Jan 19 13:04:33.676378 dv-cinder-823015-4-iscsi devstack@c-api.service[109652]: DEBUG cinder.api.openstack.wsgi [None req-16ff1f94-f033-441d-bbd0-3ef3c5e81bbd tempest-GroupSnapshotsTest-1667398295 tempest-GroupSnapshotsTest-1667398295-project] Empty body provided in request {{(pid=109652) get_body /opt/stack/cinder/cinder/api/openstack/wsgi.py:715}}
Jan 19 13:04:33.676894 dv-cinder-823015-4-iscsi devstack@c-api.service[109652]: DEBUG cinder.api.openstack.wsgi [None req-16ff1f94-f033-441d-bbd0-3ef3c5e81bbd tempest-GroupSnapshotsTest-1667398295 tempest-GroupSnapshotsTest-1667398295-project] Calling method 'show' {{(pid=109652) _process_stack /opt/stack/cinder/cinder/api/openstack/wsgi.py:868}}
Jan 19 13:04:33.687877 dv-cinder-823015-4-iscsi devstack@c-api.service[109653]: /usr/local/lib/python3.8/dist-packages/oslo_context/context.py:105: DeprecationWarning: Policy enforcement is depending on the value of is_admin. This key is deprecated. Please update your policy file to use the standard policy values.
Jan 19 13:04:33.687877 dv-cinder-823015-4-iscsi devstack@c-api.service[109653]: warnings.warn('Policy enforcement is depending on the value of '
Jan 19 13:04:33.691968 dv-cinder-823015-4-iscsi devstack@c-api.service[109653]: INFO cinder.volume.api [None req-c2b0b51a-4c00-4050-930d-2e909f3d9eb4 tempest-VolumeSnapshotQuotasNegativeTestJSON-1158855729 tempest-VolumeSnapshotQuotasNegativeTestJSON-1158855729-project] Snapshot retrieved successfully.
Jan 19 13:04:33.698265 dv-cinder-823015-4-iscsi devstack@c-api.service[109653]: INFO cinder.api.openstack.wsgi [None req-c2b0b51a-4c00-4050-930d-2e909f3d9eb4 tempest-VolumeSnapshotQuotasNegativeTestJSON-1158855729 tempest-VolumeSnapshotQuotasNegativeTestJSON-1158855729-project] http://10.222.0.48/volume/v3/915841779ddc44cebdabf6b00686a9f1/snapshots/243a11db-8fba-4ac5-aa62-dd1773bc4f82 returned with HTTP 200
Jan 19 13:04:33.704316 dv-cinder-823015-4-iscsi devstack@c-api.service[109653]: [pid: 109653|app: 0|req: 57/118] 10.222.0.48 () {58 vars in 1330 bytes} [Wed Jan 19 13:04:33 2022] GET /volume/v3/915841779ddc44cebdabf6b00686a9f1/snapshots/243a11db-8fba-4ac5-aa62-dd1773bc4f82 => generated 455 bytes in 56 msecs (HTTP/1.1 200) 7 headers in 285 bytes (1 switches on core 0)
Jan 19 13:04:33.705339 dv-cinder-823015-4-iscsi devstack@c-api.service[109652]: /usr/local/lib/python3.8/dist-packages/oslo_context/context.py:105: DeprecationWarning: Policy enforcement is depending on the value of is_admin. This key is deprecated. Please update your policy file to use the standard policy values.
Jan 19 13:04:33.705339 dv-cinder-823015-4-iscsi devstack@c-api.service[109652]: warnings.warn('Policy enforcement is depending on the value of '
Jan 19 13:04:33.706419 dv-cinder-823015-4-iscsi devstack@c-api.service[109652]: INFO cinder.volume.api [None req-16ff1f94-f033-441d-bbd0-3ef3c5e81bbd tempest-GroupSnapshotsTest-1667398295 tempest-GroupSnapshotsTest-1667398295-project] Snapshot retrieved successfully.
Jan 19 13:04:33.714438 dv-cinder-823015-4-iscsi devstack@c-api.service[109652]: INFO cinder.api.openstack.wsgi [None req-16ff1f94-f033-441d-bbd0-3ef3c5e81bbd tempest-GroupSnapshotsTest-1667398295 tempest-GroupSnapshotsTest-1667398295-project] http://10.222.0.48/volume/v3/e7813853294145df86fe5d6ecd174483/snapshots/acd49cd9-1024-40f4-93b6-0b400a323b57 returned with HTTP 200
Jan 19 13:04:33.718338 dv-cinder-823015-4-iscsi devstack@c-api.service[109652]: [pid: 109652|app: 0|req: 62/119] 10.222.0.48 () {58 vars in 1330 bytes} [Wed Jan 19 13:04:33 2022] GET /volume/v3/e7813853294145df86fe5d6ecd174483/snapshots/acd49cd9-1024-40f4-93b6-0b400a323b57 => generated 451 bytes in 57 msecs (HTTP/1.1 200) 7 headers in 285 bytes (1 switches on core 0)
Jan 19 13:04:33.728708 dv-cinder-823015-4-iscsi devstack@c-api.service[109653]: INFO cinder.api.openstack.wsgi [None req-4ed6c5f1-6e42-4f08-b184-4cc648526d0f tempest-GroupSnapshotsTest-1667398295 tempest-GroupSnapshotsTest-1667398295-project] POST http://10.222.0.48/volume/v3/e7813853294145df86fe5d6ecd174483/groups/action
Jan 19 13:04:33.730174 dv-cinder-823015-4-iscsi devstack@c-api.service[109653]: DEBUG cinder.api.openstack.wsgi [None req-4ed6c5f1-6e42-4f08-b184-4cc648526d0f tempest-GroupSnapshotsTest-1667398295 tempest-GroupSnapshotsTest-1667398295-project] Action body: b'{"create-from-src": {"group_snapshot_id": "8a3266cb-7e5c-48a4-8145-84ceb2e00d49", "name": "tempest-Group_from_snap-1624924052"}}' {{(pid=109653) get_method /opt/stack/cinder/cinder/api/openstack/wsgi.py:983}}
Jan 19 13:04:33.731342 dv-cinder-823015-4-iscsi devstack@c-api.service[109653]: DEBUG cinder.api.openstack.wsgi [None req-4ed6c5f1-6e42-4f08-b184-4cc648526d0f tempest-GroupSnapshotsTest-1667398295 tempest-GroupSnapshotsTest-1667398295-project] Action: 'action', calling method: version_select, body: {"create-from-src": {"group_snapshot_id": "8a3266cb-7e5c-48a4-8145-84ceb2e00d49", "name": "tempest-Group_from_snap-1624924052"}} {{(pid=109653) _process_stack /opt/stack/cinder/cinder/api/openstack/wsgi.py:866}}
Jan 19 13:04:33.733766 dv-cinder-823015-4-iscsi devstack@c-api.service[109653]: DEBUG cinder.api.v3.groups [None req-4ed6c5f1-6e42-4f08-b184-4cc648526d0f tempest-GroupSnapshotsTest-1667398295 tempest-GroupSnapshotsTest-1667398295-project] Creating new group {'create-from-src': {'group_snapshot_id': '8a3266cb-7e5c-48a4-8145-84ceb2e00d49', 'name': 'tempest-Group_from_snap-1624924052'}}. {{(pid=109653) create_from_src /opt/stack/cinder/cinder/api/v3/groups.py:236}}
Jan 19 13:04:33.734411 dv-cinder-823015-4-iscsi devstack@c-api.service[109653]: INFO cinder.api.v3.groups [None req-4ed6c5f1-6e42-4f08-b184-4cc648526d0f tempest-GroupSnapshotsTest-1667398295 tempest-GroupSnapshotsTest-1667398295-project] Creating group tempest-Group_from_snap-1624924052 from group_snapshot 8a3266cb-7e5c-48a4-8145-84ceb2e00d49.
Jan 19 13:04:33.742117 dv-cinder-823015-4-iscsi devstack@c-api.service[109653]: /usr/local/lib/python3.8/dist-packages/oslo_context/context.py:105: DeprecationWarning: Policy enforcement is depending on the value of is_admin. This key is deprecated. Please update your policy file to use the standard policy values.
Jan 19 13:04:33.742117 dv-cinder-823015-4-iscsi devstack@c-api.service[109653]: warnings.warn('Policy enforcement is depending on the value of '
Jan 19 13:04:33.759847 dv-cinder-823015-4-iscsi devstack@c-api.service[109653]: /usr/local/lib/python3.8/dist-packages/oslo_context/context.py:105: DeprecationWarning: Policy enforcement is depending on the value of is_admin. This key is deprecated. Please update your policy file to use the standard policy values.
Jan 19 13:04:33.759847 dv-cinder-823015-4-iscsi devstack@c-api.service[109653]: warnings.warn('Policy enforcement is depending on the value of '
Jan 19 13:04:33.769254 dv-cinder-823015-4-iscsi devstack@c-api.service[109653]: /usr/local/lib/python3.8/dist-packages/oslo_context/context.py:105: DeprecationWarning: Policy enforcement is depending on the value of is_admin. This key is deprecated. Please update your policy file to use the standard policy values.
Jan 19 13:04:33.769254 dv-cinder-823015-4-iscsi devstack@c-api.service[109653]: warnings.warn('Policy enforcement is depending on the value of '
Jan 19 13:04:33.851464 dv-cinder-823015-4-iscsi devstack@c-api.service[109653]: DEBUG cinder.quota [None req-4ed6c5f1-6e42-4f08-b184-4cc648526d0f tempest-GroupSnapshotsTest-1667398295 tempest-GroupSnapshotsTest-1667398295-project] Created reservations ['1ee2c3fd-d0df-4c3d-9bed-ccd1a6d830c9'] {{(pid=109653) reserve /opt/stack/cinder/cinder/quota.py:755}}
Jan 19 13:04:34.010264 dv-cinder-823015-4-iscsi devstack@c-api.service[109652]: INFO cinder.api.openstack.wsgi [None req-6211c409-2896-4662-9b2d-3da0b757b2f1 tempest-VolumesTestJSON-1552513016 tempest-VolumesTestJSON-1552513016-project] GET http://10.222.0.48/volume/v3/e462ac71dbe947269459063787a5acaa/volumes/f5cdb00c-1412-4395-85b3-32cc41d34556
Jan 19 13:04:34.010858 dv-cinder-823015-4-iscsi devstack@c-api.service[109652]: DEBUG cinder.api.openstack.wsgi [None req-6211c409-2896-4662-9b2d-3da0b757b2f1 tempest-VolumesTestJSON-1552513016 tempest-VolumesTestJSON-1552513016-project] Empty body provided in request {{(pid=109652) get_body /opt/stack/cinder/cinder/api/openstack/wsgi.py:715}}
Jan 19 13:04:34.011436 dv-cinder-823015-4-iscsi devstack@c-api.service[109652]: DEBUG cinder.api.openstack.wsgi [None req-6211c409-2896-4662-9b2d-3da0b757b2f1 tempest-VolumesTestJSON-1552513016 tempest-VolumesTestJSON-1552513016-project] Calling method 'show' {{(pid=109652) _process_stack /opt/stack/cinder/cinder/api/openstack/wsgi.py:868}}
Jan 19 13:04:34.087851 dv-cinder-823015-4-iscsi devstack@c-api.service[109652]: /usr/local/lib/python3.8/dist-packages/oslo_context/context.py:105: DeprecationWarning: Policy enforcement is depending on the value of is_admin. This key is deprecated. Please update your policy file to use the standard policy values.
Jan 19 13:04:34.087851 dv-cinder-823015-4-iscsi devstack@c-api.service[109652]: warnings.warn('Policy enforcement is depending on the value of '
Jan 19 13:04:34.123116 dv-cinder-823015-4-iscsi devstack@c-api.service[109653]: INFO cinder.group.api [None req-4ed6c5f1-6e42-4f08-b184-4cc648526d0f tempest-GroupSnapshotsTest-1667398295 tempest-GroupSnapshotsTest-1667398295-project] A mapping entry already exists for group 79ed113c-6379-44ae-afce-77ba582c6301 and volume type 0d298a73-7274-43a0-9678-a18e9edafeca. Do not need to create again.
Jan 19 13:04:34.124444 dv-cinder-823015-4-iscsi devstack@c-api.service[109653]: /usr/local/lib/python3.8/dist-packages/oslo_context/context.py:105: DeprecationWarning: Policy enforcement is depending on the value of is_admin. This key is deprecated. Please update your policy file to use the standard policy values.
Jan 19 13:04:34.124444 dv-cinder-823015-4-iscsi devstack@c-api.service[109653]: warnings.warn('Policy enforcement is depending on the value of '
Jan 19 13:04:34.125747 dv-cinder-823015-4-iscsi devstack@c-api.service[109653]: INFO cinder.volume.api [None req-4ed6c5f1-6e42-4f08-b184-4cc648526d0f tempest-GroupSnapshotsTest-1667398295 tempest-GroupSnapshotsTest-1667398295-project] Availability Zones retrieved successfully.
Jan 19 13:04:34.127084 dv-cinder-823015-4-iscsi devstack@c-api.service[109652]: INFO cinder.volume.api [None req-6211c409-2896-4662-9b2d-3da0b757b2f1 tempest-VolumesTestJSON-1552513016 tempest-VolumesTestJSON-1552513016-project] Volume info retrieved successfully.
Jan 19 13:04:34.171120 dv-cinder-823015-4-iscsi devstack@c-api.service[109652]: INFO cinder.api.openstack.wsgi [None req-6211c409-2896-4662-9b2d-3da0b757b2f1 tempest-VolumesTestJSON-1552513016 tempest-VolumesTestJSON-1552513016-project] http://10.222.0.48/volume/v3/e462ac71dbe947269459063787a5acaa/volumes/f5cdb00c-1412-4395-85b3-32cc41d34556 returned with HTTP 200
Jan 19 13:04:34.181152 dv-cinder-823015-4-iscsi devstack@c-api.service[109652]: [pid: 109652|app: 0|req: 63/120] 10.222.0.48 () {58 vars in 1324 bytes} [Wed Jan 19 13:04:34 2022] GET /volume/v3/e462ac71dbe947269459063787a5acaa/volumes/f5cdb00c-1412-4395-85b3-32cc41d34556 => generated 921 bytes in 166 msecs (HTTP/1.1 200) 7 headers in 285 bytes (2 switches on core 0)
Jan 19 13:04:34.181237 dv-cinder-823015-4-iscsi devstack@c-api.service[109653]: DEBUG cinder.volume.api [None req-4ed6c5f1-6e42-4f08-b184-4cc648526d0f tempest-GroupSnapshotsTest-1667398295 tempest-GroupSnapshotsTest-1667398295-project] Flow 'volume_create_api' (64d4336b-80c8-4f42-bf92-3d90965ece11) transitioned into state 'RUNNING' from state 'PENDING' {{(pid=109653) _flow_receiver /usr/local/lib/python3.8/dist-packages/taskflow/listeners/logging.py:141}}
Jan 19 13:04:34.181993 dv-cinder-823015-4-iscsi devstack@c-api.service[109653]: DEBUG cinder.volume.api [None req-4ed6c5f1-6e42-4f08-b184-4cc648526d0f tempest-GroupSnapshotsTest-1667398295 tempest-GroupSnapshotsTest-1667398295-project] Task 'cinder.volume.flows.api.create_volume.ExtractVolumeRequestTask;volume:create' (ffe94220-752c-4d93-94e8-20c3d932fda0) transitioned into state 'RUNNING' from state 'PENDING' {{(pid=109653) _task_receiver /usr/local/lib/python3.8/dist-packages/taskflow/listeners/logging.py:190}}
Jan 19 13:04:34.195223 dv-cinder-823015-4-iscsi devstack@c-api.service[109653]: DEBUG cinder.volume.flows.api.create_volume [None req-4ed6c5f1-6e42-4f08-b184-4cc648526d0f tempest-GroupSnapshotsTest-1667398295 tempest-GroupSnapshotsTest-1667398295-project] Validating volume size '1' using validate_int, validate_snap_size {{(pid=109653) _extract_size /opt/stack/cinder/cinder/volume/flows/api/create_volume.py:225}}
Jan 19 13:04:34.289405 dv-cinder-823015-4-iscsi devstack@c-api.service[109653]: DEBUG cinder.volume.api [None req-4ed6c5f1-6e42-4f08-b184-4cc648526d0f tempest-GroupSnapshotsTest-1667398295 tempest-GroupSnapshotsTest-1667398295-project] Task 'cinder.volume.flows.api.create_volume.ExtractVolumeRequestTask;volume:create' (ffe94220-752c-4d93-94e8-20c3d932fda0) transitioned into state 'SUCCESS' from state 'RUNNING' with result '{'size': 1, 'snapshot_id': 'acd49cd9-1024-40f4-93b6-0b400a323b57', 'source_volid': None, 'volume_type': VolumeType(created_at=2022-01-19T13:04:22Z,deleted=False,deleted_at=None,description=None,extra_specs={},id=0d298a73-7274-43a0-9678-a18e9edafeca,is_public=True,name='tempest-GroupSnapshotsTest-volume-type-272009481',projects=[],qos_specs=,qos_specs_id=None,updated_at=None), 'volume_type_id': '0d298a73-7274-43a0-9678-a18e9edafeca', 'encryption_key_id': None, 'qos_specs': None, 'consistencygroup_id': None, 'cgsnapshot_id': None, 'group_id': '79ed113c-6379-44ae-afce-77ba582c6301', 'replication_status': 'disabled', 'refresh_az': False, 'backup_id': None, 'multiattach': False, 'availability_zones': ['nova']}' {{(pid=109653) _task_receiver /usr/local/lib/python3.8/dist-packages/taskflow/listeners/logging.py:178}}
Jan 19 13:04:34.292165 dv-cinder-823015-4-iscsi devstack@c-api.service[109653]: DEBUG cinder.volume.api [None req-4ed6c5f1-6e42-4f08-b184-4cc648526d0f tempest-GroupSnapshotsTest-1667398295 tempest-GroupSnapshotsTest-1667398295-project] Task 'cinder.volume.flows.api.create_volume.QuotaReserveTask;volume:create' (576832d6-6720-40c1-8701-a0af29145fd1) transitioned into state 'RUNNING' from state 'PENDING' {{(pid=109653) _task_receiver /usr/local/lib/python3.8/dist-packages/taskflow/listeners/logging.py:190}}
Jan 19 13:04:34.392294 dv-cinder-823015-4-iscsi devstack@c-api.service[109653]: DEBUG cinder.quota [None req-4ed6c5f1-6e42-4f08-b184-4cc648526d0f tempest-GroupSnapshotsTest-1667398295 tempest-GroupSnapshotsTest-1667398295-project] Created reservations ['aaa55032-281c-4a7f-b460-d01e53fab6ec', '026598b1-3ecf-4269-a9c3-74c5b4d94a70'] {{(pid=109653) reserve /opt/stack/cinder/cinder/quota.py:755}}
Jan 19 13:04:34.399469 dv-cinder-823015-4-iscsi devstack@c-api.service[109653]: DEBUG cinder.volume.api [None req-4ed6c5f1-6e42-4f08-b184-4cc648526d0f tempest-GroupSnapshotsTest-1667398295 tempest-GroupSnapshotsTest-1667398295-project] Task 'cinder.volume.flows.api.create_volume.QuotaReserveTask;volume:create' (576832d6-6720-40c1-8701-a0af29145fd1) transitioned into state 'SUCCESS' from state 'RUNNING' with result '{'reservations': ['aaa55032-281c-4a7f-b460-d01e53fab6ec', '026598b1-3ecf-4269-a9c3-74c5b4d94a70']}' {{(pid=109653) _task_receiver /usr/local/lib/python3.8/dist-packages/taskflow/listeners/logging.py:178}}
Jan 19 13:04:34.403348 dv-cinder-823015-4-iscsi devstack@c-api.service[109653]: DEBUG cinder.volume.api [None req-4ed6c5f1-6e42-4f08-b184-4cc648526d0f tempest-GroupSnapshotsTest-1667398295 tempest-GroupSnapshotsTest-1667398295-project] Task 'cinder.volume.flows.api.create_volume.EntryCreateTask;volume:create' (d8697f9f-b027-4c1b-9cd7-3c1252c938d3) transitioned into state 'RUNNING' from state 'PENDING' {{(pid=109653) _task_receiver /usr/local/lib/python3.8/dist-packages/taskflow/listeners/logging.py:190}}
Jan 19 13:04:34.493956 dv-cinder-823015-4-iscsi devstack@c-api.service[109653]: DEBUG cinder.volume.api [None req-4ed6c5f1-6e42-4f08-b184-4cc648526d0f tempest-GroupSnapshotsTest-1667398295 tempest-GroupSnapshotsTest-1667398295-project] Task 'cinder.volume.flows.api.create_volume.EntryCreateTask;volume:create' (d8697f9f-b027-4c1b-9cd7-3c1252c938d3) transitioned into state 'SUCCESS' from state 'RUNNING' with result '{'volume_id': 'd12f3add-05d2-4b83-86bb-46719220e690', 'volume_properties': VolumeProperties(attach_status='detached',availability_zone='nova',cgsnapshot_id=None,consistencygroup_id=None,display_description=None,display_name=None,encryption_key_id=None,group_id=79ed113c-6379-44ae-afce-77ba582c6301,group_type_id=,metadata={},multiattach=False,project_id='e7813853294145df86fe5d6ecd174483',qos_specs=None,replication_status=,reservations=['aaa55032-281c-4a7f-b460-d01e53fab6ec','026598b1-3ecf-4269-a9c3-74c5b4d94a70'],size=1,snapshot_id=acd49cd9-1024-40f4-93b6-0b400a323b57,source_replicaid=,source_volid=None,status='creating',user_id='00a2073c3a1547b8856be86e8b2abba6',volume_type_id=0d298a73-7274-43a0-9678-a18e9edafeca), 'volume': Volume(_name_id=None,admin_metadata=,attach_status='detached',availability_zone='nova',bootable=False,cluster=,cluster_name=None,consistencygroup=,consistencygroup_id=None,created_at=2022-01-19T13:04:34Z,deleted=False,deleted_at=None,display_description=None,display_name=None,ec2_id=None,encryption_key_id=None,glance_metadata=,group=,group_id=79ed113c-6379-44ae-afce-77ba582c6301,host=None,id=d12f3add-05d2-4b83-86bb-46719220e690,launched_at=None,metadata={},migration_status=None,multiattach=False,previous_status=None,project_id='e7813853294145df86fe5d6ecd174483',provider_auth=None,provider_geometry=None,provider_id=None,provider_location=None,replication_driver_data=None,replication_extended_status=None,replication_status=None,scheduled_at=None,service_uuid=None,shared_targets=True,size=1,snapshot_id=acd49cd9-1024-40f4-93b6-0b400a323b57,snapshots=,source_volid=None,status='creating',terminated_at=None,updated_at=None,use_quota=True,user_id='00a2073c3a1547b8856be86e8b2abba6',volume_attachment=VolumeAttachmentList,volume_type=VolumeType(0d298a73-7274-43a0-9678-a18e9edafeca),volume_type_id=0d298a73-7274-43a0-9678-a18e9edafeca)}' {{(pid=109653) _task_receiver /usr/local/lib/python3.8/dist-packages/taskflow/listeners/logging.py:178}}
Jan 19 13:04:34.500566 dv-cinder-823015-4-iscsi devstack@c-api.service[109653]: DEBUG cinder.volume.api [None req-4ed6c5f1-6e42-4f08-b184-4cc648526d0f tempest-GroupSnapshotsTest-1667398295 tempest-GroupSnapshotsTest-1667398295-project] Task 'cinder.volume.flows.api.create_volume.QuotaCommitTask;volume:create' (92cfdca5-53d5-4d69-be6e-6edaffec8e3c) transitioned into state 'RUNNING' from state 'PENDING' {{(pid=109653) _task_receiver /usr/local/lib/python3.8/dist-packages/taskflow/listeners/logging.py:190}}
Jan 19 13:04:34.544461 dv-cinder-823015-4-iscsi devstack@c-api.service[109653]: DEBUG cinder.volume.api [None req-4ed6c5f1-6e42-4f08-b184-4cc648526d0f tempest-GroupSnapshotsTest-1667398295 tempest-GroupSnapshotsTest-1667398295-project] Task 'cinder.volume.flows.api.create_volume.QuotaCommitTask;volume:create' (92cfdca5-53d5-4d69-be6e-6edaffec8e3c) transitioned into state 'SUCCESS' from state 'RUNNING' with result '{'volume_properties': VolumeProperties(attach_status='detached',availability_zone='nova',cgsnapshot_id=None,consistencygroup_id=None,display_description=None,display_name=None,encryption_key_id=None,group_id=79ed113c-6379-44ae-afce-77ba582c6301,group_type_id=,metadata={},multiattach=False,project_id='e7813853294145df86fe5d6ecd174483',qos_specs=None,replication_status=,reservations=['aaa55032-281c-4a7f-b460-d01e53fab6ec','026598b1-3ecf-4269-a9c3-74c5b4d94a70'],size=1,snapshot_id=acd49cd9-1024-40f4-93b6-0b400a323b57,source_replicaid=,source_volid=None,status='creating',user_id='00a2073c3a1547b8856be86e8b2abba6',volume_type_id=0d298a73-7274-43a0-9678-a18e9edafeca)}' {{(pid=109653) _task_receiver /usr/local/lib/python3.8/dist-packages/taskflow/listeners/logging.py:178}}
Jan 19 13:04:34.548341 dv-cinder-823015-4-iscsi devstack@c-api.service[109653]: DEBUG cinder.volume.api [None req-4ed6c5f1-6e42-4f08-b184-4cc648526d0f tempest-GroupSnapshotsTest-1667398295 tempest-GroupSnapshotsTest-1667398295-project] Flow 'volume_create_api' (64d4336b-80c8-4f42-bf92-3d90965ece11) transitioned into state 'SUCCESS' from state 'RUNNING' {{(pid=109653) _flow_receiver /usr/local/lib/python3.8/dist-packages/taskflow/listeners/logging.py:141}}
Jan 19 13:04:34.549362 dv-cinder-823015-4-iscsi devstack@c-api.service[109653]: INFO cinder.volume.api [None req-4ed6c5f1-6e42-4f08-b184-4cc648526d0f tempest-GroupSnapshotsTest-1667398295 tempest-GroupSnapshotsTest-1667398295-project] Create volume request issued successfully.
Jan 19 13:04:34.594754 dv-cinder-823015-4-iscsi devstack@c-api.service[109653]: INFO cinder.api.openstack.wsgi [None req-4ed6c5f1-6e42-4f08-b184-4cc648526d0f tempest-GroupSnapshotsTest-1667398295 tempest-GroupSnapshotsTest-1667398295-project] http://10.222.0.48/volume/v3/e7813853294145df86fe5d6ecd174483/groups/action returned with HTTP 202
Jan 19 13:04:34.600154 dv-cinder-823015-4-iscsi devstack@c-api.service[109653]: [pid: 109653|app: 0|req: 58/121] 10.222.0.48 () {62 vars in 1294 bytes} [Wed Jan 19 13:04:33 2022] POST /volume/v3/e7813853294145df86fe5d6ecd174483/groups/action => generated 103 bytes in 872 msecs (HTTP/1.1 202) 7 headers in 292 bytes (1 switches on core 0)
Jan 19 13:04:34.606023 dv-cinder-823015-4-iscsi devstack@c-api.service[109652]: INFO cinder.api.openstack.wsgi [None req-8c796b90-cd1d-4a6d-8aca-c5fb28ece5df tempest-GroupSnapshotsTest-1667398295 tempest-GroupSnapshotsTest-1667398295-project] GET http://10.222.0.48/volume/v3/e7813853294145df86fe5d6ecd174483/volumes/detail
Jan 19 13:04:34.606632 dv-cinder-823015-4-iscsi devstack@c-api.service[109652]: DEBUG cinder.api.openstack.wsgi [None req-8c796b90-cd1d-4a6d-8aca-c5fb28ece5df tempest-GroupSnapshotsTest-1667398295 tempest-GroupSnapshotsTest-1667398295-project] Empty body provided in request {{(pid=109652) get_body /opt/stack/cinder/cinder/api/openstack/wsgi.py:715}}
Jan 19 13:04:34.607283 dv-cinder-823015-4-iscsi devstack@c-api.service[109652]: DEBUG cinder.api.openstack.wsgi [None req-8c796b90-cd1d-4a6d-8aca-c5fb28ece5df tempest-GroupSnapshotsTest-1667398295 tempest-GroupSnapshotsTest-1667398295-project] Calling method 'detail' {{(pid=109652) _process_stack /opt/stack/cinder/cinder/api/openstack/wsgi.py:868}}
Jan 19 13:04:34.608316 dv-cinder-823015-4-iscsi devstack@c-api.service[109652]: DEBUG cinder.api.api_utils [None req-8c796b90-cd1d-4a6d-8aca-c5fb28ece5df tempest-GroupSnapshotsTest-1667398295 tempest-GroupSnapshotsTest-1667398295-project] Removing options '' from query. {{(pid=109652) remove_invalid_filter_options /opt/stack/cinder/cinder/api/api_utils.py:73}}
Jan 19 13:04:34.610529 dv-cinder-823015-4-iscsi devstack@c-api.service[109652]: DEBUG cinder.volume.api [None req-8c796b90-cd1d-4a6d-8aca-c5fb28ece5df tempest-GroupSnapshotsTest-1667398295 tempest-GroupSnapshotsTest-1667398295-project] Searching by: MultiDict([('no_migration_targets', True)]). {{(pid=109652) get_all /opt/stack/cinder/cinder/volume/api.py:661}}
Jan 19 13:04:34.670691 dv-cinder-823015-4-iscsi devstack@c-api.service[109652]: INFO cinder.volume.api [None req-8c796b90-cd1d-4a6d-8aca-c5fb28ece5df tempest-GroupSnapshotsTest-1667398295 tempest-GroupSnapshotsTest-1667398295-project] Get all volumes completed successfully.
Jan 19 13:04:34.672396 dv-cinder-823015-4-iscsi devstack@c-api.service[109652]: WARNING stevedore.named [None req-8c796b90-cd1d-4a6d-8aca-c5fb28ece5df tempest-GroupSnapshotsTest-1667398295 tempest-GroupSnapshotsTest-1667398295-project] Could not load cinder.keymgr.conf_key_mgr.ConfKeyManager
Jan 19 13:04:34.672780 dv-cinder-823015-4-iscsi devstack@c-api.service[109652]: WARNING castellan.key_manager [None req-8c796b90-cd1d-4a6d-8aca-c5fb28ece5df tempest-GroupSnapshotsTest-1667398295 tempest-GroupSnapshotsTest-1667398295-project] Deprecation Warning : cinder.keymgr.conf_key_mgr.ConfKeyManager is not a stevedore based driver, trying to load it as a class: stevedore.exception.NoMatches: No 'castellan.drivers' driver found, looking for 'cinder.keymgr.conf_key_mgr.ConfKeyManager'
Jan 19 13:04:34.677843 dv-cinder-823015-4-iscsi devstack@c-api.service[109653]: INFO cinder.api.openstack.wsgi [None req-aa81e104-36c4-4281-9e71-9507601628bb tempest-GroupSnapshotsV319Test-739197448 tempest-GroupSnapshotsV319Test-739197448-project] GET http://10.222.0.48/volume/v3/650ca60d31834932817c6b740ec31fd4/volumes/bc2749b4-32ca-4e68-861c-9e6b310adf71
Jan 19 13:04:34.678484 dv-cinder-823015-4-iscsi devstack@c-api.service[109653]: DEBUG cinder.api.openstack.wsgi [None req-aa81e104-36c4-4281-9e71-9507601628bb tempest-GroupSnapshotsV319Test-739197448 tempest-GroupSnapshotsV319Test-739197448-project] Empty body provided in request {{(pid=109653) get_body /opt/stack/cinder/cinder/api/openstack/wsgi.py:715}}
Jan 19 13:04:34.679298 dv-cinder-823015-4-iscsi devstack@c-api.service[109653]: DEBUG cinder.api.openstack.wsgi [None req-aa81e104-36c4-4281-9e71-9507601628bb tempest-GroupSnapshotsV319Test-739197448 tempest-GroupSnapshotsV319Test-739197448-project] Calling method 'show' {{(pid=109653) _process_stack /opt/stack/cinder/cinder/api/openstack/wsgi.py:868}}
Jan 19 13:04:34.681490 dv-cinder-823015-4-iscsi devstack@c-api.service[109652]: DEBUG oslo_db.sqlalchemy.engines [None req-8c796b90-cd1d-4a6d-8aca-c5fb28ece5df tempest-GroupSnapshotsTest-1667398295 tempest-GroupSnapshotsTest-1667398295-project] MySQL server mode set to STRICT_TRANS_TABLES,STRICT_ALL_TABLES,NO_ZERO_IN_DATE,NO_ZERO_DATE,ERROR_FOR_DIVISION_BY_ZERO,TRADITIONAL,NO_ENGINE_SUBSTITUTION {{(pid=109652) _check_effective_sql_mode /usr/local/lib/python3.8/dist-packages/oslo_db/sqlalchemy/engines.py:314}}
Jan 19 13:04:34.688812 dv-cinder-823015-4-iscsi devstack@c-api.service[109652]: /usr/local/lib/python3.8/dist-packages/oslo_context/context.py:105: DeprecationWarning: Policy enforcement is depending on the value of is_admin. This key is deprecated. Please update your policy file to use the standard policy values.
Jan 19 13:04:34.688812 dv-cinder-823015-4-iscsi devstack@c-api.service[109652]: warnings.warn('Policy enforcement is depending on the value of '
Jan 19 13:04:34.696360 dv-cinder-823015-4-iscsi devstack@c-api.service[109652]: WARNING stevedore.named [None req-8c796b90-cd1d-4a6d-8aca-c5fb28ece5df tempest-GroupSnapshotsTest-1667398295 tempest-GroupSnapshotsTest-1667398295-project] Could not load cinder.keymgr.conf_key_mgr.ConfKeyManager
Jan 19 13:04:34.697089 dv-cinder-823015-4-iscsi devstack@c-api.service[109652]: WARNING castellan.key_manager [None req-8c796b90-cd1d-4a6d-8aca-c5fb28ece5df tempest-GroupSnapshotsTest-1667398295 tempest-GroupSnapshotsTest-1667398295-project] Deprecation Warning : cinder.keymgr.conf_key_mgr.ConfKeyManager is not a stevedore based driver, trying to load it as a class: stevedore.exception.NoMatches: No 'castellan.drivers' driver found, looking for 'cinder.keymgr.conf_key_mgr.ConfKeyManager'
Jan 19 13:04:34.701816 dv-cinder-823015-4-iscsi devstack@c-api.service[109653]: /usr/local/lib/python3.8/dist-packages/oslo_context/context.py:105: DeprecationWarning: Policy enforcement is depending on the value of is_admin. This key is deprecated. Please update your policy file to use the standard policy values.
Jan 19 13:04:34.701816 dv-cinder-823015-4-iscsi devstack@c-api.service[109653]: warnings.warn('Policy enforcement is depending on the value of '
Jan 19 13:04:34.706722 dv-cinder-823015-4-iscsi devstack@c-api.service[109652]: DEBUG oslo_db.sqlalchemy.engines [None req-8c796b90-cd1d-4a6d-8aca-c5fb28ece5df tempest-GroupSnapshotsTest-1667398295 tempest-GroupSnapshotsTest-1667398295-project] MySQL server mode set to STRICT_TRANS_TABLES,STRICT_ALL_TABLES,NO_ZERO_IN_DATE,NO_ZERO_DATE,ERROR_FOR_DIVISION_BY_ZERO,TRADITIONAL,NO_ENGINE_SUBSTITUTION {{(pid=109652) _check_effective_sql_mode /usr/local/lib/python3.8/dist-packages/oslo_db/sqlalchemy/engines.py:314}}
Jan 19 13:04:34.715018 dv-cinder-823015-4-iscsi devstack@c-api.service[109653]: INFO cinder.volume.api [None req-aa81e104-36c4-4281-9e71-9507601628bb tempest-GroupSnapshotsV319Test-739197448 tempest-GroupSnapshotsV319Test-739197448-project] Volume info retrieved successfully.
Jan 19 13:04:34.715768 dv-cinder-823015-4-iscsi devstack@c-api.service[109652]: /usr/local/lib/python3.8/dist-packages/oslo_context/context.py:105: DeprecationWarning: Policy enforcement is depending on the value of is_admin. This key is deprecated. Please update your policy file to use the standard policy values.
Jan 19 13:04:34.715768 dv-cinder-823015-4-iscsi devstack@c-api.service[109652]: warnings.warn('Policy enforcement is depending on the value of '
Jan 19 13:04:34.716527 dv-cinder-823015-4-iscsi devstack@c-api.service[109653]: WARNING stevedore.named [None req-aa81e104-36c4-4281-9e71-9507601628bb tempest-GroupSnapshotsV319Test-739197448 tempest-GroupSnapshotsV319Test-739197448-project] Could not load cinder.keymgr.conf_key_mgr.ConfKeyManager
Jan 19 13:04:34.716962 dv-cinder-823015-4-iscsi devstack@c-api.service[109653]: WARNING castellan.key_manager [None req-aa81e104-36c4-4281-9e71-9507601628bb tempest-GroupSnapshotsV319Test-739197448 tempest-GroupSnapshotsV319Test-739197448-project] Deprecation Warning : cinder.keymgr.conf_key_mgr.ConfKeyManager is not a stevedore based driver, trying to load it as a class: stevedore.exception.NoMatches: No 'castellan.drivers' driver found, looking for 'cinder.keymgr.conf_key_mgr.ConfKeyManager'
Jan 19 13:04:34.725413 dv-cinder-823015-4-iscsi devstack@c-api.service[109653]: DEBUG oslo_db.sqlalchemy.engines [None req-aa81e104-36c4-4281-9e71-9507601628bb tempest-GroupSnapshotsV319Test-739197448 tempest-GroupSnapshotsV319Test-739197448-project] MySQL server mode set to STRICT_TRANS_TABLES,STRICT_ALL_TABLES,NO_ZERO_IN_DATE,NO_ZERO_DATE,ERROR_FOR_DIVISION_BY_ZERO,TRADITIONAL,NO_ENGINE_SUBSTITUTION {{(pid=109653) _check_effective_sql_mode /usr/local/lib/python3.8/dist-packages/oslo_db/sqlalchemy/engines.py:314}}
Jan 19 13:04:34.733943 dv-cinder-823015-4-iscsi devstack@c-api.service[109653]: /usr/local/lib/python3.8/dist-packages/oslo_context/context.py:105: DeprecationWarning: Policy enforcement is depending on the value of is_admin. This key is deprecated. Please update your policy file to use the standard policy values.
Jan 19 13:04:34.733943 dv-cinder-823015-4-iscsi devstack@c-api.service[109653]: warnings.warn('Policy enforcement is depending on the value of '
Jan 19 13:04:34.741444 dv-cinder-823015-4-iscsi devstack@c-api.service[109652]: INFO cinder.api.openstack.wsgi [None req-8c796b90-cd1d-4a6d-8aca-c5fb28ece5df tempest-GroupSnapshotsTest-1667398295 tempest-GroupSnapshotsTest-1667398295-project] http://10.222.0.48/volume/v3/e7813853294145df86fe5d6ecd174483/volumes/detail returned with HTTP 200
Jan 19 13:04:34.742666 dv-cinder-823015-4-iscsi devstack@c-api.service[109652]: [pid: 109652|app: 0|req: 64/122] 10.222.0.48 () {60 vars in 1275 bytes} [Wed Jan 19 13:04:34 2022] GET /volume/v3/e7813853294145df86fe5d6ecd174483/volumes/detail => generated 1984 bytes in 141 msecs (HTTP/1.1 200) 7 headers in 287 bytes (1 switches on core 0)
Jan 19 13:04:34.748112 dv-cinder-823015-4-iscsi devstack@c-api.service[109652]: INFO cinder.api.openstack.wsgi [None req-af48eb84-eb5b-444a-80f5-937cfeb6299b tempest-VolumeSnapshotQuotasNegativeTestJSON-1158855729 tempest-VolumeSnapshotQuotasNegativeTestJSON-1158855729-project] GET http://10.222.0.48/volume/v3/915841779ddc44cebdabf6b00686a9f1/snapshots/243a11db-8fba-4ac5-aa62-dd1773bc4f82
Jan 19 13:04:34.748562 dv-cinder-823015-4-iscsi devstack@c-api.service[109652]: DEBUG cinder.api.openstack.wsgi [None req-af48eb84-eb5b-444a-80f5-937cfeb6299b tempest-VolumeSnapshotQuotasNegativeTestJSON-1158855729 tempest-VolumeSnapshotQuotasNegativeTestJSON-1158855729-project] Empty body provided in request {{(pid=109652) get_body /opt/stack/cinder/cinder/api/openstack/wsgi.py:715}}
Jan 19 13:04:34.749024 dv-cinder-823015-4-iscsi devstack@c-api.service[109652]: DEBUG cinder.api.openstack.wsgi [None req-af48eb84-eb5b-444a-80f5-937cfeb6299b tempest-VolumeSnapshotQuotasNegativeTestJSON-1158855729 tempest-VolumeSnapshotQuotasNegativeTestJSON-1158855729-project] Calling method 'show' {{(pid=109652) _process_stack /opt/stack/cinder/cinder/api/openstack/wsgi.py:868}}
Jan 19 13:04:34.760544 dv-cinder-823015-4-iscsi devstack@c-api.service[109652]: /usr/local/lib/python3.8/dist-packages/oslo_context/context.py:105: DeprecationWarning: Policy enforcement is depending on the value of is_admin. This key is deprecated. Please update your policy file to use the standard policy values.
Jan 19 13:04:34.760544 dv-cinder-823015-4-iscsi devstack@c-api.service[109652]: warnings.warn('Policy enforcement is depending on the value of '
Jan 19 13:04:34.761767 dv-cinder-823015-4-iscsi devstack@c-api.service[109652]: INFO cinder.volume.api [None req-af48eb84-eb5b-444a-80f5-937cfeb6299b tempest-VolumeSnapshotQuotasNegativeTestJSON-1158855729 tempest-VolumeSnapshotQuotasNegativeTestJSON-1158855729-project] Snapshot retrieved successfully.
Jan 19 13:04:34.764584 dv-cinder-823015-4-iscsi devstack@c-api.service[109652]: INFO cinder.api.openstack.wsgi [None req-af48eb84-eb5b-444a-80f5-937cfeb6299b tempest-VolumeSnapshotQuotasNegativeTestJSON-1158855729 tempest-VolumeSnapshotQuotasNegativeTestJSON-1158855729-project] http://10.222.0.48/volume/v3/915841779ddc44cebdabf6b00686a9f1/snapshots/243a11db-8fba-4ac5-aa62-dd1773bc4f82 returned with HTTP 200
Jan 19 13:04:34.766033 dv-cinder-823015-4-iscsi devstack@c-api.service[109652]: [pid: 109652|app: 0|req: 65/123] 10.222.0.48 () {58 vars in 1330 bytes} [Wed Jan 19 13:04:34 2022] GET /volume/v3/915841779ddc44cebdabf6b00686a9f1/snapshots/243a11db-8fba-4ac5-aa62-dd1773bc4f82 => generated 455 bytes in 22 msecs (HTTP/1.1 200) 7 headers in 285 bytes (1 switches on core 0)
Jan 19 13:04:34.770060 dv-cinder-823015-4-iscsi devstack@c-api.service[109652]: INFO cinder.api.openstack.wsgi [None req-9565dad0-f980-47de-a9f8-df9e470a15b7 tempest-GroupSnapshotsTest-1667398295 tempest-GroupSnapshotsTest-1667398295-project] GET http://10.222.0.48/volume/v3/e7813853294145df86fe5d6ecd174483/volumes/d12f3add-05d2-4b83-86bb-46719220e690
Jan 19 13:04:34.770824 dv-cinder-823015-4-iscsi devstack@c-api.service[109652]: DEBUG cinder.api.openstack.wsgi [None req-9565dad0-f980-47de-a9f8-df9e470a15b7 tempest-GroupSnapshotsTest-1667398295 tempest-GroupSnapshotsTest-1667398295-project] Empty body provided in request {{(pid=109652) get_body /opt/stack/cinder/cinder/api/openstack/wsgi.py:715}}
Jan 19 13:04:34.772450 dv-cinder-823015-4-iscsi devstack@c-api.service[109652]: DEBUG cinder.api.openstack.wsgi [None req-9565dad0-f980-47de-a9f8-df9e470a15b7 tempest-GroupSnapshotsTest-1667398295 tempest-GroupSnapshotsTest-1667398295-project] Calling method 'show' {{(pid=109652) _process_stack /opt/stack/cinder/cinder/api/openstack/wsgi.py:868}}
Jan 19 13:04:34.783082 dv-cinder-823015-4-iscsi devstack@c-api.service[109653]: INFO cinder.api.openstack.wsgi [None req-aa81e104-36c4-4281-9e71-9507601628bb tempest-GroupSnapshotsV319Test-739197448 tempest-GroupSnapshotsV319Test-739197448-project] http://10.222.0.48/volume/v3/650ca60d31834932817c6b740ec31fd4/volumes/bc2749b4-32ca-4e68-861c-9e6b310adf71 returned with HTTP 200
Jan 19 13:04:34.784032 dv-cinder-823015-4-iscsi devstack@c-api.service[109653]: [pid: 109653|app: 0|req: 59/124] 10.222.0.48 () {60 vars in 1365 bytes} [Wed Jan 19 13:04:34 2022] GET /volume/v3/650ca60d31834932817c6b740ec31fd4/volumes/bc2749b4-32ca-4e68-861c-9e6b310adf71 => generated 1007 bytes in 112 msecs (HTTP/1.1 200) 7 headers in 287 bytes (1 switches on core 0)
Jan 19 13:04:34.786843 dv-cinder-823015-4-iscsi devstack@c-api.service[109652]: /usr/local/lib/python3.8/dist-packages/oslo_context/context.py:105: DeprecationWarning: Policy enforcement is depending on the value of is_admin. This key is deprecated. Please update your policy file to use the standard policy values.
Jan 19 13:04:34.786843 dv-cinder-823015-4-iscsi devstack@c-api.service[109652]: warnings.warn('Policy enforcement is depending on the value of '
Jan 19 13:04:34.793968 dv-cinder-823015-4-iscsi devstack@c-api.service[109652]: INFO cinder.volume.api [None req-9565dad0-f980-47de-a9f8-df9e470a15b7 tempest-GroupSnapshotsTest-1667398295 tempest-GroupSnapshotsTest-1667398295-project] Volume info retrieved successfully.
Jan 19 13:04:34.795300 dv-cinder-823015-4-iscsi devstack@c-api.service[109652]: WARNING stevedore.named [None req-9565dad0-f980-47de-a9f8-df9e470a15b7 tempest-GroupSnapshotsTest-1667398295 tempest-GroupSnapshotsTest-1667398295-project] Could not load cinder.keymgr.conf_key_mgr.ConfKeyManager
Jan 19 13:04:34.795685 dv-cinder-823015-4-iscsi devstack@c-api.service[109652]: WARNING castellan.key_manager [None req-9565dad0-f980-47de-a9f8-df9e470a15b7 tempest-GroupSnapshotsTest-1667398295 tempest-GroupSnapshotsTest-1667398295-project] Deprecation Warning : cinder.keymgr.conf_key_mgr.ConfKeyManager is not a stevedore based driver, trying to load it as a class: stevedore.exception.NoMatches: No 'castellan.drivers' driver found, looking for 'cinder.keymgr.conf_key_mgr.ConfKeyManager'
Jan 19 13:04:34.802905 dv-cinder-823015-4-iscsi devstack@c-api.service[109652]: DEBUG oslo_db.sqlalchemy.engines [None req-9565dad0-f980-47de-a9f8-df9e470a15b7 tempest-GroupSnapshotsTest-1667398295 tempest-GroupSnapshotsTest-1667398295-project] MySQL server mode set to STRICT_TRANS_TABLES,STRICT_ALL_TABLES,NO_ZERO_IN_DATE,NO_ZERO_DATE,ERROR_FOR_DIVISION_BY_ZERO,TRADITIONAL,NO_ENGINE_SUBSTITUTION {{(pid=109652) _check_effective_sql_mode /usr/local/lib/python3.8/dist-packages/oslo_db/sqlalchemy/engines.py:314}}
Jan 19 13:04:34.808995 dv-cinder-823015-4-iscsi devstack@c-api.service[109652]: /usr/local/lib/python3.8/dist-packages/oslo_context/context.py:105: DeprecationWarning: Policy enforcement is depending on the value of is_admin. This key is deprecated. Please update your policy file to use the standard policy values.
Jan 19 13:04:34.808995 dv-cinder-823015-4-iscsi devstack@c-api.service[109652]: warnings.warn('Policy enforcement is depending on the value of '
Jan 19 13:04:34.827045 dv-cinder-823015-4-iscsi devstack@c-api.service[109652]: INFO cinder.api.openstack.wsgi [None req-9565dad0-f980-47de-a9f8-df9e470a15b7 tempest-GroupSnapshotsTest-1667398295 tempest-GroupSnapshotsTest-1667398295-project] http://10.222.0.48/volume/v3/e7813853294145df86fe5d6ecd174483/volumes/d12f3add-05d2-4b83-86bb-46719220e690 returned with HTTP 200
Jan 19 13:04:34.828388 dv-cinder-823015-4-iscsi devstack@c-api.service[109652]: [pid: 109652|app: 0|req: 66/125] 10.222.0.48 () {60 vars in 1365 bytes} [Wed Jan 19 13:04:34 2022] GET /volume/v3/e7813853294145df86fe5d6ecd174483/volumes/d12f3add-05d2-4b83-86bb-46719220e690 => generated 991 bytes in 62 msecs (HTTP/1.1 200) 7 headers in 286 bytes (1 switches on core 0)
Jan 19 13:04:35.187634 dv-cinder-823015-4-iscsi devstack@c-api.service[109653]: INFO cinder.api.openstack.wsgi [None req-198424e7-76ba-4087-9478-0f96695a0c5c tempest-VolumesTestJSON-1552513016 tempest-VolumesTestJSON-1552513016-project] GET http://10.222.0.48/volume/v3/e462ac71dbe947269459063787a5acaa/volumes/f5cdb00c-1412-4395-85b3-32cc41d34556
Jan 19 13:04:35.188170 dv-cinder-823015-4-iscsi devstack@c-api.service[109653]: DEBUG cinder.api.openstack.wsgi [None req-198424e7-76ba-4087-9478-0f96695a0c5c tempest-VolumesTestJSON-1552513016 tempest-VolumesTestJSON-1552513016-project] Empty body provided in request {{(pid=109653) get_body /opt/stack/cinder/cinder/api/openstack/wsgi.py:715}}
Jan 19 13:04:35.188560 dv-cinder-823015-4-iscsi devstack@c-api.service[109653]: DEBUG cinder.api.openstack.wsgi [None req-198424e7-76ba-4087-9478-0f96695a0c5c tempest-VolumesTestJSON-1552513016 tempest-VolumesTestJSON-1552513016-project] Calling method 'show' {{(pid=109653) _process_stack /opt/stack/cinder/cinder/api/openstack/wsgi.py:868}}
Jan 19 13:04:35.202107 dv-cinder-823015-4-iscsi devstack@c-api.service[109653]: /usr/local/lib/python3.8/dist-packages/oslo_context/context.py:105: DeprecationWarning: Policy enforcement is depending on the value of is_admin. This key is deprecated. Please update your policy file to use the standard policy values.
Jan 19 13:04:35.202107 dv-cinder-823015-4-iscsi devstack@c-api.service[109653]: warnings.warn('Policy enforcement is depending on the value of '
Jan 19 13:04:35.209269 dv-cinder-823015-4-iscsi devstack@c-api.service[109653]: INFO cinder.volume.api [None req-198424e7-76ba-4087-9478-0f96695a0c5c tempest-VolumesTestJSON-1552513016 tempest-VolumesTestJSON-1552513016-project] Volume info retrieved successfully.
Jan 19 13:04:35.217915 dv-cinder-823015-4-iscsi devstack@c-api.service[109653]: INFO cinder.api.openstack.wsgi [None req-198424e7-76ba-4087-9478-0f96695a0c5c tempest-VolumesTestJSON-1552513016 tempest-VolumesTestJSON-1552513016-project] http://10.222.0.48/volume/v3/e462ac71dbe947269459063787a5acaa/volumes/f5cdb00c-1412-4395-85b3-32cc41d34556 returned with HTTP 200
Jan 19 13:04:35.218611 dv-cinder-823015-4-iscsi devstack@c-api.service[109653]: [pid: 109653|app: 0|req: 60/126] 10.222.0.48 () {58 vars in 1324 bytes} [Wed Jan 19 13:04:35 2022] GET /volume/v3/e462ac71dbe947269459063787a5acaa/volumes/f5cdb00c-1412-4395-85b3-32cc41d34556 => generated 921 bytes in 35 msecs (HTTP/1.1 200) 7 headers in 285 bytes (1 switches on core 0)
Jan 19 13:04:35.776836 dv-cinder-823015-4-iscsi devstack@c-api.service[109652]: INFO cinder.api.openstack.wsgi [None req-20d3d1bd-46ba-4e0f-8de0-8eee4ac7b217 tempest-VolumeSnapshotQuotasNegativeTestJSON-1158855729 tempest-VolumeSnapshotQuotasNegativeTestJSON-1158855729-project] GET http://10.222.0.48/volume/v3/915841779ddc44cebdabf6b00686a9f1/snapshots/243a11db-8fba-4ac5-aa62-dd1773bc4f82
Jan 19 13:04:35.777338 dv-cinder-823015-4-iscsi devstack@c-api.service[109652]: DEBUG cinder.api.openstack.wsgi [None req-20d3d1bd-46ba-4e0f-8de0-8eee4ac7b217 tempest-VolumeSnapshotQuotasNegativeTestJSON-1158855729 tempest-VolumeSnapshotQuotasNegativeTestJSON-1158855729-project] Empty body provided in request {{(pid=109652) get_body /opt/stack/cinder/cinder/api/openstack/wsgi.py:715}}
