Sep 19 11:24:56.379700 dv-cinder-822822-7-iscsi neutron-server[106856]: DEBUG neutron.db.l3_hamode_db [None req-180fe1e7-3f4b-471e-ba7c-7982bedfe890 None None] neutron.services.l3_router.l3_router_plugin.L3RouterPlugin method get_ha_sync_data_for_host called with arguments (, 'dv-cinder-822822-7-iscsi', Agent(admin_state_up=True,agent_type='L3 agent',availability_zone='nova',binary='neutron-l3-agent',configurations={"agent_mode": "legacy", "ex_gw_ports": 1, "extensions": [], "floating_ips": 0, "handle_internal_only_routers": true, "interface_driver": "openvswitch", "interfaces": 1, "log_agent_heartbeats": false, "routers": 1},created_at=2022-09-19T11:16:28Z,description=,heartbeat_timestamp=2022-09-19T11:24:28Z,host='dv-cinder-822822-7-iscsi',id=fefa2e3e-c8cb-490e-afb2-7c0dde2c4bad,load=0,resource_versions=,resources_synced=,started_at=2022-09-19T11:16:29Z,topic='l3_agent')) {'router_ids': ['ddf4b6f8-dd02-48b4-863f-db701dd86806'], 'active': True} {{(pid=106856) wrapper /usr/local/lib/python3.8/dist-packages/oslo_log/helpers.py:65}}
Sep 19 11:24:56.394970 dv-cinder-822822-7-iscsi neutron-server[106853]: DEBUG neutron_lib.callbacks.manager [None req-947eecaa-4bf4-4487-b5aa-f959e5277a62 admin admin] Publish callbacks ['neutron.plugins.ml2.ovo_rpc._ObjectChangeHandler.handle_event-615059', 'neutron.api.rpc.agentnotifiers.dhcp_rpc_agent_api.DhcpAgentNotifyAPI._native_event_send_dhcp_notification-1036818'] for subnet (f92788bc-e020-4bc9-b564-9d1d8f6f079e), after_create {{(pid=106853) _notify_loop /usr/local/lib/python3.8/dist-packages/neutron_lib/callbacks/manager.py:176}}
Sep 19 11:24:56.405158 dv-cinder-822822-7-iscsi neutron-server[106853]: DEBUG neutron_lib.callbacks.manager [None req-572565c2-016f-4673-8863-d09c4677445b admin admin] Publish callbacks [] for router_controller (54008f9c-70c3-4d6b-ba6f-ec0c41fd651f), precommit_add_association {{(pid=106853) _notify_loop /usr/local/lib/python3.8/dist-packages/neutron_lib/callbacks/manager.py:176}}
Sep 19 11:24:56.457033 dv-cinder-822822-7-iscsi neutron-server[106854]: DEBUG neutron_lib.callbacks.manager [None req-6f90ff9c-681a-41fc-bacb-0325adbf4741 admin admin] Publish callbacks [] for router (None), before_response {{(pid=106854) _notify_loop /usr/local/lib/python3.8/dist-packages/neutron_lib/callbacks/manager.py:176}}
Sep 19 11:24:56.459365 dv-cinder-822822-7-iscsi neutron-server[106854]: INFO neutron.wsgi [None req-6f90ff9c-681a-41fc-bacb-0325adbf4741 admin admin] 10.222.0.78 "POST /networking/v2.0/routers HTTP/1.1" status: 201 len: 929 time: 3.4364138
Sep 19 11:24:56.461954 dv-cinder-822822-7-iscsi neutron-server[106854]: DEBUG neutron.wsgi [-] (106854) accepted ('10.222.0.78', 46006) {{(pid=106854) server /usr/local/lib/python3.8/dist-packages/eventlet/wsgi.py:1004}}
Sep 19 11:24:56.479378 dv-cinder-822822-7-iscsi neutron-server[106853]: DEBUG neutron.api.rpc.handlers.resources_rpc [None req-947eecaa-4bf4-4487-b5aa-f959e5277a62 admin admin] Pushing event updated for resources: {'Subnet': ['ID=f92788bc-e020-4bc9-b564-9d1d8f6f079e,revision_number=0']} {{(pid=106853) push /opt/stack/neutron/neutron/api/rpc/handlers/resources_rpc.py:237}}
Sep 19 11:24:56.482454 dv-cinder-822822-7-iscsi neutron-server[106853]: DEBUG neutron.plugins.ml2.drivers.mech_agent [None req-947eecaa-4bf4-4487-b5aa-f959e5277a62 admin admin] Checking segment: {'id': 'f9be89b7-8751-4335-a5ad-3b682d279eeb', 'network_type': 'vlan', 'physical_network': 'physnet1', 'segmentation_id': 552, 'network_id': 'bade7eef-3602-4313-86ff-efde9395cb00'} for mappings: {'physnet1': 'br-data'} with network types: ['local', 'flat', 'vlan'] {{(pid=106853) check_segment_for_agent /opt/stack/neutron/neutron/plugins/ml2/drivers/mech_agent.py:399}}
Sep 19 11:24:56.482805 dv-cinder-822822-7-iscsi neutron-server[106853]: DEBUG neutron.scheduler.dhcp_agent_scheduler [None req-947eecaa-4bf4-4487-b5aa-f959e5277a62 admin admin] Network hostable DHCP agents. Network: bade7eef-3602-4313-86ff-efde9395cb00, hostable agents: ['1e446051-8fb1-4bc0-95c0-5ed859d885d8'], hosted agents: [] {{(pid=106853) _get_network_hostable_dhcp_agents /opt/stack/neutron/neutron/scheduler/dhcp_agent_scheduler.py:329}}
Sep 19 11:24:56.605159 dv-cinder-822822-7-iscsi neutron-server[106855]: DEBUG neutron_lib.callbacks.manager [None req-01f5f63d-2598-4b05-8a80-8c4eeb2fa264 None None] Publish callbacks [] for port (4b9554a3-a02f-4ed2-9b86-e3ce076acfd3), precommit_create {{(pid=106855) _notify_loop /usr/local/lib/python3.8/dist-packages/neutron_lib/callbacks/manager.py:176}}
Sep 19 11:24:56.644235 dv-cinder-822822-7-iscsi neutron-server[106856]: DEBUG neutron.db.l3_dvr_db [None req-180fe1e7-3f4b-471e-ba7c-7982bedfe890 None None] Set router ddf4b6f8-dd02-48b4-863f-db701dd86806 gateway port host: dv-cinder-822822-7-iscsi {{(pid=106856) _build_routers_list /opt/stack/neutron/neutron/db/l3_dvr_db.py:907}}
Sep 19 11:24:56.718252 dv-cinder-822822-7-iscsi neutron-server[106855]: DEBUG neutron_lib.callbacks.manager [None req-01f5f63d-2598-4b05-8a80-8c4eeb2fa264 None None] Publish callbacks ['neutron.plugins.ml2.plugin.SecurityGroupServerNotifierRpcMixin._notify_sg_on_port_change-1952139', 'neutron.plugins.ml2.ovo_rpc._ObjectChangeHandler.handle_event-50675', 'neutron.api.rpc.agentnotifiers.dhcp_rpc_agent_api.DhcpAgentNotifyAPI._native_event_send_dhcp_notification-1036818', 'neutron.db.l3_dvrscheduler_db._notify_l3_agent_new_port-8761014208449'] for port (4b9554a3-a02f-4ed2-9b86-e3ce076acfd3), after_create {{(pid=106855) _notify_loop /usr/local/lib/python3.8/dist-packages/neutron_lib/callbacks/manager.py:176}}
Sep 19 11:24:56.786522 dv-cinder-822822-7-iscsi neutron-server[106853]: DEBUG neutron_lib.callbacks.manager [None req-572565c2-016f-4673-8863-d09c4677445b admin admin] Publish callbacks [] for router_gateway (54008f9c-70c3-4d6b-ba6f-ec0c41fd651f), precommit_update {{(pid=106853) _notify_loop /usr/local/lib/python3.8/dist-packages/neutron_lib/callbacks/manager.py:176}}
Sep 19 11:24:56.796885 dv-cinder-822822-7-iscsi neutron-server[106853]: DEBUG neutron.scheduler.dhcp_agent_scheduler [None req-947eecaa-4bf4-4487-b5aa-f959e5277a62 admin admin] Network bade7eef-3602-4313-86ff-efde9395cb00 is scheduled to be hosted by DHCP agent 1e446051-8fb1-4bc0-95c0-5ed859d885d8 with binding_index 1 {{(pid=106853) bind /opt/stack/neutron/neutron/scheduler/dhcp_agent_scheduler.py:227}}
Sep 19 11:24:56.868302 dv-cinder-822822-7-iscsi neutron-server[106856]: DEBUG neutron.db.l3_hamode_db [None req-180fe1e7-3f4b-471e-ba7c-7982bedfe890 None None] neutron.services.l3_router.l3_router_plugin.L3RouterPlugin method _process_sync_ha_data called with arguments (, [{'id': 'ddf4b6f8-dd02-48b4-863f-db701dd86806', 'name': 'tempest-ServerRescueNegativeTestJSON-240669405-router', 'tenant_id': '7f4d504e02a645b6a5ebc78ed0bc5a41', 'admin_state_up': True, 'status': 'ACTIVE', 'external_gateway_info': {'network_id': '61be5f16-2d78-4cb8-a4c1-9c6d5aa5f648', 'external_fixed_ips': [{'subnet_id': '86306803-3f5e-48fb-a12a-9a8a94667acc', 'ip_address': '172.27.1.75'}], 'enable_snat': True}, 'gw_port_id': '43f594fc-2143-44ee-9dda-1c89830e746d', 'description': '', 'availability_zones': ['nova'], 'distributed': False, 'ha': False, 'ha_vr_id': 0, 'availability_zone_hints': [], 'routes': [], 'flavor_id': None, 'tags': [], 'created_at': '2022-09-19T11:24:53Z', 'updated_at': '2022-09-19T11:24:55Z', 'revision_number': 3, 'project_id': '7f4d504e02a645b6a5ebc78ed0bc5a41', 'gw_port': {'id': '43f594fc-2143-44ee-9dda-1c89830e746d', 'name': '', 'network_id': '61be5f16-2d78-4cb8-a4c1-9c6d5aa5f648', 'tenant_id': '', 'mac_address': 'fa:16:3e:3f:12:cb', 'admin_state_up': True, 'status': 'DOWN', 'device_id': 'ddf4b6f8-dd02-48b4-863f-db701dd86806', 'device_owner': 'network:router_gateway', 'standard_attr_id': 48, 'fixed_ips': [{'subnet_id': '86306803-3f5e-48fb-a12a-9a8a94667acc', 'ip_address': '172.27.1.75', 'prefixlen': 24}], 'allowed_address_pairs': [], 'extra_dhcp_opts': [], 'security_groups': [], 'description': '', 'binding:vnic_type': 'normal', 'binding:profile': {}, 'binding:host_id': '', 'binding:vif_type': 'unbound', 'binding:vif_details': {}, 'port_security_enabled': False, 'tags': [], 'created_at': '2022-09-19T11:24:53Z', 'updated_at': '2022-09-19T11:24:54Z', 'revision_number': 1, 'project_id': '', 'subnets': [{'id': '86306803-3f5e-48fb-a12a-9a8a94667acc', 'cidr': '172.27.1.0/24', 'gateway_ip': '172.27.1.1', 'dns_nameservers': [], 'ipv6_ra_mode': None, 'subnetpool_id': None}], 'extra_subnets': [], 'address_scopes': {4: None, 6: None}, 'mtu': 1500}, 'enable_snat': True, 'gw_port_host': 'dv-cinder-822822-7-iscsi'}], 'dv-cinder-822822-7-iscsi', False) {} {{(pid=106856) wrapper /usr/local/lib/python3.8/dist-packages/oslo_log/helpers.py:65}}
Sep 19 11:24:56.912084 dv-cinder-822822-7-iscsi neutron-server[106853]: DEBUG neutron.scheduler.base_scheduler [None req-947eecaa-4bf4-4487-b5aa-f959e5277a62 admin admin] Resources bound (agent type, host, resource id): (DHCP agent, dv-cinder-822822-7-iscsi, bade7eef-3602-4313-86ff-efde9395cb00) {{(pid=106853) schedule /opt/stack/neutron/neutron/scheduler/base_scheduler.py:57}}
Sep 19 11:24:56.931629 dv-cinder-822822-7-iscsi neutron-server[106856]: DEBUG neutron.api.rpc.handlers.l3_rpc [None req-180fe1e7-3f4b-471e-ba7c-7982bedfe890 None None] Checking router: ddf4b6f8-dd02-48b4-863f-db701dd86806 for host: dv-cinder-822822-7-iscsi {{(pid=106856) _ensure_host_set_on_ports /opt/stack/neutron/neutron/api/rpc/handlers/l3_rpc.py:155}}
Sep 19 11:24:56.931629 dv-cinder-822822-7-iscsi neutron-server[106856]: DEBUG neutron.api.rpc.handlers.l3_rpc [None req-180fe1e7-3f4b-471e-ba7c-7982bedfe890 None None] Updating router ddf4b6f8-dd02-48b4-863f-db701dd86806 port 43f594fc-2143-44ee-9dda-1c89830e746d binding host dv-cinder-822822-7-iscsi {{(pid=106856) _ensure_host_set_on_port /opt/stack/neutron/neutron/api/rpc/handlers/l3_rpc.py:205}}
Sep 19 11:24:56.931905 dv-cinder-822822-7-iscsi neutron-server[106853]: DEBUG neutron.pecan_wsgi.hooks.policy_enforcement [None req-947eecaa-4bf4-4487-b5aa-f959e5277a62 admin admin] Attributes excluded by policy engine: ['standard_attr_id', 'shared', 'network'] {{(pid=106853) _exclude_attributes_by_policy /opt/stack/neutron/neutron/pecan_wsgi/hooks/policy_enforcement.py:259}}
Sep 19 11:24:56.935233 dv-cinder-822822-7-iscsi neutron-server[106853]: DEBUG neutron_lib.callbacks.manager [None req-947eecaa-4bf4-4487-b5aa-f959e5277a62 admin admin] Publish callbacks ['neutron.api.rpc.agentnotifiers.dhcp_rpc_agent_api.DhcpAgentNotifyAPI._send_dhcp_notification-1036800'] for subnet (None), before_response {{(pid=106853) _notify_loop /usr/local/lib/python3.8/dist-packages/neutron_lib/callbacks/manager.py:176}}
Sep 19 11:24:56.973159 dv-cinder-822822-7-iscsi neutron-server[106855]: DEBUG neutron.api.rpc.handlers.dhcp_rpc [None req-8b0c5687-5c60-47f7-98c9-072b70a1616a None None] Network bade7eef-3602-4313-86ff-efde9395cb00 requested from dv-cinder-822822-7-iscsi {{(pid=106855) get_network_info /opt/stack/neutron/neutron/api/rpc/handlers/dhcp_rpc.py:193}}
Sep 19 11:24:57.009578 dv-cinder-822822-7-iscsi neutron-server[106856]: DEBUG neutron_lib.callbacks.manager [None req-180fe1e7-3f4b-471e-ba7c-7982bedfe890 None None] Publish callbacks ['neutron.plugins.ml2.plugin.SecurityGroupDbMixin._ensure_default_security_group_handler-1951310'] for port (43f594fc-2143-44ee-9dda-1c89830e746d), before_update {{(pid=106856) _notify_loop /usr/local/lib/python3.8/dist-packages/neutron_lib/callbacks/manager.py:176}}
Sep 19 11:24:57.088137 dv-cinder-822822-7-iscsi neutron-server[106854]: DEBUG neutron_lib.callbacks.manager [None req-09999dd7-2b1c-4d6d-a3d6-aa115b7f4457 admin admin] Publish callbacks ['neutron.plugins.ml2.plugin.SecurityGroupDbMixin._ensure_default_security_group_handler-1951310'] for port (None), before_create {{(pid=106854) _notify_loop /usr/local/lib/python3.8/dist-packages/neutron_lib/callbacks/manager.py:176}}
Sep 19 11:24:57.112247 dv-cinder-822822-7-iscsi neutron-server[106855]: DEBUG neutron.plugins.ml2.rpc [None req-ee044cb3-13be-4ae7-8b54-5a9c72afef1f None None] Device 5e2b97e1-0203-4e08-a48e-faae7d6addc7 up at agent ovs-agent-dv-cinder-822822-7-iscsi {{(pid=106855) update_device_up /opt/stack/neutron/neutron/plugins/ml2/rpc.py:296}}
Sep 19 11:24:57.225530 dv-cinder-822822-7-iscsi neutron-server[106853]: INFO neutron.wsgi [None req-947eecaa-4bf4-4487-b5aa-f959e5277a62 admin admin] 10.222.0.78 "POST /networking/v2.0/subnets HTTP/1.1" status: 201 len: 846 time: 1.5998726
Sep 19 11:24:57.226830 dv-cinder-822822-7-iscsi neutron-server[106854]: DEBUG neutron.wsgi [-] (106854) accepted ('10.222.0.78', 46032) {{(pid=106854) server /usr/local/lib/python3.8/dist-packages/eventlet/wsgi.py:1004}}
Sep 19 11:24:57.239019 dv-cinder-822822-7-iscsi neutron-server[106854]: DEBUG neutron.api.v2.base [None req-a7a5c224-c433-4b25-a58e-a121ea4cb3e7 admin admin] Request body: {'router': {'name': 'tempest-AttachVolumeTestJSON-101065000-router', 'tenant_id': '4767407e0fb04faaaa3a520128aa88df', 'external_gateway_info': {'network_id': '61be5f16-2d78-4cb8-a4c1-9c6d5aa5f648'}}} {{(pid=106854) prepare_request_body /opt/stack/neutron/neutron/api/v2/base.py:730}}
Sep 19 11:24:57.370147 dv-cinder-822822-7-iscsi neutron-server[106855]: DEBUG neutron.scheduler.dhcp_agent_scheduler [None req-01f5f63d-2598-4b05-8a80-8c4eeb2fa264 None None] Network f2812bee-46c4-46c1-bb26-bcfb036c902b is already hosted by enough agents. {{(pid=106855) _get_dhcp_agents_hosting_network /opt/stack/neutron/neutron/scheduler/dhcp_agent_scheduler.py:275}}
Sep 19 11:24:57.371773 dv-cinder-822822-7-iscsi neutron-server[106855]: DEBUG neutron.api.rpc.handlers.dhcp_rpc [None req-4cad9143-55b6-4379-a5a9-fa590055d552 None None] Create dhcp port {'port': {'name': '', 'admin_state_up': True, 'device_id': 'dhcp245030ae-71c9-5c47-851b-01472069060f-bade7eef-3602-4313-86ff-efde9395cb00', 'network_id': 'bade7eef-3602-4313-86ff-efde9395cb00', 'project_id': '4767407e0fb04faaaa3a520128aa88df', 'fixed_ips': [{'subnet_id': 'f92788bc-e020-4bc9-b564-9d1d8f6f079e'}]}} from dv-cinder-822822-7-iscsi. {{(pid=106855) create_dhcp_port /opt/stack/neutron/neutron/api/rpc/handlers/dhcp_rpc.py:282}}
Sep 19 11:24:57.373006 dv-cinder-822822-7-iscsi neutron-server[106855]: DEBUG neutron_lib.callbacks.manager [None req-4cad9143-55b6-4379-a5a9-fa590055d552 None None] Publish callbacks ['neutron.plugins.ml2.plugin.SecurityGroupDbMixin._ensure_default_security_group_handler-1951310'] for port (None), before_create {{(pid=106855) _notify_loop /usr/local/lib/python3.8/dist-packages/neutron_lib/callbacks/manager.py:176}}
Sep 19 11:24:57.415413 dv-cinder-822822-7-iscsi neutron-server[106855]: DEBUG neutron.db.provisioning_blocks [None req-ee044cb3-13be-4ae7-8b54-5a9c72afef1f None None] Provisioning complete for port 5e2b97e1-0203-4e08-a48e-faae7d6addc7 triggered by entity L2. {{(pid=106855) provisioning_complete /opt/stack/neutron/neutron/db/provisioning_blocks.py:144}}
Sep 19 11:24:57.415810 dv-cinder-822822-7-iscsi neutron-server[106855]: DEBUG neutron_lib.callbacks.manager [None req-ee044cb3-13be-4ae7-8b54-5a9c72afef1f None None] Publish callbacks ['neutron.plugins.ml2.plugin.Ml2Plugin._port_provisioned-1879774'] for port (5e2b97e1-0203-4e08-a48e-faae7d6addc7), provisioning_complete {{(pid=106855) _notify_loop /usr/local/lib/python3.8/dist-packages/neutron_lib/callbacks/manager.py:176}}
Sep 19 11:24:57.416235 dv-cinder-822822-7-iscsi neutron-server[106855]: INFO neutron.plugins.ml2.plugin [None req-ee044cb3-13be-4ae7-8b54-5a9c72afef1f None None] Attempt 1 to provision port 5e2b97e1-0203-4e08-a48e-faae7d6addc7
Sep 19 11:24:57.422600 dv-cinder-822822-7-iscsi neutron-server[106855]: DEBUG neutron.scheduler.base_scheduler [None req-01f5f63d-2598-4b05-8a80-8c4eeb2fa264 None None] Resources bound (agent type, host, resource id): {{(pid=106855) schedule /opt/stack/neutron/neutron/scheduler/base_scheduler.py:57}}
Sep 19 11:24:57.428529 dv-cinder-822822-7-iscsi neutron-server[106855]: DEBUG neutron.db.l3_dvrscheduler_db [None req-01f5f63d-2598-4b05-8a80-8c4eeb2fa264 None None] Received port after_create {{(pid=106855) _notify_l3_agent_new_port /opt/stack/neutron/neutron/db/l3_dvrscheduler_db.py:538}}
Sep 19 11:24:57.441790 dv-cinder-822822-7-iscsi neutron-server[106855]: DEBUG neutron.api.rpc.handlers.resources_rpc [None req-01f5f63d-2598-4b05-8a80-8c4eeb2fa264 None None] Pushing event updated for resources: {'Port': ['ID=4b9554a3-a02f-4ed2-9b86-e3ce076acfd3,revision_number=1']} {{(pid=106855) push /opt/stack/neutron/neutron/api/rpc/handlers/resources_rpc.py:237}}
Sep 19 11:24:57.483849 dv-cinder-822822-7-iscsi neutron-server[106853]: DEBUG neutron_lib.callbacks.manager [None req-572565c2-016f-4673-8863-d09c4677445b admin admin] Publish callbacks [] for router_gateway (54008f9c-70c3-4d6b-ba6f-ec0c41fd651f), before_create {{(pid=106853) _notify_loop /usr/local/lib/python3.8/dist-packages/neutron_lib/callbacks/manager.py:176}}
Sep 19 11:24:57.490534 dv-cinder-822822-7-iscsi neutron-server[106854]: DEBUG neutron_lib.callbacks.manager [None req-a7a5c224-c433-4b25-a58e-a121ea4cb3e7 admin admin] Publish callbacks ['neutron.services.l3_router.l3_router_plugin.L3_HA_NAT_db_mixin._before_router_create_handler-563587', 'neutron.services.l3_router.service_providers.driver_controller.DriverController._check_router_request-12404'] for router (1d7f9f45-17ef-451c-8575-4a5238e25994), before_create {{(pid=106854) _notify_loop /usr/local/lib/python3.8/dist-packages/neutron_lib/callbacks/manager.py:176}}
Sep 19 11:24:57.496695 dv-cinder-822822-7-iscsi neutron-server[106854]: DEBUG neutron_lib.callbacks.manager [None req-a7a5c224-c433-4b25-a58e-a121ea4cb3e7 admin admin] Publish callbacks ['neutron.services.l3_router.l3_router_plugin.L3_HA_NAT_db_mixin._precommit_router_create-568254', 'neutron.services.l3_router.l3_router_plugin.DVRResourceOperationHandler._set_distributed_flag-1048305', 'neutron.services.l3_router.l3_router_plugin.RouterAvailabilityZoneMixin._process_az_request-686905', 'neutron.services.l3_router.service_providers.driver_controller.DriverController._set_router_provider-12397'] for router (1d7f9f45-17ef-451c-8575-4a5238e25994), precommit_create {{(pid=106854) _notify_loop /usr/local/lib/python3.8/dist-packages/neutron_lib/callbacks/manager.py:176}}
Sep 19 11:24:57.537899 dv-cinder-822822-7-iscsi neutron-server[106856]: DEBUG neutron_lib.callbacks.manager [None req-180fe1e7-3f4b-471e-ba7c-7982bedfe890 None None] Publish callbacks [] for port (43f594fc-2143-44ee-9dda-1c89830e746d), precommit_update {{(pid=106856) _notify_loop /usr/local/lib/python3.8/dist-packages/neutron_lib/callbacks/manager.py:176}}
Sep 19 11:24:57.538889 dv-cinder-822822-7-iscsi neutron-server[106853]: DEBUG neutron_lib.callbacks.manager [None req-572565c2-016f-4673-8863-d09c4677445b admin admin] Publish callbacks ['neutron.plugins.ml2.plugin.SecurityGroupDbMixin._ensure_default_security_group_handler-1951310'] for port (None), before_create {{(pid=106853) _notify_loop /usr/local/lib/python3.8/dist-packages/neutron_lib/callbacks/manager.py:176}}
Sep 19 11:24:57.616299 dv-cinder-822822-7-iscsi neutron-server[106856]: DEBUG neutron_lib.callbacks.manager [None req-180fe1e7-3f4b-471e-ba7c-7982bedfe890 None None] Publish callbacks ['neutron.plugins.ml2.plugin.SecurityGroupServerNotifierRpcMixin._notify_sg_on_port_change-1952139', 'neutron.plugins.ml2.ovo_rpc._ObjectChangeHandler.handle_event-50675', 'neutron.api.rpc.agentnotifiers.dhcp_rpc_agent_api.DhcpAgentNotifyAPI._native_event_send_dhcp_notification-1036818', 'neutron.db.l3_db.L3RpcNotifierMixin._notify_gateway_port_ip_changed-8761014749350', 'neutron.db.l3_dvrscheduler_db._notify_l3_agent_port_update-8761014208467', 'neutron.db.l3_hascheduler_db._notify_l3_agent_ha_port_update-8761014208485'] for port (43f594fc-2143-44ee-9dda-1c89830e746d), after_update {{(pid=106856) _notify_loop /usr/local/lib/python3.8/dist-packages/neutron_lib/callbacks/manager.py:176}}
Sep 19 11:24:57.619496 dv-cinder-822822-7-iscsi neutron-server[106854]: DEBUG neutron_lib.callbacks.manager [None req-a7a5c224-c433-4b25-a58e-a121ea4cb3e7 admin admin] Publish callbacks [] for router_controller (1d7f9f45-17ef-451c-8575-4a5238e25994), precommit_add_association {{(pid=106854) _notify_loop /usr/local/lib/python3.8/dist-packages/neutron_lib/callbacks/manager.py:176}}
Sep 19 11:24:57.644167 dv-cinder-822822-7-iscsi neutron-server[106854]: DEBUG neutron.db.db_base_plugin_common [None req-09999dd7-2b1c-4d6d-a3d6-aa115b7f4457 admin admin] Allocated IP 172.20.0.1 (f8725e24-32ff-48e9-8c98-5e2c3e121e45/68abf606-4ed5-40cc-acf7-2d501b1e5d0e/fdf1cc83-b9ea-4eb4-b055-6b223fb07e59) {{(pid=106854) _store_ip_allocation /opt/stack/neutron/neutron/db/db_base_plugin_common.py:131}}
Sep 19 11:24:57.706159 dv-cinder-822822-7-iscsi neutron-server[106856]: DEBUG neutron.api.rpc.handlers.resources_rpc [None req-9b0c5c9a-3911-4ca0-a1d3-62bf9b0871d6 None None] Pushing event updated for resources: {'Port': ['ID=43f594fc-2143-44ee-9dda-1c89830e746d,revision_number=2']} {{(pid=106856) push /opt/stack/neutron/neutron/api/rpc/handlers/resources_rpc.py:237}}
Sep 19 11:24:57.723585 dv-cinder-822822-7-iscsi neutron-server[106856]: DEBUG neutron.api.rpc.callbacks.version_manager [None req-9b0c5c9a-3911-4ca0-a1d3-62bf9b0871d6 None None] Version for resource type AddressGroup changed None to 1.2 on consumer Open vSwitch agent@dv-cinder-822822-7-iscsi {{(pid=106856) _set_version /opt/stack/neutron/neutron/api/rpc/callbacks/version_manager.py:113}}
Sep 19 11:24:57.723964 dv-cinder-822822-7-iscsi neutron-server[106856]: DEBUG neutron.api.rpc.callbacks.version_manager [None req-9b0c5c9a-3911-4ca0-a1d3-62bf9b0871d6 None None] Version for resource type Agent changed None to 1.1 on consumer Open vSwitch agent@dv-cinder-822822-7-iscsi {{(pid=106856) _set_version /opt/stack/neutron/neutron/api/rpc/callbacks/version_manager.py:113}}
Sep 19 11:24:57.724368 dv-cinder-822822-7-iscsi neutron-server[106856]: DEBUG neutron.api.rpc.callbacks.version_manager [None req-9b0c5c9a-3911-4ca0-a1d3-62bf9b0871d6 None None] Version for resource type ConntrackHelper changed None to 1.0 on consumer Open vSwitch agent@dv-cinder-822822-7-iscsi {{(pid=106856) _set_version /opt/stack/neutron/neutron/api/rpc/callbacks/version_manager.py:113}}
Sep 19 11:24:57.724690 dv-cinder-822822-7-iscsi neutron-server[106856]: DEBUG neutron.api.rpc.callbacks.version_manager [None req-9b0c5c9a-3911-4ca0-a1d3-62bf9b0871d6 None None] Version for resource type LocalIPAssociation changed None to 1.0 on consumer Open vSwitch agent@dv-cinder-822822-7-iscsi {{(pid=106856) _set_version /opt/stack/neutron/neutron/api/rpc/callbacks/version_manager.py:113}}
Sep 19 11:24:57.725032 dv-cinder-822822-7-iscsi neutron-server[106856]: DEBUG neutron.api.rpc.callbacks.version_manager [None req-9b0c5c9a-3911-4ca0-a1d3-62bf9b0871d6 None None] Version for resource type Log changed None to 1.0 on consumer Open vSwitch agent@dv-cinder-822822-7-iscsi {{(pid=106856) _set_version /opt/stack/neutron/neutron/api/rpc/callbacks/version_manager.py:113}}
Sep 19 11:24:57.725451 dv-cinder-822822-7-iscsi neutron-server[106856]: DEBUG neutron.api.rpc.callbacks.version_manager [None req-9b0c5c9a-3911-4ca0-a1d3-62bf9b0871d6 None None] Version for resource type NDPProxy changed None to 1.0 on consumer Open vSwitch agent@dv-cinder-822822-7-iscsi {{(pid=106856) _set_version /opt/stack/neutron/neutron/api/rpc/callbacks/version_manager.py:113}}
Sep 19 11:24:57.725811 dv-cinder-822822-7-iscsi neutron-server[106856]: DEBUG neutron.api.rpc.callbacks.version_manager [None req-9b0c5c9a-3911-4ca0-a1d3-62bf9b0871d6 None None] Version for resource type Network changed None to 1.1 on consumer Open vSwitch agent@dv-cinder-822822-7-iscsi {{(pid=106856) _set_version /opt/stack/neutron/neutron/api/rpc/callbacks/version_manager.py:113}}
Sep 19 11:24:57.726107 dv-cinder-822822-7-iscsi neutron-server[106856]: DEBUG neutron.api.rpc.callbacks.version_manager [None req-9b0c5c9a-3911-4ca0-a1d3-62bf9b0871d6 None None] Version for resource type Port changed None to 1.7 on consumer Open vSwitch agent@dv-cinder-822822-7-iscsi {{(pid=106856) _set_version /opt/stack/neutron/neutron/api/rpc/callbacks/version_manager.py:113}}
Sep 19 11:24:57.726438 dv-cinder-822822-7-iscsi neutron-server[106856]: DEBUG neutron.api.rpc.callbacks.version_manager [None req-9b0c5c9a-3911-4ca0-a1d3-62bf9b0871d6 None None] Version for resource type PortForwarding changed None to 1.3 on consumer Open vSwitch agent@dv-cinder-822822-7-iscsi {{(pid=106856) _set_version /opt/stack/neutron/neutron/api/rpc/callbacks/version_manager.py:113}}
Sep 19 11:24:57.726767 dv-cinder-822822-7-iscsi neutron-server[106856]: DEBUG neutron.api.rpc.callbacks.version_manager [None req-9b0c5c9a-3911-4ca0-a1d3-62bf9b0871d6 None None] Version for resource type QosPolicy changed None to 1.10 on consumer Open vSwitch agent@dv-cinder-822822-7-iscsi {{(pid=106856) _set_version /opt/stack/neutron/neutron/api/rpc/callbacks/version_manager.py:113}}
Sep 19 11:24:57.727095 dv-cinder-822822-7-iscsi neutron-server[106856]: DEBUG neutron.api.rpc.callbacks.version_manager [None req-9b0c5c9a-3911-4ca0-a1d3-62bf9b0871d6 None None] Version for resource type SecurityGroup changed None to 1.5 on consumer Open vSwitch agent@dv-cinder-822822-7-iscsi {{(pid=106856) _set_version /opt/stack/neutron/neutron/api/rpc/callbacks/version_manager.py:113}}
Sep 19 11:24:57.727466 dv-cinder-822822-7-iscsi neutron-server[106856]: DEBUG neutron.api.rpc.callbacks.version_manager [None req-9b0c5c9a-3911-4ca0-a1d3-62bf9b0871d6 None None] Version for resource type SecurityGroupRule changed None to 1.2 on consumer Open vSwitch agent@dv-cinder-822822-7-iscsi {{(pid=106856) _set_version /opt/stack/neutron/neutron/api/rpc/callbacks/version_manager.py:113}}
Sep 19 11:24:57.727797 dv-cinder-822822-7-iscsi neutron-server[106856]: DEBUG neutron.api.rpc.callbacks.version_manager [None req-9b0c5c9a-3911-4ca0-a1d3-62bf9b0871d6 None None] Version for resource type SubPort changed None to 1.0 on consumer Open vSwitch agent@dv-cinder-822822-7-iscsi {{(pid=106856) _set_version /opt/stack/neutron/neutron/api/rpc/callbacks/version_manager.py:113}}
Sep 19 11:24:57.728118 dv-cinder-822822-7-iscsi neutron-server[106856]: DEBUG neutron.api.rpc.callbacks.version_manager [None req-9b0c5c9a-3911-4ca0-a1d3-62bf9b0871d6 None None] Version for resource type Subnet changed None to 1.1 on consumer Open vSwitch agent@dv-cinder-822822-7-iscsi {{(pid=106856) _set_version /opt/stack/neutron/neutron/api/rpc/callbacks/version_manager.py:113}}
Sep 19 11:24:57.728441 dv-cinder-822822-7-iscsi neutron-server[106856]: DEBUG neutron.api.rpc.callbacks.version_manager [None req-9b0c5c9a-3911-4ca0-a1d3-62bf9b0871d6 None None] Version for resource type Trunk changed None to 1.1 on consumer Open vSwitch agent@dv-cinder-822822-7-iscsi {{(pid=106856) _set_version /opt/stack/neutron/neutron/api/rpc/callbacks/version_manager.py:113}}
Sep 19 11:24:57.730101 dv-cinder-822822-7-iscsi neutron-server[106856]: DEBUG neutron.api.rpc.callbacks.version_manager [None req-9b0c5c9a-3911-4ca0-a1d3-62bf9b0871d6 None None] Tracked resource versions report:
Sep 19 11:24:57.730101 dv-cinder-822822-7-iscsi neutron-server[106856]: pushed versions:
Sep 19 11:24:57.730101 dv-cinder-822822-7-iscsi neutron-server[106856]: { 'AddressGroup': {'1.2'},
Sep 19 11:24:57.730101 dv-cinder-822822-7-iscsi neutron-server[106856]: 'Agent': {'1.1'},
Sep 19 11:24:57.730101 dv-cinder-822822-7-iscsi neutron-server[106856]: 'ConntrackHelper': {'1.0'},
Sep 19 11:24:57.730101 dv-cinder-822822-7-iscsi neutron-server[106856]: 'LocalIPAssociation': {'1.0'},
Sep 19 11:24:57.730101 dv-cinder-822822-7-iscsi neutron-server[106856]: 'Log': {'1.0'},
Sep 19 11:24:57.730101 dv-cinder-822822-7-iscsi neutron-server[106856]: 'NDPProxy': {'1.0'},
Sep 19 11:24:57.730101 dv-cinder-822822-7-iscsi neutron-server[106856]: 'Network': {'1.1'},
Sep 19 11:24:57.730101 dv-cinder-822822-7-iscsi neutron-server[106856]: 'Port': {'1.7'},
Sep 19 11:24:57.730101 dv-cinder-822822-7-iscsi neutron-server[106856]: 'PortForwarding': {'1.3'},
Sep 19 11:24:57.730101 dv-cinder-822822-7-iscsi neutron-server[106856]: 'QosPolicy': {'1.10'},
Sep 19 11:24:57.730101 dv-cinder-822822-7-iscsi neutron-server[106856]: 'SecurityGroup': {'1.5'},
Sep 19 11:24:57.730101 dv-cinder-822822-7-iscsi neutron-server[106856]: 'SecurityGroupRule': {'1.2'},
Sep 19 11:24:57.730101 dv-cinder-822822-7-iscsi neutron-server[106856]: 'SubPort': {'1.0'},
Sep 19 11:24:57.730101 dv-cinder-822822-7-iscsi neutron-server[106856]: 'Subnet': {'1.1'},
Sep 19 11:24:57.730101 dv-cinder-822822-7-iscsi neutron-server[106856]: 'Trunk': {'1.1'}}
Sep 19 11:24:57.730101 dv-cinder-822822-7-iscsi neutron-server[106856]: consumer versions:
Sep 19 11:24:57.730101 dv-cinder-822822-7-iscsi neutron-server[106856]: { DHCP agent@dv-cinder-822822-7-iscsi: {},
Sep 19 11:24:57.730101 dv-cinder-822822-7-iscsi neutron-server[106856]: HyperV agent@hv-cinder-82282: {},
Sep 19 11:24:57.730101 dv-cinder-822822-7-iscsi neutron-server[106856]: L3 agent@dv-cinder-822822-7-iscsi: {},
Sep 19 11:24:57.730101 dv-cinder-822822-7-iscsi neutron-server[106856]: Metadata agent@dv-cinder-822822-7-iscsi: {},
Sep 19 11:24:57.730101 dv-cinder-822822-7-iscsi neutron-server[106856]: Metering agent@dv-cinder-822822-7-iscsi: {},
Sep 19 11:24:57.730101 dv-cinder-822822-7-iscsi neutron-server[106856]: Open vSwitch agent@dv-cinder-822822-7-iscsi: { 'AddressGroup': '1.2',
Sep 19 11:24:57.730101 dv-cinder-822822-7-iscsi neutron-server[106856]: 'Agent': '1.1',
Sep 19 11:24:57.730101 dv-cinder-822822-7-iscsi neutron-server[106856]: 'ConntrackHelper': '1.0',
Sep 19 11:24:57.730101 dv-cinder-822822-7-iscsi neutron-server[106856]: 'LocalIPAssociation': '1.0',
Sep 19 11:24:57.730101 dv-cinder-822822-7-iscsi neutron-server[106856]: 'Log': '1.0',
Sep 19 11:24:57.730101 dv-cinder-822822-7-iscsi neutron-server[106856]: 'NDPProxy': '1.0',
Sep 19 11:24:57.730101 dv-cinder-822822-7-iscsi neutron-server[106856]: 'Network': '1.1',
Sep 19 11:24:57.730101 dv-cinder-822822-7-iscsi neutron-server[106856]: 'Port': '1.7',
Sep 19 11:24:57.730101 dv-cinder-822822-7-iscsi neutron-server[106856]: 'PortForwarding': '1.3',
Sep 19 11:24:57.730101 dv-cinder-822822-7-iscsi neutron-server[106856]: 'QosPolicy': '1.10',
Sep 19 11:24:57.730101 dv-cinder-822822-7-iscsi neutron-server[106856]: 'SecurityGroup': '1.5',
Sep 19 11:24:57.730101 dv-cinder-822822-7-iscsi neutron-server[106856]: 'SecurityGroupRule': '1.2',
Sep 19 11:24:57.730101 dv-cinder-822822-7-iscsi neutron-server[106856]: 'SubPort': '1.0',
Sep 19 11:24:57.730101 dv-cinder-822822-7-iscsi neutron-server[106856]: 'Subnet': '1.1',
Sep 19 11:24:57.730101 dv-cinder-822822-7-iscsi neutron-server[106856]: 'Trunk': '1.1'}}
Sep 19 11:24:57.730101 dv-cinder-822822-7-iscsi neutron-server[106856]: {{(pid=106856) report /opt/stack/neutron/neutron/api/rpc/callbacks/version_manager.py:175}}
Sep 19 11:24:57.759619 dv-cinder-822822-7-iscsi neutron-server[106856]: DEBUG neutron.plugins.ml2.managers [None req-180fe1e7-3f4b-471e-ba7c-7982bedfe890 None None] Attempting to bind port 43f594fc-2143-44ee-9dda-1c89830e746d on host dv-cinder-822822-7-iscsi for vnic_type normal with profile {{(pid=106856) bind_port /opt/stack/neutron/neutron/plugins/ml2/managers.py:810}}
Sep 19 11:24:57.760227 dv-cinder-822822-7-iscsi neutron-server[106856]: DEBUG neutron.plugins.ml2.managers [None req-180fe1e7-3f4b-471e-ba7c-7982bedfe890 None None] Attempting to bind port 43f594fc-2143-44ee-9dda-1c89830e746d by drivers openvswitch,hyperv on host dv-cinder-822822-7-iscsi at level 0 using segments [{'id': 'c17f4977-beae-4304-aca3-5bb0b1402e09', 'network_type': 'flat', 'physical_network': 'physnet1', 'segmentation_id': None, 'network_id': '61be5f16-2d78-4cb8-a4c1-9c6d5aa5f648'}] {{(pid=106856) _bind_port_level /opt/stack/neutron/neutron/plugins/ml2/managers.py:835}}
Sep 19 11:24:57.760602 dv-cinder-822822-7-iscsi neutron-server[106856]: DEBUG neutron.plugins.ml2.drivers.mech_agent [None req-180fe1e7-3f4b-471e-ba7c-7982bedfe890 None None] Attempting to bind port 43f594fc-2143-44ee-9dda-1c89830e746d on network 61be5f16-2d78-4cb8-a4c1-9c6d5aa5f648 {{(pid=106856) bind_port /opt/stack/neutron/neutron/plugins/ml2/drivers/mech_agent.py:91}}
Sep 19 11:24:57.776712 dv-cinder-822822-7-iscsi neutron-server[106853]: DEBUG neutron.db.db_base_plugin_common [None req-572565c2-016f-4673-8863-d09c4677445b admin admin] Allocated IP 172.27.1.181 (61be5f16-2d78-4cb8-a4c1-9c6d5aa5f648/86306803-3f5e-48fb-a12a-9a8a94667acc/27f1b4c4-bd62-4224-84f1-876e426b4159) {{(pid=106853) _store_ip_allocation /opt/stack/neutron/neutron/db/db_base_plugin_common.py:131}}
Sep 19 11:24:57.784022 dv-cinder-822822-7-iscsi neutron-server[106855]: DEBUG neutron.plugins.ml2.managers [None req-01f5f63d-2598-4b05-8a80-8c4eeb2fa264 None None] Attempting to bind port 4b9554a3-a02f-4ed2-9b86-e3ce076acfd3 on host dv-cinder-822822-7-iscsi for vnic_type normal with profile {{(pid=106855) bind_port /opt/stack/neutron/neutron/plugins/ml2/managers.py:810}}
Sep 19 11:24:57.784671 dv-cinder-822822-7-iscsi neutron-server[106855]: DEBUG neutron.plugins.ml2.managers [None req-01f5f63d-2598-4b05-8a80-8c4eeb2fa264 None None] Attempting to bind port 4b9554a3-a02f-4ed2-9b86-e3ce076acfd3 by drivers openvswitch,hyperv on host dv-cinder-822822-7-iscsi at level 0 using segments [{'id': '57f0afce-b701-4968-b6fe-a5f38b13dac4', 'network_type': 'vlan', 'physical_network': 'physnet1', 'segmentation_id': 565, 'network_id': 'f2812bee-46c4-46c1-bb26-bcfb036c902b'}] {{(pid=106855) _bind_port_level /opt/stack/neutron/neutron/plugins/ml2/managers.py:835}}
Sep 19 11:24:57.785625 dv-cinder-822822-7-iscsi neutron-server[106855]: DEBUG neutron.plugins.ml2.drivers.mech_agent [None req-01f5f63d-2598-4b05-8a80-8c4eeb2fa264 None None] Attempting to bind port 4b9554a3-a02f-4ed2-9b86-e3ce076acfd3 on network f2812bee-46c4-46c1-bb26-bcfb036c902b {{(pid=106855) bind_port /opt/stack/neutron/neutron/plugins/ml2/drivers/mech_agent.py:91}}
Sep 19 11:24:57.834573 dv-cinder-822822-7-iscsi neutron-server[106855]: DEBUG neutron.db.db_base_plugin_common [None req-4cad9143-55b6-4379-a5a9-fa590055d552 None None] Allocated IP 172.20.0.2 (bade7eef-3602-4313-86ff-efde9395cb00/f92788bc-e020-4bc9-b564-9d1d8f6f079e/7dc155ce-a146-4d12-9a6c-df71b8390a8c) {{(pid=106855) _store_ip_allocation /opt/stack/neutron/neutron/db/db_base_plugin_common.py:131}}
Sep 19 11:24:57.881754 dv-cinder-822822-7-iscsi neutron-server[106856]: DEBUG neutron.plugins.ml2.drivers.mech_agent [None req-180fe1e7-3f4b-471e-ba7c-7982bedfe890 None None] Checking agent: {'id': '02c9541a-0c21-4034-8c53-d0adb8fb8ab1', 'agent_type': 'Open vSwitch agent', 'binary': 'neutron-openvswitch-agent', 'topic': 'N/A', 'host': 'dv-cinder-822822-7-iscsi', 'admin_state_up': True, 'created_at': datetime.datetime(2022, 9, 19, 11, 16, 31), 'started_at': datetime.datetime(2022, 9, 19, 11, 17, 1), 'heartbeat_timestamp': datetime.datetime(2022, 9, 19, 11, 24, 31), 'description': None, 'resources_synced': None, 'availability_zone': None, 'alive': True, 'configurations': {'arp_responder_enabled': False, 'baremetal_smartnic': False, 'bridge_mappings': {'physnet1': 'br-data'}, 'datapath_type': 'system', 'devices': 0, 'enable_distributed_routing': False, 'extensions': [], 'in_distributed_mode': False, 'integration_bridge': 'br-int', 'l2_population': False, 'log_agent_heartbeats': False, 'ovs_capabilities': {'datapath_types': ['netdev', 'system'], 'iface_types': ['erspan', 'geneve', 'gre', 'internal', 'ip6erspan', 'ip6gre', 'lisp', 'patch', 'stt', 'system', 'tap', 'vxlan']}, 'ovs_hybrid_plug': False, 'resource_provider_bandwidths': {}, 'resource_provider_hypervisors': {'br-data': 'dv-cinder-822822-7-iscsi'}, 'resource_provider_inventory_defaults': {'allocation_ratio': 1.0, 'min_unit': 1, 'step_size': 1, 'reserved': 0}, 'resource_provider_packet_processing_inventory_defaults': {'allocation_ratio': 1.0, 'min_unit': 1, 'step_size': 1, 'reserved': 0}, 'resource_provider_packet_processing_with_direction': {}, 'resource_provider_packet_processing_without_direction': {}, 'tunnel_types': [], 'tunneling_ip': None, 'vhostuser_socket_dir': '/var/run/openvswitch'}, 'resource_versions': {'AddressGroup': '1.2', 'Agent': '1.1', 'ConntrackHelper': '1.0', 'LocalIPAssociation': '1.0', 'Log': '1.0', 'NDPProxy': '1.0', 'Network': '1.1', 'Port': '1.7', 'PortForwarding': '1.3', 'QosPolicy': '1.10', 'SecurityGroup': '1.5', 'SecurityGroupRule': '1.2', 'SubPort': '1.0', 'Subnet': '1.1', 'Trunk': '1.1'}} {{(pid=106856) bind_port /opt/stack/neutron/neutron/plugins/ml2/drivers/mech_agent.py:127}}
Sep 19 11:24:57.884241 dv-cinder-822822-7-iscsi neutron-server[106856]: DEBUG neutron.plugins.ml2.drivers.mech_agent [None req-180fe1e7-3f4b-471e-ba7c-7982bedfe890 None None] Checking segment: {'id': 'c17f4977-beae-4304-aca3-5bb0b1402e09', 'network_type': 'flat', 'physical_network': 'physnet1', 'segmentation_id': None, 'network_id': '61be5f16-2d78-4cb8-a4c1-9c6d5aa5f648'} for mappings: {'physnet1': 'br-data'} with network types: ['local', 'flat', 'vlan'] {{(pid=106856) check_segment_for_agent /opt/stack/neutron/neutron/plugins/ml2/drivers/mech_agent.py:399}}
Sep 19 11:24:57.884894 dv-cinder-822822-7-iscsi neutron-server[106856]: DEBUG neutron_lib.callbacks.manager [None req-180fe1e7-3f4b-471e-ba7c-7982bedfe890 None None] Publish callbacks [] for ovs_bridge_name (None), before_read {{(pid=106856) _notify_loop /usr/local/lib/python3.8/dist-packages/neutron_lib/callbacks/manager.py:176}}
Sep 19 11:24:57.885467 dv-cinder-822822-7-iscsi neutron-server[106856]: DEBUG neutron.plugins.ml2.drivers.mech_agent [None req-180fe1e7-3f4b-471e-ba7c-7982bedfe890 None None] Bound using segment: {'id': 'c17f4977-beae-4304-aca3-5bb0b1402e09', 'network_type': 'flat', 'physical_network': 'physnet1', 'segmentation_id': None, 'network_id': '61be5f16-2d78-4cb8-a4c1-9c6d5aa5f648'} {{(pid=106856) bind_port /opt/stack/neutron/neutron/plugins/ml2/drivers/mech_agent.py:137}}
Sep 19 11:24:57.886118 dv-cinder-822822-7-iscsi neutron-server[106856]: DEBUG neutron.plugins.ml2.managers [None req-180fe1e7-3f4b-471e-ba7c-7982bedfe890 None None] Bound port: 43f594fc-2143-44ee-9dda-1c89830e746d, host: dv-cinder-822822-7-iscsi, vif_type: ovs, vif_details: {"connectivity": "l2", "port_filter": true, "ovs_hybrid_plug": false, "datapath_type": "system", "bridge_name": "br-int"}, binding_levels: [{'bound_driver': 'openvswitch', 'bound_segment': {'id': 'c17f4977-beae-4304-aca3-5bb0b1402e09', 'network_type': 'flat', 'physical_network': 'physnet1', 'segmentation_id': None, 'network_id': '61be5f16-2d78-4cb8-a4c1-9c6d5aa5f648'}}] {{(pid=106856) _bind_port_level /opt/stack/neutron/neutron/plugins/ml2/managers.py:947}}
Sep 19 11:24:57.887286 dv-cinder-822822-7-iscsi neutron-server[106856]: DEBUG neutron_lib.callbacks.manager [None req-180fe1e7-3f4b-471e-ba7c-7982bedfe890 None None] Publish callbacks ['neutron.plugins.ml2.plugin.SecurityGroupDbMixin._ensure_default_security_group_handler-1951310'] for port (43f594fc-2143-44ee-9dda-1c89830e746d), before_update {{(pid=106856) _notify_loop /usr/local/lib/python3.8/dist-packages/neutron_lib/callbacks/manager.py:176}}
Sep 19 11:24:57.934834 dv-cinder-822822-7-iscsi neutron-server[106853]: DEBUG neutron_lib.callbacks.manager [None req-572565c2-016f-4673-8863-d09c4677445b admin admin] Publish callbacks [] for port (27f1b4c4-bd62-4224-84f1-876e426b4159), precommit_create {{(pid=106853) _notify_loop /usr/local/lib/python3.8/dist-packages/neutron_lib/callbacks/manager.py:176}}
Sep 19 11:24:57.952625 dv-cinder-822822-7-iscsi neutron-server[106856]: DEBUG neutron.plugins.ml2.db [None req-180fe1e7-3f4b-471e-ba7c-7982bedfe890 None None] For port 43f594fc-2143-44ee-9dda-1c89830e746d, host dv-cinder-822822-7-iscsi, cleared binding levels {{(pid=106856) clear_binding_levels /opt/stack/neutron/neutron/plugins/ml2/db.py:87}}
Sep 19 11:24:57.958059 dv-cinder-822822-7-iscsi neutron-server[106856]: DEBUG neutron.plugins.ml2.db [None req-180fe1e7-3f4b-471e-ba7c-7982bedfe890 None None] For port 43f594fc-2143-44ee-9dda-1c89830e746d, host dv-cinder-822822-7-iscsi, set binding levels [PortBindingLevel(driver='openvswitch',host='dv-cinder-822822-7-iscsi',level=0,port_id=43f594fc-2143-44ee-9dda-1c89830e746d,segment=NetworkSegment(c17f4977-beae-4304-aca3-5bb0b1402e09),segment_id=c17f4977-beae-4304-aca3-5bb0b1402e09)] {{(pid=106856) set_binding_levels /opt/stack/neutron/neutron/plugins/ml2/db.py:59}}
Sep 19 11:24:57.987463 dv-cinder-822822-7-iscsi neutron-server[106855]: DEBUG dbcounter [-] [106855] Writing DB stats neutron:SELECT=97,neutron:UPDATE=3 {{(pid=106855) stat_writer /usr/local/lib/python3.8/dist-packages/dbcounter.py:114}}
Sep 19 11:24:57.988731 dv-cinder-822822-7-iscsi neutron-server[106855]: DEBUG neutron.plugins.ml2.drivers.mech_agent [None req-01f5f63d-2598-4b05-8a80-8c4eeb2fa264 None None] Checking agent: {'id': '02c9541a-0c21-4034-8c53-d0adb8fb8ab1', 'agent_type': 'Open vSwitch agent', 'binary': 'neutron-openvswitch-agent', 'topic': 'N/A', 'host': 'dv-cinder-822822-7-iscsi', 'admin_state_up': True, 'created_at': datetime.datetime(2022, 9, 19, 11, 16, 31), 'started_at': datetime.datetime(2022, 9, 19, 11, 17, 1), 'heartbeat_timestamp': datetime.datetime(2022, 9, 19, 11, 24, 31), 'description': None, 'resources_synced': None, 'availability_zone': None, 'alive': True, 'configurations': {'arp_responder_enabled': False, 'baremetal_smartnic': False, 'bridge_mappings': {'physnet1': 'br-data'}, 'datapath_type': 'system', 'devices': 0, 'enable_distributed_routing': False, 'extensions': [], 'in_distributed_mode': False, 'integration_bridge': 'br-int', 'l2_population': False, 'log_agent_heartbeats': False, 'ovs_capabilities': {'datapath_types': ['netdev', 'system'], 'iface_types': ['erspan', 'geneve', 'gre', 'internal', 'ip6erspan', 'ip6gre', 'lisp', 'patch', 'stt', 'system', 'tap', 'vxlan']}, 'ovs_hybrid_plug': False, 'resource_provider_bandwidths': {}, 'resource_provider_hypervisors': {'br-data': 'dv-cinder-822822-7-iscsi'}, 'resource_provider_inventory_defaults': {'allocation_ratio': 1.0, 'min_unit': 1, 'step_size': 1, 'reserved': 0}, 'resource_provider_packet_processing_inventory_defaults': {'allocation_ratio': 1.0, 'min_unit': 1, 'step_size': 1, 'reserved': 0}, 'resource_provider_packet_processing_with_direction': {}, 'resource_provider_packet_processing_without_direction': {}, 'tunnel_types': [], 'tunneling_ip': None, 'vhostuser_socket_dir': '/var/run/openvswitch'}, 'resource_versions': {'AddressGroup': '1.2', 'Agent': '1.1', 'ConntrackHelper': '1.0', 'LocalIPAssociation': '1.0', 'Log': '1.0', 'NDPProxy': '1.0', 'Network': '1.1', 'Port': '1.7', 'PortForwarding': '1.3', 'QosPolicy': '1.10', 'SecurityGroup': '1.5', 'SecurityGroupRule': '1.2', 'SubPort': '1.0', 'Subnet': '1.1', 'Trunk': '1.1'}} {{(pid=106855) bind_port /opt/stack/neutron/neutron/plugins/ml2/drivers/mech_agent.py:127}}
Sep 19 11:24:57.989105 dv-cinder-822822-7-iscsi neutron-server[106855]: DEBUG neutron.plugins.ml2.drivers.mech_agent [None req-01f5f63d-2598-4b05-8a80-8c4eeb2fa264 None None] Checking segment: {'id': '57f0afce-b701-4968-b6fe-a5f38b13dac4', 'network_type': 'vlan', 'physical_network': 'physnet1', 'segmentation_id': 565, 'network_id': 'f2812bee-46c4-46c1-bb26-bcfb036c902b'} for mappings: {'physnet1': 'br-data'} with network types: ['local', 'flat', 'vlan'] {{(pid=106855) check_segment_for_agent /opt/stack/neutron/neutron/plugins/ml2/drivers/mech_agent.py:399}}
Sep 19 11:24:57.989503 dv-cinder-822822-7-iscsi neutron-server[106855]: DEBUG neutron_lib.callbacks.manager [None req-01f5f63d-2598-4b05-8a80-8c4eeb2fa264 None None] Publish callbacks [] for ovs_bridge_name (None), before_read {{(pid=106855) _notify_loop /usr/local/lib/python3.8/dist-packages/neutron_lib/callbacks/manager.py:176}}
Sep 19 11:24:57.989900 dv-cinder-822822-7-iscsi neutron-server[106855]: DEBUG neutron.plugins.ml2.drivers.mech_agent [None req-01f5f63d-2598-4b05-8a80-8c4eeb2fa264 None None] Bound using segment: {'id': '57f0afce-b701-4968-b6fe-a5f38b13dac4', 'network_type': 'vlan', 'physical_network': 'physnet1', 'segmentation_id': 565, 'network_id': 'f2812bee-46c4-46c1-bb26-bcfb036c902b'} {{(pid=106855) bind_port /opt/stack/neutron/neutron/plugins/ml2/drivers/mech_agent.py:137}}
Sep 19 11:24:57.990399 dv-cinder-822822-7-iscsi neutron-server[106855]: DEBUG neutron.plugins.ml2.managers [None req-01f5f63d-2598-4b05-8a80-8c4eeb2fa264 None None] Bound port: 4b9554a3-a02f-4ed2-9b86-e3ce076acfd3, host: dv-cinder-822822-7-iscsi, vif_type: ovs, vif_details: {"connectivity": "l2", "port_filter": true, "ovs_hybrid_plug": false, "datapath_type": "system", "bridge_name": "br-int"}, binding_levels: [{'bound_driver': 'openvswitch', 'bound_segment': {'id': '57f0afce-b701-4968-b6fe-a5f38b13dac4', 'network_type': 'vlan', 'physical_network': 'physnet1', 'segmentation_id': 565, 'network_id': 'f2812bee-46c4-46c1-bb26-bcfb036c902b'}}] {{(pid=106855) _bind_port_level /opt/stack/neutron/neutron/plugins/ml2/managers.py:947}}
Sep 19 11:24:57.990766 dv-cinder-822822-7-iscsi neutron-server[106855]: DEBUG neutron_lib.callbacks.manager [None req-01f5f63d-2598-4b05-8a80-8c4eeb2fa264 None None] Publish callbacks ['neutron.plugins.ml2.plugin.SecurityGroupDbMixin._ensure_default_security_group_handler-1951310'] for port (4b9554a3-a02f-4ed2-9b86-e3ce076acfd3), before_update {{(pid=106855) _notify_loop /usr/local/lib/python3.8/dist-packages/neutron_lib/callbacks/manager.py:176}}
Sep 19 11:24:58.007147 dv-cinder-822822-7-iscsi neutron-server[106853]: DEBUG dbcounter [-] [106853] Writing DB stats neutron:SELECT=84,neutron:INSERT=12,neutron:UPDATE=2,neutron:DELETE=2 {{(pid=106853) stat_writer /usr/local/lib/python3.8/dist-packages/dbcounter.py:114}}
Sep 19 11:24:58.007972 dv-cinder-822822-7-iscsi neutron-server[106855]: DEBUG neutron.plugins.ml2.plugin [None req-ee044cb3-13be-4ae7-8b54-5a9c72afef1f None None] Current status of the port 5e2b97e1-0203-4e08-a48e-faae7d6addc7 is: ACTIVE; New status is: ACTIVE {{(pid=106855) _update_individual_port_db_status /opt/stack/neutron/neutron/plugins/ml2/plugin.py:2321}}
Sep 19 11:24:58.062764 dv-cinder-822822-7-iscsi neutron-server[106853]: DEBUG dbcounter [-] [106853] Writing DB stats neutron:INSERT=10,neutron:UPDATE=3,neutron:SELECT=87 {{(pid=106853) stat_writer /usr/local/lib/python3.8/dist-packages/dbcounter.py:114}}
Sep 19 11:24:58.065596 dv-cinder-822822-7-iscsi neutron-server[106854]: DEBUG neutron_lib.callbacks.manager [None req-a7a5c224-c433-4b25-a58e-a121ea4cb3e7 admin admin] Publish callbacks [] for router_gateway (1d7f9f45-17ef-451c-8575-4a5238e25994), precommit_update {{(pid=106854) _notify_loop /usr/local/lib/python3.8/dist-packages/neutron_lib/callbacks/manager.py:176}}
Sep 19 11:24:58.096181 dv-cinder-822822-7-iscsi neutron-server[106853]: DEBUG neutron_lib.callbacks.manager [None req-572565c2-016f-4673-8863-d09c4677445b admin admin] Publish callbacks ['neutron.plugins.ml2.plugin.SecurityGroupServerNotifierRpcMixin._notify_sg_on_port_change-1952139', 'neutron.plugins.ml2.ovo_rpc._ObjectChangeHandler.handle_event-50675', 'neutron.api.rpc.agentnotifiers.dhcp_rpc_agent_api.DhcpAgentNotifyAPI._native_event_send_dhcp_notification-1036818', 'neutron.db.l3_dvrscheduler_db._notify_l3_agent_new_port-8761014208449'] for port (27f1b4c4-bd62-4224-84f1-876e426b4159), after_create {{(pid=106853) _notify_loop /usr/local/lib/python3.8/dist-packages/neutron_lib/callbacks/manager.py:176}}
Sep 19 11:24:58.097561 dv-cinder-822822-7-iscsi neutron-server[106855]: DEBUG neutron_lib.callbacks.manager [None req-ea998fb0-2b5c-4ddd-bfea-28cb97119b7e None None] Publish callbacks ['neutron.services.segments.db._update_segment_host_mapping_for_agent-8761014641583', 'neutron.plugins.ml2.plugin.Ml2Plugin._retry_binding_revived_agents-1879552'] for agent (fefa2e3e-c8cb-490e-afb2-7c0dde2c4bad), after_update {{(pid=106855) _notify_loop /usr/local/lib/python3.8/dist-packages/neutron_lib/callbacks/manager.py:176}}
Sep 19 11:24:58.097856 dv-cinder-822822-7-iscsi neutron-server[106856]: DEBUG neutron_lib.callbacks.manager [None req-180fe1e7-3f4b-471e-ba7c-7982bedfe890 None None] Publish callbacks ['neutron.plugins.ml2.plugin.SecurityGroupServerNotifierRpcMixin._notify_sg_on_port_change-1952139', 'neutron.plugins.ml2.ovo_rpc._ObjectChangeHandler.handle_event-50675', 'neutron.api.rpc.agentnotifiers.dhcp_rpc_agent_api.DhcpAgentNotifyAPI._native_event_send_dhcp_notification-1036818', 'neutron.db.l3_db.L3RpcNotifierMixin._notify_gateway_port_ip_changed-8761014749350', 'neutron.db.l3_dvrscheduler_db._notify_l3_agent_port_update-8761014208467', 'neutron.db.l3_hascheduler_db._notify_l3_agent_ha_port_update-8761014208485'] for port (43f594fc-2143-44ee-9dda-1c89830e746d), after_update {{(pid=106856) _notify_loop /usr/local/lib/python3.8/dist-packages/neutron_lib/callbacks/manager.py:176}}
Sep 19 11:24:58.105877 dv-cinder-822822-7-iscsi neutron-server[106855]: DEBUG neutron.plugins.ml2.db [None req-01f5f63d-2598-4b05-8a80-8c4eeb2fa264 None None] For port 4b9554a3-a02f-4ed2-9b86-e3ce076acfd3, host dv-cinder-822822-7-iscsi, cleared binding levels {{(pid=106855) clear_binding_levels /opt/stack/neutron/neutron/plugins/ml2/db.py:87}}
Sep 19 11:24:58.118604 dv-cinder-822822-7-iscsi neutron-server[106854]: DEBUG neutron_lib.callbacks.manager [None req-09999dd7-2b1c-4d6d-a3d6-aa115b7f4457 admin admin] Publish callbacks [] for port (fdf1cc83-b9ea-4eb4-b055-6b223fb07e59), precommit_create {{(pid=106854) _notify_loop /usr/local/lib/python3.8/dist-packages/neutron_lib/callbacks/manager.py:176}}
Sep 19 11:24:58.143897 dv-cinder-822822-7-iscsi neutron-server[106855]: DEBUG dbcounter [-] [106855] Writing DB stats neutron:SELECT=91,neutron:INSERT=5,neutron:UPDATE=4 {{(pid=106855) stat_writer /usr/local/lib/python3.8/dist-packages/dbcounter.py:114}}
