Dec 23 12:16:50.958931 dv-cinder-822822-1-iscsi neutron-server[103366]: DEBUG neutron_lib.callbacks.manager [None req-757fe30f-a564-4810-b4d9-b8a156403478 tempest-AttachVolumeTestJSON-989114832 tempest-AttachVolumeTestJSON-989114832-project] Publish callbacks ['neutron.plugins.ml2.plugin.SecurityGroupServerNotifierRpcMixin._notify_sg_on_port_change-579534', 'neutron.plugins.ml2.ovo_rpc._ObjectChangeHandler.handle_event-31962', 'neutron.api.rpc.agentnotifiers.dhcp_rpc_agent_api.DhcpAgentNotifyAPI._native_event_send_dhcp_notification-16314439', 'neutron.db.l3_dvrscheduler_db._notify_l3_agent_new_port-8754661607909', 'neutron.services.segments.plugin.NovaSegmentNotifier._notify_port_created_or_deleted-13510587'] for port, after_create {{(pid=103366) _notify_loop /usr/local/lib/python3.8/dist-packages/neutron_lib/callbacks/manager.py:175}}
Dec 23 12:16:51.008204 dv-cinder-822822-1-iscsi neutron-server[103366]: INFO neutron.wsgi [req-e1b27f2a-586c-4791-9f8d-2df0d028eea3 req-f5550eb3-04aa-4257-b278-e497a7ea74ac tempest-AttachVolumeShelveTestJSON-768031325 tempest-AttachVolumeShelveTestJSON-768031325-project] 10.222.0.66 "GET /v2.0/ports?device_id=34452835-b6bc-48cd-9319-67f843097e14 HTTP/1.1" status: 200 len: 210 time: 0.0761054
Dec 23 12:16:51.022476 dv-cinder-822822-1-iscsi neutron-server[103365]: DEBUG neutron_lib.callbacks.manager [None req-14335e87-b08b-433a-80b7-75178f478712 admin admin] Publish callbacks ['neutron.plugins.ml2.plugin.External_net_db_mixin._before_network_delete_handler-618755'] for network, before_delete {{(pid=103365) _notify_loop /usr/local/lib/python3.8/dist-packages/neutron_lib/callbacks/manager.py:175}}
Dec 23 12:16:51.038792 dv-cinder-822822-1-iscsi neutron-server[103366]: DEBUG neutron.pecan_wsgi.hooks.policy_enforcement [req-344137a6-5418-4faf-b595-5ced63bb331a req-fc73b64e-e00c-404b-8de2-1e375fc5dd09 service neutron] Attributes excluded by policy engine: ['standard_attr_id'] {{(pid=103366) _exclude_attributes_by_policy /opt/stack/neutron/neutron/pecan_wsgi/hooks/policy_enforcement.py:255}}
Dec 23 12:16:51.039453 dv-cinder-822822-1-iscsi neutron-server[103366]: DEBUG neutron_lib.callbacks.manager [req-344137a6-5418-4faf-b595-5ced63bb331a req-fc73b64e-e00c-404b-8de2-1e375fc5dd09 service neutron] Publish callbacks ['neutron.notifiers.nova.Notifier._send_nova_notification-80434', 'neutron.api.rpc.agentnotifiers.dhcp_rpc_agent_api.DhcpAgentNotifyAPI._send_dhcp_notification-16314549'] for port, before_response {{(pid=103366) _notify_loop /usr/local/lib/python3.8/dist-packages/neutron_lib/callbacks/manager.py:175}}
Dec 23 12:16:51.041070 dv-cinder-822822-1-iscsi neutron-server[103366]: INFO neutron.wsgi [req-344137a6-5418-4faf-b595-5ced63bb331a req-fc73b64e-e00c-404b-8de2-1e375fc5dd09 service neutron] 10.222.0.67 "PUT /v2.0/ports/8bddf673-21a4-4876-9b9f-b58c9b8cbf2e HTTP/1.1" status: 200 len: 1093 time: 4.1493757
Dec 23 12:16:51.041678 dv-cinder-822822-1-iscsi neutron-server[103366]: DEBUG neutron.notifiers.nova [-] Sending events: [{'name': 'network-changed', 'server_uuid': 'e9f321d3-10fb-499e-8643-a58eb1bdfc13', 'tag': '8bddf673-21a4-4876-9b9f-b58c9b8cbf2e'}] {{(pid=103366) send_events /opt/stack/neutron/neutron/notifiers/nova.py:262}}
Dec 23 12:16:51.067784 dv-cinder-822822-1-iscsi neutron-server[103366]: DEBUG neutron.api.rpc.handlers.resources_rpc [None req-fc73b64e-e00c-404b-8de2-1e375fc5dd09 service neutron] Pushing event updated for resources: {'Port': ['ID=8bddf673-21a4-4876-9b9f-b58c9b8cbf2e,revision_number=3']} {{(pid=103366) push /opt/stack/neutron/neutron/api/rpc/handlers/resources_rpc.py:237}}
Dec 23 12:16:51.106437 dv-cinder-822822-1-iscsi neutron-server[103366]: DEBUG neutron.scheduler.dhcp_agent_scheduler [None req-757fe30f-a564-4810-b4d9-b8a156403478 tempest-AttachVolumeTestJSON-989114832 tempest-AttachVolumeTestJSON-989114832-project] Network 36464bb0-4ca3-40c6-a30a-3385297e9200 is already hosted by enough agents. {{(pid=103366) _get_dhcp_agents_hosting_network /opt/stack/neutron/neutron/scheduler/dhcp_agent_scheduler.py:275}}
Dec 23 12:16:51.114712 dv-cinder-822822-1-iscsi neutron-server[103366]: DEBUG neutron.scheduler.base_scheduler [None req-757fe30f-a564-4810-b4d9-b8a156403478 tempest-AttachVolumeTestJSON-989114832 tempest-AttachVolumeTestJSON-989114832-project] Resources bound (agent type, host, resource id): {{(pid=103366) schedule /opt/stack/neutron/neutron/scheduler/base_scheduler.py:57}}
Dec 23 12:16:51.127058 dv-cinder-822822-1-iscsi neutron-server[103366]: DEBUG neutron.db.l3_dvrscheduler_db [None req-757fe30f-a564-4810-b4d9-b8a156403478 tempest-AttachVolumeTestJSON-989114832 tempest-AttachVolumeTestJSON-989114832-project] Received port after_create {{(pid=103366) _notify_l3_agent_new_port /opt/stack/neutron/neutron/db/l3_dvrscheduler_db.py:535}}
Dec 23 12:16:51.135972 dv-cinder-822822-1-iscsi neutron-server[103366]: DEBUG neutron_lib.callbacks.manager [None req-6433803f-62ed-4545-b7b6-0ee011e19ed5 admin admin] Publish callbacks [] for security_group, before_delete {{(pid=103366) _notify_loop /usr/local/lib/python3.8/dist-packages/neutron_lib/callbacks/manager.py:175}}
Dec 23 12:16:51.176812 dv-cinder-822822-1-iscsi neutron-server[103366]: DEBUG neutron.api.rpc.handlers.resources_rpc [None req-757fe30f-a564-4810-b4d9-b8a156403478 tempest-AttachVolumeTestJSON-989114832 tempest-AttachVolumeTestJSON-989114832-project] Pushing event updated for resources: {'Port': ['ID=090f47f2-e0f7-4ea5-8b25-53279ed5490a,revision_number=1']} {{(pid=103366) push /opt/stack/neutron/neutron/api/rpc/handlers/resources_rpc.py:237}}
Dec 23 12:16:51.181673 dv-cinder-822822-1-iscsi neutron-server[103365]: DEBUG neutron_lib.callbacks.manager [None req-14335e87-b08b-433a-80b7-75178f478712 admin admin] Publish callbacks ['neutron.plugins.ml2.plugin.Ml2Plugin._network_delete_precommit_handler-718901', 'neutron.services.segments.db._delete_segments_for_network-8754662174940'] for network, precommit_delete {{(pid=103365) _notify_loop /usr/local/lib/python3.8/dist-packages/neutron_lib/callbacks/manager.py:175}}
Dec 23 12:16:51.196960 dv-cinder-822822-1-iscsi neutron-server[103366]: DEBUG neutron_lib.callbacks.manager [None req-6433803f-62ed-4545-b7b6-0ee011e19ed5 admin admin] Publish callbacks [] for security_group, precommit_delete {{(pid=103366) _notify_loop /usr/local/lib/python3.8/dist-packages/neutron_lib/callbacks/manager.py:175}}
Dec 23 12:16:51.215091 dv-cinder-822822-1-iscsi neutron-server[103365]: DEBUG neutron_lib.callbacks.manager [None req-14335e87-b08b-433a-80b7-75178f478712 admin admin] Subscribe: > segment before_delete 55550000 {{(pid=103365) subscribe /usr/local/lib/python3.8/dist-packages/neutron_lib/callbacks/manager.py:45}}
Dec 23 12:16:51.215463 dv-cinder-822822-1-iscsi neutron-server[103365]: DEBUG neutron_lib.callbacks.manager [None req-14335e87-b08b-433a-80b7-75178f478712 admin admin] Subscribe: > subnet precommit_delete_associations 55550000 {{(pid=103365) subscribe /usr/local/lib/python3.8/dist-packages/neutron_lib/callbacks/manager.py:45}}
Dec 23 12:16:51.216193 dv-cinder-822822-1-iscsi neutron-server[103365]: DEBUG neutron_lib.callbacks.manager [None req-14335e87-b08b-433a-80b7-75178f478712 admin admin] Subscribe: > segment_host_mapping after_create 55550000 {{(pid=103365) subscribe /usr/local/lib/python3.8/dist-packages/neutron_lib/callbacks/manager.py:45}}
Dec 23 12:16:51.217500 dv-cinder-822822-1-iscsi neutron-server[103365]: DEBUG neutron_lib.callbacks.manager [None req-14335e87-b08b-433a-80b7-75178f478712 admin admin] Subscribe: > port after_create 55550000 {{(pid=103365) subscribe /usr/local/lib/python3.8/dist-packages/neutron_lib/callbacks/manager.py:45}}
Dec 23 12:16:51.218131 dv-cinder-822822-1-iscsi neutron-server[103365]: DEBUG neutron_lib.callbacks.manager [None req-14335e87-b08b-433a-80b7-75178f478712 admin admin] Subscribe: > port after_delete 55550000 {{(pid=103365) subscribe /usr/local/lib/python3.8/dist-packages/neutron_lib/callbacks/manager.py:45}}
Dec 23 12:16:51.230623 dv-cinder-822822-1-iscsi neutron-server[103365]: DEBUG neutron_lib.callbacks.manager [None req-14335e87-b08b-433a-80b7-75178f478712 admin admin] Subscribe: > port after_update 55550000 {{(pid=103365) subscribe /usr/local/lib/python3.8/dist-packages/neutron_lib/callbacks/manager.py:45}}
Dec 23 12:16:51.230623 dv-cinder-822822-1-iscsi neutron-server[103365]: DEBUG neutron_lib.callbacks.manager [None req-14335e87-b08b-433a-80b7-75178f478712 admin admin] Subscribe: > segment after_delete 55550000 {{(pid=103365) subscribe /usr/local/lib/python3.8/dist-packages/neutron_lib/callbacks/manager.py:45}}
Dec 23 12:16:51.230623 dv-cinder-822822-1-iscsi neutron-server[103365]: DEBUG neutron_lib.callbacks.manager [None req-14335e87-b08b-433a-80b7-75178f478712 admin admin] Subscribe: > subnet after_create 55550000 {{(pid=103365) subscribe /usr/local/lib/python3.8/dist-packages/neutron_lib/callbacks/manager.py:45}}
Dec 23 12:16:51.230623 dv-cinder-822822-1-iscsi neutron-server[103365]: DEBUG neutron_lib.callbacks.manager [None req-14335e87-b08b-433a-80b7-75178f478712 admin admin] Subscribe: > subnet after_delete 55550000 {{(pid=103365) subscribe /usr/local/lib/python3.8/dist-packages/neutron_lib/callbacks/manager.py:45}}
Dec 23 12:16:51.230623 dv-cinder-822822-1-iscsi neutron-server[103365]: DEBUG neutron_lib.callbacks.manager [None req-14335e87-b08b-433a-80b7-75178f478712 admin admin] Subscribe: > subnet after_update 55550000 {{(pid=103365) subscribe /usr/local/lib/python3.8/dist-packages/neutron_lib/callbacks/manager.py:45}}
Dec 23 12:16:51.311907 dv-cinder-822822-1-iscsi neutron-server[103366]: DEBUG novaclient.v2.client [-] REQ: curl -g -i --cacert "/opt/stack/data/ca-bundle.pem" -X POST http://10.222.0.66/compute/v2.1/os-server-external-events -H "Accept: application/json" -H "Content-Type: application/json" -H "User-Agent: python-novaclient" -H "X-Auth-Token: {SHA256}6dfb9bc2119aab803c8518f5032eb0a3ae3187218691713d8f905e9c6a5051c2" -H "X-OpenStack-Nova-API-Version: 2.1" -H "X-OpenStack-Request-ID: req-dd047924-d03c-48e9-8e20-af38b5e89fa4" -d '{"events": [{"name": "network-changed", "server_uuid": "e9f321d3-10fb-499e-8643-a58eb1bdfc13", "tag": "8bddf673-21a4-4876-9b9f-b58c9b8cbf2e"}]}' {{(pid=103366) _http_log_request /usr/local/lib/python3.8/dist-packages/keystoneauth1/session.py:519}}
Dec 23 12:16:51.361829 dv-cinder-822822-1-iscsi neutron-server[103365]: DEBUG neutron_lib.callbacks.manager [None req-14335e87-b08b-433a-80b7-75178f478712 admin admin] Subscribe: > subnet after_create 55550000 {{(pid=103365) subscribe /usr/local/lib/python3.8/dist-packages/neutron_lib/callbacks/manager.py:45}}
Dec 23 12:16:51.362181 dv-cinder-822822-1-iscsi neutron-server[103365]: DEBUG neutron_lib.callbacks.manager [None req-14335e87-b08b-433a-80b7-75178f478712 admin admin] Subscribe: > subnet after_delete 55550000 {{(pid=103365) subscribe /usr/local/lib/python3.8/dist-packages/neutron_lib/callbacks/manager.py:45}}
Dec 23 12:16:51.362516 dv-cinder-822822-1-iscsi neutron-server[103365]: DEBUG neutron_lib.callbacks.manager [None req-14335e87-b08b-433a-80b7-75178f478712 admin admin] Subscribe: > subnet before_create 55550000 {{(pid=103365) subscribe /usr/local/lib/python3.8/dist-packages/neutron_lib/callbacks/manager.py:45}}
Dec 23 12:16:51.363300 dv-cinder-822822-1-iscsi neutron-server[103365]: DEBUG neutron_lib.callbacks.manager [None req-14335e87-b08b-433a-80b7-75178f478712 admin admin] Subscribe: > subnet before_update 55550000 {{(pid=103365) subscribe /usr/local/lib/python3.8/dist-packages/neutron_lib/callbacks/manager.py:45}}
Dec 23 12:16:51.363676 dv-cinder-822822-1-iscsi neutron-server[103365]: DEBUG neutron.services.segments.db [None req-14335e87-b08b-433a-80b7-75178f478712 admin admin] neutron.services.segments.plugin.Plugin method get_segments called with arguments (,) {'filters': {'network_id': ['499606cf-4493-4c2e-8330-072e3dc186b2']}} {{(pid=103365) wrapper /usr/local/lib/python3.8/dist-packages/oslo_log/helpers.py:65}}
Dec 23 12:16:51.388373 dv-cinder-822822-1-iscsi neutron-server[103365]: DEBUG neutron.services.segments.db [None req-14335e87-b08b-433a-80b7-75178f478712 admin admin] neutron.services.segments.plugin.Plugin method delete_segment called with arguments (, 'f07e466f-438f-416e-a8e0-880b3883cd7b') {'for_net_delete': True} {{(pid=103365) wrapper /usr/local/lib/python3.8/dist-packages/oslo_log/helpers.py:65}}
Dec 23 12:16:51.388677 dv-cinder-822822-1-iscsi neutron-server[103365]: DEBUG neutron.services.segments.db [None req-14335e87-b08b-433a-80b7-75178f478712 admin admin] neutron.services.segments.plugin.Plugin method get_segment called with arguments (, 'f07e466f-438f-416e-a8e0-880b3883cd7b') {} {{(pid=103365) wrapper /usr/local/lib/python3.8/dist-packages/oslo_log/helpers.py:65}}
Dec 23 12:16:51.411616 dv-cinder-822822-1-iscsi neutron-server[103365]: DEBUG neutron_lib.callbacks.manager [None req-14335e87-b08b-433a-80b7-75178f478712 admin admin] Publish callbacks ['neutron.plugins.ml2.db._prevent_segment_delete_with_port_bound-8754662178789', 'neutron.services.segments.plugin.Plugin._prevent_segment_delete_with_subnet_associated-13678829'] for segment, before_delete {{(pid=103365) _notify_loop /usr/local/lib/python3.8/dist-packages/neutron_lib/callbacks/manager.py:175}}
Dec 23 12:16:51.439706 dv-cinder-822822-1-iscsi neutron-server[103366]: DEBUG neutron_lib.callbacks.manager [None req-757fe30f-a564-4810-b4d9-b8a156403478 tempest-AttachVolumeTestJSON-989114832 tempest-AttachVolumeTestJSON-989114832-project] Publish callbacks [] for floatingip, precommit_create {{(pid=103366) _notify_loop /usr/local/lib/python3.8/dist-packages/neutron_lib/callbacks/manager.py:175}}
Dec 23 12:16:51.454116 dv-cinder-822822-1-iscsi neutron-server[103366]: DEBUG neutron.pecan_wsgi.hooks.policy_enforcement [req-890383d9-6071-4a0e-8ab5-401f0b33f80e req-cbf8f792-a3f1-4adf-978f-5b3bff3e55a0 tempest-DeleteServersTestJSON-1881355038 tempest-DeleteServersTestJSON-1881355038-project] Attributes excluded by policy engine: ['standard_attr_id', 'binding:profile', 'binding:host_id', 'binding:vif_type', 'binding:vif_details'] {{(pid=103366) _exclude_attributes_by_policy /opt/stack/neutron/neutron/pecan_wsgi/hooks/policy_enforcement.py:255}}
Dec 23 12:16:51.459197 dv-cinder-822822-1-iscsi neutron-server[103366]: INFO neutron.wsgi [req-890383d9-6071-4a0e-8ab5-401f0b33f80e req-cbf8f792-a3f1-4adf-978f-5b3bff3e55a0 tempest-DeleteServersTestJSON-1881355038 tempest-DeleteServersTestJSON-1881355038-project] 10.222.0.66 "GET /v2.0/ports?device_id=5a6f09f6-8e65-4e39-9612-7941b4dfbacb HTTP/1.1" status: 200 len: 943 time: 0.1650300
Dec 23 12:16:51.529314 dv-cinder-822822-1-iscsi neutron-server[103366]: INFO neutron.wsgi [req-890383d9-6071-4a0e-8ab5-401f0b33f80e req-a801dc5d-8075-432c-addf-21ce0c6d3c1e tempest-DeleteServersTestJSON-1881355038 tempest-DeleteServersTestJSON-1881355038-project] 10.222.0.66 "GET /v2.0/security-groups?id=1c398f93-2c41-4fb5-9acf-b1669879441c&fields=id&fields=name HTTP/1.1" status: 200 len: 286 time: 0.0648935
Dec 23 12:16:51.567624 dv-cinder-822822-1-iscsi neutron-server[103366]: DEBUG neutron_lib.callbacks.manager [None req-6433803f-62ed-4545-b7b6-0ee011e19ed5 admin admin] Publish callbacks ['neutron.plugins.ml2.ovo_rpc._ObjectChangeHandler.handle_event-16493809'] for security_group, after_delete {{(pid=103366) _notify_loop /usr/local/lib/python3.8/dist-packages/neutron_lib/callbacks/manager.py:175}}
Dec 23 12:16:51.570402 dv-cinder-822822-1-iscsi neutron-server[103366]: DEBUG neutron_lib.callbacks.manager [None req-6433803f-62ed-4545-b7b6-0ee011e19ed5 admin admin] Publish callbacks [] for security_group, before_response {{(pid=103366) _notify_loop /usr/local/lib/python3.8/dist-packages/neutron_lib/callbacks/manager.py:175}}
Dec 23 12:16:51.572679 dv-cinder-822822-1-iscsi neutron-server[103366]: INFO neutron.wsgi [None req-6433803f-62ed-4545-b7b6-0ee011e19ed5 admin admin] 10.222.0.66 "DELETE /v2.0/security-groups/b0745074-7c52-4c9a-974f-14e7460250c1 HTTP/1.1" status: 204 len: 168 time: 0.6536078
Dec 23 12:16:51.587117 dv-cinder-822822-1-iscsi neutron-server[103366]: DEBUG neutron.api.rpc.handlers.resources_rpc [None req-6433803f-62ed-4545-b7b6-0ee011e19ed5 admin admin] Pushing event deleted for resources: {'SecurityGroup': ['ID=b0745074-7c52-4c9a-974f-14e7460250c1,revision_number=None']} {{(pid=103366) push /opt/stack/neutron/neutron/api/rpc/handlers/resources_rpc.py:237}}
Dec 23 12:16:51.622959 dv-cinder-822822-1-iscsi neutron-server[103366]: DEBUG novaclient.v2.client [-] RESP: [200] Connection: close Content-Length: 179 Content-Type: application/json Date: Thu, 23 Dec 2021 12:16:51 GMT OpenStack-API-Version: compute 2.1 Server: Apache/2.4.41 (Ubuntu) Vary: OpenStack-API-Version,X-OpenStack-Nova-API-Version X-OpenStack-Nova-API-Version: 2.1 x-compute-request-id: req-7d82a09e-f70b-4123-83dc-e132c9cc49e0 x-openstack-request-id: req-7d82a09e-f70b-4123-83dc-e132c9cc49e0 {{(pid=103366) _http_log_response /usr/local/lib/python3.8/dist-packages/keystoneauth1/session.py:550}}
Dec 23 12:16:51.623242 dv-cinder-822822-1-iscsi neutron-server[103366]: DEBUG novaclient.v2.client [-] RESP BODY: {"events": [{"name": "network-changed", "server_uuid": "e9f321d3-10fb-499e-8643-a58eb1bdfc13", "tag": "8bddf673-21a4-4876-9b9f-b58c9b8cbf2e", "status": "completed", "code": 200}]} {{(pid=103366) _http_log_response /usr/local/lib/python3.8/dist-packages/keystoneauth1/session.py:582}}
Dec 23 12:16:51.623695 dv-cinder-822822-1-iscsi neutron-server[103366]: DEBUG novaclient.v2.client [-] POST call to compute for http://10.222.0.66/compute/v2.1/os-server-external-events used request id req-7d82a09e-f70b-4123-83dc-e132c9cc49e0 {{(pid=103366) request /usr/local/lib/python3.8/dist-packages/keystoneauth1/session.py:954}}
Dec 23 12:16:51.624158 dv-cinder-822822-1-iscsi neutron-server[103366]: INFO neutron.notifiers.nova [-] Nova event response: {'name': 'network-changed', 'server_uuid': 'e9f321d3-10fb-499e-8643-a58eb1bdfc13', 'tag': '8bddf673-21a4-4876-9b9f-b58c9b8cbf2e', 'status': 'completed', 'code': 200}
Dec 23 12:16:51.663821 dv-cinder-822822-1-iscsi neutron-server[103365]: DEBUG neutron_lib.callbacks.manager [None req-14335e87-b08b-433a-80b7-75178f478712 admin admin] Publish callbacks ['neutron.plugins.ml2.plugin.Ml2Plugin._handle_segment_change-690983'] for segment, precommit_delete {{(pid=103365) _notify_loop /usr/local/lib/python3.8/dist-packages/neutron_lib/callbacks/manager.py:175}}
Dec 23 12:16:51.715372 dv-cinder-822822-1-iscsi neutron-server[103365]: DEBUG neutron.plugins.ml2.drivers.type_vlan [None req-14335e87-b08b-433a-80b7-75178f478712 admin admin] Releasing vlan 544 on physical network physnet1 to pool {{(pid=103365) release_segment /opt/stack/neutron/neutron/plugins/ml2/drivers/type_vlan.py:304}}
Dec 23 12:16:51.718218 dv-cinder-822822-1-iscsi neutron-server[103366]: DEBUG neutron_lib.callbacks.manager [None req-757fe30f-a564-4810-b4d9-b8a156403478 tempest-AttachVolumeTestJSON-989114832 tempest-AttachVolumeTestJSON-989114832-project] Publish callbacks ['neutron.plugins.ml2.plugin.SecurityGroupDbMixin._ensure_default_security_group_handler-578819'] for port, before_update {{(pid=103366) _notify_loop /usr/local/lib/python3.8/dist-packages/neutron_lib/callbacks/manager.py:175}}
Dec 23 12:16:51.720422 dv-cinder-822822-1-iscsi neutron-server[103365]: DEBUG neutron_lib.callbacks.manager [None req-14335e87-b08b-433a-80b7-75178f478712 admin admin] Publish callbacks ['neutron.plugins.ml2.plugin.Ml2Plugin._handle_segment_change-690983', 'neutron.services.segments.plugin.NovaSegmentNotifier._notify_segment_deleted-13146935'] for segment, after_delete {{(pid=103365) _notify_loop /usr/local/lib/python3.8/dist-packages/neutron_lib/callbacks/manager.py:175}}
Dec 23 12:16:51.724623 dv-cinder-822822-1-iscsi neutron-server[103365]: /usr/lib/python3/dist-packages/secretstorage/dhcrypto.py:15: CryptographyDeprecationWarning: int_from_bytes is deprecated, use int.from_bytes instead
Dec 23 12:16:51.724623 dv-cinder-822822-1-iscsi neutron-server[103365]: from cryptography.utils import int_from_bytes
Dec 23 12:16:51.724623 dv-cinder-822822-1-iscsi neutron-server[103365]: /usr/lib/python3/dist-packages/secretstorage/util.py:19: CryptographyDeprecationWarning: int_from_bytes is deprecated, use int.from_bytes instead
Dec 23 12:16:51.724623 dv-cinder-822822-1-iscsi neutron-server[103365]: from cryptography.utils import int_from_bytes
Dec 23 12:16:51.724623 dv-cinder-822822-1-iscsi neutron-server[103365]: /usr/local/lib/python3.8/dist-packages/oslo_policy/policy.py:1119: UserWarning: Policy rule:get_network:provider:network_type failed scope check. The token used to make the request was project scoped but the policy requires ['system'] scope. This behavior may change in the future where using the intended scope is required
Dec 23 12:16:51.724623 dv-cinder-822822-1-iscsi neutron-server[103365]: warnings.warn(msg)
Dec 23 12:16:51.724623 dv-cinder-822822-1-iscsi neutron-server[103365]: /usr/local/lib/python3.8/dist-packages/oslo_policy/policy.py:1119: UserWarning: Policy rule:get_network:provider:physical_network failed scope check. The token used to make the request was project scoped but the policy requires ['system'] scope. This behavior may change in the future where using the intended scope is required
Dec 23 12:16:51.724623 dv-cinder-822822-1-iscsi neutron-server[103365]: warnings.warn(msg)
Dec 23 12:16:51.724623 dv-cinder-822822-1-iscsi neutron-server[103365]: /usr/local/lib/python3.8/dist-packages/oslo_policy/policy.py:1119: UserWarning: Policy rule:get_network:provider:segmentation_id failed scope check. The token used to make the request was project scoped but the policy requires ['system'] scope. This behavior may change in the future where using the intended scope is required
Dec 23 12:16:51.724623 dv-cinder-822822-1-iscsi neutron-server[103365]: warnings.warn(msg)
Dec 23 12:16:51.724623 dv-cinder-822822-1-iscsi neutron-server[103365]: /usr/local/lib/python3.8/dist-packages/oslo_policy/policy.py:1119: UserWarning: Policy rule:get_port:binding:profile failed scope check. The token used to make the request was project scoped but the policy requires ['system'] scope. This behavior may change in the future where using the intended scope is required
Dec 23 12:16:51.724623 dv-cinder-822822-1-iscsi neutron-server[103365]: warnings.warn(msg)
Dec 23 12:16:51.724623 dv-cinder-822822-1-iscsi neutron-server[103365]: /usr/local/lib/python3.8/dist-packages/oslo_policy/policy.py:1119: UserWarning: Policy rule:get_port:binding:host_id failed scope check. The token used to make the request was project scoped but the policy requires ['system'] scope. This behavior may change in the future where using the intended scope is required
Dec 23 12:16:51.724623 dv-cinder-822822-1-iscsi neutron-server[103365]: warnings.warn(msg)
Dec 23 12:16:51.724623 dv-cinder-822822-1-iscsi neutron-server[103365]: /usr/local/lib/python3.8/dist-packages/oslo_policy/policy.py:1119: UserWarning: Policy rule:get_port:binding:vif_type failed scope check. The token used to make the request was project scoped but the policy requires ['system'] scope. This behavior may change in the future where using the intended scope is required
Dec 23 12:16:51.724623 dv-cinder-822822-1-iscsi neutron-server[103365]: warnings.warn(msg)
Dec 23 12:16:51.724623 dv-cinder-822822-1-iscsi neutron-server[103365]: /usr/local/lib/python3.8/dist-packages/oslo_policy/policy.py:1119: UserWarning: Policy rule:get_port:binding:vif_details failed scope check. The token used to make the request was project scoped but the policy requires ['system'] scope. This behavior may change in the future where using the intended scope is required
Dec 23 12:16:51.724623 dv-cinder-822822-1-iscsi neutron-server[103365]: warnings.warn(msg)
Dec 23 12:16:51.724623 dv-cinder-822822-1-iscsi neutron-server[103365]: Traceback (most recent call last):
Dec 23 12:16:51.724623 dv-cinder-822822-1-iscsi neutron-server[103365]: File "/usr/local/lib/python3.8/dist-packages/eventlet/hubs/hub.py", line 476, in fire_timers
Dec 23 12:16:51.724623 dv-cinder-822822-1-iscsi neutron-server[103365]: timer()
Dec 23 12:16:51.724623 dv-cinder-822822-1-iscsi neutron-server[103365]: File "/usr/local/lib/python3.8/dist-packages/eventlet/hubs/timer.py", line 59, in __call__
Dec 23 12:16:51.724623 dv-cinder-822822-1-iscsi neutron-server[103365]: cb(*args, **kw)
Dec 23 12:16:51.724623 dv-cinder-822822-1-iscsi neutron-server[103365]: File "/opt/stack/neutron/neutron/common/utils.py", line 921, in wrapper
Dec 23 12:16:51.724623 dv-cinder-822822-1-iscsi neutron-server[103365]: return func(*args, **kwargs)
Dec 23 12:16:51.724623 dv-cinder-822822-1-iscsi neutron-server[103365]: File "/opt/stack/neutron/neutron/notifiers/batch_notifier.py", line 58, in synced_send
Dec 23 12:16:51.724623 dv-cinder-822822-1-iscsi neutron-server[103365]: self._notify()
Dec 23 12:16:51.724623 dv-cinder-822822-1-iscsi neutron-server[103365]: File "/opt/stack/neutron/neutron/notifiers/batch_notifier.py", line 69, in _notify
Dec 23 12:16:51.724623 dv-cinder-822822-1-iscsi neutron-server[103365]: self.callback(batched_events)
Dec 23 12:16:51.724623 dv-cinder-822822-1-iscsi neutron-server[103365]: File "/opt/stack/neutron/neutron/services/segments/plugin.py", line 211, in _send_notifications
Dec 23 12:16:51.724623 dv-cinder-822822-1-iscsi neutron-server[103365]: event.method(event)
Dec 23 12:16:51.724623 dv-cinder-822822-1-iscsi neutron-server[103365]: File "/opt/stack/neutron/neutron/services/segments/plugin.py", line 383, in _delete_nova_inventory
Dec 23 12:16:51.724623 dv-cinder-822822-1-iscsi neutron-server[103365]: aggregate_id = self._get_aggregate_id(event.segment_id)
Dec 23 12:16:51.724623 dv-cinder-822822-1-iscsi neutron-server[103365]: File "/opt/stack/neutron/neutron/services/segments/plugin.py", line 370, in _get_aggregate_id
Dec 23 12:16:51.724623 dv-cinder-822822-1-iscsi neutron-server[103365]: aggregate_uuid = self.p_client.list_aggregates(
Dec 23 12:16:51.724623 dv-cinder-822822-1-iscsi neutron-server[103365]: File "/usr/local/lib/python3.8/dist-packages/neutron_lib/placement/client.py", line 58, in wrapper
Dec 23 12:16:51.724623 dv-cinder-822822-1-iscsi neutron-server[103365]: return f(self, *a, **k)
Dec 23 12:16:51.724623 dv-cinder-822822-1-iscsi neutron-server[103365]: File "/usr/local/lib/python3.8/dist-packages/neutron_lib/placement/client.py", line 554, in list_aggregates
Dec 23 12:16:51.724623 dv-cinder-822822-1-iscsi neutron-server[103365]: return self._get(url).json()
Dec 23 12:16:51.724623 dv-cinder-822822-1-iscsi neutron-server[103365]: File "/usr/local/lib/python3.8/dist-packages/neutron_lib/placement/client.py", line 190, in _get
Dec 23 12:16:51.724623 dv-cinder-822822-1-iscsi neutron-server[103365]: return self._client.get(url, endpoint_filter=self._ks_filter,
Dec 23 12:16:51.724623 dv-cinder-822822-1-iscsi neutron-server[103365]: File "/usr/local/lib/python3.8/dist-packages/keystoneauth1/session.py", line 1141, in get
Dec 23 12:16:51.724623 dv-cinder-822822-1-iscsi neutron-server[103365]: return self.request(url, 'GET', **kwargs)
Dec 23 12:16:51.724623 dv-cinder-822822-1-iscsi neutron-server[103365]: File "/usr/local/lib/python3.8/dist-packages/keystoneauth1/session.py", line 811, in request
Dec 23 12:16:51.724623 dv-cinder-822822-1-iscsi neutron-server[103365]: base_url = self.get_endpoint(auth, allow=allow,
Dec 23 12:16:51.724623 dv-cinder-822822-1-iscsi neutron-server[103365]: File "/usr/local/lib/python3.8/dist-packages/keystoneauth1/session.py", line 1241, in get_endpoint
Dec 23 12:16:51.724623 dv-cinder-822822-1-iscsi neutron-server[103365]: auth = self._auth_required(auth, 'determine endpoint URL')
Dec 23 12:16:51.724623 dv-cinder-822822-1-iscsi neutron-server[103365]: File "/usr/local/lib/python3.8/dist-packages/keystoneauth1/session.py", line 1181, in _auth_required
Dec 23 12:16:51.724623 dv-cinder-822822-1-iscsi neutron-server[103365]: raise exceptions.MissingAuthPlugin(msg_fmt % msg)
Dec 23 12:16:51.724623 dv-cinder-822822-1-iscsi neutron-server[103365]: keystoneauth1.exceptions.auth_plugins.MissingAuthPlugin: An auth plugin is required to determine endpoint URL
Dec 23 12:16:51.738686 dv-cinder-822822-1-iscsi neutron-server[103365]: INFO neutron.wsgi [req-7de54ca4-fef6-4aa9-ad1e-3479b4873982 req-4c17a864-d5d0-4828-b87f-8781c1cded9d service neutron] 10.222.0.67 "GET /v2.0/floatingips?fixed_ip_address=172.20.0.11&port_id=073dd230-228a-49a5-84c7-9cf8efe71609 HTTP/1.1" status: 200 len: 217 time: 0.0754592
Dec 23 12:16:51.809587 dv-cinder-822822-1-iscsi neutron-server[103365]: DEBUG neutron.pecan_wsgi.hooks.policy_enforcement [req-bed7ae03-9f8f-4cfd-a8b6-d55fa9d5e2e5 req-1f021d75-531b-4fe7-94d1-bbfdbb008ecb service neutron] Attributes excluded by policy engine: ['standard_attr_id'] {{(pid=103365) _exclude_attributes_by_policy /opt/stack/neutron/neutron/pecan_wsgi/hooks/policy_enforcement.py:255}}
Dec 23 12:16:51.809587 dv-cinder-822822-1-iscsi neutron-server[103365]: INFO neutron.wsgi [req-bed7ae03-9f8f-4cfd-a8b6-d55fa9d5e2e5 req-1f021d75-531b-4fe7-94d1-bbfdbb008ecb service neutron] 10.222.0.67 "GET /v2.0/ports?tenant_id=ec7dacc819d043cda806806a966aaf56&device_id=5a6f09f6-8e65-4e39-9612-7941b4dfbacb HTTP/1.1" status: 200 len: 1096 time: 0.3689268
Dec 23 12:16:51.897451 dv-cinder-822822-1-iscsi neutron-server[103366]: DEBUG neutron.pecan_wsgi.hooks.policy_enforcement [req-6960ad47-4c55-412d-a66b-c912f36b8849 req-cab3da39-d0fa-4e75-971d-5865fb887a49 tempest-ServerRescueNegativeTestJSON-741281295 tempest-ServerRescueNegativeTestJSON-741281295-project] Attributes excluded by policy engine: ['standard_attr_id', 'binding:profile', 'binding:host_id', 'binding:vif_type', 'binding:vif_details'] {{(pid=103366) _exclude_attributes_by_policy /opt/stack/neutron/neutron/pecan_wsgi/hooks/policy_enforcement.py:255}}
Dec 23 12:16:51.897451 dv-cinder-822822-1-iscsi neutron-server[103366]: INFO neutron.wsgi [req-6960ad47-4c55-412d-a66b-c912f36b8849 req-cab3da39-d0fa-4e75-971d-5865fb887a49 tempest-ServerRescueNegativeTestJSON-741281295 tempest-ServerRescueNegativeTestJSON-741281295-project] 10.222.0.66 "GET /v2.0/ports?device_id=e9f321d3-10fb-499e-8643-a58eb1bdfc13 HTTP/1.1" status: 200 len: 943 time: 0.1802518
Dec 23 12:16:51.904289 dv-cinder-822822-1-iscsi neutron-server[103365]: DEBUG neutron_lib.callbacks.manager [None req-14335e87-b08b-433a-80b7-75178f478712 admin admin] Publish callbacks ['neutron.plugins.ml2.plugin.Ml2Plugin._network_delete_after_delete_handler-718910', 'neutron.plugins.ml2.ovo_rpc._ObjectChangeHandler.handle_event-16504382', 'neutron.api.rpc.agentnotifiers.dhcp_rpc_agent_api.DhcpAgentNotifyAPI._native_event_send_dhcp_notification-16314439', 'neutron.services.l3_router.l3_router_plugin.DVRResourceOperationHandler.delete_fip_namespaces_for_ext_net-16343502'] for network, after_delete {{(pid=103365) _notify_loop /usr/local/lib/python3.8/dist-packages/neutron_lib/callbacks/manager.py:175}}
Dec 23 12:16:51.925201 dv-cinder-822822-1-iscsi neutron-server[103365]: DEBUG neutron.api.rpc.handlers.resources_rpc [None req-14335e87-b08b-433a-80b7-75178f478712 admin admin] Pushing event deleted for resources: {'Network': ['ID=499606cf-4493-4c2e-8330-072e3dc186b2,revision_number=None']} {{(pid=103365) push /opt/stack/neutron/neutron/api/rpc/handlers/resources_rpc.py:237}}
Dec 23 12:16:51.928658 dv-cinder-822822-1-iscsi neutron-server[103365]: DEBUG neutron_lib.callbacks.manager [None req-14335e87-b08b-433a-80b7-75178f478712 admin admin] Publish callbacks ['neutron.api.rpc.agentnotifiers.dhcp_rpc_agent_api.DhcpAgentNotifyAPI._send_dhcp_notification-16314549'] for network, before_response {{(pid=103365) _notify_loop /usr/local/lib/python3.8/dist-packages/neutron_lib/callbacks/manager.py:175}}
Dec 23 12:16:51.934916 dv-cinder-822822-1-iscsi neutron-server[103365]: INFO neutron.wsgi [None req-14335e87-b08b-433a-80b7-75178f478712 admin admin] 10.222.0.66 "DELETE /v2.0/networks/499606cf-4493-4c2e-8330-072e3dc186b2 HTTP/1.1" status: 204 len: 168 time: 1.0261354
Dec 23 12:16:52.013103 dv-cinder-822822-1-iscsi neutron-server[103365]: DEBUG neutron.pecan_wsgi.hooks.policy_enforcement [req-7de54ca4-fef6-4aa9-ad1e-3479b4873982 req-ef844078-ce70-49c9-b18a-910b3bc03f2a service neutron] Attributes excluded by policy engine: ['standard_attr_id', 'shared', 'segment_id'] {{(pid=103365) _exclude_attributes_by_policy /opt/stack/neutron/neutron/pecan_wsgi/hooks/policy_enforcement.py:255}}
Dec 23 12:16:52.016001 dv-cinder-822822-1-iscsi neutron-server[103365]: INFO neutron.wsgi [req-7de54ca4-fef6-4aa9-ad1e-3479b4873982 req-ef844078-ce70-49c9-b18a-910b3bc03f2a service neutron] 10.222.0.67 "GET /v2.0/subnets?id=002422ab-4ece-44a4-845c-15231a0f86aa HTTP/1.1" status: 200 len: 857 time: 0.0687935
Dec 23 12:16:52.048951 dv-cinder-822822-1-iscsi neutron-server[103366]: INFO neutron.wsgi [req-6960ad47-4c55-412d-a66b-c912f36b8849 req-af36eb97-5bdc-4ad8-8a6e-543387027d97 tempest-ServerRescueNegativeTestJSON-741281295 tempest-ServerRescueNegativeTestJSON-741281295-project] 10.222.0.66 "GET /v2.0/security-groups?id=db10ae41-3622-48bb-a18d-0e3d35e21b27&fields=id&fields=name HTTP/1.1" status: 200 len: 286 time: 0.1458516
Dec 23 12:16:52.053780 dv-cinder-822822-1-iscsi neutron-server[103366]: DEBUG neutron_lib.callbacks.manager [None req-757fe30f-a564-4810-b4d9-b8a156403478 tempest-AttachVolumeTestJSON-989114832 tempest-AttachVolumeTestJSON-989114832-project] Publish callbacks [] for port, precommit_update {{(pid=103366) _notify_loop /usr/local/lib/python3.8/dist-packages/neutron_lib/callbacks/manager.py:175}}
Dec 23 12:16:52.076850 dv-cinder-822822-1-iscsi neutron-server[103366]: DEBUG neutron.pecan_wsgi.hooks.policy_enforcement [req-344137a6-5418-4faf-b595-5ced63bb331a req-e30553e5-4fb6-450e-9a24-3134f21ee165 service neutron] Attributes excluded by policy engine: ['standard_attr_id'] {{(pid=103366) _exclude_attributes_by_policy /opt/stack/neutron/neutron/pecan_wsgi/hooks/policy_enforcement.py:255}}
Dec 23 12:16:52.078493 dv-cinder-822822-1-iscsi neutron-server[103366]: INFO neutron.wsgi [req-344137a6-5418-4faf-b595-5ced63bb331a req-e30553e5-4fb6-450e-9a24-3134f21ee165 service neutron] 10.222.0.67 "GET /v2.0/ports?tenant_id=47c80a81c9274a61a97dd5b7a9792d2b&device_id=e9f321d3-10fb-499e-8643-a58eb1bdfc13 HTTP/1.1" status: 200 len: 1096 time: 0.1026161
Dec 23 12:16:52.094024 dv-cinder-822822-1-iscsi neutron-server[103365]: INFO neutron.wsgi [req-7de54ca4-fef6-4aa9-ad1e-3479b4873982 req-01a0b6d4-8295-42c3-abd2-49283fb72271 service neutron] 10.222.0.67 "GET /v2.0/ports?network_id=b64d7529-ac28-48ad-bd14-b4116e07c0b1&device_owner=network%3Adhcp HTTP/1.1" status: 200 len: 210 time: 0.0500402
Dec 23 12:16:52.159351 dv-cinder-822822-1-iscsi neutron-server[103366]: INFO neutron.wsgi [req-ec062438-c39c-4c2f-9651-2c48c15c44c2 req-24b5b454-e654-40b2-8221-7fe95967e536 tempest-AttachVolumeShelveTestJSON-768031325 tempest-AttachVolumeShelveTestJSON-768031325-project] 10.222.0.66 "GET /v2.0/ports?device_id=34452835-b6bc-48cd-9319-67f843097e14 HTTP/1.1" status: 200 len: 210 time: 0.0583780
Dec 23 12:16:52.192001 dv-cinder-822822-1-iscsi neutron-server[103366]: DEBUG neutron_lib.callbacks.manager [None req-757fe30f-a564-4810-b4d9-b8a156403478 tempest-AttachVolumeTestJSON-989114832 tempest-AttachVolumeTestJSON-989114832-project] Publish callbacks ['neutron.plugins.ml2.plugin.SecurityGroupServerNotifierRpcMixin._notify_sg_on_port_change-579534', 'neutron.plugins.ml2.ovo_rpc._ObjectChangeHandler.handle_event-31962', 'neutron.api.rpc.agentnotifiers.dhcp_rpc_agent_api.DhcpAgentNotifyAPI._native_event_send_dhcp_notification-16314439', 'neutron.db.l3_db.L3RpcNotifierMixin._notify_gateway_port_ip_changed-8754662091587', 'neutron.db.l3_dvrscheduler_db._notify_l3_agent_port_update-8754661607927', 'neutron.db.l3_hascheduler_db._notify_l3_agent_ha_port_update-8754661604877', 'neutron.services.segments.plugin.NovaSegmentNotifier._notify_port_updated-13510576'] for port, after_update {{(pid=103366) _notify_loop /usr/local/lib/python3.8/dist-packages/neutron_lib/callbacks/manager.py:175}}
Dec 23 12:16:52.200829 dv-cinder-822822-1-iscsi neutron-server[103366]: INFO neutron.wsgi [req-344137a6-5418-4faf-b595-5ced63bb331a req-248839b7-8992-4a3c-bcfd-7b5432bd49fe service neutron] 10.222.0.67 "GET /v2.0/floatingips?fixed_ip_address=172.20.0.8&port_id=8bddf673-21a4-4876-9b9f-b58c9b8cbf2e HTTP/1.1" status: 200 len: 217 time: 0.0814540
Dec 23 12:16:52.253628 dv-cinder-822822-1-iscsi neutron-server[103365]: DEBUG neutron.pecan_wsgi.hooks.policy_enforcement [req-bed7ae03-9f8f-4cfd-a8b6-d55fa9d5e2e5 req-ac66e070-204b-486e-921c-a7b95092748b service neutron] Attributes excluded by policy engine: ['standard_attr_id', 'vlan_transparent'] {{(pid=103365) _exclude_attributes_by_policy /opt/stack/neutron/neutron/pecan_wsgi/hooks/policy_enforcement.py:255}}
Dec 23 12:16:52.255024 dv-cinder-822822-1-iscsi neutron-server[103365]: INFO neutron.wsgi [req-bed7ae03-9f8f-4cfd-a8b6-d55fa9d5e2e5 req-ac66e070-204b-486e-921c-a7b95092748b service neutron] 10.222.0.67 "GET /v2.0/networks?id=b1b1869f-73b4-4cf3-8d55-2f22e8b9f63e HTTP/1.1" status: 200 len: 911 time: 0.3063536
Dec 23 12:16:52.313153 dv-cinder-822822-1-iscsi neutron-server[103366]: DEBUG neutron.api.rpc.handlers.resources_rpc [None req-757fe30f-a564-4810-b4d9-b8a156403478 tempest-AttachVolumeTestJSON-989114832 tempest-AttachVolumeTestJSON-989114832-project] Pushing event updated for resources: {'Port': ['ID=090f47f2-e0f7-4ea5-8b25-53279ed5490a,revision_number=2']} {{(pid=103366) push /opt/stack/neutron/neutron/api/rpc/handlers/resources_rpc.py:237}}
Dec 23 12:16:52.319503 dv-cinder-822822-1-iscsi neutron-server[103365]: INFO neutron.wsgi [req-bed7ae03-9f8f-4cfd-a8b6-d55fa9d5e2e5 req-b8b6e738-7d7d-4ee4-85d5-855e1f85c319 service neutron] 10.222.0.67 "GET /v2.0/floatingips?fixed_ip_address=172.20.0.9&port_id=f4946b8a-a4fa-46d9-9920-0bc75b1f0870 HTTP/1.1" status: 200 len: 217 time: 0.0485201
Dec 23 12:16:52.319850 dv-cinder-822822-1-iscsi neutron-server[103366]: DEBUG neutron_lib.callbacks.manager [None req-757fe30f-a564-4810-b4d9-b8a156403478 tempest-AttachVolumeTestJSON-989114832 tempest-AttachVolumeTestJSON-989114832-project] Publish callbacks ['neutron.services.l3_router.l3_router_plugin.DVRResourceOperationHandler._create_dvr_floating_gw_port-16343512'] for floatingip, after_create {{(pid=103366) _notify_loop /usr/local/lib/python3.8/dist-packages/neutron_lib/callbacks/manager.py:175}}
Dec 23 12:16:52.319952 dv-cinder-822822-1-iscsi neutron-server[103365]: INFO neutron.wsgi [req-7de54ca4-fef6-4aa9-ad1e-3479b4873982 req-fce923a2-7c4e-48fe-a23d-d77ad3996232 service neutron] 10.222.0.67 "GET /v2.0/networks/b64d7529-ac28-48ad-bd14-b4116e07c0b1?fields=segments HTTP/1.1" status: 200 len: 212 time: 0.1868308
Dec 23 12:16:52.324284 dv-cinder-822822-1-iscsi neutron-server[103366]: DEBUG neutron.pecan_wsgi.hooks.policy_enforcement [req-344137a6-5418-4faf-b595-5ced63bb331a req-1cd4618c-0d9a-493b-b84f-306b8db7c104 service neutron] Attributes excluded by policy engine: ['standard_attr_id', 'shared', 'segment_id'] {{(pid=103366) _exclude_attributes_by_policy /opt/stack/neutron/neutron/pecan_wsgi/hooks/policy_enforcement.py:255}}
Dec 23 12:16:52.325920 dv-cinder-822822-1-iscsi neutron-server[103366]: INFO neutron.wsgi [req-344137a6-5418-4faf-b595-5ced63bb331a req-1cd4618c-0d9a-493b-b84f-306b8db7c104 service neutron] 10.222.0.67 "GET /v2.0/subnets?id=002422ab-4ece-44a4-845c-15231a0f86aa HTTP/1.1" status: 200 len: 857 time: 0.1231129
Dec 23 12:16:52.401692 dv-cinder-822822-1-iscsi neutron-server[103365]: DEBUG neutron.pecan_wsgi.hooks.policy_enforcement [req-bed7ae03-9f8f-4cfd-a8b6-d55fa9d5e2e5 req-c1cff698-a470-4f09-bf4e-0b9c65665141 service neutron] Attributes excluded by policy engine: ['standard_attr_id', 'shared', 'segment_id'] {{(pid=103365) _exclude_attributes_by_policy /opt/stack/neutron/neutron/pecan_wsgi/hooks/policy_enforcement.py:255}}
Dec 23 12:16:52.403715 dv-cinder-822822-1-iscsi neutron-server[103365]: INFO neutron.wsgi [req-bed7ae03-9f8f-4cfd-a8b6-d55fa9d5e2e5 req-c1cff698-a470-4f09-bf4e-0b9c65665141 service neutron] 10.222.0.67 "GET /v2.0/subnets?id=36e95741-31da-41fc-b1c0-241efb87141b HTTP/1.1" status: 200 len: 850 time: 0.0775652
Dec 23 12:16:52.508548 dv-cinder-822822-1-iscsi neutron-server[103365]: DEBUG neutron.wsgi [-] (103365) accepted ('10.222.0.66', 35604) {{(pid=103365) server /usr/local/lib/python3.8/dist-packages/eventlet/wsgi.py:1004}}
Dec 23 12:16:52.535055 dv-cinder-822822-1-iscsi neutron-server[103365]: INFO neutron.wsgi [req-bed7ae03-9f8f-4cfd-a8b6-d55fa9d5e2e5 req-7e568688-dd10-49cc-a09b-37fefc61b8e0 service neutron] 10.222.0.67 "GET /v2.0/ports?network_id=b1b1869f-73b4-4cf3-8d55-2f22e8b9f63e&device_owner=network%3Adhcp HTTP/1.1" status: 200 len: 210 time: 0.0869803
Dec 23 12:16:52.595099 dv-cinder-822822-1-iscsi neutron-server[103366]: DEBUG neutron_lib.callbacks.manager [None req-757fe30f-a564-4810-b4d9-b8a156403478 tempest-AttachVolumeTestJSON-989114832 tempest-AttachVolumeTestJSON-989114832-project] Publish callbacks ['neutron.notifiers.nova.Notifier._send_nova_notification-80434'] for floatingip, before_response {{(pid=103366) _notify_loop /usr/local/lib/python3.8/dist-packages/neutron_lib/callbacks/manager.py:175}}
Dec 23 12:16:52.598670 dv-cinder-822822-1-iscsi neutron-server[103366]: INFO neutron.wsgi [None req-757fe30f-a564-4810-b4d9-b8a156403478 tempest-AttachVolumeTestJSON-989114832 tempest-AttachVolumeTestJSON-989114832-project] 10.222.0.66 "POST /v2.0/floatingips HTTP/1.1" status: 201 len: 692 time: 5.0524194
Dec 23 12:16:52.629570 dv-cinder-822822-1-iscsi neutron-server[103366]: DEBUG neutron.wsgi [-] (103366) accepted ('10.222.0.67', 49934) {{(pid=103366) server /usr/local/lib/python3.8/dist-packages/eventlet/wsgi.py:1004}}
Dec 23 12:16:52.643632 dv-cinder-822822-1-iscsi neutron-server[103366]: INFO neutron.wsgi [req-344137a6-5418-4faf-b595-5ced63bb331a req-a6d95d0c-f7c1-4bfb-abea-9850121d656e service neutron] 10.222.0.67 "GET /v2.0/ports?network_id=b64d7529-ac28-48ad-bd14-b4116e07c0b1&device_owner=network%3Adhcp HTTP/1.1" status: 200 len: 210 time: 0.3090670
Dec 23 12:16:52.715744 dv-cinder-822822-1-iscsi neutron-server[103366]: DEBUG neutron.wsgi [-] (103366) accepted ('10.222.0.66', 35612) {{(pid=103366) server /usr/local/lib/python3.8/dist-packages/eventlet/wsgi.py:1004}}
Dec 23 12:16:52.722606 dv-cinder-822822-1-iscsi neutron-server[103365]: INFO neutron.wsgi [req-7de54ca4-fef6-4aa9-ad1e-3479b4873982 req-51a5bb13-37c7-4be9-b9a6-deac3e293b4c service neutron] 10.222.0.67 "GET /v2.0/networks/b64d7529-ac28-48ad-bd14-b4116e07c0b1?fields=provider%3Aphysical_network&fields=provider%3Anetwork_type HTTP/1.1" status: 200 len: 281 time: 0.3861709
Dec 23 12:16:52.764648 dv-cinder-822822-1-iscsi neutron-server[103365]: INFO neutron.wsgi [None req-ce78a920-cb6d-4f30-ae7a-341b1c4ec585 admin admin] 10.222.0.66 "GET /v2.0/security-groups?tenant_id=9d0029122efa4555a3ef4af60d8513bc&name=default HTTP/1.1" status: 200 len: 2992 time: 0.2549865
Dec 23 12:16:52.772280 dv-cinder-822822-1-iscsi neutron-server[103365]: DEBUG neutron.wsgi [-] (103365) accepted ('10.222.0.66', 35618) {{(pid=103365) server /usr/local/lib/python3.8/dist-packages/eventlet/wsgi.py:1004}}
Dec 23 12:16:52.800939 dv-cinder-822822-1-iscsi neutron-server[103365]: INFO neutron.wsgi [req-bed7ae03-9f8f-4cfd-a8b6-d55fa9d5e2e5 req-9dab1d2e-eed8-4039-b80a-77d022df1e08 service neutron] 10.222.0.67 "GET /v2.0/networks/b1b1869f-73b4-4cf3-8d55-2f22e8b9f63e?fields=segments HTTP/1.1" status: 200 len: 212 time: 0.2578881
Dec 23 12:16:52.881091 dv-cinder-822822-1-iscsi neutron-server[103366]: DEBUG neutron.pecan_wsgi.hooks.policy_enforcement [req-25f0319e-206a-46af-8ce0-0e58fca45d65 req-8adc10e6-a583-42ae-9f51-14a858081b1f tempest-DeleteServersTestJSON-1881355038 tempest-DeleteServersTestJSON-1881355038-project] Attributes excluded by policy engine: ['standard_attr_id', 'binding:profile', 'binding:host_id', 'binding:vif_type', 'binding:vif_details'] {{(pid=103366) _exclude_attributes_by_policy /opt/stack/neutron/neutron/pecan_wsgi/hooks/policy_enforcement.py:255}}
Dec 23 12:16:52.885739 dv-cinder-822822-1-iscsi neutron-server[103366]: INFO neutron.wsgi [req-25f0319e-206a-46af-8ce0-0e58fca45d65 req-8adc10e6-a583-42ae-9f51-14a858081b1f tempest-DeleteServersTestJSON-1881355038 tempest-DeleteServersTestJSON-1881355038-project] 10.222.0.66 "GET /v2.0/ports?device_id=5a6f09f6-8e65-4e39-9612-7941b4dfbacb HTTP/1.1" status: 200 len: 943 time: 0.2185490
Dec 23 12:16:52.914530 dv-cinder-822822-1-iscsi neutron-server[103365]: DEBUG neutron_lib.callbacks.manager [None req-3bd89dab-71b6-43e1-a469-9d29873528db admin admin] Publish callbacks [] for security_group, before_delete {{(pid=103365) _notify_loop /usr/local/lib/python3.8/dist-packages/neutron_lib/callbacks/manager.py:175}}
Dec 23 12:16:52.956033 dv-cinder-822822-1-iscsi neutron-server[103365]: DEBUG neutron_lib.callbacks.manager [None req-3bd89dab-71b6-43e1-a469-9d29873528db admin admin] Publish callbacks [] for security_group, precommit_delete {{(pid=103365) _notify_loop /usr/local/lib/python3.8/dist-packages/neutron_lib/callbacks/manager.py:175}}
Dec 23 12:16:52.966138 dv-cinder-822822-1-iscsi neutron-server[103365]: INFO neutron.wsgi [req-bed7ae03-9f8f-4cfd-a8b6-d55fa9d5e2e5 req-dc22d11d-4f78-4046-b67d-43b0fab91d75 service neutron] 10.222.0.67 "GET /v2.0/networks/b1b1869f-73b4-4cf3-8d55-2f22e8b9f63e?fields=provider%3Aphysical_network&fields=provider%3Anetwork_type HTTP/1.1" status: 200 len: 281 time: 0.1527212
Dec 23 12:16:52.971514 dv-cinder-822822-1-iscsi neutron-server[103366]: DEBUG neutron.pecan_wsgi.hooks.policy_enforcement [req-3558625b-b01d-4ab1-9899-9fa0519a65c4 req-35eb80f7-65d8-415f-a56e-036dc013657c tempest-AttachVolumeShelveTestJSON-768031325 tempest-AttachVolumeShelveTestJSON-768031325-project] Attributes excluded by policy engine: ['standard_attr_id', 'vlan_transparent', 'provider:network_type', 'provider:physical_network', 'provider:segmentation_id'] {{(pid=103366) _exclude_attributes_by_policy /opt/stack/neutron/neutron/pecan_wsgi/hooks/policy_enforcement.py:255}}
Dec 23 12:16:52.973447 dv-cinder-822822-1-iscsi neutron-server[103366]: INFO neutron.wsgi [req-3558625b-b01d-4ab1-9899-9fa0519a65c4 req-35eb80f7-65d8-415f-a56e-036dc013657c tempest-AttachVolumeShelveTestJSON-768031325 tempest-AttachVolumeShelveTestJSON-768031325-project] 10.222.0.67 "GET /v2.0/networks?id=5052cf3e-c2fb-4407-b0d6-d85061f99004 HTTP/1.1" status: 200 len: 816 time: 0.3337340
Dec 23 12:16:53.006585 dv-cinder-822822-1-iscsi neutron-server[103366]: INFO neutron.wsgi [req-344137a6-5418-4faf-b595-5ced63bb331a req-d9b380df-31d4-408b-8fec-1cbfcd448ff3 service neutron] 10.222.0.67 "GET /v2.0/networks/b64d7529-ac28-48ad-bd14-b4116e07c0b1?fields=segments HTTP/1.1" status: 200 len: 212 time: 0.3518574
Dec 23 12:16:53.038322 dv-cinder-822822-1-iscsi neutron-server[103366]: DEBUG neutron_lib.callbacks.manager [None req-430e8019-b491-45f5-b100-3e9f3a426dc0 admin admin] Publish callbacks [] for security_group, before_create {{(pid=103366) _notify_loop /usr/local/lib/python3.8/dist-packages/neutron_lib/callbacks/manager.py:175}}
Dec 23 12:16:53.082541 dv-cinder-822822-1-iscsi neutron-server[103365]: DEBUG neutron_lib.callbacks.manager [None req-3bd89dab-71b6-43e1-a469-9d29873528db admin admin] Publish callbacks ['neutron.plugins.ml2.ovo_rpc._ObjectChangeHandler.handle_event-16493809'] for security_group, after_delete {{(pid=103365) _notify_loop /usr/local/lib/python3.8/dist-packages/neutron_lib/callbacks/manager.py:175}}
Dec 23 12:16:53.086920 dv-cinder-822822-1-iscsi neutron-server[103365]: DEBUG neutron_lib.callbacks.manager [None req-3bd89dab-71b6-43e1-a469-9d29873528db admin admin] Publish callbacks [] for security_group, before_response {{(pid=103365) _notify_loop /usr/local/lib/python3.8/dist-packages/neutron_lib/callbacks/manager.py:175}}
Dec 23 12:16:53.090540 dv-cinder-822822-1-iscsi neutron-server[103365]: INFO neutron.wsgi [None req-3bd89dab-71b6-43e1-a469-9d29873528db admin admin] 10.222.0.66 "DELETE /v2.0/security-groups/a55e5dc5-d58f-4ce3-854d-5deb1178c256 HTTP/1.1" status: 204 len: 168 time: 0.3164625
Dec 23 12:16:53.104721 dv-cinder-822822-1-iscsi neutron-server[103365]: DEBUG neutron.api.rpc.handlers.resources_rpc [None req-3bd89dab-71b6-43e1-a469-9d29873528db admin admin] Pushing event deleted for resources: {'SecurityGroup': ['ID=a55e5dc5-d58f-4ce3-854d-5deb1178c256,revision_number=None']} {{(pid=103365) push /opt/stack/neutron/neutron/api/rpc/handlers/resources_rpc.py:237}}
Dec 23 12:16:53.148618 dv-cinder-822822-1-iscsi neutron-server[103366]: INFO neutron.wsgi [req-25f0319e-206a-46af-8ce0-0e58fca45d65 req-06ef5bbb-394e-46e8-97e8-abf5f69fed06 tempest-DeleteServersTestJSON-1881355038 tempest-DeleteServersTestJSON-1881355038-project] 10.222.0.66 "GET /v2.0/security-groups?id=1c398f93-2c41-4fb5-9acf-b1669879441c&fields=id&fields=name HTTP/1.1" status: 200 len: 286 time: 0.2500458
Dec 23 12:16:53.265479 dv-cinder-822822-1-iscsi neutron-server[103366]: INFO neutron.wsgi [req-3558625b-b01d-4ab1-9899-9fa0519a65c4 req-dc97723c-c472-441a-8ed5-f579a030f85f tempest-AttachVolumeShelveTestJSON-768031325 tempest-AttachVolumeShelveTestJSON-768031325-project] 10.222.0.67 "GET /v2.0/security-groups?fields=id&fields=name&tenant_id=accbdf381d5d42d9a3a71a4b814c7430 HTTP/1.1" status: 200 len: 379 time: 0.2530770
Dec 23 12:16:53.270170 dv-cinder-822822-1-iscsi neutron-server[103365]: DEBUG neutron.pecan_wsgi.hooks.policy_enforcement [req-79954507-dfcc-4c74-83e5-7e56ac8ba35b req-b53bd1ae-b418-4f99-87e9-8972667e5a0b service neutron] Attributes excluded by policy engine: ['standard_attr_id'] {{(pid=103365) _exclude_attributes_by_policy /opt/stack/neutron/neutron/pecan_wsgi/hooks/policy_enforcement.py:255}}
