Jul 14 11:17:47.657314 dv-cinder-822821-5-iscsi neutron-server[104470]: DEBUG neutron.wsgi [-] (104470) accepted ('10.222.0.59', 50414) {{(pid=104470) server /usr/local/lib/python3.8/dist-packages/eventlet/wsgi.py:1004}}
Jul 14 11:17:47.675740 dv-cinder-822821-5-iscsi neutron-server[104470]: DEBUG neutron_lib.callbacks.manager [None req-bd67e167-ce8d-4e68-a73a-9e26651f8a4d admin admin] Publish callbacks [] for security_group (None), before_create {{(pid=104470) _notify_loop /usr/local/lib/python3.8/dist-packages/neutron_lib/callbacks/manager.py:176}}
Jul 14 11:17:47.748831 dv-cinder-822821-5-iscsi neutron-server[104471]: DEBUG neutron.pecan_wsgi.hooks.policy_enforcement [req-d51dd903-eeaa-4abd-bebb-7da87c99cfd6 req-7cdabad5-1639-4818-8e4d-751289174af0 tempest-DeleteServersTestJSON-764460780 tempest-DeleteServersTestJSON-764460780-project] Attributes excluded by policy engine: ['standard_attr_id', 'binding:profile', 'binding:host_id', 'binding:vif_type', 'binding:vif_details'] {{(pid=104471) _exclude_attributes_by_policy /opt/stack/neutron/neutron/pecan_wsgi/hooks/policy_enforcement.py:259}}
Jul 14 11:17:47.757348 dv-cinder-822821-5-iscsi neutron-server[104471]: INFO neutron.wsgi [req-d51dd903-eeaa-4abd-bebb-7da87c99cfd6 req-7cdabad5-1639-4818-8e4d-751289174af0 tempest-DeleteServersTestJSON-764460780 tempest-DeleteServersTestJSON-764460780-project] 10.222.0.59 "GET /v2.0/ports?device_id=01ab795c-d284-4373-a2de-e2632a1ad851 HTTP/1.1" status: 200 len: 945 time: 0.0780594
Jul 14 11:17:47.789087 dv-cinder-822821-5-iscsi neutron-server[104472]: DEBUG neutron_lib.callbacks.manager [None req-61954163-48e6-41ad-a2cb-c642f663251f None None] Publish callbacks ['neutron.services.segments.db._update_segment_host_mapping_for_agent-8793575486001', 'neutron.plugins.ml2.plugin.Ml2Plugin._retry_binding_revived_agents-1387204'] for agent (6f7ccea1-39f5-4887-9965-ecf93227190c), after_update {{(pid=104472) _notify_loop /usr/local/lib/python3.8/dist-packages/neutron_lib/callbacks/manager.py:176}}
Jul 14 11:17:47.793623 dv-cinder-822821-5-iscsi neutron-server[104471]: DEBUG neutron_lib.callbacks.manager [None req-de04b07b-212d-497e-87a0-2d7ba94217b2 admin admin] Publish callbacks ['neutron.plugins.ml2.ovo_rpc._ObjectChangeHandler.handle_event-1738308'] for security_group (adf33949-8382-4134-82c0-574a7d4686c0), after_delete {{(pid=104471) _notify_loop /usr/local/lib/python3.8/dist-packages/neutron_lib/callbacks/manager.py:176}}
Jul 14 11:17:47.797919 dv-cinder-822821-5-iscsi neutron-server[104471]: DEBUG neutron_lib.callbacks.manager [None req-de04b07b-212d-497e-87a0-2d7ba94217b2 admin admin] Publish callbacks [] for security_group (None), before_response {{(pid=104471) _notify_loop /usr/local/lib/python3.8/dist-packages/neutron_lib/callbacks/manager.py:176}}
Jul 14 11:17:47.800893 dv-cinder-822821-5-iscsi neutron-server[104471]: INFO neutron.wsgi [None req-de04b07b-212d-497e-87a0-2d7ba94217b2 admin admin] 10.222.0.59 "DELETE /v2.0/security-groups/adf33949-8382-4134-82c0-574a7d4686c0 HTTP/1.1" status: 204 len: 168 time: 0.2700384
Jul 14 11:17:47.808405 dv-cinder-822821-5-iscsi neutron-server[104470]: DEBUG neutron.pecan_wsgi.hooks.policy_enforcement [req-d566e3de-d824-4966-b42f-daa372ab0376 req-606a93ee-c2dc-48be-a95c-b1de4e3b8a28 tempest-AttachVolumeShelveTestJSON-818401901 tempest-AttachVolumeShelveTestJSON-818401901-project] Attributes excluded by policy engine: ['standard_attr_id', 'binding:profile', 'binding:host_id', 'binding:vif_type', 'binding:vif_details'] {{(pid=104470) _exclude_attributes_by_policy /opt/stack/neutron/neutron/pecan_wsgi/hooks/policy_enforcement.py:259}}
Jul 14 11:17:47.816505 dv-cinder-822821-5-iscsi neutron-server[104470]: INFO neutron.wsgi [req-d566e3de-d824-4966-b42f-daa372ab0376 req-606a93ee-c2dc-48be-a95c-b1de4e3b8a28 tempest-AttachVolumeShelveTestJSON-818401901 tempest-AttachVolumeShelveTestJSON-818401901-project] 10.222.0.59 "GET /v2.0/ports?device_id=a91745f1-a0c6-47f3-8c7b-da031d0dc625 HTTP/1.1" status: 200 len: 944 time: 0.0832074
Jul 14 11:17:47.830042 dv-cinder-822821-5-iscsi neutron-server[104471]: DEBUG neutron.api.rpc.handlers.resources_rpc [None req-de04b07b-212d-497e-87a0-2d7ba94217b2 admin admin] Pushing event deleted for resources: {'SecurityGroup': ['ID=adf33949-8382-4134-82c0-574a7d4686c0,revision_number=None']} {{(pid=104471) push /opt/stack/neutron/neutron/api/rpc/handlers/resources_rpc.py:237}}
Jul 14 11:17:47.858820 dv-cinder-822821-5-iscsi neutron-server[104471]: INFO neutron.wsgi [req-d51dd903-eeaa-4abd-bebb-7da87c99cfd6 req-a57d78e8-dccb-4c57-b1a8-e0a8504e76ff tempest-DeleteServersTestJSON-764460780 tempest-DeleteServersTestJSON-764460780-project] 10.222.0.59 "GET /v2.0/security-groups?id=cc7d2775-9011-444c-8592-812940718185&fields=id&fields=name HTTP/1.1" status: 200 len: 286 time: 0.1003361
Jul 14 11:17:47.893306 dv-cinder-822821-5-iscsi neutron-server[104470]: INFO neutron.wsgi [req-d566e3de-d824-4966-b42f-daa372ab0376 req-edbe4a6f-e9c3-442b-a0f2-0d43dcb7f448 tempest-AttachVolumeShelveTestJSON-818401901 tempest-AttachVolumeShelveTestJSON-818401901-project] 10.222.0.59 "GET /v2.0/security-groups?id=d06e6322-0c1f-40c2-b378-ff3843e9188a&fields=id&fields=name HTTP/1.1" status: 200 len: 312 time: 0.0746551
Jul 14 11:17:47.914186 dv-cinder-822821-5-iscsi neutron-server[104470]: DEBUG neutron_lib.callbacks.manager [None req-bd67e167-ce8d-4e68-a73a-9e26651f8a4d admin admin] Publish callbacks [] for security_group (c2165153-016f-4315-a905-beaad6144564), precommit_create {{(pid=104470) _notify_loop /usr/local/lib/python3.8/dist-packages/neutron_lib/callbacks/manager.py:176}}
Jul 14 11:17:47.981219 dv-cinder-822821-5-iscsi neutron-server[104471]: DEBUG neutron.pecan_wsgi.hooks.policy_enforcement [req-f33e07ce-648e-4d9e-9d48-1410d86979f6 req-80d34837-2630-4b7d-ad99-dcff30e3c16d tempest-ServerRescueNegativeTestJSON-2122959956 tempest-ServerRescueNegativeTestJSON-2122959956-project] Attributes excluded by policy engine: ['standard_attr_id', 'binding:profile', 'binding:host_id', 'binding:vif_type', 'binding:vif_details'] {{(pid=104471) _exclude_attributes_by_policy /opt/stack/neutron/neutron/pecan_wsgi/hooks/policy_enforcement.py:259}}
Jul 14 11:17:47.982897 dv-cinder-822821-5-iscsi neutron-server[104471]: INFO neutron.wsgi [req-f33e07ce-648e-4d9e-9d48-1410d86979f6 req-80d34837-2630-4b7d-ad99-dcff30e3c16d tempest-ServerRescueNegativeTestJSON-2122959956 tempest-ServerRescueNegativeTestJSON-2122959956-project] 10.222.0.59 "GET /v2.0/ports?device_id=a714690c-6862-4797-8c84-e07c9262c217 HTTP/1.1" status: 200 len: 944 time: 0.0577240
Jul 14 11:17:48.004199 dv-cinder-822821-5-iscsi neutron-server[104472]: DEBUG neutron.plugins.ml2.rpc [None req-9aec1cf6-5f22-41c6-a4aa-07fe2387b4dd None None] Device 4e9f5953-94dc-4311-8014-999286bdb480 up at agent hyperv_hv-cinder-82282 {{(pid=104472) update_device_up /opt/stack/neutron/neutron/plugins/ml2/rpc.py:296}}
Jul 14 11:17:48.023031 dv-cinder-822821-5-iscsi neutron-server[104470]: DEBUG neutron_lib.callbacks.manager [None req-bd67e167-ce8d-4e68-a73a-9e26651f8a4d admin admin] Publish callbacks ['neutron.plugins.ml2.ovo_rpc._ObjectChangeHandler.handle_event-1738308'] for security_group (c2165153-016f-4315-a905-beaad6144564), after_create {{(pid=104470) _notify_loop /usr/local/lib/python3.8/dist-packages/neutron_lib/callbacks/manager.py:176}}
Jul 14 11:17:48.042435 dv-cinder-822821-5-iscsi neutron-server[104471]: INFO neutron.wsgi [req-11781ab6-2603-42c8-adc9-7b6a982164c2 req-16d11634-9cab-4c6a-a99f-a4bd29212ed0 service neutron] 10.222.0.67 "GET /v2.0/floatingips?fixed_ip_address=172.20.0.6&port_id=4e9f5953-94dc-4311-8014-999286bdb480 HTTP/1.1" status: 200 len: 217 time: 0.0584550
Jul 14 11:17:48.078400 dv-cinder-822821-5-iscsi neutron-server[104472]: DEBUG neutron.db.provisioning_blocks [None req-9aec1cf6-5f22-41c6-a4aa-07fe2387b4dd None None] Provisioning for port 4e9f5953-94dc-4311-8014-999286bdb480 completed by entity L2. {{(pid=104472) provisioning_complete /opt/stack/neutron/neutron/db/provisioning_blocks.py:137}}
Jul 14 11:17:48.117776 dv-cinder-822821-5-iscsi neutron-server[104471]: INFO neutron.wsgi [req-f33e07ce-648e-4d9e-9d48-1410d86979f6 req-ffe3aed5-6e15-498a-a8c1-d834fac721e5 tempest-ServerRescueNegativeTestJSON-2122959956 tempest-ServerRescueNegativeTestJSON-2122959956-project] 10.222.0.59 "GET /v2.0/security-groups?id=de548666-dcb3-498c-8689-d238e51b36fc&fields=id&fields=name HTTP/1.1" status: 200 len: 286 time: 0.1247752
Jul 14 11:17:48.125299 dv-cinder-822821-5-iscsi neutron-server[104471]: DEBUG neutron.pecan_wsgi.hooks.policy_enforcement [req-11781ab6-2603-42c8-adc9-7b6a982164c2 req-85662217-d4a2-418d-8012-d5c15046f6d5 service neutron] Attributes excluded by policy engine: ['standard_attr_id', 'shared', 'segment_id'] {{(pid=104471) _exclude_attributes_by_policy /opt/stack/neutron/neutron/pecan_wsgi/hooks/policy_enforcement.py:259}}
Jul 14 11:17:48.128598 dv-cinder-822821-5-iscsi neutron-server[104471]: INFO neutron.wsgi [req-11781ab6-2603-42c8-adc9-7b6a982164c2 req-85662217-d4a2-418d-8012-d5c15046f6d5 service neutron] 10.222.0.67 "GET /v2.0/subnets?id=7c517e4b-763d-42d3-a36c-a7e30ddc1eee HTTP/1.1" status: 200 len: 858 time: 0.0768552
Jul 14 11:17:48.155624 dv-cinder-822821-5-iscsi neutron-server[104472]: DEBUG neutron.db.provisioning_blocks [None req-9aec1cf6-5f22-41c6-a4aa-07fe2387b4dd None None] Provisioning complete for port 4e9f5953-94dc-4311-8014-999286bdb480 triggered by entity L2. {{(pid=104472) provisioning_complete /opt/stack/neutron/neutron/db/provisioning_blocks.py:145}}
Jul 14 11:17:48.156162 dv-cinder-822821-5-iscsi neutron-server[104472]: DEBUG neutron_lib.callbacks.manager [None req-9aec1cf6-5f22-41c6-a4aa-07fe2387b4dd None None] Publish callbacks ['neutron.plugins.ml2.plugin.Ml2Plugin._port_provisioned-1387182'] for port (4e9f5953-94dc-4311-8014-999286bdb480), provisioning_complete {{(pid=104472) _notify_loop /usr/local/lib/python3.8/dist-packages/neutron_lib/callbacks/manager.py:176}}
Jul 14 11:17:48.210811 dv-cinder-822821-5-iscsi neutron-server[104471]: DEBUG neutron.pecan_wsgi.hooks.policy_enforcement [req-11781ab6-2603-42c8-adc9-7b6a982164c2 req-3a843cee-a4b1-4458-8c0f-2f6c6fe21b9a service neutron] Attributes excluded by policy engine: ['standard_attr_id'] {{(pid=104471) _exclude_attributes_by_policy /opt/stack/neutron/neutron/pecan_wsgi/hooks/policy_enforcement.py:259}}
Jul 14 11:17:48.212145 dv-cinder-822821-5-iscsi neutron-server[104471]: INFO neutron.wsgi [req-11781ab6-2603-42c8-adc9-7b6a982164c2 req-3a843cee-a4b1-4458-8c0f-2f6c6fe21b9a service neutron] 10.222.0.67 "GET /v2.0/ports?network_id=e30da614-ae13-4a5b-8eaf-d8446472405a&device_owner=network%3Adhcp HTTP/1.1" status: 200 len: 1212 time: 0.0769451
Jul 14 11:17:48.247881 dv-cinder-822821-5-iscsi neutron-server[104472]: DEBUG neutron.plugins.ml2.plugin [None req-9aec1cf6-5f22-41c6-a4aa-07fe2387b4dd None None] Current status of the port 4e9f5953-94dc-4311-8014-999286bdb480 is: BUILD; New status is: ACTIVE {{(pid=104472) _update_individual_port_db_status /opt/stack/neutron/neutron/plugins/ml2/plugin.py:2292}}
Jul 14 11:17:48.248261 dv-cinder-822821-5-iscsi neutron-server[104472]: DEBUG neutron_lib.callbacks.manager [None req-9aec1cf6-5f22-41c6-a4aa-07fe2387b4dd None None] Publish callbacks ['neutron.plugins.ml2.plugin.SecurityGroupDbMixin._ensure_default_security_group_handler-659839'] for port (4e9f5953-94dc-4311-8014-999286bdb480), before_update {{(pid=104472) _notify_loop /usr/local/lib/python3.8/dist-packages/neutron_lib/callbacks/manager.py:176}}
Jul 14 11:17:48.262789 dv-cinder-822821-5-iscsi neutron-server[104470]: INFO neutron.wsgi [None req-bd67e167-ce8d-4e68-a73a-9e26651f8a4d admin admin] 10.222.0.59 "GET /v2.0/security-groups?tenant_id=49c1f6b87632493db7de3f7cceba77ba&name=default HTTP/1.1" status: 200 len: 2996 time: 0.5953064
Jul 14 11:17:48.262789 dv-cinder-822821-5-iscsi neutron-server[104470]: DEBUG neutron.api.rpc.handlers.resources_rpc [None req-bd67e167-ce8d-4e68-a73a-9e26651f8a4d admin admin] Pushing event updated for resources: {'SecurityGroup': ['ID=c2165153-016f-4315-a905-beaad6144564,revision_number=1']} {{(pid=104470) push /opt/stack/neutron/neutron/api/rpc/handlers/resources_rpc.py:237}}
Jul 14 11:17:48.263057 dv-cinder-822821-5-iscsi neutron-server[104471]: DEBUG neutron.wsgi [-] (104471) accepted ('10.222.0.59', 50434) {{(pid=104471) server /usr/local/lib/python3.8/dist-packages/eventlet/wsgi.py:1004}}
Jul 14 11:17:48.263164 dv-cinder-822821-5-iscsi neutron-server[104470]: DEBUG neutron.pecan_wsgi.hooks.policy_enforcement [req-fad3f007-6fb8-4d65-881e-21fa18934fb7 req-4cec26c9-8762-4f61-89c2-93661d20351d service neutron] Attributes excluded by policy engine: ['standard_attr_id'] {{(pid=104470) _exclude_attributes_by_policy /opt/stack/neutron/neutron/pecan_wsgi/hooks/policy_enforcement.py:259}}
Jul 14 11:17:48.264472 dv-cinder-822821-5-iscsi neutron-server[104470]: INFO neutron.wsgi [req-fad3f007-6fb8-4d65-881e-21fa18934fb7 req-4cec26c9-8762-4f61-89c2-93661d20351d service neutron] 10.222.0.67 "GET /v2.0/ports?device_id=01ab795c-d284-4373-a2de-e2632a1ad851 HTTP/1.1" status: 200 len: 1129 time: 0.2375712
Jul 14 11:17:48.302691 dv-cinder-822821-5-iscsi neutron-server[104472]: DEBUG neutron.notifiers.nova [-] Sending events: [{'server_uuid': 'f384cec4-20d3-4f6d-aeee-62ee2b5abe41', 'name': 'network-vif-plugged', 'status': 'completed', 'tag': '4e9f5953-94dc-4311-8014-999286bdb480'}] {{(pid=104472) send_events /opt/stack/neutron/neutron/notifiers/nova.py:271}}
Jul 14 11:17:48.306327 dv-cinder-822821-5-iscsi neutron-server[104472]: DEBUG novaclient.v2.client [-] REQ: curl -g -i --cacert "/opt/stack/data/ca-bundle.pem" -X POST http://10.222.0.59/compute/v2.1/os-server-external-events -H "Accept: application/json" -H "Content-Type: application/json" -H "User-Agent: python-novaclient" -H "X-Auth-Token: {SHA256}2ca2c0a67303c986fd2a4353546ab59f4b4f2923b964ba80eab7e826b179b9ac" -H "X-OpenStack-Nova-API-Version: 2.1" -H "X-OpenStack-Request-ID: req-769db124-340e-470b-9b64-e3505f9deea6" -d '{"events": [{"server_uuid": "f384cec4-20d3-4f6d-aeee-62ee2b5abe41", "name": "network-vif-plugged", "status": "completed", "tag": "4e9f5953-94dc-4311-8014-999286bdb480"}]}' {{(pid=104472) _http_log_request /usr/local/lib/python3.8/dist-packages/keystoneauth1/session.py:519}}
Jul 14 11:17:48.317854 dv-cinder-822821-5-iscsi neutron-server[104470]: DEBUG neutron.pecan_wsgi.hooks.policy_enforcement [req-7ce9dae7-3f58-4186-9449-2ae6ae5159ef req-e7d73713-77bc-4835-9fb6-dddfd7e1403f service neutron] Attributes excluded by policy engine: ['standard_attr_id'] {{(pid=104470) _exclude_attributes_by_policy /opt/stack/neutron/neutron/pecan_wsgi/hooks/policy_enforcement.py:259}}
Jul 14 11:17:48.321634 dv-cinder-822821-5-iscsi neutron-server[104470]: INFO neutron.wsgi [req-7ce9dae7-3f58-4186-9449-2ae6ae5159ef req-e7d73713-77bc-4835-9fb6-dddfd7e1403f service neutron] 10.222.0.67 "GET /v2.0/ports?tenant_id=f33c57605a974b44a62eebbdaba23ade&device_id=a91745f1-a0c6-47f3-8c7b-da031d0dc625 HTTP/1.1" status: 200 len: 1128 time: 0.1666269
Jul 14 11:17:48.324132 dv-cinder-822821-5-iscsi neutron-server[104472]: DEBUG neutron.plugins.ml2.db [None req-9aec1cf6-5f22-41c6-a4aa-07fe2387b4dd None None] For port 4e9f5953-94dc-4311-8014-999286bdb480, host hv-cinder-82282, got binding levels [PortBindingLevel(driver='hyperv',host='hv-cinder-82282',level=0,port_id=4e9f5953-94dc-4311-8014-999286bdb480,segment=NetworkSegment(fb2b2523-d982-44df-947a-3f342c3d1b34),segment_id=fb2b2523-d982-44df-947a-3f342c3d1b34)] {{(pid=104472) get_binding_level_objs /opt/stack/neutron/neutron/plugins/ml2/db.py:74}}
Jul 14 11:17:48.328680 dv-cinder-822821-5-iscsi neutron-server[104470]: DEBUG neutron_lib.callbacks.manager [req-fad3f007-6fb8-4d65-881e-21fa18934fb7 req-0f15d149-db24-4913-b7b6-ea3fb5d0f98c service neutron] Publish callbacks [] for security_group (None), before_create {{(pid=104470) _notify_loop /usr/local/lib/python3.8/dist-packages/neutron_lib/callbacks/manager.py:176}}
Jul 14 11:17:48.369676 dv-cinder-822821-5-iscsi neutron-server[104472]: DEBUG novaclient.v2.client [-] RESP: [200] Connection: close Content-Length: 183 Content-Type: application/json Date: Thu, 14 Jul 2022 11:17:48 GMT OpenStack-API-Version: compute 2.1 Server: Apache/2.4.41 (Ubuntu) Vary: OpenStack-API-Version,X-OpenStack-Nova-API-Version X-OpenStack-Nova-API-Version: 2.1 x-compute-request-id: req-493d3682-0e64-4e59-9ebc-c797513e2bd4 x-openstack-request-id: req-493d3682-0e64-4e59-9ebc-c797513e2bd4 {{(pid=104472) _http_log_response /usr/local/lib/python3.8/dist-packages/keystoneauth1/session.py:550}}
Jul 14 11:17:48.370139 dv-cinder-822821-5-iscsi neutron-server[104472]: DEBUG novaclient.v2.client [-] RESP BODY: {"events": [{"server_uuid": "f384cec4-20d3-4f6d-aeee-62ee2b5abe41", "name": "network-vif-plugged", "status": "completed", "tag": "4e9f5953-94dc-4311-8014-999286bdb480", "code": 200}]} {{(pid=104472) _http_log_response /usr/local/lib/python3.8/dist-packages/keystoneauth1/session.py:582}}
Jul 14 11:17:48.370807 dv-cinder-822821-5-iscsi neutron-server[104472]: DEBUG novaclient.v2.client [-] POST call to compute for http://10.222.0.59/compute/v2.1/os-server-external-events used request id req-493d3682-0e64-4e59-9ebc-c797513e2bd4 {{(pid=104472) request /usr/local/lib/python3.8/dist-packages/keystoneauth1/session.py:954}}
Jul 14 11:17:48.372626 dv-cinder-822821-5-iscsi neutron-server[104472]: INFO neutron.notifiers.nova [-] Nova event matching ['req-493d3682-0e64-4e59-9ebc-c797513e2bd4'] response: {'server_uuid': 'f384cec4-20d3-4f6d-aeee-62ee2b5abe41', 'name': 'network-vif-plugged', 'status': 'completed', 'tag': '4e9f5953-94dc-4311-8014-999286bdb480', 'code': 200}
Jul 14 11:17:48.390968 dv-cinder-822821-5-iscsi neutron-server[104470]: INFO neutron.wsgi [req-7ce9dae7-3f58-4186-9449-2ae6ae5159ef req-49f89804-117c-41f8-9ea3-4ba92951dd51 service neutron] 10.222.0.67 "GET /v2.0/floatingips?fixed_ip_address=172.20.0.13&port_id=0962defb-6c98-4126-9cda-aa5a2ba88351 HTTP/1.1" status: 200 len: 217 time: 0.0462823
Jul 14 11:17:48.406143 dv-cinder-822821-5-iscsi neutron-server[104472]: DEBUG neutron_lib.callbacks.manager [None req-9aec1cf6-5f22-41c6-a4aa-07fe2387b4dd None None] Publish callbacks ['neutron.plugins.ml2.plugin.SecurityGroupServerNotifierRpcMixin._notify_sg_on_port_change-660412', 'neutron.plugins.ml2.ovo_rpc._ObjectChangeHandler.handle_event-220975', 'neutron.api.rpc.agentnotifiers.dhcp_rpc_agent_api.DhcpAgentNotifyAPI._native_event_send_dhcp_notification-1667836', 'neutron.db.l3_db.L3RpcNotifierMixin._notify_gateway_port_ip_changed-8793575400205', 'neutron.db.l3_dvrscheduler_db._notify_l3_agent_port_update-8793575048479', 'neutron.db.l3_hascheduler_db._notify_l3_agent_ha_port_update-8793575048497'] for port (4e9f5953-94dc-4311-8014-999286bdb480), after_update {{(pid=104472) _notify_loop /usr/local/lib/python3.8/dist-packages/neutron_lib/callbacks/manager.py:176}}
Jul 14 11:17:48.445692 dv-cinder-822821-5-iscsi neutron-server[104471]: DEBUG neutron_lib.callbacks.manager [None req-513df41b-490c-4b00-9589-4e37e7c142df admin admin] Publish callbacks [] for security_group (c2165153-016f-4315-a905-beaad6144564), before_delete {{(pid=104471) _notify_loop /usr/local/lib/python3.8/dist-packages/neutron_lib/callbacks/manager.py:176}}
Jul 14 11:17:48.452268 dv-cinder-822821-5-iscsi neutron-server[104471]: INFO neutron.wsgi [req-11781ab6-2603-42c8-adc9-7b6a982164c2 req-2c372ae3-2694-4de2-89c4-81387ac7be69 service neutron] 10.222.0.67 "GET /v2.0/networks/e30da614-ae13-4a5b-8eaf-d8446472405a?fields=segments HTTP/1.1" status: 200 len: 212 time: 0.2307534
Jul 14 11:17:48.483744 dv-cinder-822821-5-iscsi neutron-server[104472]: DEBUG dbcounter [-] [104472] Writing DB stats neutron:SELECT=96,neutron:UPDATE=3,neutron:DELETE=1 {{(pid=104472) stat_writer /usr/local/lib/python3.8/dist-packages/dbcounter.py:114}}
Jul 14 11:17:48.500114 dv-cinder-822821-5-iscsi neutron-server[104470]: DEBUG neutron.pecan_wsgi.hooks.policy_enforcement [req-7ce9dae7-3f58-4186-9449-2ae6ae5159ef req-91756c47-6098-43e6-a603-47ff28a57016 service neutron] Attributes excluded by policy engine: ['standard_attr_id', 'shared', 'segment_id'] {{(pid=104470) _exclude_attributes_by_policy /opt/stack/neutron/neutron/pecan_wsgi/hooks/policy_enforcement.py:259}}
Jul 14 11:17:48.501907 dv-cinder-822821-5-iscsi neutron-server[104470]: INFO neutron.wsgi [req-7ce9dae7-3f58-4186-9449-2ae6ae5159ef req-91756c47-6098-43e6-a603-47ff28a57016 service neutron] 10.222.0.67 "GET /v2.0/subnets?id=b0ed27cd-d183-48c5-9f72-a86d876d5e75 HTTP/1.1" status: 200 len: 856 time: 0.0764513
Jul 14 11:17:48.539725 dv-cinder-822821-5-iscsi neutron-server[104471]: DEBUG neutron_lib.callbacks.manager [None req-513df41b-490c-4b00-9589-4e37e7c142df admin admin] Publish callbacks [] for security_group (c2165153-016f-4315-a905-beaad6144564), precommit_delete {{(pid=104471) _notify_loop /usr/local/lib/python3.8/dist-packages/neutron_lib/callbacks/manager.py:176}}
Jul 14 11:17:48.544160 dv-cinder-822821-5-iscsi neutron-server[104472]: DEBUG neutron.api.rpc.handlers.resources_rpc [None req-9aec1cf6-5f22-41c6-a4aa-07fe2387b4dd None None] Pushing event updated for resources: {'Port': ['ID=4e9f5953-94dc-4311-8014-999286bdb480,revision_number=5']} {{(pid=104472) push /opt/stack/neutron/neutron/api/rpc/handlers/resources_rpc.py:237}}
Jul 14 11:17:48.562318 dv-cinder-822821-5-iscsi neutron-server[104470]: DEBUG neutron_lib.callbacks.manager [req-fad3f007-6fb8-4d65-881e-21fa18934fb7 req-0f15d149-db24-4913-b7b6-ea3fb5d0f98c service neutron] Publish callbacks [] for security_group (4fd984cf-d831-4de6-9e23-b155d69598a0), precommit_create {{(pid=104470) _notify_loop /usr/local/lib/python3.8/dist-packages/neutron_lib/callbacks/manager.py:176}}
Jul 14 11:17:48.577704 dv-cinder-822821-5-iscsi neutron-server[104470]: DEBUG neutron.pecan_wsgi.hooks.policy_enforcement [req-7ce9dae7-3f58-4186-9449-2ae6ae5159ef req-9e9a3c82-bcf2-490d-b846-9ed0f3a5d016 service neutron] Attributes excluded by policy engine: ['standard_attr_id'] {{(pid=104470) _exclude_attributes_by_policy /opt/stack/neutron/neutron/pecan_wsgi/hooks/policy_enforcement.py:259}}
Jul 14 11:17:48.595944 dv-cinder-822821-5-iscsi neutron-server[104470]: INFO neutron.wsgi [req-7ce9dae7-3f58-4186-9449-2ae6ae5159ef req-9e9a3c82-bcf2-490d-b846-9ed0f3a5d016 service neutron] 10.222.0.67 "GET /v2.0/ports?network_id=008ffa51-9a9b-4b5d-b7f8-a32846704948&device_owner=network%3Adhcp HTTP/1.1" status: 200 len: 1212 time: 0.0819578
Jul 14 11:17:48.657288 dv-cinder-822821-5-iscsi neutron-server[104470]: DEBUG neutron_lib.callbacks.manager [req-fad3f007-6fb8-4d65-881e-21fa18934fb7 req-0f15d149-db24-4913-b7b6-ea3fb5d0f98c service neutron] Publish callbacks ['neutron.plugins.ml2.ovo_rpc._ObjectChangeHandler.handle_event-1738308'] for security_group (4fd984cf-d831-4de6-9e23-b155d69598a0), after_create {{(pid=104470) _notify_loop /usr/local/lib/python3.8/dist-packages/neutron_lib/callbacks/manager.py:176}}
Jul 14 11:17:48.694371 dv-cinder-822821-5-iscsi neutron-server[104471]: INFO neutron.wsgi [req-11781ab6-2603-42c8-adc9-7b6a982164c2 req-b96be499-367e-4069-a38a-9a142d3d99de service neutron] 10.222.0.67 "GET /v2.0/networks/e30da614-ae13-4a5b-8eaf-d8446472405a?fields=provider%3Aphysical_network&fields=provider%3Anetwork_type HTTP/1.1" status: 200 len: 281 time: 0.2257807
Jul 14 11:17:48.771283 dv-cinder-822821-5-iscsi neutron-server[104470]: INFO neutron.wsgi [req-fad3f007-6fb8-4d65-881e-21fa18934fb7 req-0f15d149-db24-4913-b7b6-ea3fb5d0f98c service neutron] 10.222.0.67 "GET /v2.0/security-groups?id=cc7d2775-9011-444c-8592-812940718185&fields=id&fields=name HTTP/1.1" status: 200 len: 286 time: 0.4951196
Jul 14 11:17:48.771861 dv-cinder-822821-5-iscsi neutron-server[104470]: DEBUG neutron.api.rpc.handlers.resources_rpc [None req-0f15d149-db24-4913-b7b6-ea3fb5d0f98c service neutron] Pushing event updated for resources: {'SecurityGroup': ['ID=4fd984cf-d831-4de6-9e23-b155d69598a0,revision_number=1']} {{(pid=104470) push /opt/stack/neutron/neutron/api/rpc/handlers/resources_rpc.py:237}}
Jul 14 11:17:48.804525 dv-cinder-822821-5-iscsi neutron-server[104470]: INFO neutron.wsgi [req-7ce9dae7-3f58-4186-9449-2ae6ae5159ef req-b25e49dc-12b5-4ba4-9c51-5ff99ebc7ac3 service neutron] 10.222.0.67 "GET /v2.0/networks/008ffa51-9a9b-4b5d-b7f8-a32846704948?fields=segments HTTP/1.1" status: 200 len: 212 time: 0.2015769
Jul 14 11:17:48.834890 dv-cinder-822821-5-iscsi neutron-server[104471]: DEBUG neutron_lib.callbacks.manager [None req-513df41b-490c-4b00-9589-4e37e7c142df admin admin] Publish callbacks ['neutron.plugins.ml2.ovo_rpc._ObjectChangeHandler.handle_event-1738308'] for security_group (c2165153-016f-4315-a905-beaad6144564), after_delete {{(pid=104471) _notify_loop /usr/local/lib/python3.8/dist-packages/neutron_lib/callbacks/manager.py:176}}
Jul 14 11:17:48.840074 dv-cinder-822821-5-iscsi neutron-server[104471]: DEBUG neutron_lib.callbacks.manager [None req-513df41b-490c-4b00-9589-4e37e7c142df admin admin] Publish callbacks [] for security_group (None), before_response {{(pid=104471) _notify_loop /usr/local/lib/python3.8/dist-packages/neutron_lib/callbacks/manager.py:176}}
Jul 14 11:17:48.841227 dv-cinder-822821-5-iscsi neutron-server[104471]: INFO neutron.wsgi [None req-513df41b-490c-4b00-9589-4e37e7c142df admin admin] 10.222.0.59 "DELETE /v2.0/security-groups/c2165153-016f-4315-a905-beaad6144564 HTTP/1.1" status: 204 len: 168 time: 0.5813909
Jul 14 11:17:48.852453 dv-cinder-822821-5-iscsi neutron-server[104471]: DEBUG neutron.api.rpc.handlers.resources_rpc [None req-513df41b-490c-4b00-9589-4e37e7c142df admin admin] Pushing event deleted for resources: {'SecurityGroup': ['ID=c2165153-016f-4315-a905-beaad6144564,revision_number=None']} {{(pid=104471) push /opt/stack/neutron/neutron/api/rpc/handlers/resources_rpc.py:237}}
Jul 14 11:17:48.981460 dv-cinder-822821-5-iscsi neutron-server[104471]: DEBUG neutron.pecan_wsgi.hooks.policy_enforcement [req-09490d12-05f7-4855-8783-7291d7176041 req-1c59c647-6371-4683-8053-e4d02f3ccda9 tempest-DeleteServersTestJSON-764460780 tempest-DeleteServersTestJSON-764460780-project] Attributes excluded by policy engine: ['standard_attr_id', 'binding:profile', 'binding:host_id', 'binding:vif_type', 'binding:vif_details'] {{(pid=104471) _exclude_attributes_by_policy /opt/stack/neutron/neutron/pecan_wsgi/hooks/policy_enforcement.py:259}}
Jul 14 11:17:48.984023 dv-cinder-822821-5-iscsi neutron-server[104471]: INFO neutron.wsgi [req-09490d12-05f7-4855-8783-7291d7176041 req-1c59c647-6371-4683-8053-e4d02f3ccda9 tempest-DeleteServersTestJSON-764460780 tempest-DeleteServersTestJSON-764460780-project] 10.222.0.59 "GET /v2.0/ports?device_id=01ab795c-d284-4373-a2de-e2632a1ad851 HTTP/1.1" status: 200 len: 945 time: 0.0562656
Jul 14 11:17:49.044252 dv-cinder-822821-5-iscsi neutron-server[104473]: DEBUG dbcounter [-] [104473] Writing DB stats neutron:SELECT=2 {{(pid=104473) stat_writer /usr/local/lib/python3.8/dist-packages/dbcounter.py:114}}
Jul 14 11:17:49.068208 dv-cinder-822821-5-iscsi neutron-server[104470]: DEBUG neutron.pecan_wsgi.hooks.policy_enforcement [req-31f24851-e63f-4a98-8868-38d71e6f0eee req-e1d7823f-cb95-4195-a182-fb97122ac009 tempest-AttachVolumeShelveTestJSON-818401901 tempest-AttachVolumeShelveTestJSON-818401901-project] Attributes excluded by policy engine: ['standard_attr_id', 'binding:profile', 'binding:host_id', 'binding:vif_type', 'binding:vif_details'] {{(pid=104470) _exclude_attributes_by_policy /opt/stack/neutron/neutron/pecan_wsgi/hooks/policy_enforcement.py:259}}
Jul 14 11:17:49.070537 dv-cinder-822821-5-iscsi neutron-server[104471]: INFO neutron.wsgi [req-09490d12-05f7-4855-8783-7291d7176041 req-9d3e3ba3-0c12-4528-9061-ac54c1eb2b56 tempest-DeleteServersTestJSON-764460780 tempest-DeleteServersTestJSON-764460780-project] 10.222.0.59 "GET /v2.0/security-groups?id=cc7d2775-9011-444c-8592-812940718185&fields=id&fields=name HTTP/1.1" status: 200 len: 286 time: 0.0799544
Jul 14 11:17:49.071412 dv-cinder-822821-5-iscsi neutron-server[104470]: INFO neutron.wsgi [req-31f24851-e63f-4a98-8868-38d71e6f0eee req-e1d7823f-cb95-4195-a182-fb97122ac009 tempest-AttachVolumeShelveTestJSON-818401901 tempest-AttachVolumeShelveTestJSON-818401901-project] 10.222.0.59 "GET /v2.0/ports?device_id=a91745f1-a0c6-47f3-8c7b-da031d0dc625 HTTP/1.1" status: 200 len: 944 time: 0.0698192
Jul 14 11:17:49.120382 dv-cinder-822821-5-iscsi neutron-server[104470]: INFO neutron.wsgi [req-31f24851-e63f-4a98-8868-38d71e6f0eee req-d44e96f2-a2c3-47cb-ae3b-94b55d8ec4db tempest-AttachVolumeShelveTestJSON-818401901 tempest-AttachVolumeShelveTestJSON-818401901-project] 10.222.0.59 "GET /v2.0/security-groups?id=d06e6322-0c1f-40c2-b378-ff3843e9188a&fields=id&fields=name HTTP/1.1" status: 200 len: 312 time: 0.0435624
Jul 14 11:17:49.195381 dv-cinder-822821-5-iscsi neutron-server[104471]: DEBUG neutron.wsgi [-] (104471) accepted ('10.222.0.59', 50466) {{(pid=104471) server /usr/local/lib/python3.8/dist-packages/eventlet/wsgi.py:1004}}
Jul 14 11:17:49.214210 dv-cinder-822821-5-iscsi neutron-server[104471]: DEBUG neutron_lib.callbacks.manager [None req-aaf5bbbd-b27e-410b-8320-d69556167ade admin admin] Publish callbacks [] for security_group (None), before_create {{(pid=104471) _notify_loop /usr/local/lib/python3.8/dist-packages/neutron_lib/callbacks/manager.py:176}}
Jul 14 11:17:49.281991 dv-cinder-822821-5-iscsi neutron-server[104471]: DEBUG neutron.pecan_wsgi.hooks.policy_enforcement [req-d39a59f1-09ce-441a-8160-3be6af4e9d00 req-610ad463-ae49-4374-88d3-60823f04af9a tempest-ServerRescueNegativeTestJSON-2122959956 tempest-ServerRescueNegativeTestJSON-2122959956-project] Attributes excluded by policy engine: ['standard_attr_id', 'binding:profile', 'binding:host_id', 'binding:vif_type', 'binding:vif_details'] {{(pid=104471) _exclude_attributes_by_policy /opt/stack/neutron/neutron/pecan_wsgi/hooks/policy_enforcement.py:259}}
Jul 14 11:17:49.284128 dv-cinder-822821-5-iscsi neutron-server[104471]: INFO neutron.wsgi [req-d39a59f1-09ce-441a-8160-3be6af4e9d00 req-610ad463-ae49-4374-88d3-60823f04af9a tempest-ServerRescueNegativeTestJSON-2122959956 tempest-ServerRescueNegativeTestJSON-2122959956-project] 10.222.0.59 "GET /v2.0/ports?device_id=a714690c-6862-4797-8c84-e07c9262c217 HTTP/1.1" status: 200 len: 944 time: 0.0720592
Jul 14 11:17:49.382378 dv-cinder-822821-5-iscsi neutron-server[104471]: INFO neutron.wsgi [req-d39a59f1-09ce-441a-8160-3be6af4e9d00 req-abefcb9a-e00c-40a5-9f68-e581980152e4 tempest-ServerRescueNegativeTestJSON-2122959956 tempest-ServerRescueNegativeTestJSON-2122959956-project] 10.222.0.59 "GET /v2.0/security-groups?id=de548666-dcb3-498c-8689-d238e51b36fc&fields=id&fields=name HTTP/1.1" status: 200 len: 286 time: 0.0915921
Jul 14 11:17:49.399149 dv-cinder-822821-5-iscsi neutron-server[104471]: DEBUG neutron_lib.callbacks.manager [None req-aaf5bbbd-b27e-410b-8320-d69556167ade admin admin] Publish callbacks [] for security_group (7667708b-bdd9-4c5b-9554-9ccbb5394519), precommit_create {{(pid=104471) _notify_loop /usr/local/lib/python3.8/dist-packages/neutron_lib/callbacks/manager.py:176}}
Jul 14 11:17:49.401193 dv-cinder-822821-5-iscsi neutron-server[104471]: DEBUG dbcounter [-] [104471] Writing DB stats neutron:SELECT=92,neutron:DELETE=8 {{(pid=104471) stat_writer /usr/local/lib/python3.8/dist-packages/dbcounter.py:114}}
Jul 14 11:17:49.491853 dv-cinder-822821-5-iscsi neutron-server[104471]: DEBUG neutron_lib.callbacks.manager [None req-aaf5bbbd-b27e-410b-8320-d69556167ade admin admin] Publish callbacks ['neutron.plugins.ml2.ovo_rpc._ObjectChangeHandler.handle_event-1738308'] for security_group (7667708b-bdd9-4c5b-9554-9ccbb5394519), after_create {{(pid=104471) _notify_loop /usr/local/lib/python3.8/dist-packages/neutron_lib/callbacks/manager.py:176}}
Jul 14 11:17:49.567186 dv-cinder-822821-5-iscsi neutron-server[104471]: INFO neutron.wsgi [None req-aaf5bbbd-b27e-410b-8320-d69556167ade admin admin] 10.222.0.59 "GET /v2.0/security-groups?tenant_id=2327af55bb0a4ad2ae8817a266b75425&name=default HTTP/1.1" status: 200 len: 2996 time: 0.3680623
Jul 14 11:17:49.569070 dv-cinder-822821-5-iscsi neutron-server[104471]: DEBUG neutron.wsgi [-] (104471) accepted ('10.222.0.59', 50482) {{(pid=104471) server /usr/local/lib/python3.8/dist-packages/eventlet/wsgi.py:1004}}
Jul 14 11:17:49.570332 dv-cinder-822821-5-iscsi neutron-server[104471]: DEBUG neutron.api.rpc.handlers.resources_rpc [None req-aaf5bbbd-b27e-410b-8320-d69556167ade admin admin] Pushing event updated for resources: {'SecurityGroup': ['ID=7667708b-bdd9-4c5b-9554-9ccbb5394519,revision_number=1']} {{(pid=104471) push /opt/stack/neutron/neutron/api/rpc/handlers/resources_rpc.py:237}}
Jul 14 11:17:49.639281 dv-cinder-822821-5-iscsi neutron-server[104470]: DEBUG dbcounter [-] [104470] Writing DB stats neutron:SELECT=76,neutron:INSERT=22,neutron:UPDATE=2 {{(pid=104470) stat_writer /usr/local/lib/python3.8/dist-packages/dbcounter.py:114}}
Jul 14 11:17:49.649342 dv-cinder-822821-5-iscsi neutron-server[104470]: DEBUG neutron.pecan_wsgi.hooks.policy_enforcement [req-3f24fd2b-3fa6-4767-9f9b-fbcad2f6d1f2 req-06d9f328-2526-4787-8b1c-f05a516c5baf service neutron] Attributes excluded by policy engine: ['standard_attr_id'] {{(pid=104470) _exclude_attributes_by_policy /opt/stack/neutron/neutron/pecan_wsgi/hooks/policy_enforcement.py:259}}
Jul 14 11:17:49.649598 dv-cinder-822821-5-iscsi neutron-server[104471]: DEBUG neutron_lib.callbacks.manager [None req-70a97ece-dd10-47dc-96a4-7475a40ccc76 admin admin] Publish callbacks [] for security_group (7667708b-bdd9-4c5b-9554-9ccbb5394519), before_delete {{(pid=104471) _notify_loop /usr/local/lib/python3.8/dist-packages/neutron_lib/callbacks/manager.py:176}}
Jul 14 11:17:49.649692 dv-cinder-822821-5-iscsi neutron-server[104470]: INFO neutron.wsgi [req-3f24fd2b-3fa6-4767-9f9b-fbcad2f6d1f2 req-06d9f328-2526-4787-8b1c-f05a516c5baf service neutron] 10.222.0.67 "GET /v2.0/ports?device_id=f384cec4-20d3-4f6d-aeee-62ee2b5abe41 HTTP/1.1" status: 200 len: 1129 time: 0.3360176
Jul 14 11:17:49.665035 dv-cinder-822821-5-iscsi neutron-server[104470]: DEBUG dbcounter [-] [104470] Writing DB stats neutron:SELECT=88,neutron:INSERT=11,neutron:UPDATE=1 {{(pid=104470) stat_writer /usr/local/lib/python3.8/dist-packages/dbcounter.py:114}}
Jul 14 11:17:49.678721 dv-cinder-822821-5-iscsi neutron-server[104471]: DEBUG neutron_lib.callbacks.manager [None req-70a97ece-dd10-47dc-96a4-7475a40ccc76 admin admin] Publish callbacks [] for security_group (7667708b-bdd9-4c5b-9554-9ccbb5394519), precommit_delete {{(pid=104471) _notify_loop /usr/local/lib/python3.8/dist-packages/neutron_lib/callbacks/manager.py:176}}
Jul 14 11:17:49.684658 dv-cinder-822821-5-iscsi neutron-server[104470]: INFO neutron.wsgi [req-7ce9dae7-3f58-4186-9449-2ae6ae5159ef req-36e70e18-33d8-4071-8b9c-c719bfae978f service neutron] 10.222.0.67 "GET /v2.0/networks/008ffa51-9a9b-4b5d-b7f8-a32846704948?fields=provider%3Aphysical_network&fields=provider%3Anetwork_type HTTP/1.1" status: 200 len: 281 time: 0.3932173
Jul 14 11:17:49.853233 dv-cinder-822821-5-iscsi neutron-server[104471]: DEBUG neutron.wsgi [-] (104471) accepted ('10.222.0.59', 50496) {{(pid=104471) server /usr/local/lib/python3.8/dist-packages/eventlet/wsgi.py:1004}}
Jul 14 11:17:49.919540 dv-cinder-822821-5-iscsi neutron-server[104471]: DEBUG neutron_lib.callbacks.manager [None req-70a97ece-dd10-47dc-96a4-7475a40ccc76 admin admin] Publish callbacks ['neutron.plugins.ml2.ovo_rpc._ObjectChangeHandler.handle_event-1738308'] for security_group (7667708b-bdd9-4c5b-9554-9ccbb5394519), after_delete {{(pid=104471) _notify_loop /usr/local/lib/python3.8/dist-packages/neutron_lib/callbacks/manager.py:176}}
Jul 14 11:17:49.922042 dv-cinder-822821-5-iscsi neutron-server[104471]: DEBUG neutron_lib.callbacks.manager [None req-70a97ece-dd10-47dc-96a4-7475a40ccc76 admin admin] Publish callbacks [] for security_group (None), before_response {{(pid=104471) _notify_loop /usr/local/lib/python3.8/dist-packages/neutron_lib/callbacks/manager.py:176}}
Jul 14 11:17:49.924632 dv-cinder-822821-5-iscsi neutron-server[104471]: INFO neutron.wsgi [None req-70a97ece-dd10-47dc-96a4-7475a40ccc76 admin admin] 10.222.0.59 "DELETE /v2.0/security-groups/7667708b-bdd9-4c5b-9554-9ccbb5394519 HTTP/1.1" status: 204 len: 168 time: 0.3504918
Jul 14 11:17:49.932875 dv-cinder-822821-5-iscsi neutron-server[104471]: DEBUG neutron.api.rpc.handlers.resources_rpc [None req-70a97ece-dd10-47dc-96a4-7475a40ccc76 admin admin] Pushing event deleted for resources: {'SecurityGroup': ['ID=7667708b-bdd9-4c5b-9554-9ccbb5394519,revision_number=None']} {{(pid=104471) push /opt/stack/neutron/neutron/api/rpc/handlers/resources_rpc.py:237}}
Jul 14 11:17:49.999723 dv-cinder-822821-5-iscsi neutron-server[104472]: DEBUG neutron_lib.callbacks.manager [None req-4b4e833d-8cb7-4de9-8320-a0f2b404d93c None None] Publish callbacks ['neutron.services.segments.db._update_segment_host_mapping_for_agent-8793575486001', 'neutron.plugins.ml2.plugin.Ml2Plugin._retry_binding_revived_agents-1387204'] for agent (6bb00219-854c-42c3-a265-1ca3ac8ee7d3), after_update {{(pid=104472) _notify_loop /usr/local/lib/python3.8/dist-packages/neutron_lib/callbacks/manager.py:176}}
Jul 14 11:17:50.004554 dv-cinder-822821-5-iscsi neutron-server[104472]: DEBUG neutron.plugins.ml2.rpc [None req-9aec1cf6-5f22-41c6-a4aa-07fe2387b4dd None None] Device bff12a73-9dcb-415a-be41-a46436a20db6 details requested by agent hyperv_hv-cinder-82282 with host hv-cinder-82282 {{(pid=104472) get_device_details /opt/stack/neutron/neutron/plugins/ml2/rpc.py:102}}
Jul 14 11:17:50.093171 dv-cinder-822821-5-iscsi neutron-server[104470]: INFO neutron.wsgi [req-3f24fd2b-3fa6-4767-9f9b-fbcad2f6d1f2 req-9da31e76-b94c-46a2-9176-c42e8a61714c service neutron] 10.222.0.67 "GET /v2.0/security-groups?id=de548666-dcb3-498c-8689-d238e51b36fc&fields=id&fields=name HTTP/1.1" status: 200 len: 286 time: 0.0876453
Jul 14 11:17:50.135707 dv-cinder-822821-5-iscsi neutron-server[104472]: DEBUG neutron.plugins.ml2.db [None req-9aec1cf6-5f22-41c6-a4aa-07fe2387b4dd None None] For port bff12a73-9dcb-415a-be41-a46436a20db6, host hv-cinder-82282, got binding levels [PortBindingLevel(driver='hyperv',host='hv-cinder-82282',level=0,port_id=bff12a73-9dcb-415a-be41-a46436a20db6,segment=NetworkSegment(fb2b2523-d982-44df-947a-3f342c3d1b34),segment_id=fb2b2523-d982-44df-947a-3f342c3d1b34)] {{(pid=104472) get_binding_level_objs /opt/stack/neutron/neutron/plugins/ml2/db.py:74}}
Jul 14 11:17:50.142460 dv-cinder-822821-5-iscsi neutron-server[104471]: DEBUG dbcounter [-] [104471] Writing DB stats neutron:SELECT=88,neutron:INSERT=11,neutron:UPDATE=1 {{(pid=104471) stat_writer /usr/local/lib/python3.8/dist-packages/dbcounter.py:114}}
Jul 14 11:17:50.154563 dv-cinder-822821-5-iscsi neutron-server[104472]: DEBUG neutron.plugins.ml2.rpc [None req-9aec1cf6-5f22-41c6-a4aa-07fe2387b4dd None None] Returning: {'device': 'bff12a73-9dcb-415a-be41-a46436a20db6', 'network_id': 'e30da614-ae13-4a5b-8eaf-d8446472405a', 'port_id': 'bff12a73-9dcb-415a-be41-a46436a20db6', 'mac_address': 'fa:16:3e:46:44:9d', 'admin_state_up': True, 'network_type': 'vlan', 'segmentation_id': 240, 'physical_network': 'physnet1', 'mtu': 1500, 'fixed_ips': [{'subnet_id': '7c517e4b-763d-42d3-a36c-a7e30ddc1eee', 'ip_address': '172.20.0.14'}], 'device_owner': 'compute:nova', 'allowed_address_pairs': [], 'port_security_enabled': True, 'qos_policy_id': None, 'qos_network_policy_id': None, 'profile': {}, 'propagate_uplink_status': False} {{(pid=104472) _get_device_details /opt/stack/neutron/neutron/plugins/ml2/rpc.py:184}}
Jul 14 11:17:50.206012 dv-cinder-822821-5-iscsi neutron-server[104472]: DEBUG neutron.plugins.ml2.plugin [None req-9aec1cf6-5f22-41c6-a4aa-07fe2387b4dd None None] Current status of the port bff12a73-9dcb-415a-be41-a46436a20db6 is: DOWN; New status is: BUILD {{(pid=104472) _update_individual_port_db_status /opt/stack/neutron/neutron/plugins/ml2/plugin.py:2292}}
Jul 14 11:17:50.206012 dv-cinder-822821-5-iscsi neutron-server[104472]: DEBUG neutron_lib.callbacks.manager [None req-9aec1cf6-5f22-41c6-a4aa-07fe2387b4dd None None] Publish callbacks ['neutron.plugins.ml2.plugin.SecurityGroupDbMixin._ensure_default_security_group_handler-659839'] for port (bff12a73-9dcb-415a-be41-a46436a20db6), before_update {{(pid=104472) _notify_loop /usr/local/lib/python3.8/dist-packages/neutron_lib/callbacks/manager.py:176}}
Jul 14 11:17:50.217977 dv-cinder-822821-5-iscsi neutron-server[104472]: DEBUG neutron.notifiers.nova [None req-9aec1cf6-5f22-41c6-a4aa-07fe2387b4dd None None] Ignoring state change previous_port_status: DOWN current_port_status: BUILD port_id bff12a73-9dcb-415a-be41-a46436a20db6 {{(pid=104472) record_port_status_changed /opt/stack/neutron/neutron/notifiers/nova.py:233}}
Jul 14 11:17:50.275632 dv-cinder-822821-5-iscsi neutron-server[104472]: DEBUG neutron.plugins.ml2.db [None req-9aec1cf6-5f22-41c6-a4aa-07fe2387b4dd None None] For port bff12a73-9dcb-415a-be41-a46436a20db6, host hv-cinder-82282, got binding levels [PortBindingLevel(driver='hyperv',host='hv-cinder-82282',level=0,port_id=bff12a73-9dcb-415a-be41-a46436a20db6,segment=NetworkSegment(fb2b2523-d982-44df-947a-3f342c3d1b34),segment_id=fb2b2523-d982-44df-947a-3f342c3d1b34)] {{(pid=104472) get_binding_level_objs /opt/stack/neutron/neutron/plugins/ml2/db.py:74}}
Jul 14 11:17:50.300338 dv-cinder-822821-5-iscsi neutron-server[104471]: DEBUG neutron.api.v2.base [None req-4c896107-bc13-447b-9114-a1ba536e2905 admin admin] Request body: {'network': {'name': 'tempest-VolumesActionsTest-1316807850-network', 'tenant_id': 'a2431cf8c26a4c9a8dffd0dc62831631'}} {{(pid=104471) prepare_request_body /opt/stack/neutron/neutron/api/v2/base.py:730}}
Jul 14 11:17:50.333159 dv-cinder-822821-5-iscsi neutron-server[104471]: DEBUG neutron.pecan_wsgi.hooks.policy_enforcement [req-9e6975ae-86e5-428d-b87c-eb26773ab2d1 req-57e81b21-16ec-4332-bed8-add77078b1a9 tempest-AttachVolumeShelveTestJSON-818401901 tempest-AttachVolumeShelveTestJSON-818401901-project] Attributes excluded by policy engine: ['standard_attr_id', 'binding:profile', 'binding:host_id', 'binding:vif_type', 'binding:vif_details'] {{(pid=104471) _exclude_attributes_by_policy /opt/stack/neutron/neutron/pecan_wsgi/hooks/policy_enforcement.py:259}}
Jul 14 11:17:50.339702 dv-cinder-822821-5-iscsi neutron-server[104471]: INFO neutron.wsgi [req-9e6975ae-86e5-428d-b87c-eb26773ab2d1 req-57e81b21-16ec-4332-bed8-add77078b1a9 tempest-AttachVolumeShelveTestJSON-818401901 tempest-AttachVolumeShelveTestJSON-818401901-project] 10.222.0.59 "GET /v2.0/ports?device_id=a91745f1-a0c6-47f3-8c7b-da031d0dc625 HTTP/1.1" status: 200 len: 944 time: 0.0942397
Jul 14 11:17:50.341635 dv-cinder-822821-5-iscsi neutron-server[104470]: DEBUG neutron.pecan_wsgi.hooks.policy_enforcement [req-58c0c597-ce06-49ce-8d8d-4e866ff0c9e0 req-054aa39a-d2db-4a33-ad09-1fc4147bc8ec tempest-DeleteServersTestJSON-764460780 tempest-DeleteServersTestJSON-764460780-project] Attributes excluded by policy engine: ['standard_attr_id', 'binding:profile', 'binding:host_id', 'binding:vif_type', 'binding:vif_details'] {{(pid=104470) _exclude_attributes_by_policy /opt/stack/neutron/neutron/pecan_wsgi/hooks/policy_enforcement.py:259}}
Jul 14 11:17:50.343294 dv-cinder-822821-5-iscsi neutron-server[104470]: INFO neutron.wsgi [req-58c0c597-ce06-49ce-8d8d-4e866ff0c9e0 req-054aa39a-d2db-4a33-ad09-1fc4147bc8ec tempest-DeleteServersTestJSON-764460780 tempest-DeleteServersTestJSON-764460780-project] 10.222.0.59 "GET /v2.0/ports?device_id=01ab795c-d284-4373-a2de-e2632a1ad851 HTTP/1.1" status: 200 len: 945 time: 0.0966506
Jul 14 11:17:50.393839 dv-cinder-822821-5-iscsi neutron-server[104471]: INFO neutron.wsgi [req-9e6975ae-86e5-428d-b87c-eb26773ab2d1 req-83bf303f-5ec0-494e-ac90-5a451bf724db tempest-AttachVolumeShelveTestJSON-818401901 tempest-AttachVolumeShelveTestJSON-818401901-project] 10.222.0.59 "GET /v2.0/security-groups?id=d06e6322-0c1f-40c2-b378-ff3843e9188a&fields=id&fields=name HTTP/1.1" status: 200 len: 312 time: 0.0530372
Jul 14 11:17:50.398997 dv-cinder-822821-5-iscsi neutron-server[104470]: INFO neutron.wsgi [req-58c0c597-ce06-49ce-8d8d-4e866ff0c9e0 req-37f7bf56-7f80-4995-9b96-30e99a1b54d7 tempest-DeleteServersTestJSON-764460780 tempest-DeleteServersTestJSON-764460780-project] 10.222.0.59 "GET /v2.0/security-groups?id=cc7d2775-9011-444c-8592-812940718185&fields=id&fields=name HTTP/1.1" status: 200 len: 286 time: 0.0500283
Jul 14 11:17:50.439946 dv-cinder-822821-5-iscsi neutron-server[104472]: DEBUG neutron_lib.callbacks.manager [None req-9aec1cf6-5f22-41c6-a4aa-07fe2387b4dd None None] Publish callbacks ['neutron.plugins.ml2.plugin.SecurityGroupServerNotifierRpcMixin._notify_sg_on_port_change-660412', 'neutron.plugins.ml2.ovo_rpc._ObjectChangeHandler.handle_event-220975', 'neutron.api.rpc.agentnotifiers.dhcp_rpc_agent_api.DhcpAgentNotifyAPI._native_event_send_dhcp_notification-1667836', 'neutron.db.l3_db.L3RpcNotifierMixin._notify_gateway_port_ip_changed-8793575400205', 'neutron.db.l3_dvrscheduler_db._notify_l3_agent_port_update-8793575048479', 'neutron.db.l3_hascheduler_db._notify_l3_agent_ha_port_update-8793575048497'] for port (bff12a73-9dcb-415a-be41-a46436a20db6), after_update {{(pid=104472) _notify_loop /usr/local/lib/python3.8/dist-packages/neutron_lib/callbacks/manager.py:176}}
Jul 14 11:17:50.489107 dv-cinder-822821-5-iscsi neutron-server[104472]: DEBUG neutron.api.rpc.handlers.resources_rpc [None req-9aec1cf6-5f22-41c6-a4aa-07fe2387b4dd None None] Pushing event updated for resources: {'Port': ['ID=bff12a73-9dcb-415a-be41-a46436a20db6,revision_number=4']} {{(pid=104472) push /opt/stack/neutron/neutron/api/rpc/handlers/resources_rpc.py:237}}
Jul 14 11:17:50.526718 dv-cinder-822821-5-iscsi neutron-server[104471]: DEBUG neutron.pecan_wsgi.hooks.policy_enforcement [req-2e290dd4-2b86-4a07-a8db-b180d4565276 req-5b996a2e-d452-4c5b-97b1-1633ba1f2216 tempest-ServerRescueNegativeTestJSON-2122959956 tempest-ServerRescueNegativeTestJSON-2122959956-project] Attributes excluded by policy engine: ['standard_attr_id', 'binding:profile', 'binding:host_id', 'binding:vif_type', 'binding:vif_details'] {{(pid=104471) _exclude_attributes_by_policy /opt/stack/neutron/neutron/pecan_wsgi/hooks/policy_enforcement.py:259}}
Jul 14 11:17:50.528339 dv-cinder-822821-5-iscsi neutron-server[104471]: INFO neutron.wsgi [req-2e290dd4-2b86-4a07-a8db-b180d4565276 req-5b996a2e-d452-4c5b-97b1-1633ba1f2216 tempest-ServerRescueNegativeTestJSON-2122959956 tempest-ServerRescueNegativeTestJSON-2122959956-project] 10.222.0.59 "GET /v2.0/ports?device_id=a714690c-6862-4797-8c84-e07c9262c217 HTTP/1.1" status: 200 len: 945 time: 0.0611918
Jul 14 11:17:50.530040 dv-cinder-822821-5-iscsi neutron-server[104471]: DEBUG neutron.pecan_wsgi.hooks.quota_enforcement [None req-4c896107-bc13-447b-9114-a1ba536e2905 admin admin] Made reservation on behalf of a2431cf8c26a4c9a8dffd0dc62831631 for: {'network': 1} {{(pid=104471) before /opt/stack/neutron/neutron/pecan_wsgi/hooks/quota_enforcement.py:53}}
Jul 14 11:17:50.532868 dv-cinder-822821-5-iscsi neutron-server[104471]: DEBUG neutron_lib.callbacks.manager [None req-4c896107-bc13-447b-9114-a1ba536e2905 admin admin] Publish callbacks ['neutron.plugins.ml2.plugin.SecurityGroupDbMixin._ensure_default_security_group_handler-659839'] for network (None), before_create {{(pid=104471) _notify_loop /usr/local/lib/python3.8/dist-packages/neutron_lib/callbacks/manager.py:176}}
Jul 14 11:17:50.550802 dv-cinder-822821-5-iscsi neutron-server[104471]: DEBUG neutron_lib.callbacks.manager [None req-4c896107-bc13-447b-9114-a1ba536e2905 admin admin] Publish callbacks [] for security_group (None), before_create {{(pid=104471) _notify_loop /usr/local/lib/python3.8/dist-packages/neutron_lib/callbacks/manager.py:176}}
Jul 14 11:17:50.607737 dv-cinder-822821-5-iscsi neutron-server[104471]: INFO neutron.wsgi [req-2e290dd4-2b86-4a07-a8db-b180d4565276 req-097fdb87-c97a-41c0-84d9-8297e2f7f14a tempest-ServerRescueNegativeTestJSON-2122959956 tempest-ServerRescueNegativeTestJSON-2122959956-project] 10.222.0.59 "GET /v2.0/security-groups?id=de548666-dcb3-498c-8689-d238e51b36fc&fields=id&fields=name HTTP/1.1" status: 200 len: 286 time: 0.0711882
Jul 14 11:17:50.671771 dv-cinder-822821-5-iscsi neutron-server[104471]: DEBUG neutron_lib.callbacks.manager [None req-4c896107-bc13-447b-9114-a1ba536e2905 admin admin] Publish callbacks [] for security_group (d6a5643d-76ec-459c-971c-b6f49362e92a), precommit_create {{(pid=104471) _notify_loop /usr/local/lib/python3.8/dist-packages/neutron_lib/callbacks/manager.py:176}}
Jul 14 11:17:50.856312 dv-cinder-822821-5-iscsi neutron-server[104471]: DEBUG neutron_lib.callbacks.manager [None req-4c896107-bc13-447b-9114-a1ba536e2905 admin admin] Publish callbacks ['neutron.plugins.ml2.ovo_rpc._ObjectChangeHandler.handle_event-1738308'] for security_group (d6a5643d-76ec-459c-971c-b6f49362e92a), after_create {{(pid=104471) _notify_loop /usr/local/lib/python3.8/dist-packages/neutron_lib/callbacks/manager.py:176}}
Jul 14 11:17:50.886818 dv-cinder-822821-5-iscsi neutron-server[104471]: DEBUG neutron.plugins.ml2.drivers.helpers [None req-4c896107-bc13-447b-9114-a1ba536e2905 admin admin] vlan segment allocate from pool success with {'vlan_id': 225, 'physical_network': 'physnet1'} {{(pid=104471) allocate_partially_specified_segment /opt/stack/neutron/neutron/plugins/ml2/drivers/helpers.py:153}}
Jul 14 11:17:50.897483 dv-cinder-822821-5-iscsi neutron-server[104471]: DEBUG neutron.api.rpc.handlers.resources_rpc [None req-4c896107-bc13-447b-9114-a1ba536e2905 admin admin] Pushing event updated for resources: {'SecurityGroup': ['ID=d6a5643d-76ec-459c-971c-b6f49362e92a,revision_number=1']} {{(pid=104471) push /opt/stack/neutron/neutron/api/rpc/handlers/resources_rpc.py:237}}
